[INFO] cloning repository https://github.com/surrealdb/analyzer
[INFO] running `Command { std: "git" "-c" "credential.helper=" "-c" "credential.helper=/workspace/cargo-home/bin/git-credential-null" "clone" "--bare" "https://github.com/surrealdb/analyzer" "/workspace/cache/git-repos/https%3A%2F%2Fgithub.com%2Fsurrealdb%2Fanalyzer", kill_on_drop: false }`
[INFO] [stderr] Cloning into bare repository '/workspace/cache/git-repos/https%3A%2F%2Fgithub.com%2Fsurrealdb%2Fanalyzer'...
[INFO] running `Command { std: "git" "rev-parse" "HEAD", kill_on_drop: false }`
[INFO] [stdout] 0b873c6f40c7162f9016df40041070dd9ba69572
[INFO] checking surrealdb/analyzer against 3154cc1a3e6424e44f438a95007d043ed5ceaaf6 for pr-133502-30
[INFO] running `Command { std: "git" "clone" "/workspace/cache/git-repos/https%3A%2F%2Fgithub.com%2Fsurrealdb%2Fanalyzer" "/workspace/builds/worker-7-tc2/source", kill_on_drop: false }`
[INFO] [stderr] Cloning into '/workspace/builds/worker-7-tc2/source'...
[INFO] [stderr] done.
[INFO] removed /workspace/builds/worker-7-tc2/source/rust-toolchain.toml
[INFO] started tweaking git repo https://github.com/surrealdb/analyzer
[INFO] finished tweaking git repo https://github.com/surrealdb/analyzer
[INFO] tweaked toml for git repo https://github.com/surrealdb/analyzer written to /workspace/builds/worker-7-tc2/source/Cargo.toml
[INFO] validating manifest of git repo https://github.com/surrealdb/analyzer on toolchain 3154cc1a3e6424e44f438a95007d043ed5ceaaf6
[INFO] running `Command { std: CARGO_HOME="/workspace/cargo-home" RUSTUP_HOME="/workspace/rustup-home" "/workspace/cargo-home/bin/cargo" "+3154cc1a3e6424e44f438a95007d043ed5ceaaf6" "metadata" "--manifest-path" "Cargo.toml" "--no-deps", kill_on_drop: false }`
[INFO] crate git repo https://github.com/surrealdb/analyzer already has a lockfile, it will not be regenerated
[INFO] running `Command { std: CARGO_HOME="/workspace/cargo-home" RUSTUP_HOME="/workspace/rustup-home" "/workspace/cargo-home/bin/cargo" "+3154cc1a3e6424e44f438a95007d043ed5ceaaf6" "fetch" "--manifest-path" "Cargo.toml", kill_on_drop: false }`
[INFO] [stderr] warning: unused field `description` in `workspace.package`
[INFO] [stderr]   --> Cargo.toml:30:1
[INFO] [stderr]    |
[INFO] [stderr] 30 | description = "Static analysis for SurrealQL embedded across host languages"
[INFO] [stderr]    | ^^^^^^^^^^^
[INFO] [stderr]    |
[INFO] [stderr]    = note: `cargo::unused_workspace_package_fields` is set to `warn` by default
[INFO] [stderr] help: consider removing the field `workspace.package.description`
[INFO] [stderr] warning: unused field `readme` in `workspace.package`
[INFO] [stderr]   --> Cargo.toml:35:1
[INFO] [stderr]    |
[INFO] [stderr] 35 | readme = "README.md"
[INFO] [stderr]    | ^^^^^^
[INFO] [stderr]    |
[INFO] [stderr] help: consider removing the field `workspace.package.readme`
[INFO] [stderr] warning: workspace (manifest) generated 2 warnings
[INFO] [stderr] warning: `package.homepage` is redundant with `package.repository`
[INFO] [stderr]  --> crates/embed/Cargo.toml:8:1
[INFO] [stderr]   |
[INFO] [stderr] 7 | repository.workspace = true
[INFO] [stderr]   | ----------
[INFO] [stderr] 8 | homepage.workspace = true
[INFO] [stderr]   | ^^^^^^^^
[INFO] [stderr]   |
[INFO] [stderr]   = note: `cargo::redundant_homepage` is set to `warn` by default
[INFO] [stderr] help: consider removing `package.homepage`
[INFO] [stderr] warning: `surrealql-analyzer-embed` (manifest) generated 1 warning
[INFO] [stderr] warning: `package.homepage` is redundant with `package.repository`
[INFO] [stderr]  --> crates/lsp/Cargo.toml:8:1
[INFO] [stderr]   |
[INFO] [stderr] 7 | repository.workspace = true
[INFO] [stderr]   | ----------
[INFO] [stderr] 8 | homepage.workspace = true
[INFO] [stderr]   | ^^^^^^^^
[INFO] [stderr]   |
[INFO] [stderr]   = note: `cargo::redundant_homepage` is set to `warn` by default
[INFO] [stderr] help: consider removing `package.homepage`
[INFO] [stderr] warning: `surrealql-analyzer-lsp` (manifest) generated 1 warning
[INFO] [stderr] warning: `package.homepage` is redundant with `package.repository`
[INFO] [stderr]  --> crates/analyzer/Cargo.toml:8:1
[INFO] [stderr]   |
[INFO] [stderr] 7 | repository.workspace = true
[INFO] [stderr]   | ----------
[INFO] [stderr] 8 | homepage.workspace = true
[INFO] [stderr]   | ^^^^^^^^
[INFO] [stderr]   |
[INFO] [stderr]   = note: `cargo::redundant_homepage` is set to `warn` by default
[INFO] [stderr] help: consider removing `package.homepage`
[INFO] [stderr] warning: `surrealql-analyzer` (manifest) generated 1 warning
[INFO] [stderr] warning: `package.homepage` is redundant with `package.repository`
[INFO] [stderr]  --> crates/rs/Cargo.toml:8:1
[INFO] [stderr]   |
[INFO] [stderr] 7 | repository.workspace = true
[INFO] [stderr]   | ----------
[INFO] [stderr] 8 | homepage.workspace = true
[INFO] [stderr]   | ^^^^^^^^
[INFO] [stderr]   |
[INFO] [stderr]   = note: `cargo::redundant_homepage` is set to `warn` by default
[INFO] [stderr] help: consider removing `package.homepage`
[INFO] [stderr] warning: `surrealql-analyzer-rs` (manifest) generated 1 warning
[INFO] [stderr] warning: `package.homepage` is redundant with `package.repository`
[INFO] [stderr]  --> crates/wasm/Cargo.toml:8:1
[INFO] [stderr]   |
[INFO] [stderr] 7 | repository.workspace = true
[INFO] [stderr]   | ----------
[INFO] [stderr] 8 | homepage.workspace = true
[INFO] [stderr]   | ^^^^^^^^
[INFO] [stderr]   |
[INFO] [stderr]   = note: `cargo::redundant_homepage` is set to `warn` by default
[INFO] [stderr] help: consider removing `package.homepage`
[INFO] [stderr] warning: `surrealql-analyzer-wasm` (manifest) generated 1 warning
[INFO] [stderr] warning: missing `[lints]` to inherit `[workspace.lints]`
[INFO] [stderr]   --> crates/tree-sitter-surrealql/Cargo.toml
[INFO] [stderr]    = note: `cargo::missing_lints_inheritance` is set to `warn` by default
[INFO] [stderr] help: to inherit `workspace.lints, add:
[INFO] [stderr]    |
[INFO] [stderr] 48 ~ cc = "1"
[INFO] [stderr] 49 + [lints]
[INFO] [stderr] 50 + workspace = true
[INFO] [stderr]    |
[INFO] [stderr] help: to clarify your intent to not inherit, add:
[INFO] [stderr]    |
[INFO] [stderr] 48 ~ cc = "1"
[INFO] [stderr] 49 + [lints]
[INFO] [stderr]    |
[INFO] [stderr] warning: `package.homepage` is redundant with `package.repository`
[INFO] [stderr]   --> crates/tree-sitter-surrealql/Cargo.toml:20:1
[INFO] [stderr]    |
[INFO] [stderr] 19 | repository.workspace = true
[INFO] [stderr]    | ----------
[INFO] [stderr] 20 | homepage.workspace = true
[INFO] [stderr]    | ^^^^^^^^
[INFO] [stderr]    |
[INFO] [stderr]    = note: `cargo::redundant_homepage` is set to `warn` by default
[INFO] [stderr] help: consider removing `package.homepage`
[INFO] [stderr] warning: `surrealql-analyzer-tree-sitter-surrealql` (manifest) generated 2 warnings
[INFO] [stderr] warning: `package.homepage` is redundant with `package.repository`
[INFO] [stderr]  --> crates/workspace/Cargo.toml:8:1
[INFO] [stderr]   |
[INFO] [stderr] 7 | repository.workspace = true
[INFO] [stderr]   | ----------
[INFO] [stderr] 8 | homepage.workspace = true
[INFO] [stderr]   | ^^^^^^^^
[INFO] [stderr]   |
[INFO] [stderr]   = note: `cargo::redundant_homepage` is set to `warn` by default
[INFO] [stderr] help: consider removing `package.homepage`
[INFO] [stderr] warning: `surrealql-analyzer-workspace` (manifest) generated 1 warning
[INFO] [stderr] warning: `package.homepage` is redundant with `package.repository`
[INFO] [stderr]  --> crates/diagnostics/Cargo.toml:8:1
[INFO] [stderr]   |
[INFO] [stderr] 7 | repository.workspace = true
[INFO] [stderr]   | ----------
[INFO] [stderr] 8 | homepage.workspace = true
[INFO] [stderr]   | ^^^^^^^^
[INFO] [stderr]   |
[INFO] [stderr]   = note: `cargo::redundant_homepage` is set to `warn` by default
[INFO] [stderr] help: consider removing `package.homepage`
[INFO] [stderr] warning: `surrealql-analyzer-diagnostics` (manifest) generated 1 warning
[INFO] [stderr] warning: `package.homepage` is redundant with `package.repository`
[INFO] [stderr]  --> crates/codegen/Cargo.toml:8:1
[INFO] [stderr]   |
[INFO] [stderr] 7 | repository.workspace = true
[INFO] [stderr]   | ----------
[INFO] [stderr] 8 | homepage.workspace = true
[INFO] [stderr]   | ^^^^^^^^
[INFO] [stderr]   |
[INFO] [stderr]   = note: `cargo::redundant_homepage` is set to `warn` by default
[INFO] [stderr] help: consider removing `package.homepage`
[INFO] [stderr] warning: `surrealql-analyzer-codegen` (manifest) generated 1 warning
[INFO] [stderr] warning: `package.homepage` is redundant with `package.repository`
[INFO] [stderr]  --> crates/macros/Cargo.toml:8:1
[INFO] [stderr]   |
[INFO] [stderr] 7 | repository.workspace = true
[INFO] [stderr]   | ----------
[INFO] [stderr] 8 | homepage.workspace = true
[INFO] [stderr]   | ^^^^^^^^
[INFO] [stderr]   |
[INFO] [stderr]   = note: `cargo::redundant_homepage` is set to `warn` by default
[INFO] [stderr] help: consider removing `package.homepage`
[INFO] [stderr] warning: `surrealql-analyzer-macros` (manifest) generated 1 warning
[INFO] [stderr] warning: `package.homepage` is redundant with `package.repository`
[INFO] [stderr]  --> crates/syntax/Cargo.toml:8:1
[INFO] [stderr]   |
[INFO] [stderr] 7 | repository.workspace = true
[INFO] [stderr]   | ----------
[INFO] [stderr] 8 | homepage.workspace = true
[INFO] [stderr]   | ^^^^^^^^
[INFO] [stderr]   |
[INFO] [stderr]   = note: `cargo::redundant_homepage` is set to `warn` by default
[INFO] [stderr] help: consider removing `package.homepage`
[INFO] [stderr] warning: `surrealql-analyzer-syntax` (manifest) generated 1 warning
[INFO] running `Command { std: "docker" "create" "-v" "/var/lib/crater-agent-workspace/builds/worker-7-tc2/source:/opt/rustwide/workdir:ro,Z" "-v" "/var/lib/crater-agent-workspace/builds/worker-7-tc2/target:/opt/rustwide/target:rw,Z" "-v" "/var/lib/crater-agent-workspace/cargo-home:/opt/rustwide/cargo-home:ro,Z" "-v" "/var/lib/crater-agent-workspace/rustup-home:/opt/rustwide/rustup-home:ro,Z" "-m" "1610612736" "--network" "none" "ghcr.io/rust-lang/crates-build-env/linux@sha256:77db811e55d90add9212f6832c23229e3de5f1c1f9905e8cb07319ea15df73ac" "sleep" "infinity", kill_on_drop: false }`
[INFO] [stdout] f07957b4a884386aa27d06dbfd2b0460e7ed97123b972f2183ae958dfad20a5c
[INFO] running `Command { std: "docker" "start" "f07957b4a884386aa27d06dbfd2b0460e7ed97123b972f2183ae958dfad20a5c", kill_on_drop: false }`
[INFO] running `Command { std: "docker" "inspect" "f07957b4a884386aa27d06dbfd2b0460e7ed97123b972f2183ae958dfad20a5c", kill_on_drop: false }`
[INFO] running `Command { std: "docker" "exec" "-e" "SOURCE_DIR=/opt/rustwide/workdir" "-e" "CARGO_HOME=/opt/rustwide/cargo-home" "-e" "RUSTUP_HOME=/opt/rustwide/rustup-home" "-e" "CARGO_TARGET_DIR=/opt/rustwide/target" "-w" "/opt/rustwide/workdir" "--user" "0:0" "f07957b4a884386aa27d06dbfd2b0460e7ed97123b972f2183ae958dfad20a5c" "/opt/rustwide/cargo-home/bin/cargo" "+3154cc1a3e6424e44f438a95007d043ed5ceaaf6" "metadata" "--no-deps" "--format-version=1", kill_on_drop: false }`
[INFO] running `Command { std: "docker" "inspect" "f07957b4a884386aa27d06dbfd2b0460e7ed97123b972f2183ae958dfad20a5c", kill_on_drop: false }`
[INFO] running `Command { std: "docker" "exec" "-e" "SOURCE_DIR=/opt/rustwide/workdir" "-e" "CARGO_HOME=/opt/rustwide/cargo-home" "-e" "RUSTUP_HOME=/opt/rustwide/rustup-home" "-e" "CARGO_TARGET_DIR=/opt/rustwide/target" "-e" "CARGO_INCREMENTAL=0" "-e" "RUST_BACKTRACE=full" "-e" "RUSTFLAGS=--cap-lints=forbid" "-e" "RUSTDOCFLAGS=--cap-lints=forbid" "-w" "/opt/rustwide/workdir" "--user" "0:0" "f07957b4a884386aa27d06dbfd2b0460e7ed97123b972f2183ae958dfad20a5c" "/opt/rustwide/cargo-home/bin/cargo" "+3154cc1a3e6424e44f438a95007d043ed5ceaaf6" "check" "--frozen" "--all" "--all-targets" "--message-format=json", kill_on_drop: false }`
[INFO] [stderr] warning: unused field `description` in `workspace.package`
[INFO] [stderr]   --> Cargo.toml:30:1
[INFO] [stderr]    |
[INFO] [stderr] 30 | description = "Static analysis for SurrealQL embedded across host languages"
[INFO] [stderr]    | ^^^^^^^^^^^
[INFO] [stderr]    |
[INFO] [stderr]    = note: `cargo::unused_workspace_package_fields` is set to `warn` by default
[INFO] [stderr] help: consider removing the field `workspace.package.description`
[INFO] [stderr] warning: unused field `readme` in `workspace.package`
[INFO] [stderr]   --> Cargo.toml:35:1
[INFO] [stderr]    |
[INFO] [stderr] 35 | readme = "README.md"
[INFO] [stderr]    | ^^^^^^
[INFO] [stderr]    |
[INFO] [stderr] help: consider removing the field `workspace.package.readme`
[INFO] [stderr] warning: workspace (manifest) generated 2 warnings
[INFO] [stderr] warning: `package.homepage` is redundant with `package.repository`
[INFO] [stderr]  --> crates/syntax/Cargo.toml:8:1
[INFO] [stderr]   |
[INFO] [stderr] 7 | repository.workspace = true
[INFO] [stderr]   | ----------
[INFO] [stderr] 8 | homepage.workspace = true
[INFO] [stderr]   | ^^^^^^^^
[INFO] [stderr]   |
[INFO] [stderr]   = note: `cargo::redundant_homepage` is set to `warn` by default
[INFO] [stderr] help: consider removing `package.homepage`
[INFO] [stderr] warning: `surrealql-analyzer-syntax` (manifest) generated 1 warning
[INFO] [stderr] warning: `package.homepage` is redundant with `package.repository`
[INFO] [stderr]  --> crates/embed/Cargo.toml:8:1
[INFO] [stderr]   |
[INFO] [stderr] 7 | repository.workspace = true
[INFO] [stderr]   | ----------
[INFO] [stderr] 8 | homepage.workspace = true
[INFO] [stderr]   | ^^^^^^^^
[INFO] [stderr]   |
[INFO] [stderr]   = note: `cargo::redundant_homepage` is set to `warn` by default
[INFO] [stderr] help: consider removing `package.homepage`
[INFO] [stderr] warning: `surrealql-analyzer-embed` (manifest) generated 1 warning
[INFO] [stderr] warning: `package.homepage` is redundant with `package.repository`
[INFO] [stderr]  --> crates/lsp/Cargo.toml:8:1
[INFO] [stderr]   |
[INFO] [stderr] 7 | repository.workspace = true
[INFO] [stderr]   | ----------
[INFO] [stderr] 8 | homepage.workspace = true
[INFO] [stderr]   | ^^^^^^^^
[INFO] [stderr]   |
[INFO] [stderr]   = note: `cargo::redundant_homepage` is set to `warn` by default
[INFO] [stderr] help: consider removing `package.homepage`
[INFO] [stderr] warning: `surrealql-analyzer-lsp` (manifest) generated 1 warning
[INFO] [stderr] warning: `package.homepage` is redundant with `package.repository`
[INFO] [stderr]  --> crates/macros/Cargo.toml:8:1
[INFO] [stderr]   |
[INFO] [stderr] 7 | repository.workspace = true
[INFO] [stderr]   | ----------
[INFO] [stderr] 8 | homepage.workspace = true
[INFO] [stderr]   | ^^^^^^^^
[INFO] [stderr]   |
[INFO] [stderr]   = note: `cargo::redundant_homepage` is set to `warn` by default
[INFO] [stderr] help: consider removing `package.homepage`
[INFO] [stderr] warning: `surrealql-analyzer-macros` (manifest) generated 1 warning
[INFO] [stderr] warning: `package.homepage` is redundant with `package.repository`
[INFO] [stderr]  --> crates/analyzer/Cargo.toml:8:1
[INFO] [stderr]   |
[INFO] [stderr] 7 | repository.workspace = true
[INFO] [stderr]   | ----------
[INFO] [stderr] 8 | homepage.workspace = true
[INFO] [stderr]   | ^^^^^^^^
[INFO] [stderr]   |
[INFO] [stderr]   = note: `cargo::redundant_homepage` is set to `warn` by default
[INFO] [stderr] help: consider removing `package.homepage`
[INFO] [stderr] warning: `surrealql-analyzer` (manifest) generated 1 warning
[INFO] [stderr] warning: `package.homepage` is redundant with `package.repository`
[INFO] [stderr]  --> crates/rs/Cargo.toml:8:1
[INFO] [stderr]   |
[INFO] [stderr] 7 | repository.workspace = true
[INFO] [stderr]   | ----------
[INFO] [stderr] 8 | homepage.workspace = true
[INFO] [stderr]   | ^^^^^^^^
[INFO] [stderr]   |
[INFO] [stderr]   = note: `cargo::redundant_homepage` is set to `warn` by default
[INFO] [stderr] help: consider removing `package.homepage`
[INFO] [stderr] warning: `surrealql-analyzer-rs` (manifest) generated 1 warning
[INFO] [stderr] warning: `package.homepage` is redundant with `package.repository`
[INFO] [stderr]  --> crates/wasm/Cargo.toml:8:1
[INFO] [stderr]   |
[INFO] [stderr] 7 | repository.workspace = true
[INFO] [stderr]   | ----------
[INFO] [stderr] 8 | homepage.workspace = true
[INFO] [stderr]   | ^^^^^^^^
[INFO] [stderr]   |
[INFO] [stderr]   = note: `cargo::redundant_homepage` is set to `warn` by default
[INFO] [stderr] help: consider removing `package.homepage`
[INFO] [stderr] warning: `surrealql-analyzer-wasm` (manifest) generated 1 warning
[INFO] [stderr] warning: `package.homepage` is redundant with `package.repository`
[INFO] [stderr]  --> crates/workspace/Cargo.toml:8:1
[INFO] [stderr]   |
[INFO] [stderr] 7 | repository.workspace = true
[INFO] [stderr]   | ----------
[INFO] [stderr] 8 | homepage.workspace = true
[INFO] [stderr]   | ^^^^^^^^
[INFO] [stderr]   |
[INFO] [stderr]   = note: `cargo::redundant_homepage` is set to `warn` by default
[INFO] [stderr] help: consider removing `package.homepage`
[INFO] [stderr] warning: `surrealql-analyzer-workspace` (manifest) generated 1 warning
[INFO] [stderr] warning: missing `[lints]` to inherit `[workspace.lints]`
[INFO] [stderr]   --> crates/tree-sitter-surrealql/Cargo.toml
[INFO] [stderr]    = note: `cargo::missing_lints_inheritance` is set to `warn` by default
[INFO] [stderr] help: to inherit `workspace.lints, add:
[INFO] [stderr]    |
[INFO] [stderr] 48 ~ cc = "1"
[INFO] [stderr] 49 + [lints]
[INFO] [stderr] 50 + workspace = true
[INFO] [stderr]    |
[INFO] [stderr] help: to clarify your intent to not inherit, add:
[INFO] [stderr]    |
[INFO] [stderr] 48 ~ cc = "1"
[INFO] [stderr] 49 + [lints]
[INFO] [stderr]    |
[INFO] [stderr] warning: `package.homepage` is redundant with `package.repository`
[INFO] [stderr]   --> crates/tree-sitter-surrealql/Cargo.toml:20:1
[INFO] [stderr]    |
[INFO] [stderr] 19 | repository.workspace = true
[INFO] [stderr]    | ----------
[INFO] [stderr] 20 | homepage.workspace = true
[INFO] [stderr]    | ^^^^^^^^
[INFO] [stderr]    |
[INFO] [stderr]    = note: `cargo::redundant_homepage` is set to `warn` by default
[INFO] [stderr] help: consider removing `package.homepage`
[INFO] [stderr] warning: `surrealql-analyzer-tree-sitter-surrealql` (manifest) generated 2 warnings
[INFO] [stderr] warning: `package.homepage` is redundant with `package.repository`
[INFO] [stderr]  --> crates/diagnostics/Cargo.toml:8:1
[INFO] [stderr]   |
[INFO] [stderr] 7 | repository.workspace = true
[INFO] [stderr]   | ----------
[INFO] [stderr] 8 | homepage.workspace = true
[INFO] [stderr]   | ^^^^^^^^
[INFO] [stderr]   |
[INFO] [stderr]   = note: `cargo::redundant_homepage` is set to `warn` by default
[INFO] [stderr] help: consider removing `package.homepage`
[INFO] [stderr] warning: `surrealql-analyzer-diagnostics` (manifest) generated 1 warning
[INFO] [stderr] warning: `package.homepage` is redundant with `package.repository`
[INFO] [stderr]  --> crates/codegen/Cargo.toml:8:1
[INFO] [stderr]   |
[INFO] [stderr] 7 | repository.workspace = true
[INFO] [stderr]   | ----------
[INFO] [stderr] 8 | homepage.workspace = true
[INFO] [stderr]   | ^^^^^^^^
[INFO] [stderr]   |
[INFO] [stderr]   = note: `cargo::redundant_homepage` is set to `warn` by default
[INFO] [stderr] help: consider removing `package.homepage`
[INFO] [stderr] warning: `surrealql-analyzer-codegen` (manifest) generated 1 warning
[INFO] [stderr]    Compiling unicode-ident v1.0.15
[INFO] [stderr]    Compiling num-traits v0.2.19
[INFO] [stderr]    Compiling serde_core v1.0.228
[INFO] [stderr]    Compiling cc v1.2.56
[INFO] [stderr]     Checking log v0.4.32
[INFO] [stderr]    Compiling tree-sitter-language v0.1.7
[INFO] [stderr]    Compiling zerocopy v0.8.27
[INFO] [stderr]    Compiling serde_json v1.0.149
[INFO] [stderr]    Compiling proc-macro2 v1.0.107
[INFO] [stderr]     Checking smallvec v1.13.2
[INFO] [stderr]    Compiling indexmap v2.14.0
[INFO] [stderr]     Checking itoa v1.0.14
[INFO] [stderr]     Checking regex-syntax v0.8.10
[INFO] [stderr]    Compiling zmij v1.0.21
[INFO] [stderr]     Checking aho-corasick v1.1.3
[INFO] [stderr]    Compiling quote v1.0.38
[INFO] [stderr]    Compiling syn v2.0.117
[INFO] [stderr]    Compiling getrandom v0.4.2
[INFO] [stderr]     Checking bitflags v2.13.1
[INFO] [stderr]     Checking mio v1.2.2
[INFO] [stderr]     Checking futures-sink v0.3.33
[INFO] [stderr]    Compiling anyhow v1.0.102
[INFO] [stderr]     Checking rayon-core v1.13.0
[INFO] [stderr]     Checking futures-channel v0.3.33
[INFO] [stderr]    Compiling either v1.16.0
[INFO] [stderr]    Compiling flatbuffers v25.12.19
[INFO] [stderr]     Checking rayon v1.12.0
[INFO] [stderr]     Checking writeable v0.5.5
[INFO] [stderr]     Checking litemap v0.7.4
[INFO] [stderr]     Checking hashbrown v0.15.2
[INFO] [stderr]     Checking approx v0.5.1
[INFO] [stderr]     Checking i_float v1.15.0
[INFO] [stderr]     Checking robust v1.2.0
[INFO] [stderr]     Checking streaming-iterator v0.1.9
[INFO] [stderr]    Compiling surrealql-analyzer-tree-sitter-surrealql v0.6.0 (/opt/rustwide/workdir/crates/tree-sitter-surrealql)
[INFO] [stderr]     Checking i_shape v1.14.0
[INFO] [stderr]     Checking regex-automata v0.4.14
[INFO] [stderr]     Checking itertools v0.11.0
[INFO] [stderr]     Checking icu_locid_transform_data v1.5.0
[INFO] [stderr]     Checking arrayvec v0.7.6
[INFO] [stderr]     Checking i_tree v0.16.0
[INFO] [stderr]     Checking i_key_sort v0.6.0
[INFO] [stderr]     Checking geographiclib-rs v0.2.7
[INFO] [stderr]     Checking icu_properties_data v1.5.0
[INFO] [stderr]     Checking float_next_after v1.0.0
[INFO] [stderr]    Compiling httparse v1.9.5
[INFO] [stderr]     Checking sif-itree v0.4.1
[INFO] [stderr]     Checking icu_normalizer_data v1.5.0
[INFO] [stderr]     Checking write16 v1.0.0
[INFO] [stderr]     Checking utf16_iter v1.0.5
[INFO] [stderr]     Checking heapless v0.8.0
[INFO] [stderr]    Compiling rust_decimal v1.42.0
[INFO] [stderr]     Checking earcutr v0.4.3
[INFO] [stderr]     Checking spade v2.14.0
[INFO] [stderr]     Checking uuid v1.23.2
[INFO] [stderr]     Checking regex v1.12.3
[INFO] [stderr]    Compiling tree-sitter v0.26.6
[INFO] [stderr]     Checking i_overlay v4.0.7
[INFO] [stderr]    Compiling itertools v0.14.0
[INFO] [stderr]     Checking seize v0.5.1
[INFO] [stderr]     Checking castaway v0.2.4
[INFO] [stderr]     Checking event-listener v5.4.1
[INFO] [stderr]     Checking papaya v0.2.4
[INFO] [stderr]     Checking event-listener-strategy v0.5.4
[INFO] [stderr]     Checking semver v1.0.28
[INFO] [stderr]     Checking async-channel v2.5.0
[INFO] [stderr]    Compiling serde v1.0.228
[INFO] [stderr]     Checking parking_lot_core v0.9.12
[INFO] [stderr]    Compiling libm v0.2.16
[INFO] [stderr]     Checking same-file v1.0.6
[INFO] [stderr]    Compiling tree-sitter-svelte-ng v1.0.2
[INFO] [stderr]     Checking walkdir v2.5.0
[INFO] [stderr]    Compiling tree-sitter-typescript v0.23.2
[INFO] [stderr]    Compiling synstructure v0.13.1
[INFO] [stderr]    Compiling cmake v0.1.58
[INFO] [stderr]    Compiling siphasher v1.0.3
[INFO] [stderr]    Compiling fs_extra v1.3.0
[INFO] [stderr]     Checking glob v0.3.4
[INFO] [stderr]    Compiling unicase v2.9.0
[INFO] [stderr]    Compiling phf_shared v0.13.1
[INFO] [stderr]     Checking digest v0.10.7
[INFO] [stderr]    Compiling aws-lc-sys v0.43.0
[INFO] [stderr]    Compiling fastrand v2.5.0
[INFO] [stderr]    Compiling phf_generator v0.13.1
[INFO] [stderr]    Compiling serde_derive v1.0.228
[INFO] [stderr]    Compiling zerocopy-derive v0.8.27
[INFO] [stderr]    Compiling tracing-attributes v0.1.31
[INFO] [stderr]    Compiling zerofrom-derive v0.1.5
[INFO] [stderr]    Compiling yoke-derive v0.7.5
[INFO] [stderr]    Compiling tokio-macros v2.7.1
[INFO] [stderr]    Compiling zerovec-derive v0.10.3
[INFO] [stderr]     Checking zerofrom v0.1.5
[INFO] [stderr]    Compiling displaydoc v0.2.5
[INFO] [stderr]    Compiling futures-macro v0.3.33
[INFO] [stderr]     Checking yoke v0.7.5
[INFO] [stderr]    Compiling async-trait v0.1.85
[INFO] [stderr]    Compiling icu_provider_macros v1.5.0
[INFO] [stderr]     Checking tracing v0.1.44
[INFO] [stderr]    Compiling surrealdb-types-derive v3.2.3
[INFO] [stderr]    Compiling pin-project-internal v1.1.11
[INFO] [stderr]     Checking futures-util v0.3.33
[INFO] [stderr]    Compiling prost-derive v0.14.4
[INFO] [stderr]     Checking zerovec v0.10.4
[INFO] [stderr]     Checking ppv-lite86 v0.2.21
[INFO] [stderr]    Compiling zeroize_derive v1.5.0
[INFO] [stderr]     Checking rand_chacha v0.9.0
[INFO] [stderr]     Checking rand_chacha v0.3.1
[INFO] [stderr]     Checking pin-project v1.1.11
[INFO] [stderr]     Checking rand v0.8.6
[INFO] [stderr]     Checking rand v0.9.4
[INFO] [stderr]     Checking tinystr v0.7.6
[INFO] [stderr]     Checking icu_locid v1.5.0
[INFO] [stderr]     Checking bytes v1.11.1
[INFO] [stderr]     Checking icu_collections v1.5.0
[INFO] [stderr]     Checking rstar v0.12.2
[INFO] [stderr]     Checking chrono v0.4.45
[INFO] [stderr]     Checking icu_provider v1.5.0
[INFO] [stderr]     Checking ulid v1.2.1
[INFO] [stderr]     Checking surrealql-analyzer-syntax v0.6.0 (/opt/rustwide/workdir/crates/syntax)
[INFO] [stderr]     Checking serde_spanned v0.6.8
[INFO] [stderr]     Checking http v1.4.1
[INFO] [stderr]     Checking tokio v1.53.1
[INFO] [stderr]     Checking prost v0.14.4
[INFO] [stderr]     Checking geo-types v0.7.19
[INFO] [stderr]     Checking icu_locid_transform v1.5.0
[INFO] [stderr]     Checking prost-types v0.14.4
[INFO] [stderr]     Checking toml_datetime v0.6.8
[INFO] [stderr]     Checking icu_properties v1.5.1
[INFO] [stderr]     Checking http-body v1.1.0
[INFO] [stderr]     Checking surrealql-analyzer-diagnostics v0.6.0 (/opt/rustwide/workdir/crates/diagnostics)
[INFO] [stderr]     Checking geo v0.32.0
[INFO] [stderr]     Checking http-body-util v0.1.4
[INFO] [stderr]     Checking toml_edit v0.22.23
[INFO] [stderr]     Checking axum-core v0.5.6
[INFO] [stderr]     Checking futures-executor v0.3.33
[INFO] [stderr]     Checking futures v0.3.33
[INFO] [stderr]    Compiling bytemuck_derive v1.11.0
[INFO] [stderr]     Checking zeroize v1.9.0
[INFO] [stderr]     Checking surrealql-analyzer-embed v0.6.0 (/opt/rustwide/workdir/crates/embed)
[INFO] [stderr]    Compiling crossbeam-utils v0.8.21
[INFO] [stderr]    Compiling crossbeam-epoch v0.9.18
[INFO] [stderr]     Checking icu_normalizer v1.5.0
[INFO] [stderr]     Checking bytemuck v1.25.2
[INFO] [stderr]     Checking toml v0.8.20
[INFO] [stderr]    Compiling syn v3.0.3
[INFO] [stderr]     Checking idna_adapter v1.2.0
[INFO] [stderr]     Checking idna v1.1.0
[INFO] [stderr]    Compiling aws-lc-rs v1.17.3
[INFO] [stderr]     Checking hashbrown v0.14.5
[INFO] [stderr]    Compiling crossbeam-deque v0.8.6
[INFO] [stderr]    Compiling byteorder v1.5.0
[INFO] [stderr]     Checking url v2.5.8
[INFO] [stderr]    Compiling hash32 v0.3.1
[INFO] [stderr]     Checking rand_distr v0.5.1
[INFO] [stderr]    Compiling getrandom v0.2.17
[INFO] [stderr]     Checking parking_lot v0.12.5
[INFO] [stderr]     Checking untrusted v0.7.1
[INFO] [stderr]    Compiling stable_deref_trait v1.2.0
[INFO] [stderr]     Checking half v2.7.1
[INFO] [stderr]    Compiling rand_core v0.6.4
[INFO] [stderr]     Checking tokio-util v0.7.19
[INFO] [stderr]     Checking tokio-stream v0.1.19
[INFO] [stderr]     Checking rustls-pki-types v1.15.1
[INFO] [stderr]    Compiling string_cache_codegen v0.6.1
[INFO] [stderr]    Compiling phf_codegen v0.13.1
[INFO] [stderr]     Checking h2 v0.4.15
[INFO] [stderr]     Checking tower v0.5.3
[INFO] [stderr]    Compiling getrandom v0.3.4
[INFO] [stderr]    Compiling thiserror-impl v2.0.19
[INFO] [stderr]     Checking num-integer v0.1.46
[INFO] [stderr]    Compiling rand_core v0.9.5
[INFO] [stderr]    Compiling web_atoms v0.2.5
[INFO] [stderr]     Checking axum v0.8.9
[INFO] [stderr]     Checking thiserror v2.0.19
[INFO] [stderr]    Compiling phf_macros v0.13.1
[INFO] [stderr]     Checking inout v0.1.4
[INFO] [stderr]     Checking precomputed-hash v0.1.1
[INFO] [stderr]     Checking memchr v2.8.3
[INFO] [stderr]     Checking hyper v1.11.0
[INFO] [stderr]     Checking string_cache v0.9.0
[INFO] [stderr]     Checking cipher v0.4.4
[INFO] [stderr]     Checking phf v0.13.1
[INFO] [stderr]    Compiling matrixmultiply v0.3.11
[INFO] [stderr]     Checking base64ct v1.8.3
[INFO] [stderr]    Compiling rustls v0.23.42
[INFO] [stderr]    Compiling time-macros v0.2.32
[INFO] [stderr]     Checking hyper-util v0.1.20
[INFO] [stderr]     Checking password-hash v0.5.0
[INFO] [stderr]    Compiling tracing-core v0.1.36
[INFO] [stderr]     Checking tendril v0.5.1
[INFO] [stderr]     Checking diskann-wide v0.54.0
[INFO] [stderr]     Checking sha1 v0.10.7
[INFO] [stderr]     Checking roaring v0.11.4
[INFO] [stderr]    Compiling revision-derive v0.30.0
[INFO] [stderr]     Checking hyper-timeout v0.5.2
[INFO] [stderr]    Compiling storekey-derive v0.11.0
[INFO] [stderr]     Checking tonic v0.14.6
[INFO] [stderr]    Compiling inotify-sys v0.1.8
[INFO] [stdout] error[E0283]: type annotations needed
[INFO] [stdout]    --> /opt/rustwide/cargo-home/registry/src/index.crates.io-1949cf8c6b5b557f/diskann-wide-0.54.0/src/arch/x86_64/v3/mod.rs:435:82
[INFO] [stdout]     |
[INFO] [stdout] 435 |         let f: unsafe fn(Self, T0::Of<'_>) -> R = Self::run_function_with_1::<F, _, _>;
[INFO] [stdout]     |                                                                                  ^ cannot infer type
[INFO] [stdout]     |
[INFO] [stdout]     = note: the type must implement `AddLifetime`
[INFO] [stdout]     = help: the following types implement trait `AddLifetime`:
[INFO] [stdout]               As<T>
[INFO] [stdout]               Mut<T>
[INFO] [stdout]               String
[INFO] [stdout]               bool
[INFO] [stdout]               f32
[INFO] [stdout]               f64
[INFO] [stdout]               half::f16
[INFO] [stdout]               i16
[INFO] [stdout]             and 9 others
[INFO] [stdout] note: required by a bound in `V3::run_function_with_1`
[INFO] [stdout]    --> /opt/rustwide/cargo-home/registry/src/index.crates.io-1949cf8c6b5b557f/diskann-wide-0.54.0/src/arch/x86_64/v3/mod.rs:296:17
[INFO] [stdout]     |
[INFO] [stdout] 111 | impl V3 {
[INFO] [stdout] ...
[INFO] [stdout] 294 |         pub(super) unsafe fn run_function_with_1<F, T0, R>(self, x0: T0::Of<'_>) -> R
[INFO] [stdout] 295 |         where
[INFO] [stdout] 296 |             T0: AddLifetime,
[INFO] [stdout]     |                 ^^^^^^^^^^^ required by this bound in `V3::run_function_with_1`
[INFO] [stdout] 
[INFO] [stdout] 
[INFO] [stdout] error[E0283]: type annotations needed
[INFO] [stdout]    --> /opt/rustwide/cargo-home/registry/src/index.crates.io-1949cf8c6b5b557f/diskann-wide-0.54.0/src/arch/x86_64/v3/mod.rs:450:44
[INFO] [stdout]     |
[INFO] [stdout] 450 |             Self::run_function_with_2::<F, _, _, _>;
[INFO] [stdout]     |                                            ^ cannot infer type
[INFO] [stdout]     |
[INFO] [stdout]     = note: the type must implement `AddLifetime`
[INFO] [stdout]     = help: the following types implement trait `AddLifetime`:
[INFO] [stdout]               As<T>
[INFO] [stdout]               Mut<T>
[INFO] [stdout]               String
[INFO] [stdout]               bool
[INFO] [stdout]               f32
[INFO] [stdout]               f64
[INFO] [stdout]               half::f16
[INFO] [stdout]               i16
[INFO] [stdout]             and 9 others
[INFO] [stdout] note: required by a bound in `V3::run_function_with_2`
[INFO] [stdout]    --> /opt/rustwide/cargo-home/registry/src/index.crates.io-1949cf8c6b5b557f/diskann-wide-0.54.0/src/arch/x86_64/v3/mod.rs:313:17
[INFO] [stdout]     |
[INFO] [stdout] 111 | impl V3 {
[INFO] [stdout] ...
[INFO] [stdout] 307 |         pub(super) unsafe fn run_function_with_2<F, T0, T1, R>(
[INFO] [stdout] ...
[INFO] [stdout] 313 |             T0: AddLifetime,
[INFO] [stdout]     |                 ^^^^^^^^^^^ required by this bound in `V3::run_function_with_2`
[INFO] [stdout] 
[INFO] [stdout] 
[INFO] [stdout] error[E0283]: type annotations needed
[INFO] [stdout]    --> /opt/rustwide/cargo-home/registry/src/index.crates.io-1949cf8c6b5b557f/diskann-wide-0.54.0/src/arch/x86_64/v3/mod.rs:466:44
[INFO] [stdout]     |
[INFO] [stdout] 466 |             Self::run_function_with_3::<F, _, _, _, _>;
[INFO] [stdout]     |                                            ^ cannot infer type
[INFO] [stdout]     |
[INFO] [stdout]     = note: the type must implement `AddLifetime`
[INFO] [stdout]     = help: the following types implement trait `AddLifetime`:
[INFO] [stdout]               As<T>
[INFO] [stdout]               Mut<T>
[INFO] [stdout]               String
[INFO] [stdout]               bool
[INFO] [stdout]               f32
[INFO] [stdout]               f64
[INFO] [stdout]               half::f16
[INFO] [stdout]               i16
[INFO] [stdout]             and 9 others
[INFO] [stdout] note: required by a bound in `V3::run_function_with_3`
[INFO] [stdout]    --> /opt/rustwide/cargo-home/registry/src/index.crates.io-1949cf8c6b5b557f/diskann-wide-0.54.0/src/arch/x86_64/v3/mod.rs:332:17
[INFO] [stdout]     |
[INFO] [stdout] 111 | impl V3 {
[INFO] [stdout] ...
[INFO] [stdout] 325 |         pub(super) unsafe fn run_function_with_3<F, T0, T1, T2, R>(
[INFO] [stdout] ...
[INFO] [stdout] 332 |             T0: AddLifetime,
[INFO] [stdout]     |                 ^^^^^^^^^^^ required by this bound in `V3::run_function_with_3`
[INFO] [stdout] 
[INFO] [stdout] 
[INFO] [stdout] error[E0283]: type annotations needed
[INFO] [stdout]    --> /opt/rustwide/cargo-home/registry/src/index.crates.io-1949cf8c6b5b557f/diskann-wide-0.54.0/src/arch/x86_64/v4/mod.rs:540:82
[INFO] [stdout]     |
[INFO] [stdout] 540 |         let f: unsafe fn(Self, T0::Of<'_>) -> R = Self::run_function_with_1::<F, _, _>;
[INFO] [stdout]     |                                                                                  ^ cannot infer type
[INFO] [stdout]     |
[INFO] [stdout]     = note: the type must implement `AddLifetime`
[INFO] [stdout]     = help: the following types implement trait `AddLifetime`:
[INFO] [stdout]               As<T>
[INFO] [stdout]               Mut<T>
[INFO] [stdout]               String
[INFO] [stdout]               bool
[INFO] [stdout]               f32
[INFO] [stdout]               f64
[INFO] [stdout]               half::f16
[INFO] [stdout]               i16
[INFO] [stdout]             and 9 others
[INFO] [stdout] note: required by a bound in `v4::V4::run_function_with_1`
[INFO] [stdout]    --> /opt/rustwide/cargo-home/registry/src/index.crates.io-1949cf8c6b5b557f/diskann-wide-0.54.0/src/arch/x86_64/v4/mod.rs:401:17
[INFO] [stdout]     |
[INFO] [stdout] 213 | impl V4 {
[INFO] [stdout] ...
[INFO] [stdout] 399 |         pub(super) unsafe fn run_function_with_1<F, T0, R>(self, x0: T0::Of<'_>) -> R
[INFO] [stdout] 400 |         where
[INFO] [stdout] 401 |             T0: AddLifetime,
[INFO] [stdout]     |                 ^^^^^^^^^^^ required by this bound in `V4::run_function_with_1`
[INFO] [stdout] 
[INFO] [stdout] 
[INFO] [stdout] error[E0283]: type annotations needed
[INFO] [stdout]    --> /opt/rustwide/cargo-home/registry/src/index.crates.io-1949cf8c6b5b557f/diskann-wide-0.54.0/src/arch/x86_64/v4/mod.rs:555:44
[INFO] [stdout]     |
[INFO] [stdout] 555 |             Self::run_function_with_2::<F, _, _, _>;
[INFO] [stdout]     |                                            ^ cannot infer type
[INFO] [stdout]     |
[INFO] [stdout]     = note: the type must implement `AddLifetime`
[INFO] [stdout]     = help: the following types implement trait `AddLifetime`:
[INFO] [stdout]               As<T>
[INFO] [stdout]               Mut<T>
[INFO] [stdout]               String
[INFO] [stdout]               bool
[INFO] [stdout]               f32
[INFO] [stdout]               f64
[INFO] [stdout]               half::f16
[INFO] [stdout]               i16
[INFO] [stdout]             and 9 others
[INFO] [stdout] note: required by a bound in `v4::V4::run_function_with_2`
[INFO] [stdout]    --> /opt/rustwide/cargo-home/registry/src/index.crates.io-1949cf8c6b5b557f/diskann-wide-0.54.0/src/arch/x86_64/v4/mod.rs:418:17
[INFO] [stdout]     |
[INFO] [stdout] 213 | impl V4 {
[INFO] [stdout] ...
[INFO] [stdout] 412 |         pub(super) unsafe fn run_function_with_2<F, T0, T1, R>(
[INFO] [stdout] ...
[INFO] [stdout] 418 |             T0: AddLifetime,
[INFO] [stdout]     |                 ^^^^^^^^^^^ required by this bound in `V4::run_function_with_2`
[INFO] [stdout] 
[INFO] [stdout] 
[INFO] [stdout] error[E0283]: type annotations needed
[INFO] [stdout]    --> /opt/rustwide/cargo-home/registry/src/index.crates.io-1949cf8c6b5b557f/diskann-wide-0.54.0/src/arch/x86_64/v4/mod.rs:571:44
[INFO] [stdout]     |
[INFO] [stdout] 571 |             Self::run_function_with_3::<F, _, _, _, _>;
[INFO] [stdout]     |                                            ^ cannot infer type
[INFO] [stdout]     |
[INFO] [stdout]     = note: the type must implement `AddLifetime`
[INFO] [stdout]     = help: the following types implement trait `AddLifetime`:
[INFO] [stdout]               As<T>
[INFO] [stdout]               Mut<T>
[INFO] [stdout]               String
[INFO] [stdout]               bool
[INFO] [stdout]               f32
[INFO] [stdout]               f64
[INFO] [stdout]               half::f16
[INFO] [stdout]               i16
[INFO] [stdout]             and 9 others
[INFO] [stdout] note: required by a bound in `v4::V4::run_function_with_3`
[INFO] [stdout]    --> /opt/rustwide/cargo-home/registry/src/index.crates.io-1949cf8c6b5b557f/diskann-wide-0.54.0/src/arch/x86_64/v4/mod.rs:437:17
[INFO] [stdout]     |
[INFO] [stdout] 213 | impl V4 {
[INFO] [stdout] ...
[INFO] [stdout] 430 |         pub(super) unsafe fn run_function_with_3<F, T0, T1, T2, R>(
[INFO] [stdout] ...
[INFO] [stdout] 437 |             T0: AddLifetime,
[INFO] [stdout]     |                 ^^^^^^^^^^^ required by this bound in `V4::run_function_with_3`
[INFO] [stdout] 
[INFO] [stdout] 
[INFO] [stderr]     Checking dtoa v1.0.11
[INFO] [stderr]    Compiling pin-project-lite v0.2.17
[INFO] [stderr]     Checking rawpointer v0.2.1
[INFO] [stderr]     Checking time v0.3.54
[INFO] [stderr]     Checking dtoa-short v0.3.5
[INFO] [stdout] For more information about this error, try `rustc --explain E0283`.
[INFO] [stdout] 
[INFO] [stderr] error: could not compile `diskann-wide` (lib) due to 6 previous errors
[INFO] [stderr] warning: build failed, waiting for other jobs to finish...
[INFO] running `Command { std: "docker" "inspect" "f07957b4a884386aa27d06dbfd2b0460e7ed97123b972f2183ae958dfad20a5c", kill_on_drop: false }`
[INFO] running `Command { std: "docker" "rm" "-f" "f07957b4a884386aa27d06dbfd2b0460e7ed97123b972f2183ae958dfad20a5c", kill_on_drop: false }`
[INFO] [stdout] f07957b4a884386aa27d06dbfd2b0460e7ed97123b972f2183ae958dfad20a5c
