[INFO] cloning repository https://github.com/sunyyo/quickspark
[INFO] running `Command { std: "git" "-c" "credential.helper=" "-c" "credential.helper=/workspace/cargo-home/bin/git-credential-null" "clone" "--bare" "https://github.com/sunyyo/quickspark" "/workspace/cache/git-repos/https%3A%2F%2Fgithub.com%2Fsunyyo%2Fquickspark", kill_on_drop: false }`
[INFO] [stderr] Cloning into bare repository '/workspace/cache/git-repos/https%3A%2F%2Fgithub.com%2Fsunyyo%2Fquickspark'...
[INFO] running `Command { std: "git" "rev-parse" "HEAD", kill_on_drop: false }`
[INFO] [stdout] 79d244fa41373e158db379fa028affc6d20615ca
[INFO] checking sunyyo/quickspark against 3154cc1a3e6424e44f438a95007d043ed5ceaaf6+rustflags=-Znext-solver=coherence for pr-133502-30
[INFO] running `Command { std: "git" "clone" "/workspace/cache/git-repos/https%3A%2F%2Fgithub.com%2Fsunyyo%2Fquickspark" "/workspace/builds/worker-6-tc1/source", kill_on_drop: false }`
[INFO] [stderr] Cloning into '/workspace/builds/worker-6-tc1/source'...
[INFO] [stderr] done.
[INFO] removed /workspace/builds/worker-6-tc1/source/rust-toolchain.toml
[INFO] started tweaking git repo https://github.com/sunyyo/quickspark
[INFO] finished tweaking git repo https://github.com/sunyyo/quickspark
[INFO] tweaked toml for git repo https://github.com/sunyyo/quickspark written to /workspace/builds/worker-6-tc1/source/Cargo.toml
[INFO] validating manifest of git repo https://github.com/sunyyo/quickspark on toolchain 3154cc1a3e6424e44f438a95007d043ed5ceaaf6
[INFO] running `Command { std: CARGO_HOME="/workspace/cargo-home" RUSTUP_HOME="/workspace/rustup-home" "/workspace/cargo-home/bin/cargo" "+3154cc1a3e6424e44f438a95007d043ed5ceaaf6" "metadata" "--manifest-path" "Cargo.toml" "--no-deps", kill_on_drop: false }`
[INFO] crate git repo https://github.com/sunyyo/quickspark already has a lockfile, it will not be regenerated
[INFO] running `Command { std: CARGO_HOME="/workspace/cargo-home" RUSTUP_HOME="/workspace/rustup-home" "/workspace/cargo-home/bin/cargo" "+3154cc1a3e6424e44f438a95007d043ed5ceaaf6" "fetch" "--manifest-path" "Cargo.toml", kill_on_drop: false }`
[INFO] [stderr]     Updating crates.io index
[INFO] [stderr]  Downloading crates ...
[INFO] [stderr]   Downloaded winres v0.1.12
[INFO] [stderr]   Downloaded pinyin v0.11.0
[INFO] running `Command { std: "docker" "create" "-v" "/var/lib/crater-agent-workspace/builds/worker-6-tc1/source:/opt/rustwide/workdir:ro,Z" "-v" "/var/lib/crater-agent-workspace/builds/worker-6-tc1/target:/opt/rustwide/target:rw,Z" "-v" "/var/lib/crater-agent-workspace/cargo-home:/opt/rustwide/cargo-home:ro,Z" "-v" "/var/lib/crater-agent-workspace/rustup-home:/opt/rustwide/rustup-home:ro,Z" "-m" "1610612736" "--network" "none" "ghcr.io/rust-lang/crates-build-env/linux@sha256:77db811e55d90add9212f6832c23229e3de5f1c1f9905e8cb07319ea15df73ac" "sleep" "infinity", kill_on_drop: false }`
[INFO] [stdout] e455967261538b4728f94764c5bedea641529733845c54120e29e4969ef207a4
[INFO] running `Command { std: "docker" "start" "e455967261538b4728f94764c5bedea641529733845c54120e29e4969ef207a4", kill_on_drop: false }`
[INFO] running `Command { std: "docker" "inspect" "e455967261538b4728f94764c5bedea641529733845c54120e29e4969ef207a4", kill_on_drop: false }`
[INFO] running `Command { std: "docker" "exec" "-e" "SOURCE_DIR=/opt/rustwide/workdir" "-e" "CARGO_HOME=/opt/rustwide/cargo-home" "-e" "RUSTUP_HOME=/opt/rustwide/rustup-home" "-e" "CARGO_TARGET_DIR=/opt/rustwide/target" "-w" "/opt/rustwide/workdir" "--user" "0:0" "e455967261538b4728f94764c5bedea641529733845c54120e29e4969ef207a4" "/opt/rustwide/cargo-home/bin/cargo" "+3154cc1a3e6424e44f438a95007d043ed5ceaaf6" "metadata" "--no-deps" "--format-version=1", kill_on_drop: false }`
[INFO] running `Command { std: "docker" "inspect" "e455967261538b4728f94764c5bedea641529733845c54120e29e4969ef207a4", kill_on_drop: false }`
[INFO] running `Command { std: "docker" "exec" "-e" "SOURCE_DIR=/opt/rustwide/workdir" "-e" "CARGO_HOME=/opt/rustwide/cargo-home" "-e" "RUSTUP_HOME=/opt/rustwide/rustup-home" "-e" "CARGO_TARGET_DIR=/opt/rustwide/target" "-e" "CARGO_INCREMENTAL=0" "-e" "RUST_BACKTRACE=full" "-e" "RUSTFLAGS=--cap-lints=forbid -Znext-solver=coherence" "-e" "RUSTDOCFLAGS=--cap-lints=forbid" "-w" "/opt/rustwide/workdir" "--user" "0:0" "e455967261538b4728f94764c5bedea641529733845c54120e29e4969ef207a4" "/opt/rustwide/cargo-home/bin/cargo" "+3154cc1a3e6424e44f438a95007d043ed5ceaaf6" "check" "--frozen" "--all" "--all-targets" "--message-format=json", kill_on_drop: false }`
[INFO] [stderr]    Compiling serde_core v1.0.228
[INFO] [stderr]    Compiling serde v1.0.228
[INFO] [stderr]    Compiling serde_json v1.0.150
[INFO] [stderr]    Compiling pinyin v0.11.0
[INFO] [stderr]     Checking windows-link v0.2.1
[INFO] [stderr]     Checking memchr v2.8.3
[INFO] [stderr]     Checking windows-sys v0.61.2
[INFO] [stderr]    Compiling toml v0.5.11
[INFO] [stderr]    Compiling winres v0.1.12
[INFO] [stderr]    Compiling quickspark v0.1.3 (/opt/rustwide/workdir)
[INFO] [stdout] error[E0433]: cannot find `windows` in `os`
[INFO] [stdout]  --> src/platform/windows/ai_credentials.rs:1:15
[INFO] [stdout]   |
[INFO] [stdout] 1 | use std::{os::windows::ffi::OsStrExt, ptr::null};
[INFO] [stdout]   |               ^^^^^^^ could not find `windows` in `os`
[INFO] [stdout]   |
[INFO] [stdout] note: found an item that was configured out
[INFO] [stdout]  --> /rustc/3154cc1a3e6424e44f438a95007d043ed5ceaaf6/library/std/src/os/mod.rs:62:4
[INFO] [stdout]   |
[INFO] [stdout]   = note: the item is gated behind the `windows` feature
[INFO] [stdout] 
[INFO] [stdout] 
[INFO] [stdout] error[E0433]: cannot find `windows` in `os`
[INFO] [stdout]  --> src/providers/applications.rs:4:9
[INFO] [stdout]   |
[INFO] [stdout] 4 |     os::windows::process::CommandExt,
[INFO] [stdout]   |         ^^^^^^^ could not find `windows` in `os`
[INFO] [stdout]   |
[INFO] [stdout] note: found an item that was configured out
[INFO] [stdout]  --> /rustc/3154cc1a3e6424e44f438a95007d043ed5ceaaf6/library/std/src/os/mod.rs:62:4
[INFO] [stdout]   |
[INFO] [stdout]   = note: the item is gated behind the `windows` feature
[INFO] [stdout] 
[INFO] [stdout] 
[INFO] [stdout] error[E0433]: cannot find `windows` in `os`
[INFO] [stdout]  --> src/platform/windows/ai_credentials.rs:1:15
[INFO] [stdout]   |
[INFO] [stdout] 1 | use std::{os::windows::ffi::OsStrExt, ptr::null};
[INFO] [stdout]   |               ^^^^^^^ could not find `windows` in `os`
[INFO] [stdout]   |
[INFO] [stdout] note: found an item that was configured out
[INFO] [stdout]  --> /rustc/3154cc1a3e6424e44f438a95007d043ed5ceaaf6/library/std/src/os/mod.rs:62:4
[INFO] [stdout]   |
[INFO] [stdout]   = note: the item is gated behind the `windows` feature
[INFO] [stdout] 
[INFO] [stdout] 
[INFO] [stdout] error[E0433]: cannot find `windows` in `os`
[INFO] [stdout]  --> src/providers/applications.rs:4:9
[INFO] [stdout]   |
[INFO] [stdout] 4 |     os::windows::process::CommandExt,
[INFO] [stdout]   |         ^^^^^^^ could not find `windows` in `os`
[INFO] [stdout]   |
[INFO] [stdout] note: found an item that was configured out
[INFO] [stdout]  --> /rustc/3154cc1a3e6424e44f438a95007d043ed5ceaaf6/library/std/src/os/mod.rs:62:4
[INFO] [stdout]   |
[INFO] [stdout]   = note: the item is gated behind the `windows` feature
[INFO] [stdout] 
[INFO] [stdout] 
[INFO] [stdout] error[E0599]: no method named `encode_wide` found for reference `&OsStr` in the current scope
[INFO] [stdout]    --> src/platform/windows/ai_credentials.rs:180:47
[INFO] [stdout]     |
[INFO] [stdout] 180 |     let encoded = std::ffi::OsStr::new(value).encode_wide();
[INFO] [stdout]     |                                               ^^^^^^^^^^^ method not found in `&OsStr`
[INFO] [stdout] 
[INFO] [stdout] 
[INFO] [stdout] error[E0599]: no method named `encode_wide` found for reference `&OsStr` in the current scope
[INFO] [stdout]    --> src/platform/windows/ai_credentials.rs:180:47
[INFO] [stdout]     |
[INFO] [stdout] 180 |     let encoded = std::ffi::OsStr::new(value).encode_wide();
[INFO] [stdout]     |                                               ^^^^^^^^^^^ method not found in `&OsStr`
[INFO] [stdout] 
[INFO] [stdout] 
[INFO] [stdout] warning: use of deprecated method `std::sync::atomic::Atomic::<usize>::fetch_update`: renamed to `try_update` for consistency
[INFO] [stdout]    --> src/providers/ai.rs:140:14
[INFO] [stdout]     |
[INFO] [stdout] 140 |             .fetch_update(Ordering::AcqRel, Ordering::Acquire, |count| {
[INFO] [stdout]     |              ^^^^^^^^^^^^
[INFO] [stdout]     |
[INFO] [stdout]     = note: `#[warn(deprecated)]` on by default
[INFO] [stdout] help: replace the use of the deprecated method
[INFO] [stdout]     |
[INFO] [stdout] 140 -             .fetch_update(Ordering::AcqRel, Ordering::Acquire, |count| {
[INFO] [stdout] 140 +             .try_update(Ordering::AcqRel, Ordering::Acquire, |count| {
[INFO] [stdout]     |
[INFO] [stdout] 
[INFO] [stdout] 
[INFO] [stdout] error[E0599]: no method named `creation_flags` found for mutable reference `&mut Command` in the current scope
[INFO] [stdout]    --> src/providers/applications.rs:213:10
[INFO] [stdout]     |
[INFO] [stdout] 205 |     let child = Command::new(powershell)
[INFO] [stdout] 206 |         .args([
[INFO] [stdout] 207 |             "-NoLogo",
[INFO] [stdout] 208 |             "-NoProfile",
[INFO] [stdout] 209 |             "-NonInteractive",
[INFO] [stdout] 210 |             "-Command",
[INFO] [stdout] 211 |             script,
[INFO] [stdout] 212 |         ])
[INFO] [stdout] 213 |         .creation_flags(CREATE_NO_WINDOW)
[INFO] [stdout]     |          ^^^^^^^^^^^^^^ method not found in `&mut Command`
[INFO] [stdout] 
[INFO] [stdout] 
[INFO] [stdout] warning: use of deprecated method `std::sync::atomic::Atomic::<usize>::fetch_update`: renamed to `try_update` for consistency
[INFO] [stdout]    --> src/providers/ai.rs:140:14
[INFO] [stdout]     |
[INFO] [stdout] 140 |             .fetch_update(Ordering::AcqRel, Ordering::Acquire, |count| {
[INFO] [stdout]     |              ^^^^^^^^^^^^
[INFO] [stdout]     |
[INFO] [stdout]     = note: `#[warn(deprecated)]` on by default
[INFO] [stdout] help: replace the use of the deprecated method
[INFO] [stdout]     |
[INFO] [stdout] 140 -             .fetch_update(Ordering::AcqRel, Ordering::Acquire, |count| {
[INFO] [stdout] 140 +             .try_update(Ordering::AcqRel, Ordering::Acquire, |count| {
[INFO] [stdout]     |
[INFO] [stdout] 
[INFO] [stdout] 
[INFO] [stdout] error[E0599]: no method named `creation_flags` found for mutable reference `&mut Command` in the current scope
[INFO] [stdout]    --> src/providers/applications.rs:213:10
[INFO] [stdout]     |
[INFO] [stdout] 205 |     let child = Command::new(powershell)
[INFO] [stdout] 206 |         .args([
[INFO] [stdout] 207 |             "-NoLogo",
[INFO] [stdout] 208 |             "-NoProfile",
[INFO] [stdout] 209 |             "-NonInteractive",
[INFO] [stdout] 210 |             "-Command",
[INFO] [stdout] 211 |             script,
[INFO] [stdout] 212 |         ])
[INFO] [stdout] 213 |         .creation_flags(CREATE_NO_WINDOW)
[INFO] [stdout]     |          ^^^^^^^^^^^^^^ method not found in `&mut Command`
[INFO] [stdout] 
[INFO] [stdout] 
[INFO] [stdout] Some errors have detailed explanations: E0433, E0599.
[INFO] [stdout] 
[INFO] [stdout] For more information about an error, try `rustc --explain E0433`.
[INFO] [stdout] 
[INFO] [stderr] error: could not compile `quickspark` (bin "quickspark") due to 4 previous errors; 1 warning emitted
[INFO] [stderr] warning: build failed, waiting for other jobs to finish...
[INFO] [stdout] Some errors have detailed explanations: E0433, E0599.
[INFO] [stdout] 
[INFO] [stdout] For more information about an error, try `rustc --explain E0433`.
[INFO] [stdout] 
[INFO] [stderr] error: could not compile `quickspark` (bin "quickspark" test) due to 4 previous errors; 1 warning emitted
[INFO] running `Command { std: "docker" "inspect" "e455967261538b4728f94764c5bedea641529733845c54120e29e4969ef207a4", kill_on_drop: false }`
[INFO] running `Command { std: "docker" "rm" "-f" "e455967261538b4728f94764c5bedea641529733845c54120e29e4969ef207a4", kill_on_drop: false }`
[INFO] [stdout] e455967261538b4728f94764c5bedea641529733845c54120e29e4969ef207a4
