[INFO] cloning repository https://github.com/sunrisecloudy/mdok
[INFO] running `Command { std: "git" "-c" "credential.helper=" "-c" "credential.helper=/workspace/cargo-home/bin/git-credential-null" "clone" "--bare" "https://github.com/sunrisecloudy/mdok" "/workspace/cache/git-repos/https%3A%2F%2Fgithub.com%2Fsunrisecloudy%2Fmdok", kill_on_drop: false }`
[INFO] [stderr] Cloning into bare repository '/workspace/cache/git-repos/https%3A%2F%2Fgithub.com%2Fsunrisecloudy%2Fmdok'...
[INFO] running `Command { std: "git" "rev-parse" "HEAD", kill_on_drop: false }`
[INFO] [stdout] 6320c8448e39b04e3721397aa109d351296cbd30
[INFO] checking sunrisecloudy/mdok against 3154cc1a3e6424e44f438a95007d043ed5ceaaf6+rustflags=-Znext-solver=coherence for pr-133502-30
[INFO] running `Command { std: "git" "clone" "/workspace/cache/git-repos/https%3A%2F%2Fgithub.com%2Fsunrisecloudy%2Fmdok" "/workspace/builds/worker-4-tc1/source", kill_on_drop: false }`
[INFO] [stderr] Cloning into '/workspace/builds/worker-4-tc1/source'...
[INFO] [stderr] done.
[INFO] removed /workspace/builds/worker-4-tc1/source/rust-toolchain.toml
[INFO] started tweaking git repo https://github.com/sunrisecloudy/mdok
[INFO] finished tweaking git repo https://github.com/sunrisecloudy/mdok
[INFO] tweaked toml for git repo https://github.com/sunrisecloudy/mdok written to /workspace/builds/worker-4-tc1/source/Cargo.toml
[INFO] validating manifest of git repo https://github.com/sunrisecloudy/mdok on toolchain 3154cc1a3e6424e44f438a95007d043ed5ceaaf6
[INFO] running `Command { std: CARGO_HOME="/workspace/cargo-home" RUSTUP_HOME="/workspace/rustup-home" "/workspace/cargo-home/bin/cargo" "+3154cc1a3e6424e44f438a95007d043ed5ceaaf6" "metadata" "--manifest-path" "Cargo.toml" "--no-deps", kill_on_drop: false }`
[INFO] crate git repo https://github.com/sunrisecloudy/mdok already has a lockfile, it will not be regenerated
[INFO] running `Command { std: CARGO_HOME="/workspace/cargo-home" RUSTUP_HOME="/workspace/rustup-home" "/workspace/cargo-home/bin/cargo" "+3154cc1a3e6424e44f438a95007d043ed5ceaaf6" "fetch" "--manifest-path" "Cargo.toml", kill_on_drop: false }`
[INFO] [stderr]     Updating crates.io index
[INFO] [stderr]  Downloading crates ...
[INFO] [stderr]   Downloaded typed-arena v2.0.2
[INFO] [stderr]   Downloaded xdg v3.0.0
[INFO] [stderr]   Downloaded fmt2io v1.0.0
[INFO] [stderr]   Downloaded psl-types v2.0.11
[INFO] [stderr]   Downloaded terminal_size v0.4.4
[INFO] [stderr]   Downloaded linked-hash-map v0.5.6
[INFO] [stderr]   Downloaded onig v6.5.3
[INFO] [stderr]   Downloaded jetscii v0.5.3
[INFO] [stderr]   Downloaded slug v0.1.6
[INFO] [stderr]   Downloaded rmcp-macros v2.2.0
[INFO] [stderr]   Downloaded entities v1.0.1
[INFO] [stderr]   Downloaded caseless v0.2.2
[INFO] [stderr]   Downloaded yaml-rust v0.4.5
[INFO] [stderr]   Downloaded rquickjs-macro v0.12.2
[INFO] [stderr]   Downloaded clap v4.6.5
[INFO] [stderr]   Downloaded jmespath v0.5.0
[INFO] [stderr]   Downloaded bon v3.9.3
[INFO] [stderr]   Downloaded publicsuffix v2.3.0
[INFO] [stderr]   Downloaded comrak v0.54.0
[INFO] [stderr]   Downloaded fancy-regex v0.16.2
[INFO] [stderr]   Downloaded bon-macros v3.9.3
[INFO] [stderr]   Downloaded emojis v0.8.2
[INFO] [stderr]   Downloaded deunicode v1.6.2
[INFO] [stderr]   Downloaded clap_builder v4.6.5
[INFO] [stderr]   Downloaded command-group v5.0.1
[INFO] [stderr]   Downloaded quinn-proto v0.11.16
[INFO] [stderr]   Downloaded nix v0.27.1
[INFO] [stderr]   Downloaded rmcp v2.2.0
[INFO] [stderr]   Downloaded regex-automata v0.4.17
[INFO] [stderr]   Downloaded onig_sys v69.9.3
[INFO] [stderr]   Downloaded syntect v5.3.0
[INFO] running `Command { std: "docker" "create" "-v" "/var/lib/crater-agent-workspace/builds/worker-4-tc1/source:/opt/rustwide/workdir:ro,Z" "-v" "/var/lib/crater-agent-workspace/builds/worker-4-tc1/target:/opt/rustwide/target:rw,Z" "-v" "/var/lib/crater-agent-workspace/cargo-home:/opt/rustwide/cargo-home:ro,Z" "-v" "/var/lib/crater-agent-workspace/rustup-home:/opt/rustwide/rustup-home:ro,Z" "-m" "1610612736" "--network" "none" "ghcr.io/rust-lang/crates-build-env/linux@sha256:77db811e55d90add9212f6832c23229e3de5f1c1f9905e8cb07319ea15df73ac" "sleep" "infinity", kill_on_drop: false }`
[INFO] [stdout] 74fb56e81b3f587e6153f8aecea268c455f9e7c3e105277e89669712b0f3b606
[INFO] running `Command { std: "docker" "start" "74fb56e81b3f587e6153f8aecea268c455f9e7c3e105277e89669712b0f3b606", kill_on_drop: false }`
[INFO] running `Command { std: "docker" "inspect" "74fb56e81b3f587e6153f8aecea268c455f9e7c3e105277e89669712b0f3b606", kill_on_drop: false }`
[INFO] running `Command { std: "docker" "exec" "-e" "SOURCE_DIR=/opt/rustwide/workdir" "-e" "CARGO_HOME=/opt/rustwide/cargo-home" "-e" "RUSTUP_HOME=/opt/rustwide/rustup-home" "-e" "CARGO_TARGET_DIR=/opt/rustwide/target" "-w" "/opt/rustwide/workdir" "--user" "0:0" "74fb56e81b3f587e6153f8aecea268c455f9e7c3e105277e89669712b0f3b606" "/opt/rustwide/cargo-home/bin/cargo" "+3154cc1a3e6424e44f438a95007d043ed5ceaaf6" "metadata" "--no-deps" "--format-version=1", kill_on_drop: false }`
[INFO] running `Command { std: "docker" "inspect" "74fb56e81b3f587e6153f8aecea268c455f9e7c3e105277e89669712b0f3b606", kill_on_drop: false }`
[INFO] running `Command { std: "docker" "exec" "-e" "SOURCE_DIR=/opt/rustwide/workdir" "-e" "CARGO_HOME=/opt/rustwide/cargo-home" "-e" "RUSTUP_HOME=/opt/rustwide/rustup-home" "-e" "CARGO_TARGET_DIR=/opt/rustwide/target" "-e" "CARGO_INCREMENTAL=0" "-e" "RUST_BACKTRACE=full" "-e" "RUSTFLAGS=--cap-lints=forbid -Znext-solver=coherence" "-e" "RUSTDOCFLAGS=--cap-lints=forbid" "-w" "/opt/rustwide/workdir" "--user" "0:0" "74fb56e81b3f587e6153f8aecea268c455f9e7c3e105277e89669712b0f3b606" "/opt/rustwide/cargo-home/bin/cargo" "+3154cc1a3e6424e44f438a95007d043ed5ceaaf6" "check" "--frozen" "--all" "--all-targets" "--message-format=json", kill_on_drop: false }`
[INFO] [stderr]    Compiling proc-macro2 v1.0.107
[INFO] [stderr]    Compiling unicode-ident v1.0.24
[INFO] [stderr]    Compiling quote v1.0.47
[INFO] [stderr]    Compiling libc v0.2.189
[INFO] [stderr]     Checking cfg-if v1.0.4
[INFO] [stderr]    Compiling serde_core v1.0.229
[INFO] [stderr]     Checking memchr v2.8.3
[INFO] [stderr]     Checking itoa v1.0.18
[INFO] [stderr]    Compiling shlex v2.0.1
[INFO] [stderr]    Compiling zmij v1.0.23
[INFO] [stderr]    Compiling serde v1.0.229
[INFO] [stderr]    Compiling serde_json v1.0.151
[INFO] [stderr]     Checking bitflags v2.13.1
[INFO] [stderr]    Compiling cc v1.4.0
[INFO] [stderr]     Checking once_cell v1.21.4
[INFO] [stderr]     Checking stable_deref_trait v1.2.1
[INFO] [stderr]    Compiling thiserror v2.0.19
[INFO] [stderr]     Checking smallvec v1.15.2
[INFO] [stderr]    Compiling rustix v1.1.4
[INFO] [stderr]     Checking linux-raw-sys v0.12.1
[INFO] [stderr]     Checking percent-encoding v2.3.2
[INFO] [stderr]     Checking litemap v0.8.2
[INFO] [stderr]     Checking writeable v0.6.3
[INFO] [stderr]    Compiling version_check v0.9.5
[INFO] [stderr]    Compiling icu_normalizer_data v2.2.0
[INFO] [stderr]     Checking utf8_iter v1.0.4
[INFO] [stderr]    Compiling icu_properties_data v2.2.0
[INFO] [stderr]     Checking pin-project-lite v0.2.17
[INFO] [stderr]    Compiling syn v3.0.3
[INFO] [stderr]    Compiling syn v2.0.119
[INFO] [stderr]     Checking futures-core v0.3.33
[INFO] [stderr]     Checking bytes v1.12.1
[INFO] [stderr]    Compiling crc32fast v1.5.0
[INFO] [stderr]     Checking base64 v0.22.1
[INFO] [stderr]     Checking simd-adler32 v0.3.10
[INFO] [stderr]     Checking futures-sink v0.3.33
[INFO] [stderr]     Checking adler2 v2.0.1
[INFO] [stderr]     Checking miniz_oxide v0.8.9
[INFO] [stderr]     Checking form_urlencoded v1.2.2
[INFO] [stderr]    Compiling ring v0.17.14
[INFO] [stderr]     Checking futures-channel v0.3.33
[INFO] [stderr]    Compiling generic-array v0.14.7
[INFO] [stderr]     Checking errno v0.3.14
[INFO] [stderr]     Checking socket2 v0.6.5
[INFO] [stderr]     Checking mio v1.2.2
[INFO] [stderr]     Checking signal-hook-registry v1.4.8
[INFO] [stderr]     Checking flate2 v1.1.9
[INFO] [stderr]    Compiling getrandom v0.4.3
[INFO] [stderr]     Checking zeroize v1.9.0
[INFO] [stderr]     Checking typenum v1.20.1
[INFO] [stderr]     Checking futures-task v0.3.33
[INFO] [stderr]     Checking rustls-pki-types v1.15.1
[INFO] [stderr]     Checking slab v0.4.12
[INFO] [stderr]     Checking futures-io v0.3.33
[INFO] [stderr]     Checking getrandom v0.2.17
[INFO] [stderr]     Checking fastrand v2.5.0
[INFO] [stderr]     Checking untrusted v0.9.0
[INFO] [stderr]     Checking http v1.5.0
[INFO] [stderr]    Compiling rustls v0.23.43
[INFO] [stderr]     Checking tempfile v3.27.0
[INFO] [stderr]     Checking alloc-no-stdlib v2.0.4
[INFO] [stderr]     Checking alloc-stdlib v0.2.4
[INFO] [stderr]     Checking subtle v2.6.1
[INFO] [stderr]    Compiling httparse v1.10.1
[INFO] [stderr]     Checking brotli-decompressor v5.0.3
[INFO] [stderr]    Compiling cmake v0.1.58
[INFO] [stderr]     Checking tracing-core v0.1.36
[INFO] [stderr]    Compiling time-core v0.1.9
[INFO] [stderr]     Checking http-body v1.1.0
[INFO] [stderr]     Checking regex-syntax v0.8.11
[INFO] [stderr]     Checking tower-service v0.3.3
[INFO] [stderr]     Checking crypto-common v0.1.7
[INFO] [stderr]     Checking block-buffer v0.10.4
[INFO] [stderr]    Compiling num-conv v0.2.2
[INFO] [stderr]     Checking try-lock v0.2.5
[INFO] [stderr]     Checking digest v0.10.7
[INFO] [stderr]     Checking cpufeatures v0.2.17
[INFO] [stderr]     Checking want v0.3.1
[INFO] [stderr]    Compiling time-macros v0.2.32
[INFO] [stderr]    Compiling mdok-curl-sys v0.1.0 (/opt/rustwide/workdir/crates/mdok-curl-sys)
[INFO] [stderr]     Checking sha2 v0.10.9
[INFO] [stderr]     Checking brotli v8.0.4
[INFO] [stderr]    Compiling cookie v0.18.1
[INFO] [stderr]    Compiling unicase v2.9.0
[INFO] [stderr]     Checking deranged v0.5.8
[INFO] [stderr]     Checking compression-core v0.4.32
[INFO] [stderr]     Checking powerfmt v0.2.0
[INFO] [stderr]     Checking atomic-waker v1.1.2
[INFO] [stderr]    Compiling autocfg v1.5.1
[INFO] [stderr]    Compiling mime_guess v2.0.5
[INFO] [stderr]    Compiling synstructure v0.13.2
[INFO] [stderr]    Compiling num-traits v0.2.19
[INFO] [stderr]     Checking sync_wrapper v1.0.2
[INFO] [stderr]     Checking tower-layer v0.3.3
[INFO] [stderr]     Checking psl-types v2.0.11
[INFO] [stderr]     Checking time v0.3.55
[INFO] [stderr]    Compiling litrs v1.0.0
[INFO] [stderr]    Compiling serde_derive v1.0.229
[INFO] [stderr]    Compiling displaydoc v0.2.7
[INFO] [stderr]    Compiling thiserror-impl v2.0.19
[INFO] [stderr]    Compiling tokio-macros v2.7.2
[INFO] [stderr]     Checking rustls-webpki v0.103.13
[INFO] [stderr]     Checking tokio v1.53.1
[INFO] [stderr]    Compiling zerofrom-derive v0.1.7
[INFO] [stderr]    Compiling yoke-derive v0.8.2
[INFO] [stderr]    Compiling zerovec-derive v0.11.3
[INFO] [stderr]    Compiling futures-macro v0.3.33
[INFO] [stderr]    Compiling tracing-attributes v0.1.31
[INFO] [stderr]     Checking zerofrom v0.1.8
[INFO] [stderr]     Checking futures-util v0.3.33
[INFO] [stderr]     Checking yoke v0.8.3
[INFO] [stderr]     Checking compression-codecs v0.4.38
[INFO] [stderr]     Checking zerovec v0.11.6
[INFO] [stderr]     Checking zerotrie v0.2.4
[INFO] [stderr]     Checking fnv v1.0.7
[INFO] [stderr]     Checking utf8parse v0.2.2
[INFO] [stderr]     Checking ipnet v2.12.1
[INFO] [stderr]     Checking tinystr v0.8.3
[INFO] [stderr]     Checking potential_utf v0.1.5
[INFO] [stderr]     Checking icu_locale_core v2.2.0
[INFO] [stderr]     Checking icu_collections v2.2.0
[INFO] [stderr]     Checking tracing v0.1.44
[INFO] [stderr]     Checking anstyle-parse v1.0.0
[INFO] [stderr]    Compiling document-features v0.2.12
[INFO] [stderr]    Compiling darling_core v0.23.0
[INFO] [stderr]     Checking icu_provider v2.2.0
[INFO] [stderr]     Checking mdok-core v0.1.0 (/opt/rustwide/workdir/crates/mdok-core)
[INFO] [stderr]     Checking http-body-util v0.1.4
[INFO] [stderr]     Checking icu_properties v2.2.0
[INFO] [stderr]     Checking icu_normalizer v2.2.0
[INFO] [stderr]     Checking webpki-roots v1.0.9
[INFO] [stderr]    Compiling rquickjs-sys v0.12.2
[INFO] [stderr]    Compiling foldhash v0.2.0
[INFO] [stderr]     Checking anstyle v1.0.14
[INFO] [stderr]     Checking colorchoice v1.0.5
[INFO] [stderr]     Checking hyper v1.11.0
[INFO] [stderr]     Checking tokio-util v0.7.19
[INFO] [stderr]     Checking async-compression v0.4.43
[INFO] [stderr]     Checking tower v0.5.3
[INFO] [stderr]     Checking ryu v1.0.23
[INFO] [stderr]     Checking tokio-rustls v0.26.4
[INFO] [stderr]    Compiling allocator-api2 v0.2.21
[INFO] [stderr]    Compiling equivalent v1.0.2
[INFO] [stderr]     Checking anstyle-query v1.1.5
[INFO] [stderr]     Checking mime v0.3.17
[INFO] [stderr]     Checking is_terminal_polyfill v1.70.2
[INFO] [stderr]     Checking log v0.4.33
[INFO] [stderr]     Checking anstream v1.0.0
[INFO] [stderr]     Checking serde_urlencoded v0.7.1
[INFO] [stderr]     Checking idna_adapter v1.2.2
[INFO] [stderr]     Checking hyper-util v0.1.20
[INFO] [stderr]     Checking idna v1.1.0
[INFO] [stderr]    Compiling hashbrown v0.17.1
[INFO] [stderr]     Checking url v2.5.8
[INFO] [stderr]     Checking publicsuffix v2.3.0
[INFO] [stderr]     Checking terminal_size v0.4.4
[INFO] [stderr]     Checking tower-http v0.6.11
[INFO] [stderr]     Checking cookie_store v0.22.1
[INFO] [stderr]    Compiling siphasher v1.0.3
[INFO] [stderr]    Compiling zerocopy v0.8.55
[INFO] [stderr]    Compiling darling_macro v0.23.0
[INFO] [stderr]     Checking hyper-rustls v0.27.9
[INFO] [stderr]     Checking clap_lex v1.1.0
[INFO] [stderr]     Checking strsim v0.11.1
[INFO] [stderr]    Compiling pkg-config v0.3.33
[INFO] [stderr]     Checking clap_builder v4.6.5
[INFO] [stderr]    Compiling clap_derive v4.6.4
[INFO] [stderr]    Compiling darling v0.23.0
[INFO] [stderr]     Checking reqwest v0.12.28
[INFO] [stderr]    Compiling onig_sys v69.9.3
[INFO] [stderr]    Compiling phf_shared v0.13.1
[INFO] [stderr]    Compiling zerocopy-derive v0.8.55
[INFO] [stderr]    Compiling rustversion v1.0.23
[INFO] [stderr]    Compiling winnow v1.0.4
[INFO] [stderr]    Compiling prettyplease v0.2.37
[INFO] [stderr]    Compiling phf_generator v0.13.1
[INFO] [stderr]    Compiling indexmap v2.14.0
[INFO] [stderr]     Checking clap v4.6.5
[INFO] [stderr]    Compiling toml_parser v1.1.3+spec-1.1.0
[INFO] [stderr]    Compiling deunicode v1.6.2
[INFO] [stderr]     Checking same-file v1.0.6
[INFO] [stderr]    Compiling toml_datetime v1.1.1+spec-1.1.0
[INFO] [stderr]     Checking tinyvec_macros v0.1.1
[INFO] [stderr]     Checking walkdir v2.5.0
[INFO] [stderr]     Checking tinyvec v1.12.0
[INFO] [stderr]    Compiling slug v0.1.6
[INFO] [stderr]    Compiling toml_edit v0.25.13+spec-1.1.0
[INFO] [stderr]    Compiling phf_codegen v0.13.1
[INFO] [stderr]    Compiling jetscii v0.5.3
[INFO] [stderr]    Compiling unicode-segmentation v1.13.3
[INFO] [stderr]    Compiling entities v1.0.1
[INFO] [stderr]    Compiling relative-path v2.0.1
[INFO] [stderr]    Compiling convert_case v0.11.0
[INFO] [stderr]    Compiling bon-macros v3.9.3
[INFO] [stderr]    Compiling comrak v0.54.0
[INFO] [stderr]    Compiling proc-macro-crate v3.5.0
[INFO] [stderr]    Compiling getrandom v0.3.4
[INFO] [stderr]     Checking phf v0.13.1
[INFO] [stderr]     Checking unicode-normalization v0.1.25
[INFO] [stderr]    Compiling jmespath v0.5.0
[INFO] [stderr]     Checking mdok-template v0.1.0 (/opt/rustwide/workdir/crates/mdok-template)
[INFO] [stderr]     Checking bincode v1.3.3
[INFO] [stderr]     Checking caseless v0.2.2
[INFO] [stderr]     Checking emojis v0.8.2
[INFO] [stderr]     Checking onig v6.5.3
[INFO] [stderr]     Checking toml_datetime v0.7.5+spec-1.1.0
[INFO] [stderr]     Checking serde_spanned v1.1.1
[INFO] [stderr]     Checking rustc-hash v2.1.3
[INFO] [stderr]     Checking typed-arena v2.0.2
[INFO] [stderr]     Checking shell-words v1.1.1
[INFO] [stderr]     Checking xdg v3.0.0
[INFO] [stderr]     Checking toml_writer v1.1.2+spec-1.1.0
[INFO] [stderr]     Checking winnow v0.7.15
[INFO] [stderr]     Checking finl_unicode v1.4.0
[INFO] [stderr]     Checking syntect v5.3.0
[INFO] [stderr]    Compiling rquickjs-core v0.12.2
[INFO] [stderr]     Checking fmt2io v1.0.0
[INFO] [stderr]     Checking rand_core v0.9.5
[INFO] [stderr]    Compiling crossbeam-utils v0.8.22
[INFO] [stderr]     Checking nix v0.27.1
[INFO] [stderr]    Compiling ref-cast v1.0.26
[INFO] [stderr]    Compiling crossbeam-epoch v0.9.20
[INFO] [stderr]     Checking toml v0.9.12+spec-1.1.0
[INFO] [stderr]    Compiling mdok-report v0.1.0 (/opt/rustwide/workdir/crates/mdok-report)
[INFO] [stderr]     Checking ppv-lite86 v0.2.21
[INFO] [stderr]    Compiling anyhow v1.0.104
[INFO] [stderr]    Compiling ref-cast-impl v1.0.26
[INFO] [stderr]    Compiling serde_derive_internals v0.30.0
[INFO] [stderr]     Checking wait-timeout v0.2.1
[INFO] [stderr]     Checking bit-vec v0.8.0
[INFO] [stderr]     Checking quick-error v1.2.3
[INFO] [stderr]    Compiling crossbeam-deque v0.8.7
[INFO] [stderr]     Checking rusty-fork v0.3.1
[INFO] [stderr]     Checking bit-set v0.8.0
[INFO] [stderr]     Checking rand_chacha v0.9.0
[INFO] [stderr]     Checking rand_xorshift v0.4.0
[INFO] [stderr]     Checking rand v0.9.5
[INFO] [stderr]     Checking chrono v0.4.45
[INFO] [stderr]     Checking futures-executor v0.3.33
[INFO] [stderr]     Checking command-group v5.0.1
[INFO] [stderr]     Checking unarray v0.1.4
[INFO] [stderr]     Checking either v1.17.0
[INFO] [stderr]    Compiling rmcp v2.2.0
[INFO] [stderr]     Checking dyn-clone v1.0.20
[INFO] [stderr]    Compiling rayon-core v1.13.0
[INFO] [stderr]    Compiling rquickjs-macro v0.12.2
[INFO] [stderr]     Checking mdok-command v0.1.0 (/opt/rustwide/workdir/crates/mdok-command)
[INFO] [stderr]    Compiling schemars_derive v1.2.2
[INFO] [stderr]     Checking futures v0.3.33
[INFO] [stderr]     Checking proptest v1.11.0
[INFO] [stderr]     Checking bon v3.9.3
[INFO] [stderr]     Checking half v2.7.1
[INFO] [stderr]     Checking mdok-shell v0.1.0 (/opt/rustwide/workdir/crates/mdok-shell)
[INFO] [stderr]    Compiling rmcp-macros v2.2.0
[INFO] [stderr]    Compiling async-trait v0.1.91
[INFO] [stderr]     Checking plotters-backend v0.3.7
[INFO] [stderr]     Checking ciborium-io v0.2.2
[INFO] [stderr]     Checking ciborium-ll v0.2.2
[INFO] [stderr]     Checking plotters-svg v0.3.7
[INFO] [stderr]     Checking itertools v0.10.5
[INFO] [stderr]     Checking mdok-jmespath v0.1.0 (/opt/rustwide/workdir/crates/mdok-jmespath)
[INFO] [stderr]     Checking mdok-postman v0.1.0 (/opt/rustwide/workdir/crates/mdok-postman)
[INFO] [stderr]     Checking schemars v1.2.2
[INFO] [stderr]     Checking regex-automata v0.4.17
[INFO] [stderr]     Checking cast v0.3.0
[INFO] [stderr]     Checking rayon v1.12.0
[INFO] [stderr]     Checking plotters v0.3.7
[INFO] [stderr]     Checking mdok-markdown v0.1.0 (/opt/rustwide/workdir/crates/mdok-markdown)
[INFO] [stderr]     Checking criterion-plot v0.5.0
[INFO] [stderr]     Checking ciborium v0.2.2
[INFO] [stderr]     Checking tinytemplate v1.2.1
[INFO] [stderr]     Checking regex v1.13.1
[INFO] [stderr]     Checking rustls-pemfile v2.2.0
[INFO] [stderr]     Checking is-terminal v0.4.17
[INFO] [stderr]     Checking oorandom v11.1.5
[INFO] [stderr]     Checking anes v0.1.6
[INFO] [stderr]     Checking mdok-test-server v0.1.0 (/opt/rustwide/workdir/crates/mdok-test-server)
[INFO] [stderr]     Checking rquickjs v0.12.2
[INFO] [stderr]     Checking mdok-command-fixture v0.1.0 (/opt/rustwide/workdir/crates/mdok-command-fixture)
[INFO] [stderr]     Checking criterion v0.5.1
[INFO] [stderr] error: failed to run custom build command for `mdok-curl-sys v0.1.0 (/opt/rustwide/workdir/crates/mdok-curl-sys)`
[INFO] [stderr] note: To improve backtraces for build dependencies, set the CARGO_PROFILE_DEV_BUILD_OVERRIDE_DEBUG=true environment variable to enable debug information generation.
[INFO] [stderr] 
[INFO] [stderr] Caused by:
[INFO] [stderr]   process didn't exit successfully: `/opt/rustwide/target/debug/build/mdok-curl-sys/de87163d2e0b85de/out/build_script_build` (exit status: 101)
[INFO] [stderr]   --- stdout
[INFO] [stderr]   CMAKE_TOOLCHAIN_FILE_x86_64-unknown-linux-gnu = None
[INFO] [stderr]   CMAKE_TOOLCHAIN_FILE_x86_64_unknown_linux_gnu = None
[INFO] [stderr]   HOST_CMAKE_TOOLCHAIN_FILE = None
[INFO] [stderr]   CMAKE_TOOLCHAIN_FILE = None
[INFO] [stderr]   CMAKE_GENERATOR_x86_64-unknown-linux-gnu = None
[INFO] [stderr]   CMAKE_GENERATOR_x86_64_unknown_linux_gnu = None
[INFO] [stderr]   HOST_CMAKE_GENERATOR = None
[INFO] [stderr]   CMAKE_GENERATOR = None
[INFO] [stderr]   CMAKE_PREFIX_PATH_x86_64-unknown-linux-gnu = None
[INFO] [stderr]   CMAKE_PREFIX_PATH_x86_64_unknown_linux_gnu = None
[INFO] [stderr]   HOST_CMAKE_PREFIX_PATH = None
[INFO] [stderr]   CMAKE_PREFIX_PATH = None
[INFO] [stderr]   CMAKE_x86_64-unknown-linux-gnu = None
[INFO] [stderr]   CMAKE_x86_64_unknown_linux_gnu = None
[INFO] [stderr]   HOST_CMAKE = None
[INFO] [stderr]   CMAKE = None
[INFO] [stderr]   -- The C compiler identification is GNU 15.2.0
[INFO] [stderr]   -- Detecting C compiler ABI info
[INFO] [stderr]   -- Detecting C compiler ABI info - done
[INFO] [stderr]   -- Check for working C compiler: /usr/bin/cc - skipped
[INFO] [stderr]   -- Detecting C compile features
[INFO] [stderr]   -- Detecting C compile features - done
[INFO] [stderr]   -- Found OpenSSL: /usr/lib/x86_64-linux-gnu/libcrypto.so (found version "3.5.5")
[INFO] [stderr]   -- Found ZLIB: /usr/lib/x86_64-linux-gnu/libz.so (found version "1.3.1")
[INFO] [stderr]   -- Using CMake version 4.2.3
[INFO] [stderr]   -- curl version=[8.21.0]
[INFO] [stderr]   -- CMake platform flags: UNIX GCC C11
[INFO] [stderr]   -- Picky compiler options: -Werror-implicit-function-declaration -W -Wall -Wpedantic -Wbad-function-cast -Wconversion -Wmissing-declarations -Wmissing-prototypes -Wnested-externs -Wno-long-long -Wno-multichar -Wpointer-arith -Wshadow -Wsign-compare -Wundef -Wunused -Wwrite-strings -Waddress -Wattributes -Wcast-align -Wcast-qual -Wdeclaration-after-statement -Wdiv-by-zero -Wempty-body -Wendif-labels -Wfloat-equal -Wformat-security -Wignored-qualifiers -Wmissing-field-initializers -Wmissing-noreturn -Wno-padded -Wno-sign-conversion -Wno-switch-default -Wno-switch-enum -Wno-system-headers -Wold-style-definition -Wredundant-decls -Wstrict-prototypes -Wtype-limits -Wunreachable-code -Wunused-parameter -Wvla -Wclobbered -Wmissing-parameter-type -Wold-style-declaration -Wpragmas -Wstrict-aliasing=3 -ftree-vrp -Wjump-misses-init -Wdouble-promotion -Wformat=2 -Wlogical-op -Wtrampolines -Warray-bounds=2 -Wformat-signedness -Wduplicated-cond -Wnull-dereference -fdelete-null-pointer-checks -Wshift-negative-value -Wshift-overflow=2 -Wunused-const-variable -Walloc-zero -Wduplicated-branches -Wformat-truncation=2 -Wimplicit-fallthrough -Wrestrict -Warith-conversion -Wenum-conversion -Warray-compare -Wenum-int-mismatch -Wxor-used-as-pow -Wleading-whitespace=spaces -Wtrailing-whitespace=any -Wunterminated-string-initialization
[INFO] [stderr]   -- Found Perl: /usr/bin/perl (found version "5.40.1")
[INFO] [stderr]   -- Performing Test CMAKE_HAVE_LIBC_PTHREAD
[INFO] [stderr]   -- Performing Test CMAKE_HAVE_LIBC_PTHREAD - Success
[INFO] [stderr]   -- Found Threads: TRUE
[INFO] [stderr]   -- Looking for connect in socket
[INFO] [stderr]   -- Looking for connect in socket - not found
[INFO] [stderr]   -- Performing Test HAVE_SOCKADDR_IN6_SIN6_SCOPE_ID
[INFO] [stderr]   -- Performing Test HAVE_SOCKADDR_IN6_SIN6_SCOPE_ID - Success
[INFO] [stderr]   -- Performing Test HAVE_SOCKADDR_IN6_SIN6_ADDR
[INFO] [stderr]   -- Performing Test HAVE_SOCKADDR_IN6_SIN6_ADDR - Success
[INFO] [stderr]   -- Looking for OPENSSL_IS_AWSLC
[INFO] [stderr]   -- Looking for OPENSSL_IS_AWSLC - not found
[INFO] [stderr]   -- Looking for OPENSSL_IS_BORINGSSL
[INFO] [stderr]   -- Looking for OPENSSL_IS_BORINGSSL - not found
[INFO] [stderr]   -- Looking for LIBRESSL_VERSION_NUMBER
[INFO] [stderr]   -- Looking for LIBRESSL_VERSION_NUMBER - not found
[INFO] [stderr]   -- Looking for DES_ecb_encrypt
[INFO] [stderr]   -- Looking for DES_ecb_encrypt - found
[INFO] [stderr]   -- Looking for SSL_set0_wbio
[INFO] [stderr]   -- Looking for SSL_set0_wbio - found
[INFO] [stderr]   -- Looking for SSL_CTX_set_srp_username
[INFO] [stderr]   -- Looking for SSL_CTX_set_srp_username - found
[INFO] [stderr]   -- Performing Test USE_UNIX_SOCKETS
[INFO] [stderr]   -- Performing Test USE_UNIX_SOCKETS - Success
[INFO] [stderr]   -- Found CA bundle: /etc/ssl/certs/ca-certificates.crt
[INFO] [stderr]   -- Found CA path: /etc/ssl/certs
[INFO] [stderr]   -- Looking for sys/eventfd.h
[INFO] [stderr]   -- Looking for sys/eventfd.h - found
[INFO] [stderr]   -- Looking for sys/filio.h
[INFO] [stderr]   -- Looking for sys/filio.h - not found
[INFO] [stderr]   -- Looking for sys/ioctl.h
[INFO] [stderr]   -- Looking for sys/ioctl.h - found
[INFO] [stderr]   -- Looking for sys/param.h
[INFO] [stderr]   -- Looking for sys/param.h - found
[INFO] [stderr]   -- Looking for sys/poll.h
[INFO] [stderr]   -- Looking for sys/poll.h - found
[INFO] [stderr]   -- Looking for sys/resource.h
[INFO] [stderr]   -- Looking for sys/resource.h - found
[INFO] [stderr]   -- Looking for 3 include files sys/socket.h, ..., sys/select.h
[INFO] [stderr]   -- Looking for 3 include files sys/socket.h, ..., sys/select.h - found
[INFO] [stderr]   -- Looking for sys/sockio.h
[INFO] [stderr]   -- Looking for sys/sockio.h - not found
[INFO] [stderr]   -- Looking for 4 include files sys/socket.h, ..., sys/types.h
[INFO] [stderr]   -- Looking for 4 include files sys/socket.h, ..., sys/types.h - found
[INFO] [stderr]   -- Looking for sys/un.h
[INFO] [stderr]   -- Looking for sys/un.h - found
[INFO] [stderr]   -- Looking for 5 include files sys/socket.h, ..., sys/utime.h
[INFO] [stderr]   -- Looking for 5 include files sys/socket.h, ..., sys/utime.h - not found
[INFO] [stderr]   -- Looking for 5 include files sys/socket.h, ..., arpa/inet.h
[INFO] [stderr]   -- Looking for 5 include files sys/socket.h, ..., arpa/inet.h - found
[INFO] [stderr]   -- Looking for dirent.h
[INFO] [stderr]   -- Looking for dirent.h - found
[INFO] [stderr]   -- Looking for fcntl.h
[INFO] [stderr]   -- Looking for fcntl.h - found
[INFO] [stderr]   -- Looking for 6 include files sys/socket.h, ..., ifaddrs.h
[INFO] [stderr]   -- Looking for 6 include files sys/socket.h, ..., ifaddrs.h - found
[INFO] [stderr]   -- Looking for io.h
[INFO] [stderr]   -- Looking for io.h - not found
[INFO] [stderr]   -- Looking for 7 include files sys/socket.h, ..., libgen.h
[INFO] [stderr]   -- Looking for 7 include files sys/socket.h, ..., libgen.h - found
[INFO] [stderr]   -- Looking for linux/tcp.h
[INFO] [stderr]   -- Looking for linux/tcp.h - found
[INFO] [stderr]   -- Looking for locale.h
[INFO] [stderr]   -- Looking for locale.h - found
[INFO] [stderr]   -- Looking for 8 include files sys/socket.h, ..., net/if.h
[INFO] [stderr]   -- Looking for 8 include files sys/socket.h, ..., net/if.h - found
[INFO] [stderr]   -- Looking for 9 include files sys/socket.h, ..., netdb.h
[INFO] [stderr]   -- Looking for 9 include files sys/socket.h, ..., netdb.h - found
[INFO] [stderr]   -- Looking for 10 include files sys/socket.h, ..., netinet/in.h
[INFO] [stderr]   -- Looking for 10 include files sys/socket.h, ..., netinet/in.h - found
[INFO] [stderr]   -- Looking for netinet/in6.h
[INFO] [stderr]   -- Looking for netinet/in6.h - not found
[INFO] [stderr]   -- Looking for 11 include files sys/socket.h, ..., netinet/tcp.h
[INFO] [stderr]   -- Looking for 11 include files sys/socket.h, ..., netinet/tcp.h - found
[INFO] [stderr]   -- Looking for 12 include files sys/socket.h, ..., netinet/udp.h
[INFO] [stderr]   -- Looking for 12 include files sys/socket.h, ..., netinet/udp.h - found
[INFO] [stderr]   -- Looking for poll.h
[INFO] [stderr]   -- Looking for poll.h - found
[INFO] [stderr]   -- Looking for pwd.h
[INFO] [stderr]   -- Looking for pwd.h - found
[INFO] [stderr]   -- Looking for stdatomic.h
[INFO] [stderr]   -- Looking for stdatomic.h - found
[INFO] [stderr]   -- Looking for stdbool.h
[INFO] [stderr]   -- Looking for stdbool.h - found
[INFO] [stderr]   -- Looking for strings.h
[INFO] [stderr]   -- Looking for strings.h - found
[INFO] [stderr]   -- Looking for stropts.h
[INFO] [stderr]   -- Looking for stropts.h - not found
[INFO] [stderr]   -- Looking for termio.h
[INFO] [stderr]   -- Looking for termio.h - not found
[INFO] [stderr]   -- Looking for termios.h
[INFO] [stderr]   -- Looking for termios.h - found
[INFO] [stderr]   -- Looking for 13 include files sys/socket.h, ..., unistd.h
[INFO] [stderr]   -- Looking for 13 include files sys/socket.h, ..., unistd.h - found
[INFO] [stderr]   -- Looking for utime.h
[INFO] [stderr]   -- Looking for utime.h - found
[INFO] [stderr]   -- Looking for stdint.h
[INFO] [stderr]   -- Looking for stdint.h - found
[INFO] [stderr]   -- Looking for stddef.h
[INFO] [stderr]   -- Looking for stddef.h - found
[INFO] [stderr]   -- Check size of size_t
[INFO] [stderr]   -- Check size of size_t - done
[INFO] [stderr]   -- Check size of ssize_t
[INFO] [stderr]   -- Check size of ssize_t - done
[INFO] [stderr]   -- Check size of long
[INFO] [stderr]   -- Check size of long - done
[INFO] [stderr]   -- Check size of int
[INFO] [stderr]   -- Check size of int - done
[INFO] [stderr]   -- Check size of __int64
[INFO] [stderr]   -- Check size of __int64 - failed
[INFO] [stderr]   -- Check size of time_t
[INFO] [stderr]   -- Check size of time_t - done
[INFO] [stderr]   -- Check size of suseconds_t
[INFO] [stderr]   -- Check size of suseconds_t - done
[INFO] [stderr]   -- Looking for accept4
[INFO] [stderr]   -- Looking for accept4 - found
[INFO] [stderr]   -- Looking for fnmatch
[INFO] [stderr]   -- Looking for fnmatch - found
[INFO] [stderr]   -- Looking for basename
[INFO] [stderr]   -- Looking for basename - found
[INFO] [stderr]   -- Looking for opendir
[INFO] [stderr]   -- Looking for opendir - found
[INFO] [stderr]   -- Looking for poll
[INFO] [stderr]   -- Looking for poll - found
[INFO] [stderr]   -- Looking for socket
[INFO] [stderr]   -- Looking for socket - found
[INFO] [stderr]   -- Looking for socketpair
[INFO] [stderr]   -- Looking for socketpair - found
[INFO] [stderr]   -- Looking for recv
[INFO] [stderr]   -- Looking for recv - found
[INFO] [stderr]   -- Looking for send
[INFO] [stderr]   -- Looking for send - found
[INFO] [stderr]   -- Looking for sendmsg
[INFO] [stderr]   -- Looking for sendmsg - found
[INFO] [stderr]   -- Looking for sendmmsg
[INFO] [stderr]   -- Looking for sendmmsg - found
[INFO] [stderr]   -- Looking for select
[INFO] [stderr]   -- Looking for select - found
[INFO] [stderr]   -- Looking for memrchr
[INFO] [stderr]   -- Looking for memrchr - found
[INFO] [stderr]   -- Looking for alarm
[INFO] [stderr]   -- Looking for alarm - found
[INFO] [stderr]   -- Looking for fcntl
[INFO] [stderr]   -- Looking for fcntl - found
[INFO] [stderr]   -- Looking for getppid
[INFO] [stderr]   -- Looking for getppid - found
[INFO] [stderr]   -- Looking for utimes
[INFO] [stderr]   -- Looking for utimes - found
[INFO] [stderr]   -- Looking for gettimeofday
[INFO] [stderr]   -- Looking for gettimeofday - found
[INFO] [stderr]   -- Looking for closesocket
[INFO] [stderr]   -- Looking for closesocket - not found
[INFO] [stderr]   -- Looking for sigsetjmp
[INFO] [stderr]   -- Looking for sigsetjmp - found
[INFO] [stderr]   -- Looking for getpass_r
[INFO] [stderr]   -- Looking for getpass_r - not found
[INFO] [stderr]   -- Looking for getpwuid
[INFO] [stderr]   -- Looking for getpwuid - found
[INFO] [stderr]   -- Looking for getpwuid_r
[INFO] [stderr]   -- Looking for getpwuid_r - found
[INFO] [stderr]   -- Looking for geteuid
[INFO] [stderr]   -- Looking for geteuid - found
[INFO] [stderr]   -- Looking for utime
[INFO] [stderr]   -- Looking for utime - found
[INFO] [stderr]   -- Looking for gmtime_r
[INFO] [stderr]   -- Looking for gmtime_r - found
[INFO] [stderr]   -- Looking for localtime_r
[INFO] [stderr]   -- Looking for localtime_r - found
[INFO] [stderr]   -- Looking for gethostbyname_r
[INFO] [stderr]   -- Looking for gethostbyname_r - found
[INFO] [stderr]   -- Looking for gethostname
[INFO] [stderr]   -- Looking for gethostname - found
[INFO] [stderr]   -- Looking for signal
[INFO] [stderr]   -- Looking for signal - found
[INFO] [stderr]   -- Looking for strerror_r
[INFO] [stderr]   -- Looking for strerror_r - found
[INFO] [stderr]   -- Looking for sigaction
[INFO] [stderr]   -- Looking for sigaction - found
[INFO] [stderr]   -- Looking for siginterrupt
[INFO] [stderr]   -- Looking for siginterrupt - found
[INFO] [stderr]   -- Looking for getaddrinfo
[INFO] [stderr]   -- Looking for getaddrinfo - found
[INFO] [stderr]   -- Looking for getifaddrs
[INFO] [stderr]   -- Looking for getifaddrs - found
[INFO] [stderr]   -- Looking for freeaddrinfo
[INFO] [stderr]   -- Looking for freeaddrinfo - found
[INFO] [stderr]   -- Looking for pipe
[INFO] [stderr]   -- Looking for pipe - found
[INFO] [stderr]   -- Looking for eventfd
[INFO] [stderr]   -- Looking for eventfd - found
[INFO] [stderr]   -- Looking for getpeername
[INFO] [stderr]   -- Looking for getpeername - found
[INFO] [stderr]   -- Looking for getsockname
[INFO] [stderr]   -- Looking for getsockname - found
[INFO] [stderr]   -- Looking for getrlimit
[INFO] [stderr]   -- Looking for getrlimit - found
[INFO] [stderr]   -- Looking for setlocale
[INFO] [stderr]   -- Looking for setlocale - found
[INFO] [stderr]   -- Looking for setrlimit
[INFO] [stderr]   -- Looking for setrlimit - found
[INFO] [stderr]   -- Looking for pipe2
[INFO] [stderr]   -- Looking for pipe2 - found
[INFO] [stderr]   -- Looking for if_nametoindex
[INFO] [stderr]   -- Looking for if_nametoindex - found
[INFO] [stderr]   -- Looking for realpath
[INFO] [stderr]   -- Looking for realpath - found
[INFO] [stderr]   -- Looking for sched_yield
[INFO] [stderr]   -- Looking for sched_yield - found
[INFO] [stderr]   -- Looking for inet_ntop
[INFO] [stderr]   -- Looking for inet_ntop - found
[INFO] [stderr]   -- Looking for inet_pton
[INFO] [stderr]   -- Looking for inet_pton - found
[INFO] [stderr]   -- Looking for strcasecmp
[INFO] [stderr]   -- Looking for strcasecmp - found
[INFO] [stderr]   -- Looking for stricmp
[INFO] [stderr]   -- Looking for stricmp - not found
[INFO] [stderr]   -- Looking for strcmpi
[INFO] [stderr]   -- Looking for strcmpi - not found
[INFO] [stderr]   -- Looking for memset_s
[INFO] [stderr]   -- Looking for memset_s - not found
[INFO] [stderr]   -- Looking for memset_explicit
[INFO] [stderr]   -- Looking for memset_explicit - found
[INFO] [stderr]   -- Looking for fsetxattr
[INFO] [stderr]   -- Looking for fsetxattr - found
[INFO] [stderr]   -- Performing Test HAVE_FSETXATTR_5
[INFO] [stderr]   -- Performing Test HAVE_FSETXATTR_5 - Success
[INFO] [stderr]   -- Performing Test HAVE_FSETXATTR_6
[INFO] [stderr]   -- Performing Test HAVE_FSETXATTR_6 - Failed
[INFO] [stderr]   -- Check size of sa_family_t
[INFO] [stderr]   -- Check size of sa_family_t - done
[INFO] [stderr]   -- Performing Test HAVE_FCNTL_O_NONBLOCK
[INFO] [stderr]   -- Performing Test HAVE_FCNTL_O_NONBLOCK - Success
[INFO] [stderr]   -- Performing Test HAVE_IOCTLSOCKET
[INFO] [stderr]   -- Performing Test HAVE_IOCTLSOCKET - Failed
[INFO] [stderr]   -- Performing Test HAVE_IOCTLSOCKET_CAMEL
[INFO] [stderr]   -- Performing Test HAVE_IOCTLSOCKET_CAMEL - Failed
[INFO] [stderr]   -- Performing Test HAVE_IOCTLSOCKET_CAMEL_FIONBIO
[INFO] [stderr]   -- Performing Test HAVE_IOCTLSOCKET_CAMEL_FIONBIO - Failed
[INFO] [stderr]   -- Performing Test HAVE_IOCTLSOCKET_FIONBIO
[INFO] [stderr]   -- Performing Test HAVE_IOCTLSOCKET_FIONBIO - Failed
[INFO] [stderr]   -- Performing Test HAVE_IOCTL_FIONBIO
[INFO] [stderr]   -- Performing Test HAVE_IOCTL_FIONBIO - Success
[INFO] [stderr]   -- Performing Test HAVE_IOCTL_SIOCGIFADDR
[INFO] [stderr]   -- Performing Test HAVE_IOCTL_SIOCGIFADDR - Success
[INFO] [stderr]   -- Performing Test HAVE_SETSOCKOPT_SO_NONBLOCK
[INFO] [stderr]   -- Performing Test HAVE_SETSOCKOPT_SO_NONBLOCK - Failed
[INFO] [stderr]   -- Performing Test HAVE_GETHOSTBYNAME_R_3
[INFO] [stderr]   -- Performing Test HAVE_GETHOSTBYNAME_R_3 - Failed
[INFO] [stderr]   -- Performing Test HAVE_GETHOSTBYNAME_R_5
[INFO] [stderr]   -- Performing Test HAVE_GETHOSTBYNAME_R_5 - Failed
[INFO] [stderr]   -- Performing Test HAVE_GETHOSTBYNAME_R_6
[INFO] [stderr]   -- Performing Test HAVE_GETHOSTBYNAME_R_6 - Success
[INFO] [stderr]   -- Performing Test HAVE_BOOL_T
[INFO] [stderr]   -- Performing Test HAVE_BOOL_T - Success
[INFO] [stderr]   -- Performing Test STDC_HEADERS
[INFO] [stderr]   -- Performing Test STDC_HEADERS - Success
[INFO] [stderr]   -- Performing Test HAVE_ATOMIC
[INFO] [stderr]   -- Performing Test HAVE_ATOMIC - Success
[INFO] [stderr]   -- Performing Test HAVE_GETHOSTBYNAME_R_3_REENTRANT
[INFO] [stderr]   -- Performing Test HAVE_GETHOSTBYNAME_R_3_REENTRANT - Failed
[INFO] [stderr]   -- Performing Test HAVE_GETHOSTBYNAME_R_5_REENTRANT
[INFO] [stderr]   -- Performing Test HAVE_GETHOSTBYNAME_R_5_REENTRANT - Failed
[INFO] [stderr]   -- Performing Test HAVE_GETHOSTBYNAME_R_6_REENTRANT
[INFO] [stderr]   -- Performing Test HAVE_GETHOSTBYNAME_R_6_REENTRANT - Success
[INFO] [stderr]   -- Performing Test HAVE_FILE_OFFSET_BITS
[INFO] [stderr]   -- Performing Test HAVE_FILE_OFFSET_BITS - Success
[INFO] [stderr]   -- Check size of off_t
[INFO] [stderr]   -- Check size of off_t - done
[INFO] [stderr]   -- Looking for fseeko
[INFO] [stderr]   -- Looking for fseeko - found
[INFO] [stderr]   -- Check size of curl_off_t
[INFO] [stderr]   -- Check size of curl_off_t - done
[INFO] [stderr]   -- Check size of curl_socket_t
[INFO] [stderr]   -- Check size of curl_socket_t - done
[INFO] [stderr]   -- Performing Test HAVE_WRITABLE_ARGV
[INFO] [stderr]   -- Performing Test HAVE_WRITABLE_ARGV - Success
[INFO] [stderr]   -- Performing Test HAVE_TIME_T_UNSIGNED
[INFO] [stderr]   -- Performing Test HAVE_TIME_T_UNSIGNED - Failed
[INFO] [stderr]   -- Performing Test HAVE_GLIBC_STRERROR_R
[INFO] [stderr]   -- Performing Test HAVE_GLIBC_STRERROR_R - Success
[INFO] [stderr]   -- Performing Test HAVE_POSIX_STRERROR_R
[INFO] [stderr]   -- Performing Test HAVE_POSIX_STRERROR_R - Failed
[INFO] [stderr]   -- Performing Test HAVE_CLOCK_GETTIME_MONOTONIC
[INFO] [stderr]   -- Performing Test HAVE_CLOCK_GETTIME_MONOTONIC - Success
[INFO] [stderr]   -- Check size of struct sockaddr_storage
[INFO] [stderr]   -- Check size of struct sockaddr_storage - done
[INFO] [stderr]   -- Performing Test HAVE_STRUCT_TIMEVAL
[INFO] [stderr]   -- Performing Test HAVE_STRUCT_TIMEVAL - Success
[INFO] [stderr]   -- Performing Test HAVE_H_ERRNO
[INFO] [stderr]   -- Performing Test HAVE_H_ERRNO - Success
[INFO] [stderr]   -- Performing Test HAVE_CLOCK_GETTIME_MONOTONIC_RAW
[INFO] [stderr]   -- Performing Test HAVE_CLOCK_GETTIME_MONOTONIC_RAW - Success
[INFO] [stderr]   -- Protocols: dict file ftp ftps gopher gophers http https imap imaps ipfs ipns mqtt mqtts pop3 pop3s rtsp smtp smtps telnet tftp ws wss
[INFO] [stderr]   -- Features: alt-svc AsynchDNS HSTS HTTPS-proxy IPv6 Largefile libz SSL threadsafe TLS-SRP UnixSockets
[INFO] [stderr]   -- Enabled SSL backends: OpenSSL
[INFO] [stderr]   -- Configuring done (143.3s)
[INFO] [stderr]   -- Generating done (0.7s)
[INFO] [stderr]   -- Build files have been written to: /opt/rustwide/target/debug/build/mdok-curl-sys/c9e0112106a03efd/out/build
[INFO] [stderr]   [  1%] Building C object vendor-curl/lib/CMakeFiles/libcurl_static.dir/altsvc.c.o
[INFO] [stderr]   [  1%] Building C object vendor-curl/lib/CMakeFiles/libcurl_static.dir/amigaos.c.o
[INFO] [stderr]   [  1%] Building C object vendor-curl/lib/CMakeFiles/libcurl_static.dir/asyn-ares.c.o
[INFO] [stderr]   [  2%] Building C object vendor-curl/lib/CMakeFiles/libcurl_static.dir/asyn-base.c.o
[INFO] [stderr]   [  2%] Building C object vendor-curl/lib/CMakeFiles/libcurl_static.dir/asyn-thrdd.c.o
[INFO] [stderr]   [  3%] Building C object vendor-curl/lib/CMakeFiles/libcurl_static.dir/bufq.c.o
[INFO] [stderr]   [  3%] Building C object vendor-curl/lib/CMakeFiles/libcurl_static.dir/bufref.c.o
[INFO] [stderr]   [  4%] Building C object vendor-curl/lib/CMakeFiles/libcurl_static.dir/cf-dns.c.o
[INFO] [stderr]   [  4%] Building C object vendor-curl/lib/CMakeFiles/libcurl_static.dir/cf-h1-proxy.c.o
[INFO] [stderr]   [  4%] Building C object vendor-curl/lib/CMakeFiles/libcurl_static.dir/cf-h2-proxy.c.o
[INFO] [stderr]   [  5%] Building C object vendor-curl/lib/CMakeFiles/libcurl_static.dir/cf-haproxy.c.o
[INFO] [stderr]   [  5%] Building C object vendor-curl/lib/CMakeFiles/libcurl_static.dir/cf-https-connect.c.o
[INFO] [stderr]   [  6%] Building C object vendor-curl/lib/CMakeFiles/libcurl_static.dir/cf-ip-happy.c.o
[INFO] [stderr]   [  6%] Building C object vendor-curl/lib/CMakeFiles/libcurl_static.dir/cf-recvbuf.c.o
[INFO] [stderr]   [  6%] Building C object vendor-curl/lib/CMakeFiles/libcurl_static.dir/cf-setup.c.o
[INFO] [stderr]   [  7%] Building C object vendor-curl/lib/CMakeFiles/libcurl_static.dir/cf-socket.c.o
[INFO] [stderr]   [  7%] Building C object vendor-curl/lib/CMakeFiles/libcurl_static.dir/cfilters.c.o
[INFO] [stderr]   [  8%] Building C object vendor-curl/lib/CMakeFiles/libcurl_static.dir/conncache.c.o
[INFO] [stderr]   [  8%] Building C object vendor-curl/lib/CMakeFiles/libcurl_static.dir/connect.c.o
[INFO] [stderr]   [  9%] Building C object vendor-curl/lib/CMakeFiles/libcurl_static.dir/content_encoding.c.o
[INFO] [stderr]   [  9%] Building C object vendor-curl/lib/CMakeFiles/libcurl_static.dir/cookie.c.o
[INFO] [stderr]   [  9%] Building C object vendor-curl/lib/CMakeFiles/libcurl_static.dir/creds.c.o
[INFO] [stderr]   [ 10%] Building C object vendor-curl/lib/CMakeFiles/libcurl_static.dir/cshutdn.c.o
[INFO] [stderr]   [ 10%] Building C object vendor-curl/lib/CMakeFiles/libcurl_static.dir/curl_addrinfo.c.o
[INFO] [stderr]   [ 11%] Building C object vendor-curl/lib/CMakeFiles/libcurl_static.dir/curl_endian.c.o
[INFO] [stderr]   [ 11%] Building C object vendor-curl/lib/CMakeFiles/libcurl_static.dir/curl_fnmatch.c.o
[INFO] [stderr]   [ 11%] Building C object vendor-curl/lib/CMakeFiles/libcurl_static.dir/curl_fopen.c.o
[INFO] [stderr]   [ 12%] Building C object vendor-curl/lib/CMakeFiles/libcurl_static.dir/curl_get_line.c.o
[INFO] [stderr]   [ 12%] Building C object vendor-curl/lib/CMakeFiles/libcurl_static.dir/curl_gethostname.c.o
[INFO] [stderr]   [ 13%] Building C object vendor-curl/lib/CMakeFiles/libcurl_static.dir/curl_gssapi.c.o
[INFO] [stderr]   [ 13%] Building C object vendor-curl/lib/CMakeFiles/libcurl_static.dir/curl_memrchr.c.o
[INFO] [stderr]   [ 14%] Building C object vendor-curl/lib/CMakeFiles/libcurl_static.dir/curl_ntlm_core.c.o
[INFO] [stderr]   [ 14%] Building C object vendor-curl/lib/CMakeFiles/libcurl_static.dir/curl_range.c.o
[INFO] [stderr]   [ 14%] Building C object vendor-curl/lib/CMakeFiles/libcurl_static.dir/curl_sasl.c.o
[INFO] [stderr]   [ 15%] Building C object vendor-curl/lib/CMakeFiles/libcurl_static.dir/curl_sha512_256.c.o
[INFO] [stderr]   [ 15%] Building C object vendor-curl/lib/CMakeFiles/libcurl_static.dir/curl_share.c.o
[INFO] [stderr]   [ 16%] Building C object vendor-curl/lib/CMakeFiles/libcurl_static.dir/curl_sspi.c.o
[INFO] [stderr]   [ 16%] Building C object vendor-curl/lib/CMakeFiles/libcurl_static.dir/curl_threads.c.o
[INFO] [stderr]   [ 16%] Building C object vendor-curl/lib/CMakeFiles/libcurl_static.dir/curl_trc.c.o
[INFO] [stderr]   [ 17%] Building C object vendor-curl/lib/CMakeFiles/libcurl_static.dir/cw-out.c.o
[INFO] [stderr]   [ 17%] Building C object vendor-curl/lib/CMakeFiles/libcurl_static.dir/cw-pause.c.o
[INFO] [stderr]   [ 18%] Building C object vendor-curl/lib/CMakeFiles/libcurl_static.dir/dict.c.o
[INFO] [stderr]   [ 18%] Building C object vendor-curl/lib/CMakeFiles/libcurl_static.dir/dnscache.c.o
[INFO] [stderr]   [ 19%] Building C object vendor-curl/lib/CMakeFiles/libcurl_static.dir/doh.c.o
[INFO] [stderr]   [ 19%] Building C object vendor-curl/lib/CMakeFiles/libcurl_static.dir/dynhds.c.o
[INFO] [stderr]   [ 19%] Building C object vendor-curl/lib/CMakeFiles/libcurl_static.dir/easy.c.o
[INFO] [stderr]   [ 20%] Building C object vendor-curl/lib/CMakeFiles/libcurl_static.dir/easygetopt.c.o
[INFO] [stderr]   [ 20%] Building C object vendor-curl/lib/CMakeFiles/libcurl_static.dir/easyoptions.c.o
[INFO] [stderr]   [ 21%] Building C object vendor-curl/lib/CMakeFiles/libcurl_static.dir/escape.c.o
[INFO] [stderr]   [ 21%] Building C object vendor-curl/lib/CMakeFiles/libcurl_static.dir/fake_addrinfo.c.o
[INFO] [stderr]   [ 22%] Building C object vendor-curl/lib/CMakeFiles/libcurl_static.dir/file.c.o
[INFO] [stderr]   [ 22%] Building C object vendor-curl/lib/CMakeFiles/libcurl_static.dir/formdata.c.o
[INFO] [stderr]   [ 22%] Building C object vendor-curl/lib/CMakeFiles/libcurl_static.dir/fileinfo.c.o
[INFO] [stderr]   [ 23%] Building C object vendor-curl/lib/CMakeFiles/libcurl_static.dir/ftp.c.o
[INFO] [stderr]   [ 23%] Building C object vendor-curl/lib/CMakeFiles/libcurl_static.dir/ftplistparser.c.o
[INFO] [stderr]   [ 24%] Building C object vendor-curl/lib/CMakeFiles/libcurl_static.dir/getenv.c.o
[INFO] [stderr]   [ 24%] Building C object vendor-curl/lib/CMakeFiles/libcurl_static.dir/getinfo.c.o
[INFO] [stderr]   [ 24%] Building C object vendor-curl/lib/CMakeFiles/libcurl_static.dir/gopher.c.o
[INFO] [stderr]   [ 25%] Building C object vendor-curl/lib/CMakeFiles/libcurl_static.dir/hash.c.o
[INFO] [stderr]   [ 26%] Building C object vendor-curl/lib/CMakeFiles/libcurl_static.dir/hmac.c.o
[INFO] [stderr]   [ 26%] Building C object vendor-curl/lib/CMakeFiles/libcurl_static.dir/headers.c.o
[INFO] [stderr]   [ 26%] Building C object vendor-curl/lib/CMakeFiles/libcurl_static.dir/hostip.c.o
[INFO] [stderr]   [ 27%] Building C object vendor-curl/lib/CMakeFiles/libcurl_static.dir/hostip4.c.o
[INFO] [stderr]   [ 27%] Building C object vendor-curl/lib/CMakeFiles/libcurl_static.dir/hostip6.c.o
[INFO] [stderr]   [ 27%] Building C object vendor-curl/lib/CMakeFiles/libcurl_static.dir/hsts.c.o
[INFO] [stderr]   [ 28%] Building C object vendor-curl/lib/CMakeFiles/libcurl_static.dir/http.c.o
[INFO] [stderr]   [ 28%] Building C object vendor-curl/lib/CMakeFiles/libcurl_static.dir/http1.c.o
[INFO] [stderr]   [ 29%] Building C object vendor-curl/lib/CMakeFiles/libcurl_static.dir/http2.c.o
[INFO] [stderr]   [ 29%] Building C object vendor-curl/lib/CMakeFiles/libcurl_static.dir/http_aws_sigv4.c.o
[INFO] [stderr]   [ 29%] Building C object vendor-curl/lib/CMakeFiles/libcurl_static.dir/http_chunks.c.o
[INFO] [stderr]   [ 30%] Building C object vendor-curl/lib/CMakeFiles/libcurl_static.dir/http_digest.c.o
[INFO] [stderr]   [ 30%] Building C object vendor-curl/lib/CMakeFiles/libcurl_static.dir/http_negotiate.c.o
[INFO] [stderr]   [ 31%] Building C object vendor-curl/lib/CMakeFiles/libcurl_static.dir/http_ntlm.c.o
[INFO] [stderr]   [ 31%] Building C object vendor-curl/lib/CMakeFiles/libcurl_static.dir/http_proxy.c.o
[INFO] [stderr]   [ 32%] Building C object vendor-curl/lib/CMakeFiles/libcurl_static.dir/httpsrr.c.o
[INFO] [stderr]   [ 32%] Building C object vendor-curl/lib/CMakeFiles/libcurl_static.dir/if2ip.c.o
[INFO] [stderr]   [ 32%] Building C object vendor-curl/lib/CMakeFiles/libcurl_static.dir/idn.c.o
[INFO] [stderr]   [ 33%] Building C object vendor-curl/lib/CMakeFiles/libcurl_static.dir/imap.c.o
[INFO] [stderr]   [ 33%] Building C object vendor-curl/lib/CMakeFiles/libcurl_static.dir/ldap.c.o
[INFO] [stderr]   [ 34%] Building C object vendor-curl/lib/CMakeFiles/libcurl_static.dir/llist.c.o
[INFO] [stderr]   [ 34%] Building C object vendor-curl/lib/CMakeFiles/libcurl_static.dir/md4.c.o
[INFO] [stderr]   [ 34%] Building C object vendor-curl/lib/CMakeFiles/libcurl_static.dir/macos.c.o
[INFO] [stderr]   [ 35%] Building C object vendor-curl/lib/CMakeFiles/libcurl_static.dir/md5.c.o
[INFO] [stderr]   [ 35%] Building C object vendor-curl/lib/CMakeFiles/libcurl_static.dir/memdebug.c.o
[INFO] [stderr]   [ 35%] Building C object vendor-curl/lib/CMakeFiles/libcurl_static.dir/mprintf.c.o
[INFO] [stderr]   [ 36%] Building C object vendor-curl/lib/CMakeFiles/libcurl_static.dir/mime.c.o
[INFO] [stderr]   [ 37%] Building C object vendor-curl/lib/CMakeFiles/libcurl_static.dir/mqtt.c.o
[INFO] [stderr]   [ 37%] Building C object vendor-curl/lib/CMakeFiles/libcurl_static.dir/multi_ev.c.o
[INFO] [stderr]   [ 37%] Building C object vendor-curl/lib/CMakeFiles/libcurl_static.dir/multi.c.o
[INFO] [stderr]   [ 38%] Building C object vendor-curl/lib/CMakeFiles/libcurl_static.dir/multi_ntfy.c.o
[INFO] [stderr]   [ 38%] Building C object vendor-curl/lib/CMakeFiles/libcurl_static.dir/netrc.c.o
[INFO] [stderr]   [ 39%] Building C object vendor-curl/lib/CMakeFiles/libcurl_static.dir/openldap.c.o
[INFO] [stderr]   [ 39%] Building C object vendor-curl/lib/CMakeFiles/libcurl_static.dir/pingpong.c.o
[INFO] [stderr]   [ 39%] Building C object vendor-curl/lib/CMakeFiles/libcurl_static.dir/pop3.c.o
[INFO] [stderr]   [ 39%] Building C object vendor-curl/lib/CMakeFiles/libcurl_static.dir/parsedate.c.o
[INFO] [stderr]   [ 40%] Building C object vendor-curl/lib/CMakeFiles/libcurl_static.dir/peer.c.o
[INFO] [stderr]   [ 41%] Building C object vendor-curl/lib/CMakeFiles/libcurl_static.dir/progress.c.o
[INFO] [stderr]   [ 41%] Building C object vendor-curl/lib/CMakeFiles/libcurl_static.dir/protocol.c.o
[INFO] [stderr]   [ 42%] Building C object vendor-curl/lib/CMakeFiles/libcurl_static.dir/proxy.c.o
[INFO] [stderr]   [ 42%] Building C object vendor-curl/lib/CMakeFiles/libcurl_static.dir/psl.c.o
[INFO] [stderr]   [ 42%] Building C object vendor-curl/lib/CMakeFiles/libcurl_static.dir/rand.c.o
[INFO] [stderr]   [ 43%] Building C object vendor-curl/lib/CMakeFiles/libcurl_static.dir/ratelimit.c.o
[INFO] [stderr]   [ 43%] Building C object vendor-curl/lib/CMakeFiles/libcurl_static.dir/request.c.o
[INFO] [stderr]   [ 43%] Building C object vendor-curl/lib/CMakeFiles/libcurl_static.dir/select.c.o
[INFO] [stderr]   [ 44%] Building C object vendor-curl/lib/CMakeFiles/libcurl_static.dir/rtsp.c.o
[INFO] [stderr]   [ 45%] Building C object vendor-curl/lib/CMakeFiles/libcurl_static.dir/sendf.c.o
[INFO] [stderr]   [ 45%] Building C object vendor-curl/lib/CMakeFiles/libcurl_static.dir/sha256.c.o
[INFO] [stderr]   [ 45%] Building C object vendor-curl/lib/CMakeFiles/libcurl_static.dir/setopt.c.o
[INFO] [stderr]   [ 46%] Building C object vendor-curl/lib/CMakeFiles/libcurl_static.dir/slist.c.o
[INFO] [stderr]   [ 46%] Building C object vendor-curl/lib/CMakeFiles/libcurl_static.dir/smb.c.o
[INFO] [stderr]   [ 47%] Building C object vendor-curl/lib/CMakeFiles/libcurl_static.dir/smtp.c.o
[INFO] [stderr]   [ 47%] Building C object vendor-curl/lib/CMakeFiles/libcurl_static.dir/socketpair.c.o
[INFO] [stderr]   [ 47%] Building C object vendor-curl/lib/CMakeFiles/libcurl_static.dir/socks.c.o
[INFO] [stderr]   [ 48%] Building C object vendor-curl/lib/CMakeFiles/libcurl_static.dir/socks_gssapi.c.o
[INFO] [stderr]   [ 48%] Building C object vendor-curl/lib/CMakeFiles/libcurl_static.dir/socks_sspi.c.o
[INFO] [stderr]   [ 49%] Building C object vendor-curl/lib/CMakeFiles/libcurl_static.dir/splay.c.o
[INFO] [stderr]   [ 49%] Building C object vendor-curl/lib/CMakeFiles/libcurl_static.dir/strcase.c.o
[INFO] [stderr]   [ 50%] Building C object vendor-curl/lib/CMakeFiles/libcurl_static.dir/strequal.c.o
[INFO] [stderr]   [ 50%] Building C object vendor-curl/lib/CMakeFiles/libcurl_static.dir/strerror.c.o
[INFO] [stderr]   [ 51%] Building C object vendor-curl/lib/CMakeFiles/libcurl_static.dir/telnet.c.o
[INFO] [stderr]   [ 51%] Building C object vendor-curl/lib/CMakeFiles/libcurl_static.dir/system_win32.c.o
[INFO] [stderr]   [ 52%] Building C object vendor-curl/lib/CMakeFiles/libcurl_static.dir/thrdpool.c.o
[INFO] [stderr]   [ 52%] Building C object vendor-curl/lib/CMakeFiles/libcurl_static.dir/tftp.c.o
[INFO] [stderr]   [ 52%] Building C object vendor-curl/lib/CMakeFiles/libcurl_static.dir/thrdqueue.c.o
[INFO] [stderr]   [ 52%] Building C object vendor-curl/lib/CMakeFiles/libcurl_static.dir/transfer.c.o
[INFO] [stderr]   [ 53%] Building C object vendor-curl/lib/CMakeFiles/libcurl_static.dir/uint-bset.c.o
[INFO] [stderr]   [ 53%] Building C object vendor-curl/lib/CMakeFiles/libcurl_static.dir/uint-hash.c.o
[INFO] [stderr]   [ 54%] Building C object vendor-curl/lib/CMakeFiles/libcurl_static.dir/uint-spbset.c.o
[INFO] [stderr]   [ 54%] Building C object vendor-curl/lib/CMakeFiles/libcurl_static.dir/uint-table.c.o
[INFO] [stderr]   [ 55%] Building C object vendor-curl/lib/CMakeFiles/libcurl_static.dir/url.c.o
[INFO] [stderr]   [ 55%] Building C object vendor-curl/lib/CMakeFiles/libcurl_static.dir/urlapi.c.o
[INFO] [stderr]   [ 55%] Building C object vendor-curl/lib/CMakeFiles/libcurl_static.dir/version.c.o
[INFO] [stderr]   [ 56%] Building C object vendor-curl/lib/CMakeFiles/libcurl_static.dir/ws.c.o
[INFO] [stderr]   [ 57%] Building C object vendor-curl/lib/CMakeFiles/libcurl_static.dir/vauth/cram.c.o
[INFO] [stderr]   [ 57%] Building C object vendor-curl/lib/CMakeFiles/libcurl_static.dir/vauth/cleartext.c.o
[INFO] [stderr]   [ 57%] Building C object vendor-curl/lib/CMakeFiles/libcurl_static.dir/vauth/digest.c.o
[INFO] [stderr]   [ 57%] Building C object vendor-curl/lib/CMakeFiles/libcurl_static.dir/vauth/digest_sspi.c.o
[INFO] [stderr]   [ 58%] Building C object vendor-curl/lib/CMakeFiles/libcurl_static.dir/vauth/gsasl.c.o
[INFO] [stderr]   [ 58%] Building C object vendor-curl/lib/CMakeFiles/libcurl_static.dir/vauth/krb5_gssapi.c.o
[INFO] [stderr]   [ 59%] Building C object vendor-curl/lib/CMakeFiles/libcurl_static.dir/vauth/krb5_sspi.c.o
[INFO] [stderr]   [ 59%] Building C object vendor-curl/lib/CMakeFiles/libcurl_static.dir/vauth/ntlm.c.o
[INFO] [stderr]   [ 60%] Building C object vendor-curl/lib/CMakeFiles/libcurl_static.dir/vauth/ntlm_sspi.c.o
[INFO] [stderr]   [ 60%] Building C object vendor-curl/lib/CMakeFiles/libcurl_static.dir/vauth/oauth2.c.o
[INFO] [stderr]   [ 60%] Building C object vendor-curl/lib/CMakeFiles/libcurl_static.dir/vauth/spnego_gssapi.c.o
[INFO] [stderr]   [ 61%] Building C object vendor-curl/lib/CMakeFiles/libcurl_static.dir/vauth/spnego_sspi.c.o
[INFO] [stderr]   [ 61%] Building C object vendor-curl/lib/CMakeFiles/libcurl_static.dir/vauth/vauth.c.o
[INFO] [stderr]   [ 62%] Building C object vendor-curl/lib/CMakeFiles/libcurl_static.dir/vtls/apple.c.o
[INFO] [stderr]   [ 63%] Building C object vendor-curl/lib/CMakeFiles/libcurl_static.dir/vtls/gtls.c.o
[INFO] [stderr]   [ 63%] Building C object vendor-curl/lib/CMakeFiles/libcurl_static.dir/vtls/cipher_suite.c.o
[INFO] [stderr]   [ 63%] Building C object vendor-curl/lib/CMakeFiles/libcurl_static.dir/vtls/hostcheck.c.o
[INFO] [stderr]   [ 63%] Building C object vendor-curl/lib/CMakeFiles/libcurl_static.dir/vtls/keylog.c.o
[INFO] [stderr]   [ 64%] Building C object vendor-curl/lib/CMakeFiles/libcurl_static.dir/vtls/mbedtls.c.o
[INFO] [stderr]   [ 64%] Building C object vendor-curl/lib/CMakeFiles/libcurl_static.dir/vtls/openssl.c.o
[INFO] [stderr]   [ 64%] Building C object vendor-curl/lib/CMakeFiles/libcurl_static.dir/vtls/schannel_verify.c.o
[INFO] [stderr]   [ 65%] Building C object vendor-curl/lib/CMakeFiles/libcurl_static.dir/vtls/rustls.c.o
[INFO] [stderr]   [ 65%] Building C object vendor-curl/lib/CMakeFiles/libcurl_static.dir/vtls/schannel.c.o
[INFO] [stderr]   [ 66%] Building C object vendor-curl/lib/CMakeFiles/libcurl_static.dir/vtls/vtls.c.o
[INFO] [stderr]   [ 66%] Building C object vendor-curl/lib/CMakeFiles/libcurl_static.dir/vtls/vtls_config.c.o
[INFO] [stderr]   [ 67%] Building C object vendor-curl/lib/CMakeFiles/libcurl_static.dir/vtls/vtls_scache.c.o
[INFO] [stderr]   [ 67%] Building C object vendor-curl/lib/CMakeFiles/libcurl_static.dir/vtls/vtls_spack.c.o
[INFO] [stderr]   [ 68%] Building C object vendor-curl/lib/CMakeFiles/libcurl_static.dir/vtls/wolfssl.c.o
[INFO] [stderr]   [ 68%] Building C object vendor-curl/lib/CMakeFiles/libcurl_static.dir/vtls/x509asn1.c.o
[INFO] [stderr]   [ 68%] Building C object vendor-curl/lib/CMakeFiles/libcurl_static.dir/vquic/capsule.c.o
[INFO] [stderr]   [ 69%] Building C object vendor-curl/lib/CMakeFiles/libcurl_static.dir/vquic/cf-capsule.c.o
[INFO] [stderr]   [ 69%] Building C object vendor-curl/lib/CMakeFiles/libcurl_static.dir/vquic/cf-ngtcp2.c.o
[INFO] [stderr]   [ 70%] Building C object vendor-curl/lib/CMakeFiles/libcurl_static.dir/vquic/cf-ngtcp2-cmn.c.o
[INFO] [stderr]   [ 70%] Building C object vendor-curl/lib/CMakeFiles/libcurl_static.dir/vquic/cf-ngtcp2-proxy.c.o
[INFO] [stderr]   [ 70%] Building C object vendor-curl/lib/CMakeFiles/libcurl_static.dir/vquic/cf-quiche.c.o
[INFO] [stderr]   [ 71%] Building C object vendor-curl/lib/CMakeFiles/libcurl_static.dir/vquic/vquic.c.o
[INFO] [stderr]   [ 72%] Building C object vendor-curl/lib/CMakeFiles/libcurl_static.dir/vssh/libssh.c.o
[INFO] [stderr]   [ 72%] Building C object vendor-curl/lib/CMakeFiles/libcurl_static.dir/vquic/vquic-tls.c.o
[INFO] [stderr]   [ 72%] Building C object vendor-curl/lib/CMakeFiles/libcurl_static.dir/vssh/libssh2.c.o
[INFO] [stderr]   [ 73%] Building C object vendor-curl/lib/CMakeFiles/libcurl_static.dir/vssh/vssh.c.o
[INFO] [stderr]   [ 73%] Building C object vendor-curl/lib/CMakeFiles/libcurl_static.dir/curlx/base64.c.o
[INFO] [stderr]   [ 73%] Building C object vendor-curl/lib/CMakeFiles/libcurl_static.dir/curlx/basename.c.o
[INFO] [stderr]   [ 74%] Building C object vendor-curl/lib/CMakeFiles/libcurl_static.dir/curlx/dynbuf.c.o
[INFO] [stderr]   [ 74%] Building C object vendor-curl/lib/CMakeFiles/libcurl_static.dir/curlx/fopen.c.o
[INFO] [stderr]   [ 75%] Building C object vendor-curl/lib/CMakeFiles/libcurl_static.dir/curlx/inet_ntop.c.o
[INFO] [stderr]   [ 75%] Building C object vendor-curl/lib/CMakeFiles/libcurl_static.dir/curlx/inet_pton.c.o
[INFO] [stderr]   [ 75%] Building C object vendor-curl/lib/CMakeFiles/libcurl_static.dir/curlx/multibyte.c.o
[INFO] [stderr]   [ 75%] Building C object vendor-curl/lib/CMakeFiles/libcurl_static.dir/curlx/snprintf.c.o
[INFO] [stderr]   [ 76%] Building C object vendor-curl/lib/CMakeFiles/libcurl_static.dir/curlx/nonblock.c.o
[INFO] [stderr]   [ 77%] Building C object vendor-curl/lib/CMakeFiles/libcurl_static.dir/curlx/strcopy.c.o
[INFO] [stderr]   [ 77%] Building C object vendor-curl/lib/CMakeFiles/libcurl_static.dir/curlx/strdup.c.o
[INFO] [stderr]   [ 78%] Building C object vendor-curl/lib/CMakeFiles/libcurl_static.dir/curlx/strerr.c.o
[INFO] [stderr]   [ 78%] Building C object vendor-curl/lib/CMakeFiles/libcurl_static.dir/curlx/strparse.c.o
[INFO] [stderr]   [ 79%] Building C object vendor-curl/lib/CMakeFiles/libcurl_static.dir/curlx/timeval.c.o
[INFO] [stderr]   [ 79%] Building C object vendor-curl/lib/CMakeFiles/libcurl_static.dir/curlx/version_win32.c.o
[INFO] [stderr]   [ 79%] Building C object vendor-curl/lib/CMakeFiles/libcurl_static.dir/curlx/timediff.c.o
[INFO] [stderr]   [ 80%] Building C object vendor-curl/lib/CMakeFiles/libcurl_static.dir/curlx/wait.c.o
[INFO] [stderr]   [ 80%] Building C object vendor-curl/lib/CMakeFiles/libcurl_static.dir/curlx/warnless.c.o
[INFO] [stderr]   [ 81%] Building C object vendor-curl/lib/CMakeFiles/libcurl_static.dir/curlx/winapi.c.o
[INFO] [stderr]   [ 81%] Linking C static library libcurl.a
[INFO] [stderr]   [ 81%] Built target libcurl_static
[INFO] [stderr]   [ 81%] Building C object CMakeFiles/mdok_curl_tool_parser.dir/opt/rustwide/workdir/vendor/curl/src/config2setopts.c.o
[INFO] [stderr]   [ 81%] Building C object CMakeFiles/mdok_curl_tool_parser.dir/opt/rustwide/workdir/vendor/curl/src/terminal.c.o
[INFO] [stderr]   [ 81%] Building C object CMakeFiles/mdok_curl_tool_parser.dir/opt/rustwide/workdir/vendor/curl/src/tool_cfgable.c.o
[INFO] [stderr]   [ 82%] Building C object CMakeFiles/mdok_curl_tool_parser.dir/opt/rustwide/workdir/vendor/curl/src/tool_easysrc.c.o
[INFO] [stderr]   [ 83%] Building C object CMakeFiles/mdok_curl_tool_parser.dir/opt/rustwide/workdir/vendor/curl/src/slist_wc.c.o
[INFO] [stderr]   [ 84%] Building C object CMakeFiles/mdok_curl_tool_parser.dir/opt/rustwide/workdir/vendor/curl/src/tool_findfile.c.o
[INFO] [stderr]   [ 84%] Building C object CMakeFiles/mdok_curl_tool_parser.dir/opt/rustwide/workdir/vendor/curl/src/tool_filetime.c.o
[INFO] [stderr]   [ 84%] Building C object CMakeFiles/mdok_curl_tool_parser.dir/opt/rustwide/workdir/vendor/curl/src/tool_formparse.c.o
[INFO] [stderr]   [ 85%] Building C object CMakeFiles/mdok_curl_tool_parser.dir/opt/rustwide/workdir/vendor/curl/src/tool_getparam.c.o
[INFO] [stderr]   [ 85%] Building C object CMakeFiles/mdok_curl_tool_parser.dir/opt/rustwide/workdir/vendor/curl/src/tool_getpass.c.o
[INFO] [stderr]   [ 85%] Building C object CMakeFiles/mdok_curl_tool_parser.dir/opt/rustwide/workdir/vendor/curl/src/tool_help.c.o
[INFO] [stderr]   [ 86%] Building C object CMakeFiles/mdok_curl_tool_parser.dir/opt/rustwide/workdir/vendor/curl/src/tool_hugehelp.c.o
[INFO] [stderr]   [ 86%] Building C object CMakeFiles/mdok_curl_tool_parser.dir/opt/rustwide/workdir/vendor/curl/src/tool_helpers.c.o
[INFO] [stderr]   [ 87%] Building C object CMakeFiles/mdok_curl_tool_parser.dir/opt/rustwide/workdir/vendor/curl/src/tool_libinfo.c.o
[INFO] [stderr]   [ 87%] Building C object CMakeFiles/mdok_curl_tool_parser.dir/opt/rustwide/workdir/vendor/curl/src/tool_listhelp.c.o
[INFO] [stderr]   [ 87%] Building C object CMakeFiles/mdok_curl_tool_parser.dir/opt/rustwide/workdir/vendor/curl/src/tool_msgs.c.o
[INFO] [stderr]   [ 88%] Building C object CMakeFiles/mdok_curl_tool_parser.dir/opt/rustwide/workdir/vendor/curl/src/tool_paramhlp.c.o
[INFO] [stderr]   [ 88%] Building C object CMakeFiles/mdok_curl_tool_parser.dir/opt/rustwide/workdir/vendor/curl/src/tool_parsecfg.c.o
[INFO] [stderr]   [ 89%] Building C object CMakeFiles/mdok_curl_tool_parser.dir/opt/rustwide/workdir/vendor/curl/src/tool_setopt.c.o
[INFO] [stderr]   [ 89%] Building C object CMakeFiles/mdok_curl_tool_parser.dir/opt/rustwide/workdir/vendor/curl/src/tool_stderr.c.o
[INFO] [stderr]   [ 90%] Building C object CMakeFiles/mdok_curl_tool_parser.dir/opt/rustwide/workdir/vendor/curl/src/tool_urlglob.c.o
[INFO] [stderr]   [ 90%] Building C object CMakeFiles/mdok_curl_tool_parser.dir/opt/rustwide/workdir/vendor/curl/src/tool_util.c.o
[INFO] [stderr]   [ 90%] Building C object CMakeFiles/mdok_curl_tool_parser.dir/opt/rustwide/workdir/vendor/curl/src/tool_writeout_json.c.o
[INFO] [stderr]   [ 91%] Building C object CMakeFiles/mdok_curl_tool_parser.dir/opt/rustwide/workdir/vendor/curl/src/var.c.o
[INFO] [stderr]   [ 91%] Building C object CMakeFiles/mdok_curl_tool_parser.dir/opt/rustwide/workdir/vendor/curl/lib/curlx/base64.c.o
[INFO] [stderr]   [ 92%] Building C object CMakeFiles/mdok_curl_tool_parser.dir/opt/rustwide/workdir/vendor/curl/lib/curlx/basename.c.o
[INFO] [stderr]   [ 92%] Building C object CMakeFiles/mdok_curl_tool_parser.dir/opt/rustwide/workdir/vendor/curl/lib/curlx/dynbuf.c.o
[INFO] [stderr]   [ 92%] Building C object CMakeFiles/mdok_curl_tool_parser.dir/opt/rustwide/workdir/vendor/curl/lib/curlx/fopen.c.o
[INFO] [stderr]   [ 93%] Building C object CMakeFiles/mdok_curl_tool_parser.dir/opt/rustwide/workdir/vendor/curl/lib/curlx/multibyte.c.o
[INFO] [stderr]   [ 93%] Building C object CMakeFiles/mdok_curl_tool_parser.dir/opt/rustwide/workdir/vendor/curl/lib/curlx/strdup.c.o
[INFO] [stderr]   [ 94%] Building C object CMakeFiles/mdok_curl_tool_parser.dir/opt/rustwide/workdir/vendor/curl/lib/curlx/strerr.c.o
[INFO] [stderr]   [ 94%] Building C object CMakeFiles/mdok_curl_tool_parser.dir/opt/rustwide/workdir/vendor/curl/lib/curlx/nonblock.c.o
[INFO] [stderr]   [ 95%] Building C object CMakeFiles/mdok_curl_tool_parser.dir/opt/rustwide/workdir/vendor/curl/lib/curlx/strcopy.c.o
[INFO] [stderr]   [ 95%] Building C object CMakeFiles/mdok_curl_tool_parser.dir/opt/rustwide/workdir/vendor/curl/lib/curlx/strparse.c.o
[INFO] [stderr] 
[INFO] [stderr]   --- stderr
[INFO] [stderr]   running: cd "/opt/rustwide/target/debug/build/mdok-curl-sys/c9e0112106a03efd/out/build" && CMAKE_PREFIX_PATH="" LC_ALL="C" "cmake" "/opt/rustwide/workdir/crates/mdok-curl-sys/../../native" "-B" "/opt/rustwide/target/debug/build/mdok-curl-sys/c9e0112106a03efd/out/build" "-DCMAKE_INSTALL_PREFIX=/opt/rustwide/target/debug/build/mdok-curl-sys/c9e0112106a03efd/out" "-DCMAKE_C_FLAGS= -ffunction-sections -fdata-sections -fPIC -m64 -w" "-DCMAKE_C_COMPILER=/usr/bin/cc" "-DCMAKE_CXX_FLAGS= -ffunction-sections -fdata-sections -fPIC -m64 -w" "-DCMAKE_CXX_COMPILER=/usr/bin/c++" "-DCMAKE_ASM_FLAGS= -ffunction-sections -fdata-sections -fPIC -m64 -w" "-DCMAKE_ASM_COMPILER=/usr/bin/cc" "-DCMAKE_BUILD_TYPE=Debug"
[INFO] [stderr]   CMake Warning:
[INFO] [stderr]     Manually-specified variables were not used by the project:
[INFO] [stderr] 
[INFO] [stderr]       CMAKE_ASM_COMPILER
[INFO] [stderr]       CMAKE_ASM_FLAGS
[INFO] [stderr]       CMAKE_CXX_COMPILER
[INFO] [stderr]       CMAKE_CXX_FLAGS
[INFO] [stderr] 
[INFO] [stderr] 
[INFO] [stderr]   running: cd "/opt/rustwide/target/debug/build/mdok-curl-sys/c9e0112106a03efd/out/build" && LC_ALL="C" MAKEFLAGS="-j --jobserver-fds=4,5 --jobserver-auth=4,5" "cmake" "--build" "/opt/rustwide/target/debug/build/mdok-curl-sys/c9e0112106a03efd/out/build" "--target" "install" "--config" "Debug"
[INFO] [stderr]   /opt/rustwide/workdir/vendor/curl/lib/curlx/strerr.c: In function 'curlx_strerror':
[INFO] [stderr]   /opt/rustwide/workdir/vendor/curl/lib/curlx/strerr.c:293:23: error: initialization of 'const char *' from 'int' makes pointer from integer without a cast [-Wint-conversion]
[INFO] [stderr]     293 |     const char *msg = strerror_r(err, buffer, sizeof(buffer));
[INFO] [stderr]         |                       ^~~~~~~~~~
[INFO] [stderr]   gmake[2]: *** [CMakeFiles/mdok_curl_tool_parser.dir/build.make:527: CMakeFiles/mdok_curl_tool_parser.dir/opt/rustwide/workdir/vendor/curl/lib/curlx/strerr.c.o] Error 1
[INFO] [stderr]   gmake[2]: *** Waiting for unfinished jobs....
[INFO] [stderr]   gmake[1]: *** [CMakeFiles/Makefile2:179: CMakeFiles/mdok_curl_tool_parser.dir/all] Error 2
[INFO] [stderr]   gmake: *** [Makefile:136: all] Error 2
[INFO] [stderr] 
[INFO] [stderr]   thread 'main' (993) panicked at /opt/rustwide/cargo-home/registry/src/index.crates.io-1949cf8c6b5b557f/cmake-0.1.58/src/lib.rs:1132:5:
[INFO] [stderr] 
[INFO] [stderr]   command did not execute successfully, got: exit status: 2
[INFO] [stderr] 
[INFO] [stderr]   build script failed, must exit now
[INFO] [stderr]   stack backtrace:
[INFO] [stderr]      0:     0x6307061d9fd1 - std[3164a59e47d3bde]::backtrace_rs::backtrace::libunwind::trace
[INFO] [stderr]                                  at /rustc/3154cc1a3e6424e44f438a95007d043ed5ceaaf6/library/std/src/../../backtrace/src/backtrace/libunwind.rs:117:9
[INFO] [stderr]      1:     0x6307061d9fd1 - std[3164a59e47d3bde]::backtrace_rs::backtrace::trace_unsynchronized::<std[3164a59e47d3bde]::sys::backtrace::_print_fmt::{closure#1}>
[INFO] [stderr]                                  at /rustc/3154cc1a3e6424e44f438a95007d043ed5ceaaf6/library/std/src/../../backtrace/src/backtrace/mod.rs:66:14
[INFO] [stderr]      2:     0x6307061d9fd1 - std[3164a59e47d3bde]::sys::backtrace::_print_fmt
[INFO] [stderr]                                  at /rustc/3154cc1a3e6424e44f438a95007d043ed5ceaaf6/library/std/src/sys/backtrace.rs:74:9
[INFO] [stderr]      3:     0x6307061d9fd1 - <<std[3164a59e47d3bde]::sys::backtrace::BacktraceLock>::print::DisplayBacktrace as core[934024a1e6126fb4]::fmt::Display>::fmt
[INFO] [stderr]                                  at /rustc/3154cc1a3e6424e44f438a95007d043ed5ceaaf6/library/std/src/sys/backtrace.rs:44:26
[INFO] [stderr]      4:     0x6307061ee24a - <core[934024a1e6126fb4]::fmt::rt::Argument>::fmt
[INFO] [stderr]                                  at /rustc/3154cc1a3e6424e44f438a95007d043ed5ceaaf6/library/core/src/fmt/rt.rs:152:76
[INFO] [stderr]      5:     0x6307061ee24a - core[934024a1e6126fb4]::fmt::write
[INFO] [stderr]      6:     0x6307061dfa2c - core[934024a1e6126fb4]::io::write::default_write_fmt::<std[3164a59e47d3bde]::sys::stdio::unix::Stderr>
[INFO] [stderr]                                  at /rustc/3154cc1a3e6424e44f438a95007d043ed5ceaaf6/library/core/src/io/write.rs:402:11
[INFO] [stderr]      7:     0x6307061dfa2c - <std[3164a59e47d3bde]::sys::stdio::unix::Stderr as core[934024a1e6126fb4]::io::write::Write>::write_fmt
[INFO] [stderr]                                  at /rustc/3154cc1a3e6424e44f438a95007d043ed5ceaaf6/library/core/src/io/write.rs:335:13
[INFO] [stderr]      8:     0x6307061b91c6 - <std[3164a59e47d3bde]::sys::backtrace::BacktraceLock>::print
[INFO] [stderr]                                  at /rustc/3154cc1a3e6424e44f438a95007d043ed5ceaaf6/library/std/src/sys/backtrace.rs:47:9
[INFO] [stderr]      9:     0x6307061b91c6 - std[3164a59e47d3bde]::panicking::default_hook::{closure#0}
[INFO] [stderr]                                  at /rustc/3154cc1a3e6424e44f438a95007d043ed5ceaaf6/library/std/src/panicking.rs:289:27
[INFO] [stderr]     10:     0x6307061d4991 - std[3164a59e47d3bde]::panicking::default_hook
[INFO] [stderr]                                  at /rustc/3154cc1a3e6424e44f438a95007d043ed5ceaaf6/library/std/src/panicking.rs:316:9
[INFO] [stderr]     11:     0x6307061d4b4b - std[3164a59e47d3bde]::panicking::panic_with_hook
[INFO] [stderr]                                  at /rustc/3154cc1a3e6424e44f438a95007d043ed5ceaaf6/library/std/src/panicking.rs:811:13
[INFO] [stderr]     12:     0x6307061b9272 - std[3164a59e47d3bde]::panicking::panic_handler::{closure#0}
[INFO] [stderr]                                  at /rustc/3154cc1a3e6424e44f438a95007d043ed5ceaaf6/library/std/src/panicking.rs:685:13
[INFO] [stderr]     13:     0x6307061b1d89 - std[3164a59e47d3bde]::sys::backtrace::__rust_end_short_backtrace::<std[3164a59e47d3bde]::panicking::panic_handler::{closure#0}, !>
[INFO] [stderr]                                  at /rustc/3154cc1a3e6424e44f438a95007d043ed5ceaaf6/library/std/src/sys/backtrace.rs:182:18
[INFO] [stderr]     14:     0x6307061b9a5d - __rustc[2e7b49d4226056d3]::rust_begin_unwind
[INFO] [stderr]                                  at /rustc/3154cc1a3e6424e44f438a95007d043ed5ceaaf6/library/std/src/panicking.rs:676:5
[INFO] [stderr]     15:     0x6307061eea3c - core[934024a1e6126fb4]::panicking::panic_fmt
[INFO] [stderr]                                  at /rustc/3154cc1a3e6424e44f438a95007d043ed5ceaaf6/library/core/src/panicking.rs:80:14
[INFO] [stderr]     16:     0x630706142787 - cmake[7a4f3f31f393ee58]::fail
[INFO] [stderr]     17:     0x630706142413 - cmake[7a4f3f31f393ee58]::run
[INFO] [stderr]     18:     0x6307061483e5 - <cmake[7a4f3f31f393ee58]::Config>::build
[INFO] [stderr]     19:     0x6307061337f1 - build_script_build[a3efceb26f53823e]::main
[INFO] [stderr]     20:     0x630706134f33 - <fn() as core[934024a1e6126fb4]::ops::function::FnOnce<()>>::call_once
[INFO] [stderr]     21:     0x6307061334ce - std[3164a59e47d3bde]::sys::backtrace::__rust_begin_short_backtrace::<fn(), ()>
[INFO] [stderr]     22:     0x6307061336a9 - std[3164a59e47d3bde]::rt::lang_start::<()>::{closure#0}
[INFO] [stderr]     23:     0x6307061d3c98 - <&dyn core[934024a1e6126fb4]::ops::function::Fn<(), Output = i32> + core[934024a1e6126fb4]::marker::Sync + core[934024a1e6126fb4]::panic::unwind_safe::RefUnwindSafe as core[934024a1e6126fb4]::ops::function::FnOnce<()>>::call_once
[INFO] [stderr]                                  at /rustc/3154cc1a3e6424e44f438a95007d043ed5ceaaf6/library/core/src/ops/function.rs:287:21
[INFO] [stderr]     24:     0x6307061d3c98 - std[3164a59e47d3bde]::panicking::catch_unwind::do_call::<&dyn core[934024a1e6126fb4]::ops::function::Fn<(), Output = i32> + core[934024a1e6126fb4]::marker::Sync + core[934024a1e6126fb4]::panic::unwind_safe::RefUnwindSafe, i32>
[INFO] [stderr]                                  at /rustc/3154cc1a3e6424e44f438a95007d043ed5ceaaf6/library/std/src/panicking.rs:573:43
[INFO] [stderr]     25:     0x6307061d3c98 - std[3164a59e47d3bde]::panicking::catch_unwind::<i32, &dyn core[934024a1e6126fb4]::ops::function::Fn<(), Output = i32> + core[934024a1e6126fb4]::marker::Sync + core[934024a1e6126fb4]::panic::unwind_safe::RefUnwindSafe>
[INFO] [stderr]                                  at /rustc/3154cc1a3e6424e44f438a95007d043ed5ceaaf6/library/std/src/panicking.rs:541:19
[INFO] [stderr]     26:     0x6307061d3c98 - std[3164a59e47d3bde]::panic::catch_unwind::<&dyn core[934024a1e6126fb4]::ops::function::Fn<(), Output = i32> + core[934024a1e6126fb4]::marker::Sync + core[934024a1e6126fb4]::panic::unwind_safe::RefUnwindSafe, i32>
[INFO] [stderr]                                  at /rustc/3154cc1a3e6424e44f438a95007d043ed5ceaaf6/library/std/src/panic.rs:359:14
[INFO] [stderr]     27:     0x6307061d3c98 - std[3164a59e47d3bde]::rt::lang_start_internal::{closure#0}
[INFO] [stderr]                                  at /rustc/3154cc1a3e6424e44f438a95007d043ed5ceaaf6/library/std/src/rt.rs:175:24
[INFO] [stderr]     28:     0x6307061d3c98 - std[3164a59e47d3bde]::panicking::catch_unwind::do_call::<std[3164a59e47d3bde]::rt::lang_start_internal::{closure#0}, isize>
[INFO] [stderr]                                  at /rustc/3154cc1a3e6424e44f438a95007d043ed5ceaaf6/library/std/src/panicking.rs:573:43
[INFO] [stderr]     29:     0x6307061d3c98 - std[3164a59e47d3bde]::panicking::catch_unwind::<isize, std[3164a59e47d3bde]::rt::lang_start_internal::{closure#0}>
[INFO] [stderr]                                  at /rustc/3154cc1a3e6424e44f438a95007d043ed5ceaaf6/library/std/src/panicking.rs:541:19
[INFO] [stderr]     30:     0x6307061d3c98 - std[3164a59e47d3bde]::panic::catch_unwind::<std[3164a59e47d3bde]::rt::lang_start_internal::{closure#0}, isize>
[INFO] [stderr]                                  at /rustc/3154cc1a3e6424e44f438a95007d043ed5ceaaf6/library/std/src/panic.rs:359:14
[INFO] [stderr]     31:     0x6307061d3c98 - std[3164a59e47d3bde]::rt::lang_start_internal
[INFO] [stderr]                                  at /rustc/3154cc1a3e6424e44f438a95007d043ed5ceaaf6/library/std/src/rt.rs:171:5
[INFO] [stderr]     32:     0x6307061334c1 - std[3164a59e47d3bde]::rt::lang_start::<()>
[INFO] [stderr]     33:     0x630706134fd5 - main
[INFO] [stderr]     34:     0x716713790601 - <unknown>
[INFO] [stderr]     35:     0x716713790718 - __libc_start_main
[INFO] [stderr]     36:     0x630706132315 - _start
[INFO] [stderr]     37:                0x0 - <unknown>
[INFO] [stderr] warning: build failed, waiting for other jobs to finish...
[INFO] [stderr] warning: unused dependency `mdok-core`
[INFO] [stderr]  --> crates/mdok-report/Cargo.toml:9:1
[INFO] [stderr]   |
[INFO] [stderr] 9 | mdok-core = { path = "../mdok-core" }
[INFO] [stderr]   | ^^^^^^^^^^^^^^^^^^^^^^^^^^^^^^^^^^^^^
[INFO] [stderr]   |
[INFO] [stderr]   = note: `cargo::unused_dependencies` is set to `warn` by default
[INFO] [stderr] help: consider removing the dependency on `mdok-core`
[INFO] [stderr] warning: `mdok-report` (manifest) generated 1 warning
[INFO] [stderr] warning: unused dependency `url`
[INFO] [stderr]   --> crates/mdok-template/Cargo.toml:14:1
[INFO] [stderr]    |
[INFO] [stderr] 14 | url.workspace = true
[INFO] [stderr]    | ^^^
[INFO] [stderr]    |
[INFO] [stderr]    = note: `cargo::unused_dependencies` is set to `warn` by default
[INFO] [stderr] help: consider removing the dependency on `url`
[INFO] [stderr] warning: `mdok-template` (manifest) generated 1 warning
[INFO] running `Command { std: "docker" "inspect" "74fb56e81b3f587e6153f8aecea268c455f9e7c3e105277e89669712b0f3b606", kill_on_drop: false }`
[INFO] running `Command { std: "docker" "rm" "-f" "74fb56e81b3f587e6153f8aecea268c455f9e7c3e105277e89669712b0f3b606", kill_on_drop: false }`
[INFO] [stdout] 74fb56e81b3f587e6153f8aecea268c455f9e7c3e105277e89669712b0f3b606
