[INFO] cloning repository https://github.com/sumin4021/ppp
[INFO] running `Command { std: "git" "-c" "credential.helper=" "-c" "credential.helper=/workspace/cargo-home/bin/git-credential-null" "clone" "--bare" "https://github.com/sumin4021/ppp" "/workspace/cache/git-repos/https%3A%2F%2Fgithub.com%2Fsumin4021%2Fppp", kill_on_drop: false }`
[INFO] [stderr] Cloning into bare repository '/workspace/cache/git-repos/https%3A%2F%2Fgithub.com%2Fsumin4021%2Fppp'...
[INFO] running `Command { std: "git" "rev-parse" "HEAD", kill_on_drop: false }`
[INFO] [stdout] 0240231d5998f210b5ca4c920ac3b14e8947739b
[INFO] checking sumin4021/ppp against 3154cc1a3e6424e44f438a95007d043ed5ceaaf6 for pr-133502-30
[INFO] running `Command { std: "git" "clone" "/workspace/cache/git-repos/https%3A%2F%2Fgithub.com%2Fsumin4021%2Fppp" "/workspace/builds/worker-2-tc2/source", kill_on_drop: false }`
[INFO] [stderr] Cloning into '/workspace/builds/worker-2-tc2/source'...
[INFO] [stderr] done.
[INFO] removed /workspace/builds/worker-2-tc2/source/rust-toolchain.toml
[INFO] started tweaking git repo https://github.com/sumin4021/ppp
[INFO] finished tweaking git repo https://github.com/sumin4021/ppp
[INFO] tweaked toml for git repo https://github.com/sumin4021/ppp written to /workspace/builds/worker-2-tc2/source/Cargo.toml
[INFO] validating manifest of git repo https://github.com/sumin4021/ppp on toolchain 3154cc1a3e6424e44f438a95007d043ed5ceaaf6
[INFO] running `Command { std: CARGO_HOME="/workspace/cargo-home" RUSTUP_HOME="/workspace/rustup-home" "/workspace/cargo-home/bin/cargo" "+3154cc1a3e6424e44f438a95007d043ed5ceaaf6" "metadata" "--manifest-path" "Cargo.toml" "--no-deps", kill_on_drop: false }`
[INFO] crate git repo https://github.com/sumin4021/ppp already has a lockfile, it will not be regenerated
[INFO] running `Command { std: CARGO_HOME="/workspace/cargo-home" RUSTUP_HOME="/workspace/rustup-home" "/workspace/cargo-home/bin/cargo" "+3154cc1a3e6424e44f438a95007d043ed5ceaaf6" "fetch" "--manifest-path" "Cargo.toml", kill_on_drop: false }`
[INFO] running `Command { std: "docker" "create" "-v" "/var/lib/crater-agent-workspace/builds/worker-2-tc2/source:/opt/rustwide/workdir:ro,Z" "-v" "/var/lib/crater-agent-workspace/builds/worker-2-tc2/target:/opt/rustwide/target:rw,Z" "-v" "/var/lib/crater-agent-workspace/cargo-home:/opt/rustwide/cargo-home:ro,Z" "-v" "/var/lib/crater-agent-workspace/rustup-home:/opt/rustwide/rustup-home:ro,Z" "-m" "1610612736" "--network" "none" "ghcr.io/rust-lang/crates-build-env/linux@sha256:77db811e55d90add9212f6832c23229e3de5f1c1f9905e8cb07319ea15df73ac" "sleep" "infinity", kill_on_drop: false }`
[INFO] [stdout] d250a80f19be15507657e458dd788f89daefeee0ed1f99c02d26413ad66d7d31
[INFO] running `Command { std: "docker" "start" "d250a80f19be15507657e458dd788f89daefeee0ed1f99c02d26413ad66d7d31", kill_on_drop: false }`
[INFO] running `Command { std: "docker" "inspect" "d250a80f19be15507657e458dd788f89daefeee0ed1f99c02d26413ad66d7d31", kill_on_drop: false }`
[INFO] running `Command { std: "docker" "exec" "-e" "SOURCE_DIR=/opt/rustwide/workdir" "-e" "CARGO_HOME=/opt/rustwide/cargo-home" "-e" "RUSTUP_HOME=/opt/rustwide/rustup-home" "-e" "CARGO_TARGET_DIR=/opt/rustwide/target" "-w" "/opt/rustwide/workdir" "--user" "0:0" "d250a80f19be15507657e458dd788f89daefeee0ed1f99c02d26413ad66d7d31" "/opt/rustwide/cargo-home/bin/cargo" "+3154cc1a3e6424e44f438a95007d043ed5ceaaf6" "metadata" "--no-deps" "--format-version=1", kill_on_drop: false }`
[INFO] running `Command { std: "docker" "inspect" "d250a80f19be15507657e458dd788f89daefeee0ed1f99c02d26413ad66d7d31", kill_on_drop: false }`
[INFO] running `Command { std: "docker" "exec" "-e" "SOURCE_DIR=/opt/rustwide/workdir" "-e" "CARGO_HOME=/opt/rustwide/cargo-home" "-e" "RUSTUP_HOME=/opt/rustwide/rustup-home" "-e" "CARGO_TARGET_DIR=/opt/rustwide/target" "-e" "CARGO_INCREMENTAL=0" "-e" "RUST_BACKTRACE=full" "-e" "RUSTFLAGS=--cap-lints=forbid" "-e" "RUSTDOCFLAGS=--cap-lints=forbid" "-w" "/opt/rustwide/workdir" "--user" "0:0" "d250a80f19be15507657e458dd788f89daefeee0ed1f99c02d26413ad66d7d31" "/opt/rustwide/cargo-home/bin/cargo" "+3154cc1a3e6424e44f438a95007d043ed5ceaaf6" "check" "--frozen" "--all" "--all-targets" "--message-format=json", kill_on_drop: false }`
[INFO] [stderr]    Compiling proc-macro2 v1.0.107
[INFO] [stderr]    Compiling find-msvc-tools v0.1.11
[INFO] [stderr]     Checking litemap v0.8.3
[INFO] [stderr]     Checking writeable v0.6.4
[INFO] [stderr]    Compiling icu_normalizer_data v2.3.0
[INFO] [stderr]    Compiling icu_properties_data v2.3.0
[INFO] [stderr]     Checking smallvec v1.15.2
[INFO] [stderr]    Compiling zerocopy v0.8.56
[INFO] [stderr]     Checking zeroize v1.9.0
[INFO] [stderr]    Compiling cc v1.4.4
[INFO] [stderr]    Compiling ahash v0.8.12
[INFO] [stderr]     Checking rustls-pki-types v1.15.1
[INFO] [stderr]    Compiling serde_core v1.0.229
[INFO] [stderr]     Checking getrandom v0.2.17
[INFO] [stderr]    Compiling vcpkg v0.2.15
[INFO] [stderr]    Compiling pkg-config v0.3.34
[INFO] [stderr]    Compiling serde v1.0.229
[INFO] [stderr]     Checking percent-encoding v2.3.2
[INFO] [stderr]     Checking memchr v2.8.3
[INFO] [stderr]    Compiling rustls v0.23.43
[INFO] [stderr]     Checking webpki-roots v1.0.9
[INFO] [stderr]     Checking form_urlencoded v1.2.2
[INFO] [stderr]    Compiling quote v1.0.47
[INFO] [stderr]     Checking errno v0.3.14
[INFO] [stderr]     Checking ppp-contracts v0.1.0 (/opt/rustwide/workdir/crates/ppp-contracts)
[INFO] [stderr]    Compiling syn v3.0.3
[INFO] [stderr]    Compiling syn v2.0.119
[INFO] [stderr]     Checking signal-hook-registry v1.4.8
[INFO] [stderr]     Checking webpki-roots v0.26.11
[INFO] [stderr]     Checking socket2 v0.6.5
[INFO] [stderr]     Checking mio v1.2.2
[INFO] [stderr]    Compiling getrandom v0.4.3
[INFO] [stderr]     Checking bytes v1.12.1
[INFO] [stderr]     Checking fallible-iterator v0.3.0
[INFO] [stderr]     Checking fallible-streaming-iterator v0.1.9
[INFO] [stderr]    Compiling rustix v1.1.4
[INFO] [stderr]     Checking linux-raw-sys v0.12.1
[INFO] [stderr]     Checking fastrand v2.5.0
[INFO] [stderr]    Compiling ring v0.17.14
[INFO] [stderr]    Compiling libsqlite3-sys v0.30.1
[INFO] [stderr]     Checking serde_json v1.0.151
[INFO] [stderr]     Checking tempfile v3.27.0
[INFO] [stderr]    Compiling synstructure v0.13.2
[INFO] [stderr]    Compiling zerofrom-derive v0.1.7
[INFO] [stderr]    Compiling yoke-derive v0.8.2
[INFO] [stderr]     Checking zerofrom v0.1.8
[INFO] [stderr]     Checking yoke v0.8.3
[INFO] [stderr]    Compiling zerovec-derive v0.11.6
[INFO] [stderr]    Compiling displaydoc v0.2.7
[INFO] [stderr]    Compiling serde_derive v1.0.229
[INFO] [stderr]    Compiling tokio-macros v2.7.2
[INFO] [stderr]     Checking zerotrie v0.2.5
[INFO] [stderr]     Checking tokio v1.53.1
[INFO] [stderr]     Checking hashbrown v0.14.5
[INFO] [stderr]     Checking rustls-webpki v0.103.15
[INFO] [stderr]     Checking zerovec v0.11.8
[INFO] [stderr]     Checking hashlink v0.9.1
[INFO] [stderr]     Checking tinystr v0.8.4
[INFO] [stderr]     Checking potential_utf v0.1.6
[INFO] [stderr]     Checking icu_collections v2.3.0
[INFO] [stderr]     Checking icu_locale_core v2.3.0
[INFO] [stderr]     Checking icu_provider v2.3.1
[INFO] [stderr]     Checking icu_properties v2.3.0
[INFO] [stderr]     Checking icu_normalizer v2.3.0
[INFO] [stderr]     Checking ppp-client v0.1.0 (/opt/rustwide/workdir/crates/ppp-client)
[INFO] [stderr]     Checking idna_adapter v1.2.2
[INFO] [stderr]     Checking idna v1.1.0
[INFO] [stderr]     Checking url v2.5.8
[INFO] [stderr]     Checking ureq v2.12.1
[INFO] [stderr]     Checking rusqlite v0.32.1
[INFO] [stderr]     Checking ppp-harness v0.1.0 (/opt/rustwide/workdir/crates/ppp-harness)
[INFO] [stdout] error[E0599]: no associated function or constant named `system` found for struct `SecretStore<B>` in the current scope
[INFO] [stdout]     --> crates/ppp-harness/src/ipc/handlers.rs:1191:57
[INFO] [stdout]      |
[INFO] [stdout] 1191 |             let secrets = crate::security::SecretStore::system();
[INFO] [stdout]      |                                                         ^^^^^^ associated function or constant not found in `SecretStore<_>`
[INFO] [stdout]      |
[INFO] [stdout]     ::: crates/ppp-harness/src/security/mod.rs:218:1
[INFO] [stdout]      |
[INFO] [stdout]  218 | pub struct SecretStore<B: KeychainBackend> {
[INFO] [stdout]      | ------------------------------------------ associated function or constant `system` not found for this struct
[INFO] [stdout]      |
[INFO] [stdout] note: if you're trying to build a new `SecretStore<_>`, consider using `SecretStore::<B>::new` which returns `SecretStore<_>`
[INFO] [stdout]     --> crates/ppp-harness/src/security/mod.rs:231:5
[INFO] [stdout]      |
[INFO] [stdout]  231 |     pub fn new(backend: B) -> Self {
[INFO] [stdout]      |     ^^^^^^^^^^^^^^^^^^^^^^^^^^^^^^
[INFO] [stdout] 
[INFO] [stdout] 
[INFO] [stdout] error[E0599]: no associated function or constant named `system` found for struct `AnthropicAdapter<D>` in the current scope
[INFO] [stdout]     --> crates/ppp-harness/src/ipc/handlers.rs:1196:68
[INFO] [stdout]      |
[INFO] [stdout] 1196 |                     &crate::provider::anthropic::AnthropicAdapter::system(),
[INFO] [stdout]      |                                                                    ^^^^^^ associated function or constant not found in `AnthropicAdapter<_>`
[INFO] [stdout]      |
[INFO] [stdout]     ::: crates/ppp-harness/src/provider/anthropic.rs:11:1
[INFO] [stdout]      |
[INFO] [stdout]   11 | pub struct AnthropicAdapter<D: KeychainDirectory> {
[INFO] [stdout]      | ------------------------------------------------- associated function or constant `system` not found for this struct
[INFO] [stdout]      |
[INFO] [stdout] note: if you're trying to build a new `AnthropicAdapter<_>`, consider using `AnthropicAdapter::<D>::new` which returns `AnthropicAdapter<_>`
[INFO] [stdout]     --> crates/ppp-harness/src/provider/anthropic.rs:16:5
[INFO] [stdout]      |
[INFO] [stdout]   16 |     pub fn new(source: ClaudeKeychainSource<D>) -> Self {
[INFO] [stdout]      |     ^^^^^^^^^^^^^^^^^^^^^^^^^^^^^^^^^^^^^^^^^^^^^^^^^^^
[INFO] [stdout] 
[INFO] [stdout] 
[INFO] [stdout] error[E0599]: no associated function or constant named `system` found for struct `SecretStore<B>` in the current scope
[INFO] [stdout]     --> crates/ppp-harness/src/ipc/handlers.rs:1221:57
[INFO] [stdout]      |
[INFO] [stdout] 1221 |             let secrets = crate::security::SecretStore::system();
[INFO] [stdout]      |                                                         ^^^^^^ associated function or constant not found in `SecretStore<_>`
[INFO] [stdout]      |
[INFO] [stdout]     ::: crates/ppp-harness/src/security/mod.rs:218:1
[INFO] [stdout]      |
[INFO] [stdout]  218 | pub struct SecretStore<B: KeychainBackend> {
[INFO] [stdout]      | ------------------------------------------ associated function or constant `system` not found for this struct
[INFO] [stdout]      |
[INFO] [stdout] note: if you're trying to build a new `SecretStore<_>`, consider using `SecretStore::<B>::new` which returns `SecretStore<_>`
[INFO] [stdout]     --> crates/ppp-harness/src/security/mod.rs:231:5
[INFO] [stdout]      |
[INFO] [stdout]  231 |     pub fn new(backend: B) -> Self {
[INFO] [stdout]      |     ^^^^^^^^^^^^^^^^^^^^^^^^^^^^^^
[INFO] [stdout] 
[INFO] [stdout] 
[INFO] [stdout] error[E0599]: no associated function or constant named `system` found for struct `SecretStore<B>` in the current scope
[INFO] [stdout]     --> crates/ppp-harness/src/ipc/handlers.rs:1191:57
[INFO] [stdout]      |
[INFO] [stdout] 1191 |             let secrets = crate::security::SecretStore::system();
[INFO] [stdout]      |                                                         ^^^^^^ associated function or constant not found in `SecretStore<_>`
[INFO] [stdout]      |
[INFO] [stdout]     ::: crates/ppp-harness/src/security/mod.rs:218:1
[INFO] [stdout]      |
[INFO] [stdout]  218 | pub struct SecretStore<B: KeychainBackend> {
[INFO] [stdout]      | ------------------------------------------ associated function or constant `system` not found for this struct
[INFO] [stdout]      |
[INFO] [stdout] note: if you're trying to build a new `SecretStore<_>`, consider using `SecretStore::<B>::new` which returns `SecretStore<_>`
[INFO] [stdout]     --> crates/ppp-harness/src/security/mod.rs:231:5
[INFO] [stdout]      |
[INFO] [stdout]  231 |     pub fn new(backend: B) -> Self {
[INFO] [stdout]      |     ^^^^^^^^^^^^^^^^^^^^^^^^^^^^^^
[INFO] [stdout] 
[INFO] [stdout] 
[INFO] [stdout] error[E0599]: no associated function or constant named `system` found for struct `AnthropicAdapter<D>` in the current scope
[INFO] [stdout]     --> crates/ppp-harness/src/ipc/handlers.rs:1196:68
[INFO] [stdout]      |
[INFO] [stdout] 1196 |                     &crate::provider::anthropic::AnthropicAdapter::system(),
[INFO] [stdout]      |                                                                    ^^^^^^ associated function or constant not found in `AnthropicAdapter<_>`
[INFO] [stdout]      |
[INFO] [stdout]     ::: crates/ppp-harness/src/provider/anthropic.rs:11:1
[INFO] [stdout]      |
[INFO] [stdout]   11 | pub struct AnthropicAdapter<D: KeychainDirectory> {
[INFO] [stdout]      | ------------------------------------------------- associated function or constant `system` not found for this struct
[INFO] [stdout]      |
[INFO] [stdout] note: if you're trying to build a new `AnthropicAdapter<_>`, consider using `AnthropicAdapter::<D>::new` which returns `AnthropicAdapter<_>`
[INFO] [stdout]     --> crates/ppp-harness/src/provider/anthropic.rs:16:5
[INFO] [stdout]      |
[INFO] [stdout]   16 |     pub fn new(source: ClaudeKeychainSource<D>) -> Self {
[INFO] [stdout]      |     ^^^^^^^^^^^^^^^^^^^^^^^^^^^^^^^^^^^^^^^^^^^^^^^^^^^
[INFO] [stdout] 
[INFO] [stdout] 
[INFO] [stdout] error[E0599]: no associated function or constant named `system` found for struct `SecretStore<B>` in the current scope
[INFO] [stdout]     --> crates/ppp-harness/src/ipc/handlers.rs:1221:57
[INFO] [stdout]      |
[INFO] [stdout] 1221 |             let secrets = crate::security::SecretStore::system();
[INFO] [stdout]      |                                                         ^^^^^^ associated function or constant not found in `SecretStore<_>`
[INFO] [stdout]      |
[INFO] [stdout]     ::: crates/ppp-harness/src/security/mod.rs:218:1
[INFO] [stdout]      |
[INFO] [stdout]  218 | pub struct SecretStore<B: KeychainBackend> {
[INFO] [stdout]      | ------------------------------------------ associated function or constant `system` not found for this struct
[INFO] [stdout]      |
[INFO] [stdout] note: if you're trying to build a new `SecretStore<_>`, consider using `SecretStore::<B>::new` which returns `SecretStore<_>`
[INFO] [stdout]     --> crates/ppp-harness/src/security/mod.rs:231:5
[INFO] [stdout]      |
[INFO] [stdout]  231 |     pub fn new(backend: B) -> Self {
[INFO] [stdout]      |     ^^^^^^^^^^^^^^^^^^^^^^^^^^^^^^
[INFO] [stdout] 
[INFO] [stdout] 
[INFO] [stdout] For more information about this error, try `rustc --explain E0599`.
[INFO] [stdout] 
[INFO] [stderr] error: could not compile `ppp-harness` (lib test) due to 3 previous errors
[INFO] [stderr] warning: build failed, waiting for other jobs to finish...
[INFO] [stdout] For more information about this error, try `rustc --explain E0599`.
[INFO] [stdout] 
[INFO] [stderr] error: could not compile `ppp-harness` (lib) due to 3 previous errors
[INFO] running `Command { std: "docker" "inspect" "d250a80f19be15507657e458dd788f89daefeee0ed1f99c02d26413ad66d7d31", kill_on_drop: false }`
[INFO] running `Command { std: "docker" "rm" "-f" "d250a80f19be15507657e458dd788f89daefeee0ed1f99c02d26413ad66d7d31", kill_on_drop: false }`
[INFO] [stdout] d250a80f19be15507657e458dd788f89daefeee0ed1f99c02d26413ad66d7d31
