[INFO] cloning repository https://github.com/sudhansu0609/Sentinel
[INFO] running `Command { std: "git" "-c" "credential.helper=" "-c" "credential.helper=/workspace/cargo-home/bin/git-credential-null" "clone" "--bare" "https://github.com/sudhansu0609/Sentinel" "/workspace/cache/git-repos/https%3A%2F%2Fgithub.com%2Fsudhansu0609%2FSentinel", kill_on_drop: false }`
[INFO] [stderr] Cloning into bare repository '/workspace/cache/git-repos/https%3A%2F%2Fgithub.com%2Fsudhansu0609%2FSentinel'...
[INFO] running `Command { std: "git" "rev-parse" "HEAD", kill_on_drop: false }`
[INFO] [stdout] d65a6b24a0b2f31b408895f9c8577d706f87dc34
[INFO] checking sudhansu0609/Sentinel against 3154cc1a3e6424e44f438a95007d043ed5ceaaf6 for pr-133502-30
[INFO] running `Command { std: "git" "clone" "/workspace/cache/git-repos/https%3A%2F%2Fgithub.com%2Fsudhansu0609%2FSentinel" "/workspace/builds/worker-0-tc2/source", kill_on_drop: false }`
[INFO] [stderr] Cloning into '/workspace/builds/worker-0-tc2/source'...
[INFO] [stderr] done.
[INFO] started tweaking git repo https://github.com/sudhansu0609/Sentinel
[INFO] finished tweaking git repo https://github.com/sudhansu0609/Sentinel
[INFO] tweaked toml for git repo https://github.com/sudhansu0609/Sentinel written to /workspace/builds/worker-0-tc2/source/Cargo.toml
[INFO] validating manifest of git repo https://github.com/sudhansu0609/Sentinel on toolchain 3154cc1a3e6424e44f438a95007d043ed5ceaaf6
[INFO] running `Command { std: CARGO_HOME="/workspace/cargo-home" RUSTUP_HOME="/workspace/rustup-home" "/workspace/cargo-home/bin/cargo" "+3154cc1a3e6424e44f438a95007d043ed5ceaaf6" "metadata" "--manifest-path" "Cargo.toml" "--no-deps", kill_on_drop: false }`
[INFO] crate git repo https://github.com/sudhansu0609/Sentinel already has a lockfile, it will not be regenerated
[INFO] running `Command { std: CARGO_HOME="/workspace/cargo-home" RUSTUP_HOME="/workspace/rustup-home" "/workspace/cargo-home/bin/cargo" "+3154cc1a3e6424e44f438a95007d043ed5ceaaf6" "fetch" "--manifest-path" "Cargo.toml", kill_on_drop: false }`
[INFO] [stderr] warning: unused field `authors` in `workspace.package`
[INFO] [stderr]   --> Cargo.toml:36:1
[INFO] [stderr]    |
[INFO] [stderr] 36 | authors = ["Sentinel"]
[INFO] [stderr]    | ^^^^^^^
[INFO] [stderr]    |
[INFO] [stderr]    = note: `cargo::unused_workspace_package_fields` is set to `warn` by default
[INFO] [stderr] help: consider removing the field `workspace.package.authors`
[INFO] [stderr] warning: workspace (manifest) generated 1 warning
[INFO] running `Command { std: "docker" "create" "-v" "/var/lib/crater-agent-workspace/builds/worker-0-tc2/source:/opt/rustwide/workdir:ro,Z" "-v" "/var/lib/crater-agent-workspace/builds/worker-0-tc2/target:/opt/rustwide/target:rw,Z" "-v" "/var/lib/crater-agent-workspace/cargo-home:/opt/rustwide/cargo-home:ro,Z" "-v" "/var/lib/crater-agent-workspace/rustup-home:/opt/rustwide/rustup-home:ro,Z" "-m" "1610612736" "--network" "none" "ghcr.io/rust-lang/crates-build-env/linux@sha256:77db811e55d90add9212f6832c23229e3de5f1c1f9905e8cb07319ea15df73ac" "sleep" "infinity", kill_on_drop: false }`
[INFO] [stdout] c17cb24b0e686d920d9872fd693e47486ca12c62be9c15a3e33a3b14b24949b6
[INFO] running `Command { std: "docker" "start" "c17cb24b0e686d920d9872fd693e47486ca12c62be9c15a3e33a3b14b24949b6", kill_on_drop: false }`
[INFO] running `Command { std: "docker" "inspect" "c17cb24b0e686d920d9872fd693e47486ca12c62be9c15a3e33a3b14b24949b6", kill_on_drop: false }`
[INFO] running `Command { std: "docker" "exec" "-e" "SOURCE_DIR=/opt/rustwide/workdir" "-e" "CARGO_HOME=/opt/rustwide/cargo-home" "-e" "RUSTUP_HOME=/opt/rustwide/rustup-home" "-e" "CARGO_TARGET_DIR=/opt/rustwide/target" "-w" "/opt/rustwide/workdir" "--user" "0:0" "c17cb24b0e686d920d9872fd693e47486ca12c62be9c15a3e33a3b14b24949b6" "/opt/rustwide/cargo-home/bin/cargo" "+3154cc1a3e6424e44f438a95007d043ed5ceaaf6" "metadata" "--no-deps" "--format-version=1", kill_on_drop: false }`
[INFO] running `Command { std: "docker" "inspect" "c17cb24b0e686d920d9872fd693e47486ca12c62be9c15a3e33a3b14b24949b6", kill_on_drop: false }`
[INFO] running `Command { std: "docker" "exec" "-e" "SOURCE_DIR=/opt/rustwide/workdir" "-e" "CARGO_HOME=/opt/rustwide/cargo-home" "-e" "RUSTUP_HOME=/opt/rustwide/rustup-home" "-e" "CARGO_TARGET_DIR=/opt/rustwide/target" "-e" "CARGO_INCREMENTAL=0" "-e" "RUST_BACKTRACE=full" "-e" "RUSTFLAGS=--cap-lints=forbid" "-e" "RUSTDOCFLAGS=--cap-lints=forbid" "-w" "/opt/rustwide/workdir" "--user" "0:0" "c17cb24b0e686d920d9872fd693e47486ca12c62be9c15a3e33a3b14b24949b6" "/opt/rustwide/cargo-home/bin/cargo" "+3154cc1a3e6424e44f438a95007d043ed5ceaaf6" "check" "--frozen" "--all" "--all-targets" "--message-format=json", kill_on_drop: false }`
[INFO] [stderr] warning: unused field `authors` in `workspace.package`
[INFO] [stderr]   --> Cargo.toml:36:1
[INFO] [stderr]    |
[INFO] [stderr] 36 | authors = ["Sentinel"]
[INFO] [stderr]    | ^^^^^^^
[INFO] [stderr]    |
[INFO] [stderr]    = note: `cargo::unused_workspace_package_fields` is set to `warn` by default
[INFO] [stderr] help: consider removing the field `workspace.package.authors`
[INFO] [stderr] warning: workspace (manifest) generated 1 warning
[INFO] [stderr]    Compiling windows_x86_64_gnu v0.53.1
[INFO] [stderr]     Checking windows-link v0.1.3
[INFO] [stderr]     Checking toml_write v0.1.2
[INFO] [stderr]     Checking winnow v0.7.15
[INFO] [stderr]     Checking regex-automata v0.4.18
[INFO] [stderr]    Compiling syn v2.0.119
[INFO] [stderr]    Compiling syn v3.0.3
[INFO] [stderr]     Checking serde_json v1.0.151
[INFO] [stderr]     Checking symlink v0.1.0
[INFO] [stderr]     Checking time v0.3.55
[INFO] [stderr]     Checking windows-service v0.8.1
[INFO] [stderr]     Checking memstress v0.1.0 (/opt/rustwide/workdir/tools/memstress)
[INFO] [stderr]     Checking windows-strings v0.3.1
[INFO] [stderr]     Checking windows-result v0.3.4
[INFO] [stderr]     Checking windows-targets v0.53.5
[INFO] [stderr]     Checking matchers v0.2.0
[INFO] [stderr]    Compiling serde_derive v1.0.229
[INFO] [stderr]    Compiling thiserror-impl v2.0.20
[INFO] [stderr]     Checking thiserror v2.0.20
[INFO] [stderr]    Compiling windows-interface v0.59.3
[INFO] [stderr]    Compiling windows-implement v0.59.0
[INFO] [stderr]    Compiling tracing-attributes v0.1.31
[INFO] [stderr]     Checking serde v1.0.229
[INFO] [stderr]     Checking tracing v0.1.44
[INFO] [stderr]     Checking windows-core v0.59.0
[INFO] [stderr]     Checking tracing-subscriber v0.3.23
[INFO] [stderr]     Checking serde_spanned v0.6.9
[INFO] [stderr]     Checking toml_datetime v0.6.11
[INFO] [stderr]     Checking windows v0.59.0
[INFO] [stderr]     Checking toml_edit v0.22.27
[INFO] [stderr]     Checking sentinel-installer v0.1.0 (/opt/rustwide/workdir/crates/installer)
[INFO] [stderr]     Checking vramstress v0.1.0 (/opt/rustwide/workdir/tools/vramstress)
[INFO] [stdout] error[E0433]: cannot find `Win32` in `windows`
[INFO] [stdout]   --> tools/vramstress/src/main.rs:30:14
[INFO] [stdout]    |
[INFO] [stdout] 30 | use windows::Win32::Foundation::HMODULE;
[INFO] [stdout]    |              ^^^^^ could not find `Win32` in `windows`
[INFO] [stdout] 
[INFO] [stdout] 
[INFO] [stdout] error[E0433]: cannot find `Win32` in `windows`
[INFO] [stdout]   --> tools/vramstress/src/main.rs:31:14
[INFO] [stdout]    |
[INFO] [stdout] 31 | use windows::Win32::Graphics::Direct3D::{D3D_DRIVER_TYPE_HARDWARE, D3D_FEATURE_LEVEL_11_0};
[INFO] [stdout]    |              ^^^^^ could not find `Win32` in `windows`
[INFO] [stdout] 
[INFO] [stdout] 
[INFO] [stdout] error[E0433]: cannot find `Win32` in `windows`
[INFO] [stdout]   --> tools/vramstress/src/main.rs:32:14
[INFO] [stdout]    |
[INFO] [stdout] 32 | use windows::Win32::Graphics::Direct3D11::{
[INFO] [stdout]    |              ^^^^^ could not find `Win32` in `windows`
[INFO] [stdout] 
[INFO] [stdout] 
[INFO] [stdout] error[E0433]: cannot find `Win32` in `windows`
[INFO] [stdout]   --> tools/vramstress/src/main.rs:37:14
[INFO] [stdout]    |
[INFO] [stdout] 37 | use windows::Win32::Graphics::Dxgi::IDXGIAdapter;
[INFO] [stdout]    |              ^^^^^ could not find `Win32` in `windows`
[INFO] [stdout] 
[INFO] [stdout] 
[INFO] [stdout] error[E0433]: cannot find `Win32` in `windows`
[INFO] [stdout]   --> tools/vramstress/src/main.rs:30:14
[INFO] [stdout]    |
[INFO] [stdout] 30 | use windows::Win32::Foundation::HMODULE;
[INFO] [stdout]    |              ^^^^^ could not find `Win32` in `windows`
[INFO] [stdout] 
[INFO] [stdout] 
[INFO] [stdout] error[E0433]: cannot find `Win32` in `windows`
[INFO] [stdout]   --> tools/vramstress/src/main.rs:31:14
[INFO] [stdout]    |
[INFO] [stdout] 31 | use windows::Win32::Graphics::Direct3D::{D3D_DRIVER_TYPE_HARDWARE, D3D_FEATURE_LEVEL_11_0};
[INFO] [stdout]    |              ^^^^^ could not find `Win32` in `windows`
[INFO] [stdout] 
[INFO] [stdout] 
[INFO] [stdout] error[E0433]: cannot find `Win32` in `windows`
[INFO] [stdout]   --> tools/vramstress/src/main.rs:32:14
[INFO] [stdout]    |
[INFO] [stdout] 32 | use windows::Win32::Graphics::Direct3D11::{
[INFO] [stdout]    |              ^^^^^ could not find `Win32` in `windows`
[INFO] [stdout] 
[INFO] [stdout] 
[INFO] [stdout] error[E0433]: cannot find `Win32` in `windows`
[INFO] [stdout]   --> tools/vramstress/src/main.rs:37:14
[INFO] [stdout]    |
[INFO] [stdout] 37 | use windows::Win32::Graphics::Dxgi::IDXGIAdapter;
[INFO] [stdout]    |              ^^^^^ could not find `Win32` in `windows`
[INFO] [stdout] 
[INFO] [stdout] 
[INFO] [stdout] error: couldn't read `/opt/rustwide/workdir/crates/installer/../../target/release/sentinel-service.exe`: No such file or directory (os error 2)
[INFO] [stdout]   --> crates/installer/src/main.rs:33:5
[INFO] [stdout]    |
[INFO] [stdout] 33 |     include_bytes!(concat!(env!("CARGO_MANIFEST_DIR"), "/../../target/release/sentinel-service.exe"));
[INFO] [stdout]    |     ^^^^^^^^^^^^^^^^^^^^^^^^^^^^^^^^^^^^^^^^^^^^^^^^^^^^^^^^^^^^^^^^^^^^^^^^^^^^^^^^^^^^^^^^^^^^^^^^^
[INFO] [stdout] 
[INFO] [stdout] 
[INFO] [stdout] error: couldn't read `/opt/rustwide/workdir/crates/installer/../../target/release/sentinel-tray.exe`: No such file or directory (os error 2)
[INFO] [stdout]   --> crates/installer/src/main.rs:35:5
[INFO] [stdout]    |
[INFO] [stdout] 35 |     include_bytes!(concat!(env!("CARGO_MANIFEST_DIR"), "/../../target/release/sentinel-tray.exe"));
[INFO] [stdout]    |     ^^^^^^^^^^^^^^^^^^^^^^^^^^^^^^^^^^^^^^^^^^^^^^^^^^^^^^^^^^^^^^^^^^^^^^^^^^^^^^^^^^^^^^^^^^^^^^
[INFO] [stdout] 
[INFO] [stdout] 
[INFO] [stdout] error[E0433]: cannot find `Win32` in `windows`
[INFO] [stdout]   --> crates/installer/src/main.rs:22:14
[INFO] [stdout]    |
[INFO] [stdout] 22 | use windows::Win32::Foundation::{CloseHandle, HANDLE};
[INFO] [stdout]    |              ^^^^^ could not find `Win32` in `windows`
[INFO] [stdout] 
[INFO] [stdout] 
[INFO] [stdout] error[E0433]: cannot find `Win32` in `windows`
[INFO] [stdout]   --> crates/installer/src/main.rs:23:14
[INFO] [stdout]    |
[INFO] [stdout] 23 | use windows::Win32::Security::{
[INFO] [stdout]    |              ^^^^^ could not find `Win32` in `windows`
[INFO] [stdout] 
[INFO] [stdout] 
[INFO] [stdout] error[E0433]: cannot find `Win32` in `windows`
[INFO] [stdout]   --> crates/installer/src/main.rs:26:14
[INFO] [stdout]    |
[INFO] [stdout] 26 | use windows::Win32::System::Threading::{GetCurrentProcess, OpenProcessToken};
[INFO] [stdout]    |              ^^^^^ could not find `Win32` in `windows`
[INFO] [stdout] 
[INFO] [stdout] 
[INFO] [stdout] error[E0433]: cannot find `Win32` in `windows`
[INFO] [stdout]   --> crates/installer/src/main.rs:27:14
[INFO] [stdout]    |
[INFO] [stdout] 27 | use windows::Win32::UI::Shell::ShellExecuteW;
[INFO] [stdout]    |              ^^^^^ could not find `Win32` in `windows`
[INFO] [stdout] 
[INFO] [stdout] 
[INFO] [stdout] error[E0433]: cannot find `Win32` in `windows`
[INFO] [stdout]   --> crates/installer/src/main.rs:28:14
[INFO] [stdout]    |
[INFO] [stdout] 28 | use windows::Win32::UI::WindowsAndMessaging::SW_SHOWNORMAL;
[INFO] [stdout]    |              ^^^^^ could not find `Win32` in `windows`
[INFO] [stdout] 
[INFO] [stdout] 
[INFO] [stdout] error[E0433]: cannot find `windows` in `os`
[INFO] [stdout]    --> crates/installer/src/main.rs:247:22
[INFO] [stdout]     |
[INFO] [stdout] 247 |         use std::os::windows::ffi::OsStrExt;
[INFO] [stdout]     |                      ^^^^^^^ could not find `windows` in `os`
[INFO] [stdout]     |
[INFO] [stdout] note: found an item that was configured out
[INFO] [stdout]    --> /rustc/3154cc1a3e6424e44f438a95007d043ed5ceaaf6/library/std/src/os/mod.rs:62:4
[INFO] [stdout]     |
[INFO] [stdout]     = note: the item is gated behind the `windows` feature
[INFO] [stdout] 
[INFO] [stdout] 
[INFO] [stdout] error[E0432]: unresolved import `windows::core`
[INFO] [stdout]   --> crates/installer/src/main.rs:21:14
[INFO] [stdout]    |
[INFO] [stdout] 21 | use windows::core::PCWSTR;
[INFO] [stdout]    |              ^^^^ could not find `core` in `windows`
[INFO] [stdout] 
[INFO] [stdout] 
[INFO] [stdout] error: couldn't read `/opt/rustwide/workdir/crates/installer/../../target/release/sentinel-service.exe`: No such file or directory (os error 2)
[INFO] [stdout]   --> crates/installer/src/main.rs:33:5
[INFO] [stdout]    |
[INFO] [stdout] 33 |     include_bytes!(concat!(env!("CARGO_MANIFEST_DIR"), "/../../target/release/sentinel-service.exe"));
[INFO] [stdout]    |     ^^^^^^^^^^^^^^^^^^^^^^^^^^^^^^^^^^^^^^^^^^^^^^^^^^^^^^^^^^^^^^^^^^^^^^^^^^^^^^^^^^^^^^^^^^^^^^^^^
[INFO] [stdout] 
[INFO] [stdout] 
[INFO] [stdout] error: couldn't read `/opt/rustwide/workdir/crates/installer/../../target/release/sentinel-tray.exe`: No such file or directory (os error 2)
[INFO] [stdout]   --> crates/installer/src/main.rs:35:5
[INFO] [stdout]    |
[INFO] [stdout] 35 |     include_bytes!(concat!(env!("CARGO_MANIFEST_DIR"), "/../../target/release/sentinel-tray.exe"));
[INFO] [stdout]    |     ^^^^^^^^^^^^^^^^^^^^^^^^^^^^^^^^^^^^^^^^^^^^^^^^^^^^^^^^^^^^^^^^^^^^^^^^^^^^^^^^^^^^^^^^^^^^^^
[INFO] [stdout] 
[INFO] [stdout] 
[INFO] [stdout] error[E0433]: cannot find `Win32` in `windows`
[INFO] [stdout]   --> crates/installer/src/main.rs:22:14
[INFO] [stdout]    |
[INFO] [stdout] 22 | use windows::Win32::Foundation::{CloseHandle, HANDLE};
[INFO] [stdout]    |              ^^^^^ could not find `Win32` in `windows`
[INFO] [stdout] 
[INFO] [stdout] 
[INFO] [stdout] error[E0433]: cannot find `Win32` in `windows`
[INFO] [stdout]   --> crates/installer/src/main.rs:23:14
[INFO] [stdout]    |
[INFO] [stdout] 23 | use windows::Win32::Security::{
[INFO] [stdout]    |              ^^^^^ could not find `Win32` in `windows`
[INFO] [stdout] 
[INFO] [stdout] 
[INFO] [stdout] error[E0433]: cannot find `Win32` in `windows`
[INFO] [stdout]   --> crates/installer/src/main.rs:26:14
[INFO] [stdout]    |
[INFO] [stdout] 26 | use windows::Win32::System::Threading::{GetCurrentProcess, OpenProcessToken};
[INFO] [stdout]    |              ^^^^^ could not find `Win32` in `windows`
[INFO] [stdout] 
[INFO] [stdout] 
[INFO] [stdout] error[E0433]: cannot find `Win32` in `windows`
[INFO] [stdout]   --> crates/installer/src/main.rs:27:14
[INFO] [stdout]    |
[INFO] [stdout] 27 | use windows::Win32::UI::Shell::ShellExecuteW;
[INFO] [stdout]    |              ^^^^^ could not find `Win32` in `windows`
[INFO] [stdout] 
[INFO] [stdout] 
[INFO] [stdout] error[E0433]: cannot find `Win32` in `windows`
[INFO] [stdout]   --> crates/installer/src/main.rs:28:14
[INFO] [stdout]    |
[INFO] [stdout] 28 | use windows::Win32::UI::WindowsAndMessaging::SW_SHOWNORMAL;
[INFO] [stdout]    |              ^^^^^ could not find `Win32` in `windows`
[INFO] [stdout] 
[INFO] [stdout] 
[INFO] [stdout] error[E0433]: cannot find `windows` in `os`
[INFO] [stdout]    --> crates/installer/src/main.rs:247:22
[INFO] [stdout]     |
[INFO] [stdout] 247 |         use std::os::windows::ffi::OsStrExt;
[INFO] [stdout]     |                      ^^^^^^^ could not find `windows` in `os`
[INFO] [stdout]     |
[INFO] [stdout] note: found an item that was configured out
[INFO] [stdout]    --> /rustc/3154cc1a3e6424e44f438a95007d043ed5ceaaf6/library/std/src/os/mod.rs:62:4
[INFO] [stdout]     |
[INFO] [stdout]     = note: the item is gated behind the `windows` feature
[INFO] [stdout] 
[INFO] [stdout] 
[INFO] [stdout] error[E0432]: unresolved import `windows::core`
[INFO] [stdout]   --> crates/installer/src/main.rs:21:14
[INFO] [stdout]    |
[INFO] [stdout] 21 | use windows::core::PCWSTR;
[INFO] [stdout]    |              ^^^^ could not find `core` in `windows`
[INFO] [stdout] 
[INFO] [stdout] 
[INFO] [stdout] For more information about this error, try `rustc --explain E0433`.
[INFO] [stdout] 
[INFO] [stderr] error: could not compile `vramstress` (bin "vramstress") due to 4 previous errors
[INFO] [stderr] warning: build failed, waiting for other jobs to finish...
[INFO] [stdout] For more information about this error, try `rustc --explain E0433`.
[INFO] [stdout] 
[INFO] [stderr] error: could not compile `vramstress` (bin "vramstress" test) due to 4 previous errors
[INFO] [stdout] error[E0599]: no method named `encode_wide` found for reference `&OsStr` in the current scope
[INFO] [stdout]    --> crates/installer/src/main.rs:248:14
[INFO] [stdout]     |
[INFO] [stdout] 248 |         self.encode_wide().chain(std::iter::once(0)).collect()
[INFO] [stdout]     |              ^^^^^^^^^^^
[INFO] [stdout]     |
[INFO] [stdout] help: there is a method `encode_wide_nul` with a similar name
[INFO] [stdout]     |
[INFO] [stdout] 248 |         self.encode_wide_nul().chain(std::iter::once(0)).collect()
[INFO] [stdout]     |                         ++++
[INFO] [stdout] 
[INFO] [stdout] 
[INFO] [stdout] error[E0599]: no method named `encode_wide` found for reference `&OsStr` in the current scope
[INFO] [stdout]    --> crates/installer/src/main.rs:248:14
[INFO] [stdout]     |
[INFO] [stdout] 248 |         self.encode_wide().chain(std::iter::once(0)).collect()
[INFO] [stdout]     |              ^^^^^^^^^^^
[INFO] [stdout]     |
[INFO] [stdout] help: there is a method `encode_wide_nul` with a similar name
[INFO] [stdout]     |
[INFO] [stdout] 248 |         self.encode_wide_nul().chain(std::iter::once(0)).collect()
[INFO] [stdout]     |                         ++++
[INFO] [stdout] 
[INFO] [stdout] 
[INFO] [stdout] Some errors have detailed explanations: E0432, E0433, E0599.
[INFO] [stdout] 
[INFO] [stdout] For more information about an error, try `rustc --explain E0432`.
[INFO] [stdout] 
[INFO] [stderr] error: could not compile `sentinel-installer` (bin "sentinel-installer") due to 10 previous errors
[INFO] [stdout] Some errors have detailed explanations: E0432, E0433, E0599.
[INFO] [stdout] 
[INFO] [stdout] For more information about an error, try `rustc --explain E0432`.
[INFO] [stdout] 
[INFO] [stderr] error: could not compile `sentinel-installer` (bin "sentinel-installer" test) due to 10 previous errors
[INFO] running `Command { std: "docker" "inspect" "c17cb24b0e686d920d9872fd693e47486ca12c62be9c15a3e33a3b14b24949b6", kill_on_drop: false }`
[INFO] running `Command { std: "docker" "rm" "-f" "c17cb24b0e686d920d9872fd693e47486ca12c62be9c15a3e33a3b14b24949b6", kill_on_drop: false }`
[INFO] [stdout] c17cb24b0e686d920d9872fd693e47486ca12c62be9c15a3e33a3b14b24949b6
