[INFO] cloning repository https://github.com/subhwastaken/Keryx
[INFO] running `Command { std: "git" "-c" "credential.helper=" "-c" "credential.helper=/workspace/cargo-home/bin/git-credential-null" "clone" "--bare" "https://github.com/subhwastaken/Keryx" "/workspace/cache/git-repos/https%3A%2F%2Fgithub.com%2Fsubhwastaken%2FKeryx", kill_on_drop: false }`
[INFO] [stderr] Cloning into bare repository '/workspace/cache/git-repos/https%3A%2F%2Fgithub.com%2Fsubhwastaken%2FKeryx'...
[INFO] running `Command { std: "git" "rev-parse" "HEAD", kill_on_drop: false }`
[INFO] [stdout] e122cec1fce40aa7c310585293dccace744de9e8
[INFO] checking subhwastaken/Keryx against 3154cc1a3e6424e44f438a95007d043ed5ceaaf6+rustflags=-Znext-solver=coherence for pr-133502-30
[INFO] running `Command { std: "git" "clone" "/workspace/cache/git-repos/https%3A%2F%2Fgithub.com%2Fsubhwastaken%2FKeryx" "/workspace/builds/worker-5-tc1/source", kill_on_drop: false }`
[INFO] [stderr] Cloning into '/workspace/builds/worker-5-tc1/source'...
[INFO] [stderr] done.
[INFO] started tweaking git repo https://github.com/subhwastaken/Keryx
[INFO] finished tweaking git repo https://github.com/subhwastaken/Keryx
[INFO] tweaked toml for git repo https://github.com/subhwastaken/Keryx written to /workspace/builds/worker-5-tc1/source/Cargo.toml
[INFO] validating manifest of git repo https://github.com/subhwastaken/Keryx on toolchain 3154cc1a3e6424e44f438a95007d043ed5ceaaf6
[INFO] running `Command { std: CARGO_HOME="/workspace/cargo-home" RUSTUP_HOME="/workspace/rustup-home" "/workspace/cargo-home/bin/cargo" "+3154cc1a3e6424e44f438a95007d043ed5ceaaf6" "metadata" "--manifest-path" "Cargo.toml" "--no-deps", kill_on_drop: false }`
[INFO] crate git repo https://github.com/subhwastaken/Keryx already has a lockfile, it will not be regenerated
[INFO] running `Command { std: CARGO_HOME="/workspace/cargo-home" RUSTUP_HOME="/workspace/rustup-home" "/workspace/cargo-home/bin/cargo" "+3154cc1a3e6424e44f438a95007d043ed5ceaaf6" "fetch" "--manifest-path" "Cargo.toml", kill_on_drop: false }`
[INFO] [stderr]     Blocking waiting for file lock on package cache
[INFO] [stderr]     Updating crates.io index
[INFO] [stderr]     Blocking waiting for file lock on package cache
[INFO] [stderr]  Downloading crates ...
[INFO] [stderr]   Downloaded rdev v0.5.3
[INFO] [stderr]   Downloaded core-graphics v0.21.0
[INFO] [stderr]   Downloaded cocoa v0.22.0
[INFO] [stderr]   Downloaded enigo v0.2.1
[INFO] [stderr]   Downloaded block2 v0.4.0
[INFO] [stderr]   Downloaded icrate v0.1.2
[INFO] running `Command { std: "docker" "create" "-v" "/var/lib/crater-agent-workspace/builds/worker-5-tc1/source:/opt/rustwide/workdir:ro,Z" "-v" "/var/lib/crater-agent-workspace/builds/worker-5-tc1/target:/opt/rustwide/target:rw,Z" "-v" "/var/lib/crater-agent-workspace/cargo-home:/opt/rustwide/cargo-home:ro,Z" "-v" "/var/lib/crater-agent-workspace/rustup-home:/opt/rustwide/rustup-home:ro,Z" "-m" "1610612736" "--network" "none" "ghcr.io/rust-lang/crates-build-env/linux@sha256:77db811e55d90add9212f6832c23229e3de5f1c1f9905e8cb07319ea15df73ac" "sleep" "infinity", kill_on_drop: false }`
[INFO] [stdout] e6664304e75b1160b5b9d9ce6f73e6da656f25e48dbd2e0e174fdf767abaf632
[INFO] running `Command { std: "docker" "start" "e6664304e75b1160b5b9d9ce6f73e6da656f25e48dbd2e0e174fdf767abaf632", kill_on_drop: false }`
[INFO] running `Command { std: "docker" "inspect" "e6664304e75b1160b5b9d9ce6f73e6da656f25e48dbd2e0e174fdf767abaf632", kill_on_drop: false }`
[INFO] running `Command { std: "docker" "exec" "-e" "SOURCE_DIR=/opt/rustwide/workdir" "-e" "CARGO_HOME=/opt/rustwide/cargo-home" "-e" "RUSTUP_HOME=/opt/rustwide/rustup-home" "-e" "CARGO_TARGET_DIR=/opt/rustwide/target" "-w" "/opt/rustwide/workdir" "--user" "0:0" "e6664304e75b1160b5b9d9ce6f73e6da656f25e48dbd2e0e174fdf767abaf632" "/opt/rustwide/cargo-home/bin/cargo" "+3154cc1a3e6424e44f438a95007d043ed5ceaaf6" "metadata" "--no-deps" "--format-version=1", kill_on_drop: false }`
[INFO] running `Command { std: "docker" "inspect" "e6664304e75b1160b5b9d9ce6f73e6da656f25e48dbd2e0e174fdf767abaf632", kill_on_drop: false }`
[INFO] running `Command { std: "docker" "exec" "-e" "SOURCE_DIR=/opt/rustwide/workdir" "-e" "CARGO_HOME=/opt/rustwide/cargo-home" "-e" "RUSTUP_HOME=/opt/rustwide/rustup-home" "-e" "CARGO_TARGET_DIR=/opt/rustwide/target" "-e" "CARGO_INCREMENTAL=0" "-e" "RUST_BACKTRACE=full" "-e" "RUSTFLAGS=--cap-lints=forbid -Znext-solver=coherence" "-e" "RUSTDOCFLAGS=--cap-lints=forbid" "-w" "/opt/rustwide/workdir" "--user" "0:0" "e6664304e75b1160b5b9d9ce6f73e6da656f25e48dbd2e0e174fdf767abaf632" "/opt/rustwide/cargo-home/bin/cargo" "+3154cc1a3e6424e44f438a95007d043ed5ceaaf6" "check" "--frozen" "--all" "--all-targets" "--message-format=json", kill_on_drop: false }`
[INFO] [stderr]    Compiling serde_core v1.0.229
[INFO] [stderr]    Compiling smallvec v1.15.2
[INFO] [stderr]    Compiling syn v3.0.4
[INFO] [stderr]     Checking bitflags v2.13.1
[INFO] [stderr]     Checking log v0.4.34
[INFO] [stderr]     Checking futures-channel v0.3.34
[INFO] [stderr]    Compiling syn v1.0.109
[INFO] [stderr]    Compiling proc-macro-error-attr v1.0.4
[INFO] [stderr]     Checking parking_lot v0.12.5
[INFO] [stderr]     Checking rustix v1.1.4
[INFO] [stderr]    Compiling toml_datetime v1.1.1+spec-1.1.0
[INFO] [stderr]    Compiling cfg-expr v0.15.8
[INFO] [stderr]    Compiling equator-macro v0.4.2
[INFO] [stderr]    Compiling gio v0.18.4
[INFO] [stderr]    Compiling toml_edit v0.25.13+spec-1.1.0
[INFO] [stderr]     Checking tracing v0.1.44
[INFO] [stderr]     Checking futures-lite v2.6.1
[INFO] [stderr]    Compiling proc-macro-error v1.0.4
[INFO] [stderr]    Compiling x11 v2.21.0
[INFO] [stderr]     Checking flate2 v1.1.9
[INFO] [stderr]    Compiling zerocopy-derive v0.8.56
[INFO] [stderr]     Checking equator v0.4.2
[INFO] [stderr]     Checking aligned-vec v0.6.4
[INFO] [stderr]    Compiling proc-macro-crate v3.5.0
[INFO] [stderr]     Checking v_frame v0.3.9
[INFO] [stderr]    Compiling openssl-macros v0.1.1
[INFO] [stderr]    Compiling profiling-procmacros v1.0.18
[INFO] [stderr]    Compiling arg_enum_proc_macro v0.3.4
[INFO] [stderr]     Checking profiling v1.0.18
[INFO] [stderr]     Checking openssl v0.10.81
[INFO] [stderr]     Checking av1-grain v0.2.5
[INFO] [stderr]     Checking raw-cpuid v11.6.0
[INFO] [stderr]     Checking zerocopy v0.8.56
[INFO] [stderr]    Compiling num-derive v0.4.2
[INFO] [stderr]    Compiling simd_helpers v0.1.0
[INFO] [stderr]    Compiling alsa-sys v0.3.1
[INFO] [stderr]     Checking libxdo-sys v0.11.0
[INFO] [stderr]     Checking piper v0.2.5
[INFO] [stderr]     Checking blocking v1.7.0
[INFO] [stderr]     Checking libxdo v0.6.0
[INFO] [stderr]    Compiling mime_guess v2.0.5
[INFO] [stderr]     Checking async-executor v1.14.0
[INFO] [stderr]     Checking png v0.18.1
[INFO] [stderr]     Checking uuid v1.25.0
[INFO] [stderr]     Checking memmap2 v0.8.0
[INFO] [stderr]     Checking x11rb-protocol v0.13.2
[INFO] [stderr]     Checking png v0.17.16
[INFO] [stderr]     Checking pulp v0.22.3
[INFO] [stderr]     Checking polling v3.11.0
[INFO] [stderr]     Checking async-io v2.6.0
[INFO] [stderr]     Checking gethostname v1.1.0
[INFO] [stderr]     Checking async-signal v0.2.14
[INFO] [stderr]     Checking xkbcommon v0.7.0
[INFO] [stderr]     Checking async-process v2.5.0
[INFO] [stderr]     Checking alsa v0.9.1
[INFO] [stderr]     Checking env_filter v2.0.0
[INFO] [stderr]     Checking rdev v0.5.3
[INFO] [stderr]     Checking env_logger v0.11.11
[INFO] [stderr]     Checking tempfile v3.27.0
[INFO] [stderr]     Checking native-tls v0.2.18
[INFO] [stderr]     Checking enigo v0.2.1
[INFO] [stderr]     Checking fs2 v0.4.3
[INFO] [stderr]     Checking hound v3.5.1
[INFO] [stderr]    Compiling serde_derive v1.0.229
[INFO] [stderr]    Compiling futures-macro v0.3.34
[INFO] [stderr]    Compiling zerovec-derive v0.11.6
[INFO] [stderr]    Compiling displaydoc v0.2.7
[INFO] [stderr]    Compiling tokio-macros v2.7.2
[INFO] [stderr]     Checking tokio v1.53.1
[INFO] [stderr]     Checking zerotrie v0.2.5
[INFO] [stderr]     Checking futures-util v0.3.34
[INFO] [stderr]    Compiling thiserror-impl v2.0.20
[INFO] [stderr]     Checking zerovec v0.11.8
[INFO] [stderr]     Checking half v2.7.1
[INFO] [stderr]     Checking tiff v0.11.3
[INFO] [stderr]    Compiling async-trait v0.1.92
[INFO] [stderr]     Checking tinystr v0.8.4
[INFO] [stderr]     Checking icu_locale_core v2.3.0
[INFO] [stderr]     Checking potential_utf v0.1.6
[INFO] [stderr]     Checking thiserror v2.0.20
[INFO] [stderr]     Checking av-scenechange v0.14.1
[INFO] [stderr]     Checking icu_collections v2.3.0
[INFO] [stderr]     Checking exr v1.74.2
[INFO] [stderr]    Compiling serde_repr v0.1.21
[INFO] [stderr]     Checking x11rb v0.13.2
[INFO] [stderr]     Checking icu_provider v2.3.1
[INFO] [stderr]     Checking rav1e v0.8.1
[INFO] [stderr]     Checking futures-executor v0.3.34
[INFO] [stderr]     Checking cpal v0.15.3
[INFO] [stderr]     Checking icu_properties v2.3.0
[INFO] [stderr]     Checking icu_normalizer v2.3.0
[INFO] [stderr]    Compiling serde v1.0.229
[INFO] [stderr]     Checking zvariant_utils v4.2.0
[INFO] [stderr]     Checking zcheapstr v1.1.0
[INFO] [stderr]     Checking enumflags2 v0.7.12
[INFO] [stderr]     Checking keyboard-types v0.7.0
[INFO] [stderr]    Compiling toml_datetime v0.6.3
[INFO] [stderr]    Compiling serde_spanned v0.6.9
[INFO] [stderr]    Compiling toml_edit v0.20.2
[INFO] [stderr]    Compiling toml_edit v0.19.15
[INFO] [stderr]     Checking idna_adapter v1.2.2
[INFO] [stderr]     Checking idna v1.1.0
[INFO] [stderr]     Checking serde_urlencoded v0.7.1
[INFO] [stderr]     Checking url v2.5.8
[INFO] [stderr]    Compiling zvariant_derive v5.15.0
[INFO] [stderr]    Compiling zvariant v5.15.0
[INFO] [stderr]     Checking tokio-util v0.7.19
[INFO] [stderr]     Checking tower v0.5.3
[INFO] [stderr]     Checking tokio-native-tls v0.3.1
[INFO] [stderr]     Checking tower-http v0.6.11
[INFO] [stderr]     Checking h2 v0.4.19
[INFO] [stderr]    Compiling proc-macro-crate v1.3.1
[INFO] [stderr]    Compiling toml v0.8.2
[INFO] [stderr]    Compiling proc-macro-crate v2.0.2
[INFO] [stderr]    Compiling system-deps v6.2.2
[INFO] [stderr]    Compiling gtk3-macros v0.18.2
[INFO] [stderr]    Compiling glib-macros v0.18.5
[INFO] [stderr]    Compiling glib-sys v0.18.1
[INFO] [stderr]    Compiling gobject-sys v0.18.0
[INFO] [stderr]    Compiling gio-sys v0.18.1
[INFO] [stderr]    Compiling pango-sys v0.18.0
[INFO] [stderr]    Compiling gdk-sys v0.18.2
[INFO] [stderr]    Compiling cairo-sys-rs v0.18.2
[INFO] [stderr]    Compiling gdk-pixbuf-sys v0.18.0
[INFO] [stderr]    Compiling atk-sys v0.18.2
[INFO] [stderr]    Compiling gtk-sys v0.18.2
[INFO] [stderr]     Checking ravif v0.13.0
[INFO] [stderr]     Checking zbus_names v4.3.4
[INFO] [stderr]    Compiling gtk v0.18.2
[INFO] [stderr]     Checking image v0.25.10
[INFO] [stderr]    Compiling zbus_macros v5.19.0
[INFO] [stderr]     Checking hyper v1.11.0
[INFO] [stderr]     Checking glib v0.18.5
[INFO] [stderr]     Checking hyper-util v0.1.20
[INFO] [stderr]     Checking libappindicator-sys v0.9.0
[INFO] [stderr]     Checking hyper-tls v0.6.0
[INFO] [stderr]     Checking reqwest v0.12.28
[INFO] [stderr]     Checking arboard v3.6.1
[INFO] [stderr]     Checking zbus v5.19.0
[INFO] [stderr]     Checking cairo-rs v0.18.5
[INFO] [stderr]     Checking atk v0.18.2
[INFO] [stderr]     Checking notify-rust v4.18.0
[INFO] [stderr]     Checking pango v0.18.3
[INFO] [stderr]     Checking gdk-pixbuf v0.18.5
[INFO] [stderr]     Checking gdk v0.18.2
[INFO] [stderr]     Checking libappindicator v0.9.0
[INFO] [stderr]     Checking muda v0.15.3
[INFO] [stderr]     Checking tray-icon v0.19.3
[INFO] [stderr]     Checking keryx v0.1.0 (/opt/rustwide/workdir)
[INFO] [stdout] error[E0425]: cannot find type `id` in this scope
[INFO] [stdout]   --> src/hud_overlay.rs:23:21
[INFO] [stdout]    |
[INFO] [stdout] 23 |     fn from_id(ptr: id) -> Self {
[INFO] [stdout]    |                     ^^ not found in this scope
[INFO] [stdout]    |
[INFO] [stdout] help: a builtin type with a similar name exists
[INFO] [stdout]    |
[INFO] [stdout] 23 -     fn from_id(ptr: id) -> Self {
[INFO] [stdout] 23 +     fn from_id(ptr: i8) -> Self {
[INFO] [stdout]    |
[INFO] [stdout] 
[INFO] [stdout] 
[INFO] [stdout] error[E0425]: cannot find type `id` in this scope
[INFO] [stdout]   --> src/hud_overlay.rs:26:23
[INFO] [stdout]    |
[INFO] [stdout] 26 |     fn to_id(self) -> id {
[INFO] [stdout]    |                       ^^ not found in this scope
[INFO] [stdout]    |
[INFO] [stdout] help: a builtin type with a similar name exists
[INFO] [stdout]    |
[INFO] [stdout] 26 -     fn to_id(self) -> id {
[INFO] [stdout] 26 +     fn to_id(self) -> i8 {
[INFO] [stdout]    |
[INFO] [stdout] 
[INFO] [stdout] 
[INFO] [stdout] error[E0425]: cannot find type `id` in this scope
[INFO] [stdout]   --> src/hud_overlay.rs:27:19
[INFO] [stdout]    |
[INFO] [stdout] 27 |         self.0 as id
[INFO] [stdout]    |                   ^^ not found in this scope
[INFO] [stdout]    |
[INFO] [stdout] help: a builtin type with a similar name exists
[INFO] [stdout]    |
[INFO] [stdout] 27 -         self.0 as id
[INFO] [stdout] 27 +         self.0 as i8
[INFO] [stdout]    |
[INFO] [stdout] 
[INFO] [stdout] 
[INFO] [stdout] error[E0425]: cannot find type `id` in this scope
[INFO] [stdout]   --> src/settings_gui.rs:24:21
[INFO] [stdout]    |
[INFO] [stdout] 24 |     fn from_id(ptr: id) -> Self {
[INFO] [stdout]    |                     ^^ not found in this scope
[INFO] [stdout]    |
[INFO] [stdout] help: a builtin type with a similar name exists
[INFO] [stdout]    |
[INFO] [stdout] 24 -     fn from_id(ptr: id) -> Self {
[INFO] [stdout] 24 +     fn from_id(ptr: i8) -> Self {
[INFO] [stdout]    |
[INFO] [stdout] 
[INFO] [stdout] 
[INFO] [stdout] error[E0425]: cannot find type `id` in this scope
[INFO] [stdout]   --> src/settings_gui.rs:27:23
[INFO] [stdout]    |
[INFO] [stdout] 27 |     fn to_id(self) -> id {
[INFO] [stdout]    |                       ^^ not found in this scope
[INFO] [stdout]    |
[INFO] [stdout] help: a builtin type with a similar name exists
[INFO] [stdout]    |
[INFO] [stdout] 27 -     fn to_id(self) -> id {
[INFO] [stdout] 27 +     fn to_id(self) -> i8 {
[INFO] [stdout]    |
[INFO] [stdout] 
[INFO] [stdout] 
[INFO] [stdout] error[E0425]: cannot find type `id` in this scope
[INFO] [stdout]   --> src/settings_gui.rs:28:19
[INFO] [stdout]    |
[INFO] [stdout] 28 |         self.0 as id
[INFO] [stdout]    |                   ^^ not found in this scope
[INFO] [stdout]    |
[INFO] [stdout] help: a builtin type with a similar name exists
[INFO] [stdout]    |
[INFO] [stdout] 28 -         self.0 as id
[INFO] [stdout] 28 +         self.0 as i8
[INFO] [stdout]    |
[INFO] [stdout] 
[INFO] [stdout] 
[INFO] [stdout] warning: unused import: `parking_lot::Mutex`
[INFO] [stdout]   --> src/hud_overlay.rs:13:5
[INFO] [stdout]    |
[INFO] [stdout] 13 | use parking_lot::Mutex;
[INFO] [stdout]    |     ^^^^^^^^^^^^^^^^^^
[INFO] [stdout]    |
[INFO] [stdout]    = note: `#[warn(unused_imports)]` (part of `#[warn(unused)]`) on by default
[INFO] [stdout] 
[INFO] [stdout] 
[INFO] [stdout] warning: unused import: `Ordering`
[INFO] [stdout]   --> src/hud_overlay.rs:14:36
[INFO] [stdout]    |
[INFO] [stdout] 14 | use std::sync::atomic::{AtomicU64, Ordering};
[INFO] [stdout]    |                                    ^^^^^^^^
[INFO] [stdout] 
[INFO] [stdout] 
[INFO] [stdout] warning: unused import: `Ordering`
[INFO] [stdout]   --> src/settings_gui.rs:15:37
[INFO] [stdout]    |
[INFO] [stdout] 15 | use std::sync::atomic::{AtomicBool, Ordering};
[INFO] [stdout]    |                                     ^^^^^^^^
[INFO] [stdout] 
[INFO] [stdout] 
[INFO] [stdout] warning: unused import: `std::sync::Arc`
[INFO] [stdout]   --> src/settings_gui.rs:16:5
[INFO] [stdout]    |
[INFO] [stdout] 16 | use std::sync::Arc;
[INFO] [stdout]    |     ^^^^^^^^^^^^^^
[INFO] [stdout] 
[INFO] [stdout] 
[INFO] [stdout] error[E0425]: cannot find type `id` in this scope
[INFO] [stdout]   --> src/hud_overlay.rs:23:21
[INFO] [stdout]    |
[INFO] [stdout] 23 |     fn from_id(ptr: id) -> Self {
[INFO] [stdout]    |                     ^^ not found in this scope
[INFO] [stdout]    |
[INFO] [stdout] help: a builtin type with a similar name exists
[INFO] [stdout]    |
[INFO] [stdout] 23 -     fn from_id(ptr: id) -> Self {
[INFO] [stdout] 23 +     fn from_id(ptr: i8) -> Self {
[INFO] [stdout]    |
[INFO] [stdout] 
[INFO] [stdout] 
[INFO] [stdout] error[E0425]: cannot find type `id` in this scope
[INFO] [stdout]   --> src/hud_overlay.rs:26:23
[INFO] [stdout]    |
[INFO] [stdout] 26 |     fn to_id(self) -> id {
[INFO] [stdout]    |                       ^^ not found in this scope
[INFO] [stdout]    |
[INFO] [stdout] help: a builtin type with a similar name exists
[INFO] [stdout]    |
[INFO] [stdout] 26 -     fn to_id(self) -> id {
[INFO] [stdout] 26 +     fn to_id(self) -> i8 {
[INFO] [stdout]    |
[INFO] [stdout] 
[INFO] [stdout] 
[INFO] [stdout] error[E0425]: cannot find type `id` in this scope
[INFO] [stdout]   --> src/hud_overlay.rs:27:19
[INFO] [stdout]    |
[INFO] [stdout] 27 |         self.0 as id
[INFO] [stdout]    |                   ^^ not found in this scope
[INFO] [stdout]    |
[INFO] [stdout] help: a builtin type with a similar name exists
[INFO] [stdout]    |
[INFO] [stdout] 27 -         self.0 as id
[INFO] [stdout] 27 +         self.0 as i8
[INFO] [stdout]    |
[INFO] [stdout] 
[INFO] [stdout] 
[INFO] [stdout] error[E0425]: cannot find type `id` in this scope
[INFO] [stdout]   --> src/settings_gui.rs:24:21
[INFO] [stdout]    |
[INFO] [stdout] 24 |     fn from_id(ptr: id) -> Self {
[INFO] [stdout]    |                     ^^ not found in this scope
[INFO] [stdout]    |
[INFO] [stdout] help: a builtin type with a similar name exists
[INFO] [stdout]    |
[INFO] [stdout] 24 -     fn from_id(ptr: id) -> Self {
[INFO] [stdout] 24 +     fn from_id(ptr: i8) -> Self {
[INFO] [stdout]    |
[INFO] [stdout] 
[INFO] [stdout] 
[INFO] [stdout] error[E0425]: cannot find type `id` in this scope
[INFO] [stdout]   --> src/settings_gui.rs:27:23
[INFO] [stdout]    |
[INFO] [stdout] 27 |     fn to_id(self) -> id {
[INFO] [stdout]    |                       ^^ not found in this scope
[INFO] [stdout]    |
[INFO] [stdout] help: a builtin type with a similar name exists
[INFO] [stdout]    |
[INFO] [stdout] 27 -     fn to_id(self) -> id {
[INFO] [stdout] 27 +     fn to_id(self) -> i8 {
[INFO] [stdout]    |
[INFO] [stdout] 
[INFO] [stdout] 
[INFO] [stdout] error[E0425]: cannot find type `id` in this scope
[INFO] [stdout]   --> src/settings_gui.rs:28:19
[INFO] [stdout]    |
[INFO] [stdout] 28 |         self.0 as id
[INFO] [stdout]    |                   ^^ not found in this scope
[INFO] [stdout]    |
[INFO] [stdout] help: a builtin type with a similar name exists
[INFO] [stdout]    |
[INFO] [stdout] 28 -         self.0 as id
[INFO] [stdout] 28 +         self.0 as i8
[INFO] [stdout]    |
[INFO] [stdout] 
[INFO] [stdout] 
[INFO] [stdout] warning: unused import: `parking_lot::Mutex`
[INFO] [stdout]   --> src/hud_overlay.rs:13:5
[INFO] [stdout]    |
[INFO] [stdout] 13 | use parking_lot::Mutex;
[INFO] [stdout]    |     ^^^^^^^^^^^^^^^^^^
[INFO] [stdout]    |
[INFO] [stdout]    = note: `#[warn(unused_imports)]` (part of `#[warn(unused)]`) on by default
[INFO] [stdout] 
[INFO] [stdout] 
[INFO] [stdout] warning: unused import: `Ordering`
[INFO] [stdout]   --> src/hud_overlay.rs:14:36
[INFO] [stdout]    |
[INFO] [stdout] 14 | use std::sync::atomic::{AtomicU64, Ordering};
[INFO] [stdout]    |                                    ^^^^^^^^
[INFO] [stdout] 
[INFO] [stdout] 
[INFO] [stdout] warning: unused import: `Ordering`
[INFO] [stdout]   --> src/settings_gui.rs:15:37
[INFO] [stdout]    |
[INFO] [stdout] 15 | use std::sync::atomic::{AtomicBool, Ordering};
[INFO] [stdout]    |                                     ^^^^^^^^
[INFO] [stdout] 
[INFO] [stdout] 
[INFO] [stdout] warning: unused import: `std::sync::Arc`
[INFO] [stdout]   --> src/settings_gui.rs:16:5
[INFO] [stdout]    |
[INFO] [stdout] 16 | use std::sync::Arc;
[INFO] [stdout]    |     ^^^^^^^^^^^^^^
[INFO] [stdout] 
[INFO] [stdout] 
[INFO] [stdout] error[E0063]: missing field `generation` in initializer of `HudOverlay`
[INFO] [stdout]   --> src/hud_overlay.rs:99:13
[INFO] [stdout]    |
[INFO] [stdout] 99 |             HudOverlay {}
[INFO] [stdout]    |             ^^^^^^^^^^ missing `generation`
[INFO] [stdout] 
[INFO] [stdout] 
[INFO] [stdout] error[E0063]: missing field `generation` in initializer of `HudOverlay`
[INFO] [stdout]   --> src/hud_overlay.rs:99:13
[INFO] [stdout]    |
[INFO] [stdout] 99 |             HudOverlay {}
[INFO] [stdout]    |             ^^^^^^^^^^ missing `generation`
[INFO] [stdout] 
[INFO] [stdout] 
[INFO] [stdout] warning: unused variable: `text`
[INFO] [stdout]    --> src/hud_overlay.rs:105:13
[INFO] [stdout]     |
[INFO] [stdout] 105 |         let text = initial_text.to_string();
[INFO] [stdout]     |             ^^^^ help: if this is intentional, prefix it with an underscore: `_text`
[INFO] [stdout]     |
[INFO] [stdout]     = note: `#[warn(unused_variables)]` (part of `#[warn(unused)]`) on by default
[INFO] [stdout] 
[INFO] [stdout] 
[INFO] [stdout] warning: unused variable: `level`
[INFO] [stdout]    --> src/hud_overlay.rs:296:38
[INFO] [stdout]     |
[INFO] [stdout] 296 |     pub fn update_audio_level(&self, level: f32) {
[INFO] [stdout]     |                                      ^^^^^ help: if this is intentional, prefix it with an underscore: `_level`
[INFO] [stdout] 
[INFO] [stdout] 
[INFO] [stdout] warning: unused variable: `text`
[INFO] [stdout]    --> src/hud_overlay.rs:335:13
[INFO] [stdout]     |
[INFO] [stdout] 335 |         let text = text.to_string();
[INFO] [stdout]     |             ^^^^ help: if this is intentional, prefix it with an underscore: `_text`
[INFO] [stdout] 
[INFO] [stdout] 
[INFO] [stdout] warning: unused variable: `text`
[INFO] [stdout]    --> src/hud_overlay.rs:105:13
[INFO] [stdout]     |
[INFO] [stdout] 105 |         let text = initial_text.to_string();
[INFO] [stdout]     |             ^^^^ help: if this is intentional, prefix it with an underscore: `_text`
[INFO] [stdout]     |
[INFO] [stdout]     = note: `#[warn(unused_variables)]` (part of `#[warn(unused)]`) on by default
[INFO] [stdout] 
[INFO] [stdout] 
[INFO] [stdout] warning: unused variable: `level`
[INFO] [stdout]    --> src/hud_overlay.rs:296:38
[INFO] [stdout]     |
[INFO] [stdout] 296 |     pub fn update_audio_level(&self, level: f32) {
[INFO] [stdout]     |                                      ^^^^^ help: if this is intentional, prefix it with an underscore: `_level`
[INFO] [stdout] 
[INFO] [stdout] 
[INFO] [stdout] warning: unused variable: `text`
[INFO] [stdout]    --> src/hud_overlay.rs:335:13
[INFO] [stdout]     |
[INFO] [stdout] 335 |         let text = text.to_string();
[INFO] [stdout]     |             ^^^^ help: if this is intentional, prefix it with an underscore: `_text`
[INFO] [stdout] 
[INFO] [stdout] 
[INFO] [stdout] Some errors have detailed explanations: E0063, E0425.
[INFO] [stdout] 
[INFO] [stdout] For more information about an error, try `rustc --explain E0063`.
[INFO] [stdout] 
[INFO] [stderr] error: could not compile `keryx` (lib) due to 7 previous errors; 7 warnings emitted
[INFO] [stderr] warning: build failed, waiting for other jobs to finish...
[INFO] [stdout] Some errors have detailed explanations: E0063, E0425.
[INFO] [stdout] 
[INFO] [stdout] For more information about an error, try `rustc --explain E0063`.
[INFO] [stdout] 
[INFO] [stderr] error: could not compile `keryx` (lib test) due to 7 previous errors; 7 warnings emitted
[INFO] running `Command { std: "docker" "inspect" "e6664304e75b1160b5b9d9ce6f73e6da656f25e48dbd2e0e174fdf767abaf632", kill_on_drop: false }`
[INFO] running `Command { std: "docker" "rm" "-f" "e6664304e75b1160b5b9d9ce6f73e6da656f25e48dbd2e0e174fdf767abaf632", kill_on_drop: false }`
[INFO] [stdout] e6664304e75b1160b5b9d9ce6f73e6da656f25e48dbd2e0e174fdf767abaf632
