[INFO] cloning repository https://github.com/styrene-lab/styrene-ui
[INFO] running `Command { std: "git" "-c" "credential.helper=" "-c" "credential.helper=/workspace/cargo-home/bin/git-credential-null" "clone" "--bare" "https://github.com/styrene-lab/styrene-ui" "/workspace/cache/git-repos/https%3A%2F%2Fgithub.com%2Fstyrene-lab%2Fstyrene-ui", kill_on_drop: false }`
[INFO] [stderr] Cloning into bare repository '/workspace/cache/git-repos/https%3A%2F%2Fgithub.com%2Fstyrene-lab%2Fstyrene-ui'...
[INFO] running `Command { std: "git" "rev-parse" "HEAD", kill_on_drop: false }`
[INFO] [stdout] f5e679f2326609ebf586f23ed7943ab284291da8
[INFO] checking styrene-lab/styrene-ui against 3154cc1a3e6424e44f438a95007d043ed5ceaaf6+rustflags=-Znext-solver=coherence for pr-133502-30
[INFO] running `Command { std: "git" "clone" "/workspace/cache/git-repos/https%3A%2F%2Fgithub.com%2Fstyrene-lab%2Fstyrene-ui" "/workspace/builds/worker-4-tc1/source", kill_on_drop: false }`
[INFO] [stderr] Cloning into '/workspace/builds/worker-4-tc1/source'...
[INFO] [stderr] done.
[INFO] removed /workspace/builds/worker-4-tc1/source/rust-toolchain.toml
[INFO] started tweaking git repo https://github.com/styrene-lab/styrene-ui
[INFO] finished tweaking git repo https://github.com/styrene-lab/styrene-ui
[INFO] tweaked toml for git repo https://github.com/styrene-lab/styrene-ui written to /workspace/builds/worker-4-tc1/source/Cargo.toml
[INFO] validating manifest of git repo https://github.com/styrene-lab/styrene-ui on toolchain 3154cc1a3e6424e44f438a95007d043ed5ceaaf6
[INFO] running `Command { std: CARGO_HOME="/workspace/cargo-home" RUSTUP_HOME="/workspace/rustup-home" "/workspace/cargo-home/bin/cargo" "+3154cc1a3e6424e44f438a95007d043ed5ceaaf6" "metadata" "--manifest-path" "Cargo.toml" "--no-deps", kill_on_drop: false }`
[INFO] crate git repo https://github.com/styrene-lab/styrene-ui already has a lockfile, it will not be regenerated
[INFO] running `Command { std: CARGO_HOME="/workspace/cargo-home" RUSTUP_HOME="/workspace/rustup-home" "/workspace/cargo-home/bin/cargo" "+3154cc1a3e6424e44f438a95007d043ed5ceaaf6" "fetch" "--manifest-path" "Cargo.toml", kill_on_drop: false }`
[INFO] [stderr] warning: unused workspace dependency `hex`
[INFO] [stderr]   --> Cargo.toml:13:1
[INFO] [stderr]    |
[INFO] [stderr] 13 | hex = "0.4"
[INFO] [stderr]    | ^^^
[INFO] [stderr]    |
[INFO] [stderr]    = note: `cargo::unused_workspace_dependencies` is set to `warn` by default
[INFO] [stderr] help: consider removing the workspace dependency `hex`
[INFO] [stderr] warning: unused workspace dependency `rand_core`
[INFO] [stderr]   --> Cargo.toml:16:1
[INFO] [stderr]    |
[INFO] [stderr] 16 | rand_core = "0.6.4"
[INFO] [stderr]    | ^^^^^^^^^
[INFO] [stderr]    |
[INFO] [stderr] help: consider removing the workspace dependency `rand_core`
[INFO] [stderr] warning: unused workspace dependency `rmp-serde`
[INFO] [stderr]   --> Cargo.toml:17:1
[INFO] [stderr]    |
[INFO] [stderr] 17 | rmp-serde = "1.3.0"
[INFO] [stderr]    | ^^^^^^^^^
[INFO] [stderr]    |
[INFO] [stderr] help: consider removing the workspace dependency `rmp-serde`
[INFO] [stderr] warning: unused workspace dependency `styrene-ipc-server`
[INFO] [stderr]   --> Cargo.toml:59:25
[INFO] [stderr]    |
[INFO] [stderr] 59 | [workspace.dependencies.styrene-ipc-server]
[INFO] [stderr]    |                         ^^^^^^^^^^^^^^^^^^
[INFO] [stderr]    |
[INFO] [stderr] help: consider removing the workspace dependency `styrene-ipc-server`
[INFO] [stderr] warning: unused workspace dependency `styrene-rns`
[INFO] [stderr]   --> Cargo.toml:71:25
[INFO] [stderr]    |
[INFO] [stderr] 71 | [workspace.dependencies.styrene-rns]
[INFO] [stderr]    |                         ^^^^^^^^^^^
[INFO] [stderr]    |
[INFO] [stderr] help: consider removing the workspace dependency `styrene-rns`
[INFO] [stderr] warning: unused workspace dependency `styrened`
[INFO] [stderr]   --> Cargo.toml:85:25
[INFO] [stderr]    |
[INFO] [stderr] 85 | [workspace.dependencies.styrened]
[INFO] [stderr]    |                         ^^^^^^^^
[INFO] [stderr]    |
[INFO] [stderr] help: consider removing the workspace dependency `styrened`
[INFO] [stderr] warning: unused field `authors` in `workspace.package`
[INFO] [stderr]    --> Cargo.toml:101:1
[INFO] [stderr]     |
[INFO] [stderr] 101 | authors = ["Styrene Labs"]
[INFO] [stderr]     | ^^^^^^^
[INFO] [stderr]     |
[INFO] [stderr]     = note: `cargo::unused_workspace_package_fields` is set to `warn` by default
[INFO] [stderr] help: consider removing the field `workspace.package.authors`
[INFO] [stderr] warning: workspace (manifest) generated 7 warnings
[INFO] [stderr]     Blocking waiting for file lock on package cache
[INFO] [stderr]     Updating crates.io index
[INFO] [stderr]     Updating git repository `https://github.com/styrene-lab/styrene-rs.git`
[INFO] [stderr]     Blocking waiting for file lock on package cache
[INFO] [stderr]  Downloading crates ...
[INFO] [stderr]   Downloaded windows-result v0.3.4
[INFO] [stderr]   Downloaded windows-core v0.61.2
[INFO] [stderr]   Downloaded windows-link v0.1.3
[INFO] [stderr]   Downloaded windows-version v0.1.7
[INFO] [stderr]   Downloaded windows-strings v0.4.2
[INFO] [stderr]   Downloaded version-compare v0.2.1
[INFO] [stderr]   Downloaded soup3 v0.5.0
[INFO] [stderr]   Downloaded bit-vec v0.8.0
[INFO] [stderr]   Downloaded winnow v0.5.40
[INFO] [stderr]   Downloaded string_cache_codegen v0.6.1
[INFO] [stderr]   Downloaded cairo-sys-rs v0.18.2
[INFO] [stderr]   Downloaded proc-macro-error-attr v1.0.4
[INFO] [stderr]   Downloaded heck v0.4.1
[INFO] [stderr]   Downloaded objc2-exception-helper v0.1.1
[INFO] [stderr]   Downloaded system-deps v6.2.2
[INFO] [stderr]   Downloaded smallvec v1.16.0
[INFO] [stderr]   Downloaded pango-sys v0.18.0
[INFO] [stderr]   Downloaded bit-set v0.8.0
[INFO] [stderr]   Downloaded windows-collections v0.2.0
[INFO] [stderr]   Downloaded gdk-pixbuf-sys v0.18.0
[INFO] [stderr]   Downloaded gtk3-macros v0.18.2
[INFO] [stderr]   Downloaded tao-macros v0.1.4
[INFO] [stderr]   Downloaded cesu8 v1.1.0
[INFO] [stderr]   Downloaded cssparser-macros v0.6.1
[INFO] [stderr]   Downloaded javascriptcore-rs-sys v1.1.1
[INFO] [stderr]   Downloaded windows-numerics v0.2.0
[INFO] [stderr]   Downloaded toml_datetime v0.6.3
[INFO] [stderr]   Downloaded new_debug_unreachable v1.0.6
[INFO] [stderr]   Downloaded windows-threading v0.1.0
[INFO] [stderr]   Downloaded webview2-com-macros v0.8.1
[INFO] [stderr]   Downloaded soup3-sys v0.5.0
[INFO] [stderr]   Downloaded atk-sys v0.18.2
[INFO] [stderr]   Downloaded proc-macro-error v1.0.4
[INFO] [stderr]   Downloaded proc-macro-crate v1.3.1
[INFO] [stderr]   Downloaded gdk-pixbuf v0.18.5
[INFO] [stderr]   Downloaded field-offset v0.3.6
[INFO] [stderr]   Downloaded objc2-user-notifications v0.3.2
[INFO] [stderr]   Downloaded windows-targets v0.42.2
[INFO] [stderr]   Downloaded phf_codegen v0.13.1
[INFO] [stderr]   Downloaded siphasher v1.0.3
[INFO] [stderr]   Downloaded phf_generator v0.13.1
[INFO] [stderr]   Downloaded uuid v1.26.0
[INFO] [stderr]   Downloaded core-foundation v0.10.1
[INFO] [stderr]   Downloaded proc-macro-crate v2.0.2
[INFO] [stderr]   Downloaded precomputed-hash v0.1.1
[INFO] [stderr]   Downloaded phf_shared v0.13.1
[INFO] [stderr]   Downloaded phf v0.13.1
[INFO] [stderr]   Downloaded phf_macros v0.13.1
[INFO] [stderr]   Downloaded dtoa-short v0.3.5
[INFO] [stderr]   Downloaded dtoa v1.0.11
[INFO] [stderr]   Downloaded markup5ever v0.38.0
[INFO] [stderr]   Downloaded web_atoms v0.2.6
[INFO] [stderr]   Downloaded libredox v0.1.23
[INFO] [stderr]   Downloaded fs2 v0.4.3
[INFO] [stderr]   Downloaded quick-error v2.0.1
[INFO] [stderr]   Downloaded windows-future v0.2.1
[INFO] [stderr]   Downloaded webview2-com v0.38.2
[INFO] [stderr]   Downloaded webkit2gtk-sys v2.0.2
[INFO] [stderr]   Downloaded target-lexicon v0.12.16
[INFO] [stderr]   Downloaded gobject-sys v0.18.0
[INFO] [stderr]   Downloaded glib-sys v0.18.1
[INFO] [stderr]   Downloaded glib-macros v0.18.5
[INFO] [stderr]   Downloaded futures-executor v0.3.34
[INFO] [stderr]   Downloaded javascriptcore-rs v1.1.2
[INFO] [stderr]   Downloaded pango v0.18.3
[INFO] [stderr]   Downloaded atk v0.18.2
[INFO] [stderr]   Downloaded objc2-core-location v0.3.2
[INFO] [stderr]   Downloaded objc2-core-data v0.3.2
[INFO] [stderr]   Downloaded tendril v0.5.1
[INFO] [stderr]   Downloaded servo_arc v0.4.3
[INFO] [stderr]   Downloaded cssparser v0.36.0
[INFO] [stderr]   Downloaded string_cache v0.9.0
[INFO] [stderr]   Downloaded cookie v0.18.2
[INFO] [stderr]   Downloaded security-framework-sys v2.17.0
[INFO] [stderr]   Downloaded android-keyring v0.2.0
[INFO] [stderr]   Downloaded num-derive v0.4.2
[INFO] [stderr]   Downloaded profiling-procmacros v1.0.18
[INFO] [stderr]   Downloaded paste v1.0.15
[INFO] [stderr]   Downloaded noop_proc_macro v0.3.0
[INFO] [stderr]   Downloaded maybe-rayon v0.1.1
[INFO] [stderr]   Downloaded interpolate_name v0.2.4
[INFO] [stderr]   Downloaded toml v0.8.2
[INFO] [stderr]   Downloaded cfg-expr v0.15.8
[INFO] [stderr]   Downloaded gio-sys v0.18.1
[INFO] [stderr]   Downloaded gdk-sys v0.18.2
[INFO] [stderr]   Downloaded webkit2gtk v2.0.2
[INFO] [stderr]   Downloaded toml_edit v0.19.15
[INFO] [stderr]   Downloaded gdk v0.18.2
[INFO] [stderr]   Downloaded cairo-rs v0.18.5
[INFO] [stderr]   Downloaded objc2-cloud-kit v0.3.2
[INFO] [stderr]   Downloaded selectors v0.36.1
[INFO] [stderr]   Downloaded zune-core v0.5.3
[INFO] [stderr]   Downloaded aligned-vec v0.6.4
[INFO] [stderr]   Downloaded equator v0.4.2
[INFO] [stderr]   Downloaded equator-macro v0.4.2
[INFO] [stderr]   Downloaded simd_helpers v0.1.0
[INFO] [stderr]   Downloaded memfd v0.6.6
[INFO] [stderr]   Downloaded toml_edit v0.20.2
[INFO] [stderr]   Downloaded html5ever v0.38.0
[INFO] [stderr]   Downloaded built v0.8.1
[INFO] [stderr]   Downloaded bitstream-io v4.10.0
[INFO] [stderr]   Downloaded longest-increasing-subsequence v0.1.0
[INFO] [stderr]   Downloaded konst_macro_rules v0.2.19
[INFO] [stderr]   Downloaded cc v1.4.4
[INFO] [stderr]   Downloaded objc2-core-text v0.3.2
[INFO] [stderr]   Downloaded dom_query v0.27.0
[INFO] [stderr]   Downloaded security-framework v3.7.0
[INFO] [stderr]   Downloaded indexmap v2.14.1
[INFO] [stderr]   Downloaded subsecond-types v0.8.0-alpha.1
[INFO] [stderr]   Downloaded objc2-core-image v0.3.2
[INFO] [stderr]   Downloaded generational-box v0.8.0-alpha.1
[INFO] [stderr]   Downloaded jni v0.21.1
[INFO] [stderr]   Downloaded combine v4.6.8
[INFO] [stderr]   Downloaded enumset v1.1.14
[INFO] [stderr]   Downloaded enumset_derive v0.15.0
[INFO] [stderr]   Downloaded darling v0.21.3
[INFO] [stderr]   Downloaded keyring v3.6.3
[INFO] [stderr]   Downloaded gtk-sys v0.18.2
[INFO] [stderr]   Downloaded objc2-web-kit v0.3.2
[INFO] [stderr]   Downloaded rayon v1.12.0
[INFO] [stderr]   Downloaded const_format v0.2.36
[INFO] [stderr]   Downloaded konst v0.2.20
[INFO] [stderr]   Downloaded native-tls v0.2.18
[INFO] [stderr]   Downloaded gio v0.18.4
[INFO] [stderr]   Downloaded openssl-macros v0.1.1
[INFO] [stderr]   Downloaded foreign-types v0.3.2
[INFO] [stderr]   Downloaded foreign-types-shared v0.1.1
[INFO] [stderr]   Downloaded dioxus-devtools-types v0.8.0-alpha.1
[INFO] [stderr]   Downloaded glib v0.18.5
[INFO] [stderr]   Downloaded syn v1.0.109
[INFO] [stderr]   Downloaded ravif v0.13.0
[INFO] [stderr]   Downloaded v_frame v0.3.9
[INFO] [stderr]   Downloaded pastey v0.1.1
[INFO] [stderr]   Downloaded arg_enum_proc_macro v0.3.4
[INFO] [stderr]   Downloaded reborrow v0.5.5
[INFO] [stderr]   Downloaded lebe v0.5.3
[INFO] [stderr]   Downloaded bit_field v0.10.3
[INFO] [stderr]   Downloaded dioxus-ssr v0.8.0-alpha.1
[INFO] [stderr]   Downloaded dioxus-core-types v0.8.0-alpha.1
[INFO] [stderr]   Downloaded dioxus-cli-config v0.8.0-alpha.1
[INFO] [stderr]   Downloaded lazy-js-bundle v0.8.0-alpha.1
[INFO] [stderr]   Downloaded warnings-macro v0.2.0
[INFO] [stderr]   Downloaded sledgehammer_utils v0.3.1
[INFO] [stderr]   Downloaded darling_macro v0.21.3
[INFO] [stderr]   Downloaded ident_case v1.0.1
[INFO] [stderr]   Downloaded dioxus-html-internal-macro v0.8.0-alpha.1
[INFO] [stderr]   Downloaded proc-macro2-diagnostics v0.10.1
[INFO] [stderr]   Downloaded dioxus-history v0.8.0-alpha.1
[INFO] [stderr]   Downloaded schannel v0.1.29
[INFO] [stderr]   Downloaded dioxus-stores v0.8.0-alpha.1
[INFO] [stderr]   Downloaded dioxus-stores-macro v0.8.0-alpha.1
[INFO] [stderr]   Downloaded libxdo-sys v0.11.0
[INFO] [stderr]   Downloaded quircs v0.10.3
[INFO] [stderr]   Downloaded weezl v0.1.12
[INFO] [stderr]   Downloaded crc32fast v1.5.1
[INFO] [stderr]   Downloaded fax v0.2.7
[INFO] [stderr]   Downloaded crossbeam-deque v0.8.7
[INFO] [stderr]   Downloaded crossbeam-epoch v0.9.20
[INFO] [stderr]   Downloaded either v1.18.0
[INFO] [stderr]   Downloaded num-rational v0.4.2
[INFO] [stderr]   Downloaded y4m v0.8.0
[INFO] [stderr]   Downloaded aligned v0.4.3
[INFO] [stderr]   Downloaded as-slice v0.2.1
[INFO] [stderr]   Downloaded loop9 v0.1.5
[INFO] [stderr]   Downloaded pulp-wasm-simd-flag v0.1.1
[INFO] [stderr]   Downloaded objc2-local-authentication v0.3.2
[INFO] [stderr]   Downloaded xxhash-rust v0.8.18
[INFO] [stderr]   Downloaded const-serialize-macro v0.8.0-alpha.1
[INFO] [stderr]   Downloaded macro-string v0.1.4
[INFO] [stderr]   Downloaded warnings v0.2.1
[INFO] [stderr]   Downloaded dioxus-devtools v0.8.0-alpha.1
[INFO] [stderr]   Downloaded openssl-sys v0.9.117
[INFO] [stderr]   Downloaded webbrowser v1.2.4
[INFO] [stderr]   Downloaded tray-icon v0.24.2
[INFO] [stderr]   Downloaded libxdo v0.6.0
[INFO] [stderr]   Downloaded syn v3.0.4
[INFO] [stderr]   Downloaded imgref v1.12.3
[INFO] [stderr]   Downloaded num-complex v0.4.6
[INFO] [stderr]   Downloaded const_format_proc_macros v0.2.34
[INFO] [stderr]   Downloaded askama_escape v0.13.0
[INFO] [stderr]   Downloaded manganis v0.8.0-alpha.1
[INFO] [stderr]   Downloaded manganis-core v0.8.0-alpha.1
[INFO] [stderr]   Downloaded serde-wasm-bindgen v0.6.5
[INFO] [stderr]   Downloaded sledgehammer_bindgen v0.6.0
[INFO] [stderr]   Downloaded convert_case v0.8.0
[INFO] [stderr]   Downloaded windows_x86_64_gnullvm v0.42.2
[INFO] [stderr]   Downloaded windows_aarch64_gnullvm v0.42.2
[INFO] [stderr]   Downloaded no_std_io2 v0.9.4
[INFO] [stderr]   Downloaded zune-inflate v0.2.54
[INFO] [stderr]   Downloaded objc2-core-bluetooth v0.3.2
[INFO] [stderr]   Downloaded subsecond v0.8.0-alpha.1
[INFO] [stderr]   Downloaded const-serialize v0.8.0-alpha.1
[INFO] [stderr]   Downloaded dioxus-hooks v0.8.0-alpha.1
[INFO] [stderr]   Downloaded dioxus-document v0.8.0-alpha.1
[INFO] [stderr]   Downloaded core-graphics-types v0.2.0
[INFO] [stderr]   Downloaded gtk v0.18.2
[INFO] [stderr]   Downloaded arbitrary v1.4.2
[INFO] [stderr]   Downloaded av1-grain v0.2.5
[INFO] [stderr]   Downloaded avif-serialize v0.8.9
[INFO] [stderr]   Downloaded gif v0.14.2
[INFO] [stderr]   Downloaded manganis-macro v0.8.0-alpha.1
[INFO] [stderr]   Downloaded wasm-streams v0.4.2
[INFO] [stderr]   Downloaded dioxus-interpreter-js v0.8.0-alpha.1
[INFO] [stderr]   Downloaded sledgehammer_bindgen_macro v0.6.5
[INFO] [stderr]   Downloaded dioxus-rsx v0.8.0-alpha.1
[INFO] [stderr]   Downloaded dioxus-signals v0.8.0-alpha.1
[INFO] [stderr]   Downloaded keyboard-types v0.7.0
[INFO] [stderr]   Downloaded objc2-ui-kit v0.3.2
[INFO] [stderr]   Downloaded qrcode v0.14.1
[INFO] [stderr]   Downloaded rayon-core v1.13.0
[INFO] [stderr]   Downloaded dioxus-web v0.8.0-alpha.1
[INFO] [stderr]   Downloaded dioxus-core-macro v0.8.0-alpha.1
[INFO] [stderr]   Downloaded openssl v0.10.81
[INFO] [stderr]   Downloaded tiff v0.11.3
[INFO] [stderr]   Downloaded libappindicator-sys v0.9.0
[INFO] [stderr]   Downloaded gdkx11-sys v0.18.2
[INFO] [stderr]   Downloaded core-graphics v0.25.0
[INFO] [stderr]   Downloaded qoi v0.4.1
[INFO] [stderr]   Downloaded dioxus-desktop v0.8.0-alpha.1
[INFO] [stderr]   Downloaded gdkwayland-sys v0.18.2
[INFO] [stderr]   Downloaded dlopen2 v0.8.2
[INFO] [stderr]   Downloaded dlopen2_derive v0.4.3
[INFO] [stderr]   Downloaded windows_x86_64_msvc v0.42.2
[INFO] [stderr]   Downloaded windows_x86_64_gnu v0.42.2
[INFO] [stderr]   Downloaded windows_aarch64_msvc v0.42.2
[INFO] [stderr]   Downloaded libloading v0.7.4
[INFO] [stderr]   Downloaded windows_i686_msvc v0.42.2
[INFO] [stderr]   Downloaded windows_i686_gnu v0.42.2
[INFO] [stderr]   Downloaded dioxus v0.8.0-alpha.1
[INFO] [stderr]   Downloaded dioxus-html v0.8.0-alpha.1
[INFO] [stderr]   Downloaded x11 v2.21.0
[INFO] [stderr]   Downloaded libappindicator v0.9.0
[INFO] [stderr]   Downloaded dbus v0.9.12
[INFO] [stderr]   Downloaded image-webp v0.2.4
[INFO] [stderr]   Downloaded darling_core v0.21.3
[INFO] [stderr]   Downloaded tungstenite v0.28.0
[INFO] [stderr]   Downloaded zune-jpeg v0.5.15
[INFO] [stderr]   Downloaded raw-window-handle v0.5.2
[INFO] [stderr]   Downloaded signal-hook v0.3.18
[INFO] [stderr]   Downloaded infer v0.19.0
[INFO] [stderr]   Downloaded muda v0.19.3
[INFO] [stderr]   Downloaded tao v0.35.3
[INFO] [stderr]   Downloaded rfd v0.17.2
[INFO] [stderr]   Downloaded pollster v0.4.0
[INFO] [stderr]   Downloaded global-hotkey v0.7.0
[INFO] [stderr]   Downloaded dioxus-config-macro v0.8.0-alpha.1
[INFO] [stderr]   Downloaded dioxus-asset-resolver v0.8.0-alpha.1
[INFO] [stderr]   Downloaded dioxus-config-macros v0.8.0-alpha.1
[INFO] [stderr]   Downloaded cfb v0.7.3
[INFO] [stderr]   Downloaded libfuzzer-sys v0.4.13
[INFO] [stderr]   Downloaded raw-cpuid v11.6.0
[INFO] [stderr]   Downloaded dioxus-core v0.8.0-alpha.1
[INFO] [stderr]   Downloaded blake3 v1.8.7
[INFO] [stderr]   Downloaded pulp v0.22.3
[INFO] [stderr]   Downloaded zlib-rs v0.6.7
[INFO] [stderr]   Downloaded windows-sys v0.45.0
[INFO] [stderr]   Downloaded exr v1.74.2
[INFO] [stderr]   Downloaded webview2-com-sys v0.38.2
[INFO] [stderr]   Downloaded av-scenechange v0.14.1
[INFO] [stderr]   Downloaded objc2-av-foundation v0.3.2
[INFO] [stderr]   Downloaded windows v0.61.3
[INFO] [stderr]   Downloaded libdbus-sys v0.2.7
[INFO] [stderr]   Downloaded rav1e v0.8.1
[INFO] running `Command { std: "docker" "create" "-v" "/var/lib/crater-agent-workspace/builds/worker-4-tc1/source:/opt/rustwide/workdir:ro,Z" "-v" "/var/lib/crater-agent-workspace/builds/worker-4-tc1/target:/opt/rustwide/target:rw,Z" "-v" "/var/lib/crater-agent-workspace/cargo-home:/opt/rustwide/cargo-home:ro,Z" "-v" "/var/lib/crater-agent-workspace/rustup-home:/opt/rustwide/rustup-home:ro,Z" "-m" "1610612736" "--network" "none" "ghcr.io/rust-lang/crates-build-env/linux@sha256:77db811e55d90add9212f6832c23229e3de5f1c1f9905e8cb07319ea15df73ac" "sleep" "infinity", kill_on_drop: false }`
[INFO] [stdout] a3227e932d2e561ba86a7a017ae800905ae44996867d89c6097750ebcc6959e1
[INFO] running `Command { std: "docker" "start" "a3227e932d2e561ba86a7a017ae800905ae44996867d89c6097750ebcc6959e1", kill_on_drop: false }`
[INFO] running `Command { std: "docker" "inspect" "a3227e932d2e561ba86a7a017ae800905ae44996867d89c6097750ebcc6959e1", kill_on_drop: false }`
[INFO] running `Command { std: "docker" "exec" "-e" "SOURCE_DIR=/opt/rustwide/workdir" "-e" "CARGO_HOME=/opt/rustwide/cargo-home" "-e" "RUSTUP_HOME=/opt/rustwide/rustup-home" "-e" "CARGO_TARGET_DIR=/opt/rustwide/target" "-w" "/opt/rustwide/workdir" "--user" "0:0" "a3227e932d2e561ba86a7a017ae800905ae44996867d89c6097750ebcc6959e1" "/opt/rustwide/cargo-home/bin/cargo" "+3154cc1a3e6424e44f438a95007d043ed5ceaaf6" "metadata" "--no-deps" "--format-version=1", kill_on_drop: false }`
[INFO] running `Command { std: "docker" "inspect" "a3227e932d2e561ba86a7a017ae800905ae44996867d89c6097750ebcc6959e1", kill_on_drop: false }`
[INFO] running `Command { std: "docker" "exec" "-e" "SOURCE_DIR=/opt/rustwide/workdir" "-e" "CARGO_HOME=/opt/rustwide/cargo-home" "-e" "RUSTUP_HOME=/opt/rustwide/rustup-home" "-e" "CARGO_TARGET_DIR=/opt/rustwide/target" "-e" "CARGO_INCREMENTAL=0" "-e" "RUST_BACKTRACE=full" "-e" "RUSTFLAGS=--cap-lints=forbid -Znext-solver=coherence" "-e" "RUSTDOCFLAGS=--cap-lints=forbid" "-w" "/opt/rustwide/workdir" "--user" "0:0" "a3227e932d2e561ba86a7a017ae800905ae44996867d89c6097750ebcc6959e1" "/opt/rustwide/cargo-home/bin/cargo" "+3154cc1a3e6424e44f438a95007d043ed5ceaaf6" "check" "--frozen" "--all" "--all-targets" "--message-format=json", kill_on_drop: false }`
[INFO] [stderr] warning: unused workspace dependency `hex`
[INFO] [stderr]   --> Cargo.toml:13:1
[INFO] [stderr]    |
[INFO] [stderr] 13 | hex = "0.4"
[INFO] [stderr]    | ^^^
[INFO] [stderr]    |
[INFO] [stderr]    = note: `cargo::unused_workspace_dependencies` is set to `warn` by default
[INFO] [stderr] help: consider removing the workspace dependency `hex`
[INFO] [stderr] warning: unused workspace dependency `rand_core`
[INFO] [stderr]   --> Cargo.toml:16:1
[INFO] [stderr]    |
[INFO] [stderr] 16 | rand_core = "0.6.4"
[INFO] [stderr]    | ^^^^^^^^^
[INFO] [stderr]    |
[INFO] [stderr] help: consider removing the workspace dependency `rand_core`
[INFO] [stderr] warning: unused workspace dependency `rmp-serde`
[INFO] [stderr]   --> Cargo.toml:17:1
[INFO] [stderr]    |
[INFO] [stderr] 17 | rmp-serde = "1.3.0"
[INFO] [stderr]    | ^^^^^^^^^
[INFO] [stderr]    |
[INFO] [stderr] help: consider removing the workspace dependency `rmp-serde`
[INFO] [stderr] warning: unused workspace dependency `styrene-ipc-server`
[INFO] [stderr]   --> Cargo.toml:59:25
[INFO] [stderr]    |
[INFO] [stderr] 59 | [workspace.dependencies.styrene-ipc-server]
[INFO] [stderr]    |                         ^^^^^^^^^^^^^^^^^^
[INFO] [stderr]    |
[INFO] [stderr] help: consider removing the workspace dependency `styrene-ipc-server`
[INFO] [stderr] warning: unused workspace dependency `styrene-rns`
[INFO] [stderr]   --> Cargo.toml:71:25
[INFO] [stderr]    |
[INFO] [stderr] 71 | [workspace.dependencies.styrene-rns]
[INFO] [stderr]    |                         ^^^^^^^^^^^
[INFO] [stderr]    |
[INFO] [stderr] help: consider removing the workspace dependency `styrene-rns`
[INFO] [stderr] warning: unused workspace dependency `styrened`
[INFO] [stderr]   --> Cargo.toml:85:25
[INFO] [stderr]    |
[INFO] [stderr] 85 | [workspace.dependencies.styrened]
[INFO] [stderr]    |                         ^^^^^^^^
[INFO] [stderr]    |
[INFO] [stderr] help: consider removing the workspace dependency `styrened`
[INFO] [stderr] warning: unused field `authors` in `workspace.package`
[INFO] [stderr]    --> Cargo.toml:101:1
[INFO] [stderr]     |
[INFO] [stderr] 101 | authors = ["Styrene Labs"]
[INFO] [stderr]     | ^^^^^^^
[INFO] [stderr]     |
[INFO] [stderr]     = note: `cargo::unused_workspace_package_fields` is set to `warn` by default
[INFO] [stderr] help: consider removing the field `workspace.package.authors`
[INFO] [stderr] warning: workspace (manifest) generated 7 warnings
[INFO] [stderr]    Compiling proc-macro2 v1.0.107
[INFO] [stderr]    Compiling unicode-ident v1.0.24
[INFO] [stderr]    Compiling quote v1.0.47
[INFO] [stderr]    Compiling libc v0.2.189
[INFO] [stderr]     Checking cfg-if v1.0.4
[INFO] [stderr]    Compiling serde_core v1.0.229
[INFO] [stderr]    Compiling pkg-config v0.3.34
[INFO] [stderr]    Compiling version_check v0.9.5
[INFO] [stderr]    Compiling serde v1.0.229
[INFO] [stderr]    Compiling hashbrown v0.17.1
[INFO] [stderr]    Compiling equivalent v1.0.2
[INFO] [stderr]    Compiling winnow v0.5.40
[INFO] [stderr]    Compiling heck v0.5.0
[INFO] [stderr]    Compiling target-lexicon v0.12.16
[INFO] [stderr]     Checking memchr v2.8.3
[INFO] [stderr]    Compiling indexmap v2.14.1
[INFO] [stderr]    Compiling smallvec v1.16.0
[INFO] [stderr]    Compiling cfg-expr v0.15.8
[INFO] [stderr]    Compiling version-compare v0.2.1
[INFO] [stderr]    Compiling syn v3.0.4
[INFO] [stderr]    Compiling syn v2.0.119
[INFO] [stderr]    Compiling autocfg v1.5.1
[INFO] [stderr]     Checking pin-project-lite v0.2.17
[INFO] [stderr]     Checking once_cell v1.21.4
[INFO] [stderr]     Checking futures-core v0.3.34
[INFO] [stderr]    Compiling num-traits v0.2.19
[INFO] [stderr]    Compiling thiserror v2.0.20
[INFO] [stderr]    Compiling shlex v2.0.1
[INFO] [stderr]    Compiling find-msvc-tools v0.1.11
[INFO] [stderr]     Checking itoa v1.0.18
[INFO] [stderr]    Compiling generic-array v0.14.7
[INFO] [stderr]     Checking bitflags v2.13.1
[INFO] [stderr]    Compiling zmij v1.0.23
[INFO] [stderr]     Checking typenum v1.20.1
[INFO] [stderr]    Compiling serde_json v1.0.151
[INFO] [stderr]    Compiling thiserror v1.0.69
[INFO] [stderr]     Checking getrandom v0.2.17
[INFO] [stderr]     Checking stable_deref_trait v1.2.1
[INFO] [stderr]     Checking log v0.4.34
[INFO] [stderr]    Compiling zerocopy v0.8.56
[INFO] [stderr]     Checking rand_core v0.6.4
[INFO] [stderr]    Compiling parking_lot_core v0.9.12
[INFO] [stderr]    Compiling anyhow v1.0.104
[INFO] [stderr]     Checking scopeguard v1.2.0
[INFO] [stderr]     Checking slab v0.4.12
[INFO] [stderr]     Checking futures-task v0.3.34
[INFO] [stderr]     Checking lock_api v0.4.14
[INFO] [stderr]     Checking subtle v2.6.1
[INFO] [stderr]    Compiling jobserver v0.1.35
[INFO] [stderr]     Checking parking_lot v0.12.5
[INFO] [stderr]     Checking futures-channel v0.3.34
[INFO] [stderr]    Compiling crossbeam-utils v0.8.22
[INFO] [stderr]    Compiling semver v1.0.28
[INFO] [stderr]    Compiling cc v1.4.4
[INFO] [stderr]     Checking cpufeatures v0.2.17
[INFO] [stderr]    Compiling proc-macro-error-attr v1.0.4
[INFO] [stderr]    Compiling syn v1.0.109
[INFO] [stderr]    Compiling rustc_version v0.4.1
[INFO] [stderr]    Compiling proc-macro-error v1.0.4
[INFO] [stderr]     Checking num-integer v0.1.47
[INFO] [stderr]    Compiling crossbeam-epoch v0.9.20
[INFO] [stderr]    Compiling vcpkg v0.2.15
[INFO] [stderr]    Compiling crossbeam-deque v0.8.7
[INFO] [stderr]     Checking crypto-common v0.1.7
[INFO] [stderr]     Checking block-buffer v0.10.4
[INFO] [stderr]     Checking num-bigint v0.4.8
[INFO] [stderr]     Checking digest v0.10.7
[INFO] [stderr]     Checking arrayvec v0.7.8
[INFO] [stderr]     Checking simd-adler32 v0.3.10
[INFO] [stderr]    Compiling rayon-core v1.13.0
[INFO] [stderr]    Compiling heck v0.4.1
[INFO] [stderr]     Checking errno v0.3.14
[INFO] [stderr]     Checking tracing-core v0.1.36
[INFO] [stderr]     Checking adler2 v2.0.1
[INFO] [stderr]     Checking signal-hook-registry v1.4.8
[INFO] [stderr]     Checking futures-io v0.3.34
[INFO] [stderr]    Compiling crc32fast v1.5.1
[INFO] [stderr]    Compiling rustversion v1.0.23
[INFO] [stderr]     Checking either v1.18.0
[INFO] [stderr]    Compiling paste v1.0.15
[INFO] [stderr]     Checking mio v1.2.2
[INFO] [stderr]     Checking socket2 v0.6.5
[INFO] [stderr]     Checking rayon v1.12.0
[INFO] [stderr]     Checking num-rational v0.4.2
[INFO] [stderr]     Checking miniz_oxide v0.9.1
[INFO] [stderr]     Checking as-slice v0.2.1
[INFO] [stderr]    Compiling slotmap v1.1.1
[INFO] [stderr]     Checking dioxus-core-types v0.8.0-alpha.1
[INFO] [stderr]    Compiling av-scenechange v0.14.1
[INFO] [stderr]     Checking bytemuck v1.25.2
[INFO] [stderr]    Compiling built v0.8.1
[INFO] [stderr]    Compiling libm v0.2.16
[INFO] [stderr]    Compiling gio v0.18.4
[INFO] [stderr]    Compiling synstructure v0.13.2
[INFO] [stderr]    Compiling unicode-xid v0.2.6
[INFO] [stderr]     Checking konst_macro_rules v0.2.19
[INFO] [stderr]     Checking flate2 v1.1.10
[INFO] [stderr]    Compiling const_format_proc_macros v0.2.34
[INFO] [stderr]     Checking konst v0.2.20
[INFO] [stderr]    Compiling rav1e v0.8.1
[INFO] [stderr]     Checking aligned v0.4.3
[INFO] [stderr]     Checking miniz_oxide v0.8.9
[INFO] [stderr]     Checking memmap2 v0.9.11
[INFO] [stderr]     Checking nom v8.0.0
[INFO] [stderr]     Checking no_std_io2 v0.9.4
[INFO] [stderr]    Compiling pulp v0.22.3
[INFO] [stderr]     Checking libloading v0.8.9
[INFO] [stderr]     Checking quick-error v2.0.1
[INFO] [stderr]    Compiling pastey v0.1.1
[INFO] [stderr]    Compiling dunce v1.0.5
[INFO] [stderr]     Checking y4m v0.8.0
[INFO] [stderr]     Checking bitstream-io v4.10.0
[INFO] [stderr]     Checking const_format v0.2.36
[INFO] [stderr]     Checking num-complex v0.4.6
[INFO] [stderr]     Checking itertools v0.14.0
[INFO] [stderr]     Checking fdeflate v0.3.7
[INFO] [stderr]     Checking raw-cpuid v11.6.0
[INFO] [stderr]    Compiling serde_derive v1.0.229
[INFO] [stderr]    Compiling thiserror-impl v2.0.20
[INFO] [stderr]    Compiling futures-macro v0.3.34
[INFO] [stderr]    Compiling thiserror-impl v1.0.69
[INFO] [stderr]    Compiling zerocopy-derive v0.8.56
[INFO] [stderr]     Checking futures-util v0.3.34
[INFO] [stderr]    Compiling displaydoc v0.2.7
[INFO] [stderr]    Compiling zerofrom-derive v0.1.7
[INFO] [stderr]    Compiling equator-macro v0.4.2
[INFO] [stderr]    Compiling tracing-attributes v0.1.31
[INFO] [stderr]     Checking equator v0.4.2
[INFO] [stderr]    Compiling yoke-derive v0.8.2
[INFO] [stderr]     Checking aligned-vec v0.6.4
[INFO] [stderr]    Compiling tokio-macros v2.7.2
[INFO] [stderr]     Checking v_frame v0.3.9
[INFO] [stderr]     Checking zerofrom v0.1.8
[INFO] [stderr]    Compiling zerovec-derive v0.11.6
[INFO] [stderr]    Compiling num-derive v0.4.2
[INFO] [stderr]    Compiling profiling-procmacros v1.0.18
[INFO] [stderr]     Checking futures-executor v0.3.34
[INFO] [stderr]    Compiling arg_enum_proc_macro v0.3.4
[INFO] [stderr]     Checking tracing v0.1.44
[INFO] [stderr]     Checking yoke v0.8.3
[INFO] [stderr]     Checking profiling v1.0.18
[INFO] [stderr]     Checking av1-grain v0.2.5
[INFO] [stderr]     Checking zerovec v0.11.8
[INFO] [stderr]     Checking generational-box v0.8.0-alpha.1
[INFO] [stderr]    Compiling zeroize_derive v1.5.0
[INFO] [stderr]    Compiling toml_datetime v0.6.3
[INFO] [stderr]    Compiling serde_spanned v0.6.9
[INFO] [stderr]     Checking bytes v1.12.1
[INFO] [stderr]     Checking subsecond-types v0.8.0-alpha.1
[INFO] [stderr]    Compiling toml_edit v0.20.2
[INFO] [stderr]     Checking subsecond v0.8.0-alpha.1
[INFO] [stderr]     Checking maybe-rayon v0.1.1
[INFO] [stderr]    Compiling simd_helpers v0.1.0
[INFO] [stderr]     Checking new_debug_unreachable v1.0.6
[INFO] [stderr]     Checking xxhash-rust v0.8.18
[INFO] [stderr]     Checking pulp-wasm-simd-flag v0.1.1
[INFO] [stderr]     Checking zune-core v0.5.3
[INFO] [stderr]     Checking reborrow v0.5.5
[INFO] [stderr]     Checking weezl v0.1.12
[INFO] [stderr]     Checking longest-increasing-subsequence v0.1.0
[INFO] [stderr]     Checking imgref v1.12.3
[INFO] [stderr]     Checking rustc-hash v2.1.3
[INFO] [stderr]     Checking tokio v1.53.1
[INFO] [stderr]    Compiling noop_proc_macro v0.3.0
[INFO] [stderr]    Compiling getrandom v0.4.3
[INFO] [stderr]     Checking loop9 v0.1.5
[INFO] [stderr]     Checking zune-jpeg v0.5.15
[INFO] [stderr]     Checking zeroize v1.9.0
[INFO] [stderr]     Checking dioxus-core v0.8.0-alpha.1
[INFO] [stderr]     Checking png v0.18.1
[INFO] [stderr]     Checking zune-inflate v0.2.54
[INFO] [stderr]     Checking avif-serialize v0.8.9
[INFO] [stderr]    Compiling memoffset v0.9.1
[INFO] [stderr]     Checking pxfm v0.1.30
[INFO] [stderr]     Checking byteorder-lite v0.1.0
[INFO] [stderr]     Checking color_quant v1.1.0
[INFO] [stderr]     Checking lebe v0.5.3
[INFO] [stderr]    Compiling toml v0.8.2
[INFO] [stderr]    Compiling system-deps v6.2.2
[INFO] [stderr]    Compiling proc-macro-crate v2.0.2
[INFO] [stderr]    Compiling time-core v0.1.9
[INFO] [stderr]     Checking fax v0.2.7
[INFO] [stderr]     Checking bit_field v0.10.3
[INFO] [stderr]     Checking half v2.7.1
[INFO] [stderr]    Compiling num-conv v0.2.2
[INFO] [stderr]    Compiling glib-sys v0.18.1
[INFO] [stderr]    Compiling gobject-sys v0.18.0
[INFO] [stderr]    Compiling gio-sys v0.18.1
[INFO] [stderr]    Compiling gdk-sys v0.18.2
[INFO] [stderr]    Compiling cairo-sys-rs v0.18.2
[INFO] [stderr]    Compiling pango-sys v0.18.0
[INFO] [stderr]    Compiling gdk-pixbuf-sys v0.18.0
[INFO] [stderr]    Compiling atk-sys v0.18.2
[INFO] [stderr]    Compiling glib-macros v0.18.5
[INFO] [stderr]    Compiling gtk-sys v0.18.2
[INFO] [stderr]     Checking rgb v0.8.53
[INFO] [stderr]    Compiling getrandom v0.3.4
[INFO] [stderr]     Checking moxcms v0.8.1
[INFO] [stderr]     Checking tiff v0.11.3
[INFO] [stderr]     Checking exr v1.74.2
[INFO] [stderr]    Compiling time-macros v0.2.32
[INFO] [stderr]     Checking gif v0.14.2
[INFO] [stderr]     Checking image-webp v0.2.4
[INFO] [stderr]     Checking ravif v0.13.0
[INFO] [stderr]     Checking tinystr v0.8.4
[INFO] [stderr]    Compiling toml_edit v0.19.15
[INFO] [stderr]     Checking styrene-ui-state v0.1.0 (/opt/rustwide/workdir/crates/styrene-ui-state)
[INFO] [stderr]    Compiling pin-project-internal v1.1.13
[INFO] [stderr]    Compiling async-trait v0.1.92
[INFO] [stderr]     Checking qoi v0.4.1
[INFO] [stderr]    Compiling field-offset v0.3.6
[INFO] [stderr]     Checking litemap v0.8.3
[INFO] [stderr]     Checking glib v0.18.5
[INFO] [stderr]     Checking powerfmt v0.2.0
[INFO] [stderr]     Checking writeable v0.6.4
[INFO] [stderr]     Checking deranged v0.5.8
[INFO] [stderr]     Checking icu_locale_core v2.3.0
[INFO] [stderr]     Checking pin-project v1.1.13
[INFO] [stderr]     Checking uuid v1.26.0
[INFO] [stderr]     Checking potential_utf v0.1.6
[INFO] [stderr]    Compiling proc-macro-crate v1.3.1
[INFO] [stderr]     Checking zerotrie v0.2.5
[INFO] [stderr]    Compiling warnings-macro v0.2.0
[INFO] [stderr]    Compiling openssl-sys v0.9.117
[INFO] [stderr]    Compiling gtk v0.18.2
[INFO] [stderr]    Compiling x11 v2.21.0
[INFO] [stderr]     Checking image v0.25.10
[INFO] [stderr]    Compiling unicode-segmentation v1.13.3
[INFO] [stderr]     Checking base64 v0.22.1
[INFO] [stderr]    Compiling ident_case v1.0.1
[INFO] [stderr]    Compiling icu_normalizer_data v2.3.0
[INFO] [stderr]     Checking byteorder v1.5.0
[INFO] [stderr]     Checking time v0.3.55
[INFO] [stderr]    Compiling fnv v1.0.7
[INFO] [stderr]     Checking utf8_iter v1.0.4
[INFO] [stderr]    Compiling lazy-js-bundle v0.8.0-alpha.1
[INFO] [stderr]    Compiling rustix v1.1.4
[INFO] [stderr]    Compiling icu_properties_data v2.3.0
[INFO] [stderr]    Compiling convert_case v0.8.0
[INFO] [stderr]     Checking icu_collections v2.3.0
[INFO] [stderr]    Compiling darling_core v0.21.3
[INFO] [stderr]    Compiling gtk3-macros v0.18.2
[INFO] [stderr]     Checking icu_provider v2.3.1
[INFO] [stderr]     Checking warnings v0.2.1
[INFO] [stderr]    Compiling proc-macro2-diagnostics v0.10.1
[INFO] [stderr]     Checking linux-raw-sys v0.12.1
[INFO] [stderr]     Checking percent-encoding v2.3.2
[INFO] [stderr]     Checking dioxus-signals v0.8.0-alpha.1
[INFO] [stderr]     Checking keyboard-types v0.7.0
[INFO] [stderr]    Compiling javascriptcore-rs-sys v1.1.1
[INFO] [stderr]    Compiling soup3-sys v0.5.0
[INFO] [stderr]     Checking option-ext v0.2.0
[INFO] [stderr]     Checking dirs-sys v0.5.0
[INFO] [stderr]     Checking icu_properties v2.3.0
[INFO] [stderr]     Checking icu_normalizer v2.3.0
[INFO] [stderr]    Compiling webkit2gtk-sys v2.0.2
[INFO] [stderr]    Compiling const-serialize-macro v0.8.0-alpha.1
[INFO] [stderr]    Compiling openssl v0.10.81
[INFO] [stderr]    Compiling libxdo-sys v0.11.0
[INFO] [stderr]     Checking data-encoding v2.11.1
[INFO] [stderr]     Checking foreign-types-shared v0.1.1
[INFO] [stderr]     Checking foreign-types v0.3.2
[INFO] [stderr]    Compiling dioxus-rsx v0.8.0-alpha.1
[INFO] [stderr]     Checking dirs v6.0.0
[INFO] [stderr]     Checking rand_core v0.9.5
[INFO] [stderr]     Checking ppv-lite86 v0.2.21
[INFO] [stderr]     Checking http v1.5.0
[INFO] [stderr]     Checking idna_adapter v1.2.2
[INFO] [stderr]     Checking quircs v0.10.3
[INFO] [stderr]    Compiling openssl-macros v0.1.1
[INFO] [stderr]     Checking crossbeam-channel v0.5.16
[INFO] [stderr]    Compiling libdbus-sys v0.2.7
[INFO] [stderr]     Checking bitflags v1.3.2
[INFO] [stderr]    Compiling httparse v1.10.1
[INFO] [stderr]     Checking dioxus-cli-config v0.8.0-alpha.1
[INFO] [stderr]     Checking dpi v0.1.2
[INFO] [stderr]    Compiling native-tls v0.2.18
[INFO] [stderr]     Checking rand_chacha v0.9.0
[INFO] [stderr]    Compiling darling_macro v0.21.3
[INFO] [stderr]     Checking idna v1.1.0
[INFO] [stderr]     Checking dioxus-hooks v0.8.0-alpha.1
[INFO] [stderr]     Checking form_urlencoded v1.2.2
[INFO] [stderr]    Compiling dioxus-html-internal-macro v0.8.0-alpha.1
[INFO] [stderr]    Compiling darling v0.21.3
[INFO] [stderr]    Compiling gdkx11-sys v0.18.2
[INFO] [stderr]    Compiling enumset_derive v0.15.0
[INFO] [stderr]     Checking euclid v0.22.14
[INFO] [stderr]    Compiling dioxus-core-macro v0.8.0-alpha.1
[INFO] [stderr]    Compiling serde_repr v0.1.21
[INFO] [stderr]    Compiling x11-dl v2.21.0
[INFO] [stderr]    Compiling cookie v0.18.2
[INFO] [stderr]     Checking libloading v0.7.4
[INFO] [stderr]     Checking raw-window-handle v0.6.2
[INFO] [stderr]     Checking openssl-probe v0.2.1
[INFO] [stderr]     Checking cfb v0.7.3
[INFO] [stderr]     Checking libappindicator-sys v0.9.0
[INFO] [stderr]     Checking url v2.5.8
[INFO] [stderr]     Checking rand v0.9.5
[INFO] [stderr]     Checking libxdo v0.6.0
[INFO] [stderr]     Checking enumset v1.1.14
[INFO] [stderr]     Checking cairo-rs v0.18.5
[INFO] [stderr]     Checking atk v0.18.2
[INFO] [stderr]     Checking javascriptcore-rs v1.1.2
[INFO] [stderr]     Checking gethostname v1.1.0
[INFO] [stderr]     Checking styrene-ui-platform v0.1.0 (/opt/rustwide/workdir/crates/styrene-ui-platform)
[INFO] [stderr]     Checking dioxus-html v0.8.0-alpha.1
[INFO] [stderr]    Compiling const-serialize v0.8.0-alpha.1
[INFO] [stderr]    Compiling dioxus-interpreter-js v0.8.0-alpha.1
[INFO] [stderr]    Compiling dioxus-document v0.8.0-alpha.1
[INFO] [stderr]    Compiling sledgehammer_bindgen_macro v0.6.5
[INFO] [stderr]    Compiling dlopen2_derive v0.4.3
[INFO] [stderr]     Checking sha1 v0.10.7
[INFO] [stderr]     Checking x11rb-protocol v0.13.2
[INFO] [stderr]    Compiling signal-hook v0.3.18
[INFO] [stderr]     Checking utf-8 v0.7.6
[INFO] [stderr]     Checking rustc-hash v1.1.0
[INFO] [stderr]    Compiling rfd v0.17.2
[INFO] [stderr]    Compiling winnow v0.7.15
[INFO] [stderr]    Compiling wry v0.55.1 (/opt/rustwide/workdir/vendor/wry)
[INFO] [stderr]     Checking dlopen2 v0.8.2
[INFO] [stderr]     Checking sledgehammer_utils v0.3.1
[INFO] [stderr]     Checking dbus v0.9.12
[INFO] [stderr]     Checking infer v0.19.0
[INFO] [stderr]     Checking tungstenite v0.28.0
[INFO] [stderr]     Checking sledgehammer_bindgen v0.6.0
[INFO] [stderr]    Compiling dioxus-desktop v0.8.0-alpha.1
[INFO] [stderr]     Checking gdkwayland-sys v0.18.2
[INFO] [stderr]     Checking dioxus-devtools-types v0.8.0-alpha.1
[INFO] [stderr]    Compiling macro-string v0.1.4
[INFO] [stderr]    Compiling manganis-core v0.8.0-alpha.1
[INFO] [stderr]     Checking raw-window-handle v0.5.2
[INFO] [stderr]     Checking pollster v0.4.0
[INFO] [stderr]     Checking xkeysym v0.2.1
[INFO] [stderr]     Checking qrcode v0.14.1
[INFO] [stderr]     Checking dioxus-devtools v0.8.0-alpha.1
[INFO] [stderr]     Checking dioxus-asset-resolver v0.8.0-alpha.1
[INFO] [stderr]     Checking webbrowser v1.2.4
[INFO] [stderr]    Compiling dioxus-stores-macro v0.8.0-alpha.1
[INFO] [stderr]     Checking dioxus-history v0.8.0-alpha.1
[INFO] [stderr]    Compiling cmake v0.1.58
[INFO] [stderr]     Checking sha2 v0.10.9
[INFO] [stderr]    Compiling manganis-macro v0.8.0-alpha.1
[INFO] [stderr]     Checking block-padding v0.3.3
[INFO] [stderr]    Compiling curve25519-dalek v4.1.3
[INFO] [stderr]    Compiling ahash v0.8.12
[INFO] [stderr]    Compiling fs_extra v1.3.0
[INFO] [stderr]     Checking dioxus-stores v0.8.0-alpha.1
[INFO] [stderr]     Checking inout v0.1.4
[INFO] [stderr]    Compiling curve25519-dalek-derive v0.1.1
[INFO] [stderr]    Compiling aws-lc-sys v0.44.0
[INFO] [stderr]     Checking rmp v0.8.15
[INFO] [stderr]    Compiling dioxus-config-macro v0.8.0-alpha.1
[INFO] [stderr]     Checking parking v2.2.1
[INFO] [stderr]     Checking dioxus-config-macros v0.8.0-alpha.1
[INFO] [stderr]     Checking cipher v0.4.4
[INFO] [stderr]    Compiling libsqlite3-sys v0.28.0
[INFO] [stderr]     Checking serde_bytes v0.11.19
[INFO] [stderr]     Checking signature v2.2.0
[INFO] [stderr]     Checking manganis v0.8.0-alpha.1
[INFO] [stderr]     Checking hashbrown v0.14.5
[INFO] [stderr]     Checking ed25519 v2.2.3
[INFO] [stderr]     Checking rmpv v1.3.1
[INFO] [stderr]     Checking event-listener v5.4.2
[INFO] [stderr]     Checking rmp-serde v1.3.1
[INFO] [stderr]    Compiling bzip2-sys v0.1.13+1.0.8
[INFO] [stderr]    Compiling aws-lc-rs v1.18.0
[INFO] [stderr]     Checking minimal-lexical v0.2.1
[INFO] [stderr]     Checking ed25519-dalek v2.1.1
[INFO] [stderr]     Checking hashlink v0.9.1
[INFO] [stderr]     Checking event-listener-strategy v0.5.4
[INFO] [stderr]     Checking concurrent-queue v2.5.0
[INFO] [stderr]     Checking nom v7.1.3
[INFO] [stderr]     Checking fallible-streaming-iterator v0.1.9
[INFO] [stderr]     Checking x11rb v0.13.2
[INFO] [stderr]     Checking hex v0.4.3
[INFO] [stderr]     Checking futures-sink v0.3.34
[INFO] [stderr]     Checking utf8parse v0.2.2
[INFO] [stderr]     Checking fallible-iterator v0.3.0
[INFO] [stderr]     Checking tokio-util v0.7.19
[INFO] [stderr]     Checking anstyle-parse v1.0.0
[INFO] [stderr]     Checking async-channel v2.5.0
[INFO] [stderr]     Checking rustls-pki-types v1.15.1
[INFO] [stderr]    Compiling asn1-rs-impl v0.2.0
[INFO] [stderr]    Compiling asn1-rs-derive v0.5.1
[INFO] [stderr]     Checking hmac v0.12.1
[INFO] [stderr]     Checking global-hotkey v0.7.0
[INFO] [stderr]    Compiling cfg_aliases v0.1.1
[INFO] [stderr]     Checking iana-time-zone v0.1.65
[INFO] [stderr]     Checking is_terminal_polyfill v1.70.2
[INFO] [stderr]     Checking anstyle v1.0.14
[INFO] [stderr]     Checking anstyle-query v1.1.5
[INFO] [stderr]     Checking colorchoice v1.0.5
[INFO] [stderr]    Compiling minicbor v0.26.5
[INFO] [stderr]     Checking fastrand v2.5.0
[INFO] [stderr]     Checking ciborium-io v0.2.2
[INFO] [stderr]     Checking anstream v1.0.0
[INFO] [stderr]     Checking ciborium-ll v0.2.2
[INFO] [stderr]     Checking chrono v0.4.45
[INFO] [stderr]     Checking hkdf v0.12.4
[INFO] [stderr]    Compiling nix v0.28.0
[INFO] [stderr]     Checking bzip2 v0.4.4
[INFO] [stderr]     Checking x25519-dalek v2.0.1
[INFO] [stderr]     Checking cbc v0.1.2
[INFO] [stderr]     Checking aes v0.8.4
[INFO] [stderr]     Checking rusticata-macros v4.1.0
[INFO] [stderr]    Compiling minicbor-derive v0.16.2
[INFO] [stderr]     Checking asn1-rs v0.6.2
[INFO] [stderr]    Compiling blake3 v1.8.7
[INFO] [stderr]    Compiling oid-registry v0.7.1
[INFO] [stderr]     Checking clap_lex v1.1.0
[INFO] [stderr]     Checking strsim v0.11.1
[INFO] [stderr]    Compiling heapless v0.8.0
[INFO] [stderr]    Compiling rustls v0.23.43
[INFO] [stderr]     Checking untrusted v0.9.0
[INFO] [stderr]     Checking lazy_static v1.5.0
[INFO] [stderr]     Checking clap_builder v4.6.6
[INFO] [stderr]     Checking a2a-lf v0.3.0
[INFO] [stderr]     Checking ciborium v0.2.2
[INFO] [stderr]     Checking styrene-ipc-wire v0.1.0 (https://github.com/styrene-lab/styrene-rs.git?rev=ab46aa1f13de5663c684225dc27dfcba330d965f#ab46aa1f)
[INFO] [stderr]     Checking hash32 v0.3.1
[INFO] [stderr]     Checking styrene-ipc v0.1.0 (https://github.com/styrene-lab/styrene-rs.git?rev=ab46aa1f13de5663c684225dc27dfcba330d965f#ab46aa1f)
[INFO] [stderr]    Compiling clap_derive v4.6.4
[INFO] [stderr]     Checking universal-hash v0.5.1
[INFO] [stderr]     Checking constant_time_eq v0.4.2
[INFO] [stderr]     Checking cpufeatures v0.3.1
[INFO] [stderr]     Checking opaque-debug v0.3.1
[INFO] [stderr]     Checking base64ct v1.8.3
[INFO] [stderr]     Checking styrene-a2a v0.1.2 (https://github.com/styrene-lab/styrene-rs.git?rev=ab46aa1f13de5663c684225dc27dfcba330d965f#ab46aa1f)
[INFO] [stderr]     Checking password-hash v0.5.0
[INFO] [stderr]     Checking poly1305 v0.8.0
[INFO] [stderr]     Checking der-parser v9.0.0
[INFO] [stderr]     Checking chacha20 v0.9.1
[INFO] [stderr]     Checking clap v4.6.6
[INFO] [stderr]     Checking filedescriptor v0.8.3
[INFO] [stderr]     Checking blake2 v0.10.6
[INFO] [stderr]     Checking aead v0.5.2
[INFO] [stderr]     Checking serial2 v0.2.38
[INFO] [stderr]     Checking shell-words v1.1.1
[INFO] [stderr]     Checking downcast-rs v1.2.1
[INFO] [stderr]     Checking regex-syntax v0.8.11
[INFO] [stderr]     Checking x509-parser v0.16.0
[INFO] [stderr]     Checking portable-pty v0.9.0
[INFO] [stderr]     Checking argon2 v0.5.3
[INFO] [stderr]     Checking chacha20poly1305 v0.10.1
[INFO] [stderr]     Checking styrene-content v0.1.0 (https://github.com/styrene-lab/styrene-rs.git?rev=ab46aa1f13de5663c684225dc27dfcba330d965f#ab46aa1f)
[INFO] [stderr]     Checking tempfile v3.27.0
[INFO] [stderr]     Checking rustls-pemfile v2.2.0
[INFO] [stderr]     Checking styrene-rbac v0.1.0 (https://github.com/styrene-lab/styrene-rs.git?rev=ab46aa1f13de5663c684225dc27dfcba330d965f#ab46aa1f)
[INFO] [stderr]     Checking styrene-rnode-firmware v0.1.0 (https://github.com/styrene-lab/styrene-rs.git?rev=ab46aa1f13de5663c684225dc27dfcba330d965f#ab46aa1f)
[INFO] [stderr]     Checking fs2 v0.4.3
[INFO] [stderr]     Checking styrene-micron v0.1.0 (https://github.com/styrene-lab/styrene-rs.git?rev=ab46aa1f13de5663c684225dc27dfcba330d965f#ab46aa1f)
[INFO] [stderr]     Checking regex-automata v0.4.18
[INFO] [stderr]     Checking sharded-slab v0.1.7
[INFO] [stderr]     Checking pango v0.18.3
[INFO] [stderr]     Checking gdk-pixbuf v0.18.5
[INFO] [stderr]     Checking soup3 v0.5.0
[INFO] [stderr]     Checking tracing-log v0.2.0
[INFO] [stderr]     Checking thread_local v1.1.10
[INFO] [stderr]     Checking askama_escape v0.13.0
[INFO] [stderr]     Checking nu-ansi-term v0.50.3
[INFO] [stderr]     Checking dioxus-ssr v0.8.0-alpha.1
[INFO] [stderr]     Checking gdk v0.18.2
[INFO] [stderr]     Checking styrene-interop-runner v0.1.0 (https://github.com/styrene-lab/styrene-rs.git?rev=ab46aa1f13de5663c684225dc27dfcba330d965f#ab46aa1f)
[INFO] [stderr]     Checking futures-lite v2.6.1
[INFO] [stderr]     Checking styrene-ipc-server v0.1.0 (https://github.com/styrene-lab/styrene-rs.git?rev=ab46aa1f13de5663c684225dc27dfcba330d965f#ab46aa1f)
[INFO] [stderr]     Checking matchers v0.2.0
[INFO] [stderr]     Checking styrene-ipc-client v0.1.0 (https://github.com/styrene-lab/styrene-rs.git?rev=ab46aa1f13de5663c684225dc27dfcba330d965f#ab46aa1f)
[INFO] [stderr]     Checking rusqlite v0.31.0
[INFO] [stderr]     Checking tracing-subscriber v0.3.23
[INFO] [stderr]     Checking styrene-ui-apple-bridge v0.1.0 (/opt/rustwide/workdir/crates/styrene-ui-apple-bridge)
[INFO] [stderr]     Checking styrene-rns v0.1.0 (https://github.com/styrene-lab/styrene-rs.git?rev=ab46aa1f13de5663c684225dc27dfcba330d965f#ab46aa1f)
[INFO] [stderr]     Checking styrene-services v0.1.0 (https://github.com/styrene-lab/styrene-rs.git?rev=ab46aa1f13de5663c684225dc27dfcba330d965f#ab46aa1f)
[INFO] [stderr]     Checking styrene-lxmf v0.1.1 (https://github.com/styrene-lab/styrene-rs.git?rev=ab46aa1f13de5663c684225dc27dfcba330d965f#ab46aa1f)
[INFO] [stderr]     Checking styrene-mesh v0.1.0 (https://github.com/styrene-lab/styrene-rs.git?rev=ab46aa1f13de5663c684225dc27dfcba330d965f#ab46aa1f)
[INFO] [stderr]     Checking rustls-webpki v0.103.15
[INFO] [stderr]     Checking tokio-rustls v0.26.4
[INFO] [stderr]     Checking styrened v0.3.0 (https://github.com/styrene-lab/styrene-rs.git?rev=ab46aa1f13de5663c684225dc27dfcba330d965f#ab46aa1f)
[INFO] [stderr]     Checking libappindicator v0.9.0
[INFO] [stderr]     Checking muda v0.19.3
[INFO] [stderr]     Checking webkit2gtk v2.0.2
[INFO] [stderr]     Checking tao v0.35.3
[INFO] [stderr]     Checking tray-icon v0.24.2
[INFO] [stdout] warning: use of deprecated method `webkit2gtk::WebViewExt::run_javascript`: Since 2.40
[INFO] [stdout]   --> vendor/wry/src/webkitgtk/synthetic_mouse_events.rs:22:17
[INFO] [stdout]    |
[INFO] [stdout] 22 |         webview.run_javascript(
[INFO] [stdout]    |                 ^^^^^^^^^^^^^^
[INFO] [stdout]    |
[INFO] [stdout]    = note: `#[warn(deprecated)]` on by default
[INFO] [stdout] 
[INFO] [stdout] 
[INFO] [stdout] warning: use of deprecated method `webkit2gtk::WebViewExt::run_javascript`: Since 2.40
[INFO] [stdout]   --> vendor/wry/src/webkitgtk/synthetic_mouse_events.rs:32:17
[INFO] [stdout]    |
[INFO] [stdout] 32 |         webview.run_javascript(
[INFO] [stdout]    |                 ^^^^^^^^^^^^^^
[INFO] [stdout] 
[INFO] [stdout] 
[INFO] [stdout] warning: use of deprecated method `webkit2gtk::WebViewExt::run_javascript`: Since 2.40
[INFO] [stdout]   --> vendor/wry/src/webkitgtk/synthetic_mouse_events.rs:56:17
[INFO] [stdout]    |
[INFO] [stdout] 56 |         webview.run_javascript(
[INFO] [stdout]    |                 ^^^^^^^^^^^^^^
[INFO] [stdout] 
[INFO] [stdout] 
[INFO] [stdout] warning: use of deprecated method `webkit2gtk::WebViewExt::run_javascript`: Since 2.40
[INFO] [stdout]   --> vendor/wry/src/webkitgtk/synthetic_mouse_events.rs:66:17
[INFO] [stdout]    |
[INFO] [stdout] 66 |         webview.run_javascript(
[INFO] [stdout]    |                 ^^^^^^^^^^^^^^
[INFO] [stdout] 
[INFO] [stdout] 
[INFO] [stdout] warning: use of deprecated method `webkit2gtk::WebViewExt::run_javascript`: Since 2.40
[INFO] [stdout]    --> vendor/wry/src/webkitgtk/mod.rs:359:21
[INFO] [stdout]     |
[INFO] [stdout] 359 |             webview.run_javascript(&script, cancellable, |_| ());
[INFO] [stdout]     |                     ^^^^^^^^^^^^^^
[INFO] [stdout] 
[INFO] [stdout] 
[INFO] [stdout] warning: use of deprecated method `webkit2gtk::WebViewExt::run_javascript`: Since 2.40
[INFO] [stdout]    --> vendor/wry/src/webkitgtk/mod.rs:702:20
[INFO] [stdout]     |
[INFO] [stdout] 702 |       self.webview.run_javascript(js, cancellable, |result| {
[INFO] [stdout]     |                    ^^^^^^^^^^^^^^
[INFO] [stdout] 
[INFO] [stdout] 
[INFO] [stderr]     Checking dioxus v0.8.0-alpha.1
[INFO] [stderr]     Checking styrene-ui-app v0.1.0 (/opt/rustwide/workdir/crates/styrene-ui-app)
[INFO] [stderr]     Checking styrene-session v0.1.0 (https://github.com/styrene-lab/styrene-rs.git?rev=ab46aa1f13de5663c684225dc27dfcba330d965f#ab46aa1f)
[INFO] [stderr]     Checking styrene-dx v0.1.0 (/opt/rustwide/workdir/apps/desktop)
[INFO] [stderr]     Checking styrene-mobile v0.1.0 (/opt/rustwide/workdir/apps/mobile)
[INFO] [stdout] error[E0433]: cannot find module or crate `styrened` in this scope
[INFO] [stdout]  --> apps/mobile/src/ble_session.rs:4:5
[INFO] [stdout]   |
[INFO] [stdout] 4 | use styrened::mobile::{
[INFO] [stdout]   |     ^^^^^^^^ use of unresolved module or unlinked crate `styrened`
[INFO] [stdout]   |
[INFO] [stdout]   = help: if you wanted to use a crate named `styrened`, use `cargo add styrened` to add it to your `Cargo.toml`
[INFO] [stdout] 
[INFO] [stdout] 
[INFO] [stdout] error[E0433]: cannot find module or crate `tokio` in this scope
[INFO] [stdout]    --> apps/mobile/src/ble_session.rs:139:24
[INFO] [stdout]     |
[INFO] [stdout] 139 |             let read = tokio::select! {
[INFO] [stdout]     |                        ^^^^^ use of unresolved module or unlinked crate `tokio`
[INFO] [stdout] 
[INFO] [stdout] 
[INFO] [stdout] error[E0433]: cannot find module or crate `tokio` in this scope
[INFO] [stdout]    --> apps/mobile/src/ble_session.rs:167:9
[INFO] [stdout]     |
[INFO] [stdout] 167 |         tokio::select! {
[INFO] [stdout]     |         ^^^^^ use of unresolved module or unlinked crate `tokio`
[INFO] [stdout] 
[INFO] [stdout] 
[INFO] [stdout] error[E0433]: cannot find module or crate `styrened` in this scope
[INFO] [stdout]  --> apps/mobile/src/ble_session.rs:4:5
[INFO] [stdout]   |
[INFO] [stdout] 4 | use styrened::mobile::{
[INFO] [stdout]   |     ^^^^^^^^ use of unresolved module or unlinked crate `styrened`
[INFO] [stdout]   |
[INFO] [stdout]   = help: if you wanted to use a crate named `styrened`, use `cargo add styrened` to add it to your `Cargo.toml`
[INFO] [stdout] 
[INFO] [stdout] 
[INFO] [stdout] error[E0433]: cannot find module or crate `tokio` in this scope
[INFO] [stdout]    --> apps/mobile/src/ble_session.rs:139:24
[INFO] [stdout]     |
[INFO] [stdout] 139 |             let read = tokio::select! {
[INFO] [stdout]     |                        ^^^^^ use of unresolved module or unlinked crate `tokio`
[INFO] [stdout] 
[INFO] [stdout] 
[INFO] [stdout] error[E0433]: cannot find module or crate `tokio` in this scope
[INFO] [stdout]    --> apps/mobile/src/ble_session.rs:387:7
[INFO] [stdout]     |
[INFO] [stdout] 387 |     #[tokio::test]
[INFO] [stdout]     |       ^^^^^ use of unresolved module or unlinked crate `tokio`
[INFO] [stdout] 
[INFO] [stdout] 
[INFO] [stdout] error[E0433]: cannot find module or crate `tokio` in this scope
[INFO] [stdout]    --> apps/mobile/src/ble_session.rs:419:28
[INFO] [stdout]     |
[INFO] [stdout] 419 |         let (result, ()) = tokio::join!(run, trigger);
[INFO] [stdout]     |                            ^^^^^ use of unresolved module or unlinked crate `tokio`
[INFO] [stdout] 
[INFO] [stdout] 
[INFO] [stdout] error[E0433]: cannot find module or crate `tokio` in this scope
[INFO] [stdout]    --> apps/mobile/src/ble_session.rs:356:7
[INFO] [stdout]     |
[INFO] [stdout] 356 |     #[tokio::test]
[INFO] [stdout]     |       ^^^^^ use of unresolved module or unlinked crate `tokio`
[INFO] [stdout] 
[INFO] [stdout] 
[INFO] [stdout] error[E0433]: cannot find module or crate `tokio` in this scope
[INFO] [stdout]    --> apps/mobile/src/ble_session.rs:167:9
[INFO] [stdout]     |
[INFO] [stdout] 167 |         tokio::select! {
[INFO] [stdout]     |         ^^^^^ use of unresolved module or unlinked crate `tokio`
[INFO] [stdout] 
[INFO] [stdout] 
[INFO] [stdout] error[E0433]: cannot find module or crate `tokio` in this scope
[INFO] [stdout]    --> apps/mobile/src/ble_session.rs:327:17
[INFO] [stdout]     |
[INFO] [stdout] 327 |                 tokio::task::yield_now().await;
[INFO] [stdout]     |                 ^^^^^ use of unresolved module or unlinked crate `tokio`
[INFO] [stdout]     |
[INFO] [stdout]     = help: if you wanted to use a crate named `tokio`, use `cargo add tokio` to add it to your `Cargo.toml`
[INFO] [stdout] 
[INFO] [stdout] 
[INFO] [stdout] error[E0433]: cannot find module or crate `tokio` in this scope
[INFO] [stdout]    --> apps/mobile/src/ble_session.rs:415:17
[INFO] [stdout]     |
[INFO] [stdout] 415 |                 tokio::task::yield_now().await;
[INFO] [stdout]     |                 ^^^^^ use of unresolved module or unlinked crate `tokio`
[INFO] [stdout]     |
[INFO] [stdout]     = help: if you wanted to use a crate named `tokio`, use `cargo add tokio` to add it to your `Cargo.toml`
[INFO] [stdout] 
[INFO] [stdout] 
[INFO] [stdout] error[E0425]: cannot find type `TextAcquisitionFailure` in this scope
[INFO] [stdout]   --> apps/mobile/src/lib.rs:87:6
[INFO] [stdout]    |
[INFO] [stdout] 87 | ) -> TextAcquisitionFailure {
[INFO] [stdout]    |      ^^^^^^^^^^^^^^^^^^^^^^ not found in this scope
[INFO] [stdout]    |
[INFO] [stdout] note: found an item that was configured out
[INFO] [stdout]   --> apps/mobile/src/lib.rs:12:49
[INFO] [stdout]    |
[INFO] [stdout]  5 |     any(target_os = "android", target_os = "ios", target_os = "macos"),
[INFO] [stdout]    |        --------------------------------------------------------------- the item is gated here
[INFO] [stdout] ...
[INFO] [stdout] 12 |     OpaqueDocumentSharer, QrDestinationScanner, TextAcquisitionFailure, TextAcquisitionGeneration,
[INFO] [stdout]    |                                                 ^^^^^^^^^^^^^^^^^^^^^^
[INFO] [stdout] note: found an item that was configured out
[INFO] [stdout]   --> apps/mobile/src/lib.rs:21:43
[INFO] [stdout]    |
[INFO] [stdout] 20 | #[cfg(feature = "ui-test")]
[INFO] [stdout]    |       ------------------- the item is gated behind the `ui-test` feature
[INFO] [stdout] 21 | use styrene_ui_platform::{OpaqueDocument, TextAcquisitionFailure};
[INFO] [stdout]    |                                           ^^^^^^^^^^^^^^^^^^^^^^
[INFO] [stdout] help: consider importing this enum
[INFO] [stdout]    |
[INFO] [stdout]  1 + use styrene_ui_platform::TextAcquisitionFailure;
[INFO] [stdout]    |
[INFO] [stdout] 
[INFO] [stdout] 
[INFO] [stdout] error[E0433]: cannot find type `TextAcquisitionFailure` in this scope
[INFO] [stdout]   --> apps/mobile/src/lib.rs:89:60
[INFO] [stdout]    |
[INFO] [stdout] 89 |         styrene_ui_platform::AuthorizationState::Denied => TextAcquisitionFailure::Denied,
[INFO] [stdout]    |                                                            ^^^^^^^^^^^^^^^^^^^^^^ use of undeclared type `TextAcquisitionFailure`
[INFO] [stdout]    |
[INFO] [stdout] note: found an item that was configured out
[INFO] [stdout]   --> apps/mobile/src/lib.rs:12:49
[INFO] [stdout]    |
[INFO] [stdout]  5 |     any(target_os = "android", target_os = "ios", target_os = "macos"),
[INFO] [stdout]    |        --------------------------------------------------------------- the item is gated here
[INFO] [stdout] ...
[INFO] [stdout] 12 |     OpaqueDocumentSharer, QrDestinationScanner, TextAcquisitionFailure, TextAcquisitionGeneration,
[INFO] [stdout]    |                                                 ^^^^^^^^^^^^^^^^^^^^^^
[INFO] [stdout] note: found an item that was configured out
[INFO] [stdout]   --> apps/mobile/src/lib.rs:21:43
[INFO] [stdout]    |
[INFO] [stdout] 20 | #[cfg(feature = "ui-test")]
[INFO] [stdout]    |       ------------------- the item is gated behind the `ui-test` feature
[INFO] [stdout] 21 | use styrene_ui_platform::{OpaqueDocument, TextAcquisitionFailure};
[INFO] [stdout]    |                                           ^^^^^^^^^^^^^^^^^^^^^^
[INFO] [stdout] help: consider importing this enum
[INFO] [stdout]    |
[INFO] [stdout]  1 + use styrene_ui_platform::TextAcquisitionFailure;
[INFO] [stdout]    |
[INFO] [stdout] 
[INFO] [stdout] 
[INFO] [stdout] error[E0433]: cannot find type `TextAcquisitionFailure` in this scope
[INFO] [stdout]   --> apps/mobile/src/lib.rs:90:64
[INFO] [stdout]    |
[INFO] [stdout] 90 |         styrene_ui_platform::AuthorizationState::Restricted => TextAcquisitionFailure::Restricted,
[INFO] [stdout]    |                                                                ^^^^^^^^^^^^^^^^^^^^^^ use of undeclared type `TextAcquisitionFailure`
[INFO] [stdout]    |
[INFO] [stdout] note: found an item that was configured out
[INFO] [stdout]   --> apps/mobile/src/lib.rs:12:49
[INFO] [stdout]    |
[INFO] [stdout]  5 |     any(target_os = "android", target_os = "ios", target_os = "macos"),
[INFO] [stdout]    |        --------------------------------------------------------------- the item is gated here
[INFO] [stdout] ...
[INFO] [stdout] 12 |     OpaqueDocumentSharer, QrDestinationScanner, TextAcquisitionFailure, TextAcquisitionGeneration,
[INFO] [stdout]    |                                                 ^^^^^^^^^^^^^^^^^^^^^^
[INFO] [stdout] note: found an item that was configured out
[INFO] [stdout]   --> apps/mobile/src/lib.rs:21:43
[INFO] [stdout]    |
[INFO] [stdout] 20 | #[cfg(feature = "ui-test")]
[INFO] [stdout]    |       ------------------- the item is gated behind the `ui-test` feature
[INFO] [stdout] 21 | use styrene_ui_platform::{OpaqueDocument, TextAcquisitionFailure};
[INFO] [stdout]    |                                           ^^^^^^^^^^^^^^^^^^^^^^
[INFO] [stdout] help: consider importing this enum
[INFO] [stdout]    |
[INFO] [stdout]  1 + use styrene_ui_platform::TextAcquisitionFailure;
[INFO] [stdout]    |
[INFO] [stdout] 
[INFO] [stdout] 
[INFO] [stdout] error[E0433]: cannot find type `TextAcquisitionFailure` in this scope
[INFO] [stdout]   --> apps/mobile/src/lib.rs:91:65
[INFO] [stdout]    |
[INFO] [stdout] 91 |         styrene_ui_platform::AuthorizationState::Unavailable => TextAcquisitionFailure::Unavailable,
[INFO] [stdout]    |                                                                 ^^^^^^^^^^^^^^^^^^^^^^ use of undeclared type `TextAcquisitionFailure`
[INFO] [stdout]    |
[INFO] [stdout] note: found an item that was configured out
[INFO] [stdout]   --> apps/mobile/src/lib.rs:12:49
[INFO] [stdout]    |
[INFO] [stdout]  5 |     any(target_os = "android", target_os = "ios", target_os = "macos"),
[INFO] [stdout]    |        --------------------------------------------------------------- the item is gated here
[INFO] [stdout] ...
[INFO] [stdout] 12 |     OpaqueDocumentSharer, QrDestinationScanner, TextAcquisitionFailure, TextAcquisitionGeneration,
[INFO] [stdout]    |                                                 ^^^^^^^^^^^^^^^^^^^^^^
[INFO] [stdout] note: found an item that was configured out
[INFO] [stdout]   --> apps/mobile/src/lib.rs:21:43
[INFO] [stdout]    |
[INFO] [stdout] 20 | #[cfg(feature = "ui-test")]
[INFO] [stdout]    |       ------------------- the item is gated behind the `ui-test` feature
[INFO] [stdout] 21 | use styrene_ui_platform::{OpaqueDocument, TextAcquisitionFailure};
[INFO] [stdout]    |                                           ^^^^^^^^^^^^^^^^^^^^^^
[INFO] [stdout] help: consider importing this enum
[INFO] [stdout]    |
[INFO] [stdout]  1 + use styrene_ui_platform::TextAcquisitionFailure;
[INFO] [stdout]    |
[INFO] [stdout] 
[INFO] [stdout] 
[INFO] [stdout] error[E0433]: cannot find type `TextAcquisitionFailure` in this scope
[INFO] [stdout]   --> apps/mobile/src/lib.rs:93:63
[INFO] [stdout]    |
[INFO] [stdout] 93 |         | styrene_ui_platform::AuthorizationState::Granted => TextAcquisitionFailure::Cancelled,
[INFO] [stdout]    |                                                               ^^^^^^^^^^^^^^^^^^^^^^ use of undeclared type `TextAcquisitionFailure`
[INFO] [stdout]    |
[INFO] [stdout] note: found an item that was configured out
[INFO] [stdout]   --> apps/mobile/src/lib.rs:12:49
[INFO] [stdout]    |
[INFO] [stdout]  5 |     any(target_os = "android", target_os = "ios", target_os = "macos"),
[INFO] [stdout]    |        --------------------------------------------------------------- the item is gated here
[INFO] [stdout] ...
[INFO] [stdout] 12 |     OpaqueDocumentSharer, QrDestinationScanner, TextAcquisitionFailure, TextAcquisitionGeneration,
[INFO] [stdout]    |                                                 ^^^^^^^^^^^^^^^^^^^^^^
[INFO] [stdout] note: found an item that was configured out
[INFO] [stdout]   --> apps/mobile/src/lib.rs:21:43
[INFO] [stdout]    |
[INFO] [stdout] 20 | #[cfg(feature = "ui-test")]
[INFO] [stdout]    |       ------------------- the item is gated behind the `ui-test` feature
[INFO] [stdout] 21 | use styrene_ui_platform::{OpaqueDocument, TextAcquisitionFailure};
[INFO] [stdout]    |                                           ^^^^^^^^^^^^^^^^^^^^^^
[INFO] [stdout] help: consider importing this enum
[INFO] [stdout]    |
[INFO] [stdout]  1 + use styrene_ui_platform::TextAcquisitionFailure;
[INFO] [stdout]    |
[INFO] [stdout] 
[INFO] [stdout] 
[INFO] [stdout] error[E0425]: cannot find type `OpaqueDocument` in this scope
[INFO] [stdout]    --> apps/mobile/src/lib.rs:137:61
[INFO] [stdout]     |
[INFO] [stdout] 137 |     let mut selected_identity_backup = use_signal(|| None::<OpaqueDocument>);
[INFO] [stdout]     |                                                             ^^^^^^^^^^^^^^ not found in this scope
[INFO] [stdout]     |
[INFO] [stdout] note: found an item that was configured out
[INFO] [stdout]    --> apps/mobile/src/lib.rs:11:49
[INFO] [stdout]     |
[INFO] [stdout]   5 |     any(target_os = "android", target_os = "ios", target_os = "macos"),
[INFO] [stdout]     |        --------------------------------------------------------------- the item is gated here
[INFO] [stdout] ...
[INFO] [stdout]  11 |     DocumentShareFailure, DocumentShareOutcome, OpaqueDocument, OpaqueDocumentPicker,
[INFO] [stdout]     |                                                 ^^^^^^^^^^^^^^
[INFO] [stdout] note: found an item that was configured out
[INFO] [stdout]    --> apps/mobile/src/lib.rs:21:27
[INFO] [stdout]     |
[INFO] [stdout]  20 | #[cfg(feature = "ui-test")]
[INFO] [stdout]     |       ------------------- the item is gated behind the `ui-test` feature
[INFO] [stdout]  21 | use styrene_ui_platform::{OpaqueDocument, TextAcquisitionFailure};
[INFO] [stdout]     |                           ^^^^^^^^^^^^^^
[INFO] [stdout] help: consider importing this struct
[INFO] [stdout]     |
[INFO] [stdout]   1 + use styrene_ui_platform::OpaqueDocument;
[INFO] [stdout]     |
[INFO] [stdout] 
[INFO] [stdout] 
[INFO] [stdout] warning: unused imports: `IdentityBootstrap` and `QrImageCapture`
[INFO] [stdout]  --> apps/mobile/src/lib.rs:2:38
[INFO] [stdout]   |
[INFO] [stdout] 2 | use styrene_ui_app::{BackNavigation, IdentityBootstrap, MobileShell, QrImageCapture};
[INFO] [stdout]   |                                      ^^^^^^^^^^^^^^^^^               ^^^^^^^^^^^^^^
[INFO] [stdout]   |
[INFO] [stdout]   = note: `#[warn(unused_imports)]` (part of `#[warn(unused)]`) on by default
[INFO] [stdout] 
[INFO] [stdout] 
[INFO] [stdout] warning: unused imports: `IdentityRecoveryFailure` and `IdentityRecoveryPhase`
[INFO] [stdout]   --> apps/mobile/src/lib.rs:23:5
[INFO] [stdout]    |
[INFO] [stdout] 23 |     IdentityRecoveryFailure, IdentityRecoveryPhase, IdentityRecoveryState, TargetClass,
[INFO] [stdout]    |     ^^^^^^^^^^^^^^^^^^^^^^^  ^^^^^^^^^^^^^^^^^^^^^
[INFO] [stdout] 
[INFO] [stdout] 
[INFO] [stdout] warning: unused import: `std::time::Duration`
[INFO] [stdout]  --> apps/mobile/src/ble_session.rs:2:5
[INFO] [stdout]   |
[INFO] [stdout] 2 | use std::time::Duration;
[INFO] [stdout]   |     ^^^^^^^^^^^^^^^^^^^
[INFO] [stdout] 
[INFO] [stdout] 
[INFO] [stdout] warning: method call on a diverging inference variable
[INFO] [stdout]   --> apps/mobile/src/ble_session.rs:72:14
[INFO] [stdout]    |
[INFO] [stdout] 72 |             .map(|MobileRNodeWriteBatch { handoff, writes }| PumpBatch { handoff, writes }))
[INFO] [stdout]    |              ^^^
[INFO] [stdout]    |
[INFO] [stdout]    = help: consider providing a type annotation
[INFO] [stdout]    = warning: this was previously accepted by the compiler but is being phased out; it will become a hard error in a future release!
[INFO] [stdout]    = note: for more information, see issue #156047 <https://github.com/rust-lang/rust/issues/156047>
[INFO] [stdout]    = note: `#[warn(method_call_on_diverging_infer_var)]` (part of `#[warn(future_incompatible)]`) on by default
[INFO] [stdout] 
[INFO] [stdout] 
[INFO] [stdout] error[E0425]: cannot find type `TextAcquisitionFailure` in this scope
[INFO] [stdout]   --> apps/mobile/src/lib.rs:87:6
[INFO] [stdout]    |
[INFO] [stdout] 87 | ) -> TextAcquisitionFailure {
[INFO] [stdout]    |      ^^^^^^^^^^^^^^^^^^^^^^ not found in this scope
[INFO] [stdout]    |
[INFO] [stdout] note: found an item that was configured out
[INFO] [stdout]   --> apps/mobile/src/lib.rs:12:49
[INFO] [stdout]    |
[INFO] [stdout]  5 |     any(target_os = "android", target_os = "ios", target_os = "macos"),
[INFO] [stdout]    |        --------------------------------------------------------------- the item is gated here
[INFO] [stdout] ...
[INFO] [stdout] 12 |     OpaqueDocumentSharer, QrDestinationScanner, TextAcquisitionFailure, TextAcquisitionGeneration,
[INFO] [stdout]    |                                                 ^^^^^^^^^^^^^^^^^^^^^^
[INFO] [stdout] note: found an item that was configured out
[INFO] [stdout]   --> apps/mobile/src/lib.rs:21:43
[INFO] [stdout]    |
[INFO] [stdout] 20 | #[cfg(feature = "ui-test")]
[INFO] [stdout]    |       ------------------- the item is gated behind the `ui-test` feature
[INFO] [stdout] 21 | use styrene_ui_platform::{OpaqueDocument, TextAcquisitionFailure};
[INFO] [stdout]    |                                           ^^^^^^^^^^^^^^^^^^^^^^
[INFO] [stdout] help: consider importing this enum
[INFO] [stdout]    |
[INFO] [stdout]  1 + use styrene_ui_platform::TextAcquisitionFailure;
[INFO] [stdout]    |
[INFO] [stdout] 
[INFO] [stdout] 
[INFO] [stdout] error[E0433]: cannot find type `TextAcquisitionFailure` in this scope
[INFO] [stdout]   --> apps/mobile/src/lib.rs:89:60
[INFO] [stdout]    |
[INFO] [stdout] 89 |         styrene_ui_platform::AuthorizationState::Denied => TextAcquisitionFailure::Denied,
[INFO] [stdout]    |                                                            ^^^^^^^^^^^^^^^^^^^^^^ use of undeclared type `TextAcquisitionFailure`
[INFO] [stdout]    |
[INFO] [stdout] note: found an item that was configured out
[INFO] [stdout]   --> apps/mobile/src/lib.rs:12:49
[INFO] [stdout]    |
[INFO] [stdout]  5 |     any(target_os = "android", target_os = "ios", target_os = "macos"),
[INFO] [stdout]    |        --------------------------------------------------------------- the item is gated here
[INFO] [stdout] ...
[INFO] [stdout] 12 |     OpaqueDocumentSharer, QrDestinationScanner, TextAcquisitionFailure, TextAcquisitionGeneration,
[INFO] [stdout]    |                                                 ^^^^^^^^^^^^^^^^^^^^^^
[INFO] [stdout] note: found an item that was configured out
[INFO] [stdout]   --> apps/mobile/src/lib.rs:21:43
[INFO] [stdout]    |
[INFO] [stdout] 20 | #[cfg(feature = "ui-test")]
[INFO] [stdout]    |       ------------------- the item is gated behind the `ui-test` feature
[INFO] [stdout] 21 | use styrene_ui_platform::{OpaqueDocument, TextAcquisitionFailure};
[INFO] [stdout]    |                                           ^^^^^^^^^^^^^^^^^^^^^^
[INFO] [stdout] help: consider importing this enum
[INFO] [stdout]    |
[INFO] [stdout]  1 + use styrene_ui_platform::TextAcquisitionFailure;
[INFO] [stdout]    |
[INFO] [stdout] 
[INFO] [stdout] 
[INFO] [stdout] error[E0433]: cannot find type `TextAcquisitionFailure` in this scope
[INFO] [stdout]   --> apps/mobile/src/lib.rs:90:64
[INFO] [stdout]    |
[INFO] [stdout] 90 |         styrene_ui_platform::AuthorizationState::Restricted => TextAcquisitionFailure::Restricted,
[INFO] [stdout]    |                                                                ^^^^^^^^^^^^^^^^^^^^^^ use of undeclared type `TextAcquisitionFailure`
[INFO] [stdout]    |
[INFO] [stdout] note: found an item that was configured out
[INFO] [stdout]   --> apps/mobile/src/lib.rs:12:49
[INFO] [stdout]    |
[INFO] [stdout]  5 |     any(target_os = "android", target_os = "ios", target_os = "macos"),
[INFO] [stdout]    |        --------------------------------------------------------------- the item is gated here
[INFO] [stdout] ...
[INFO] [stdout] 12 |     OpaqueDocumentSharer, QrDestinationScanner, TextAcquisitionFailure, TextAcquisitionGeneration,
[INFO] [stdout]    |                                                 ^^^^^^^^^^^^^^^^^^^^^^
[INFO] [stdout] note: found an item that was configured out
[INFO] [stdout]   --> apps/mobile/src/lib.rs:21:43
[INFO] [stdout]    |
[INFO] [stdout] 20 | #[cfg(feature = "ui-test")]
[INFO] [stdout]    |       ------------------- the item is gated behind the `ui-test` feature
[INFO] [stdout] 21 | use styrene_ui_platform::{OpaqueDocument, TextAcquisitionFailure};
[INFO] [stdout]    |                                           ^^^^^^^^^^^^^^^^^^^^^^
[INFO] [stdout] help: consider importing this enum
[INFO] [stdout]    |
[INFO] [stdout]  1 + use styrene_ui_platform::TextAcquisitionFailure;
[INFO] [stdout]    |
[INFO] [stdout] 
[INFO] [stdout] 
[INFO] [stdout] error[E0433]: cannot find type `TextAcquisitionFailure` in this scope
[INFO] [stdout]   --> apps/mobile/src/lib.rs:91:65
[INFO] [stdout]    |
[INFO] [stdout] 91 |         styrene_ui_platform::AuthorizationState::Unavailable => TextAcquisitionFailure::Unavailable,
[INFO] [stdout]    |                                                                 ^^^^^^^^^^^^^^^^^^^^^^ use of undeclared type `TextAcquisitionFailure`
[INFO] [stdout]    |
[INFO] [stdout] note: found an item that was configured out
[INFO] [stdout]   --> apps/mobile/src/lib.rs:12:49
[INFO] [stdout]    |
[INFO] [stdout]  5 |     any(target_os = "android", target_os = "ios", target_os = "macos"),
[INFO] [stdout]    |        --------------------------------------------------------------- the item is gated here
[INFO] [stdout] ...
[INFO] [stdout] 12 |     OpaqueDocumentSharer, QrDestinationScanner, TextAcquisitionFailure, TextAcquisitionGeneration,
[INFO] [stdout]    |                                                 ^^^^^^^^^^^^^^^^^^^^^^
[INFO] [stdout] note: found an item that was configured out
[INFO] [stdout]   --> apps/mobile/src/lib.rs:21:43
[INFO] [stdout]    |
[INFO] [stdout] 20 | #[cfg(feature = "ui-test")]
[INFO] [stdout]    |       ------------------- the item is gated behind the `ui-test` feature
[INFO] [stdout] 21 | use styrene_ui_platform::{OpaqueDocument, TextAcquisitionFailure};
[INFO] [stdout]    |                                           ^^^^^^^^^^^^^^^^^^^^^^
[INFO] [stdout] help: consider importing this enum
[INFO] [stdout]    |
[INFO] [stdout]  1 + use styrene_ui_platform::TextAcquisitionFailure;
[INFO] [stdout]    |
[INFO] [stdout] 
[INFO] [stdout] 
[INFO] [stdout] error[E0433]: cannot find type `TextAcquisitionFailure` in this scope
[INFO] [stdout]   --> apps/mobile/src/lib.rs:93:63
[INFO] [stdout]    |
[INFO] [stdout] 93 |         | styrene_ui_platform::AuthorizationState::Granted => TextAcquisitionFailure::Cancelled,
[INFO] [stdout]    |                                                               ^^^^^^^^^^^^^^^^^^^^^^ use of undeclared type `TextAcquisitionFailure`
[INFO] [stdout]    |
[INFO] [stdout] note: found an item that was configured out
[INFO] [stdout]   --> apps/mobile/src/lib.rs:12:49
[INFO] [stdout]    |
[INFO] [stdout]  5 |     any(target_os = "android", target_os = "ios", target_os = "macos"),
[INFO] [stdout]    |        --------------------------------------------------------------- the item is gated here
[INFO] [stdout] ...
[INFO] [stdout] 12 |     OpaqueDocumentSharer, QrDestinationScanner, TextAcquisitionFailure, TextAcquisitionGeneration,
[INFO] [stdout]    |                                                 ^^^^^^^^^^^^^^^^^^^^^^
[INFO] [stdout] note: found an item that was configured out
[INFO] [stdout]   --> apps/mobile/src/lib.rs:21:43
[INFO] [stdout]    |
[INFO] [stdout] 20 | #[cfg(feature = "ui-test")]
[INFO] [stdout]    |       ------------------- the item is gated behind the `ui-test` feature
[INFO] [stdout] 21 | use styrene_ui_platform::{OpaqueDocument, TextAcquisitionFailure};
[INFO] [stdout]    |                                           ^^^^^^^^^^^^^^^^^^^^^^
[INFO] [stdout] help: consider importing this enum
[INFO] [stdout]    |
[INFO] [stdout]  1 + use styrene_ui_platform::TextAcquisitionFailure;
[INFO] [stdout]    |
[INFO] [stdout] 
[INFO] [stdout] 
[INFO] [stdout] error[E0425]: cannot find type `OpaqueDocument` in this scope
[INFO] [stdout]    --> apps/mobile/src/lib.rs:137:61
[INFO] [stdout]     |
[INFO] [stdout] 137 |     let mut selected_identity_backup = use_signal(|| None::<OpaqueDocument>);
[INFO] [stdout]     |                                                             ^^^^^^^^^^^^^^ not found in this scope
[INFO] [stdout]     |
[INFO] [stdout] note: found an item that was configured out
[INFO] [stdout]    --> apps/mobile/src/lib.rs:11:49
[INFO] [stdout]     |
[INFO] [stdout]   5 |     any(target_os = "android", target_os = "ios", target_os = "macos"),
[INFO] [stdout]     |        --------------------------------------------------------------- the item is gated here
[INFO] [stdout] ...
[INFO] [stdout]  11 |     DocumentShareFailure, DocumentShareOutcome, OpaqueDocument, OpaqueDocumentPicker,
[INFO] [stdout]     |                                                 ^^^^^^^^^^^^^^
[INFO] [stdout] note: found an item that was configured out
[INFO] [stdout]    --> apps/mobile/src/lib.rs:21:27
[INFO] [stdout]     |
[INFO] [stdout]  20 | #[cfg(feature = "ui-test")]
[INFO] [stdout]     |       ------------------- the item is gated behind the `ui-test` feature
[INFO] [stdout]  21 | use styrene_ui_platform::{OpaqueDocument, TextAcquisitionFailure};
[INFO] [stdout]     |                           ^^^^^^^^^^^^^^
[INFO] [stdout]     = note: struct `crate::platform::tests::OpaqueDocument` exists but is inaccessible
[INFO] [stdout] help: consider importing this struct
[INFO] [stdout]     |
[INFO] [stdout]   1 + use styrene_ui_platform::OpaqueDocument;
[INFO] [stdout]     |
[INFO] [stdout] 
[INFO] [stdout] 
[INFO] [stdout] error[E0433]: cannot find type `TextAcquisitionFailure` in this scope
[INFO] [stdout]    --> apps/mobile/src/lib.rs:798:13
[INFO] [stdout]     |
[INFO] [stdout] 798 |             TextAcquisitionFailure::Denied
[INFO] [stdout]     |             ^^^^^^^^^^^^^^^^^^^^^^ use of undeclared type `TextAcquisitionFailure`
[INFO] [stdout]     |
[INFO] [stdout] note: found an item that was configured out
[INFO] [stdout]    --> apps/mobile/src/lib.rs:12:49
[INFO] [stdout]     |
[INFO] [stdout]   5 |     any(target_os = "android", target_os = "ios", target_os = "macos"),
[INFO] [stdout]     |        --------------------------------------------------------------- the item is gated here
[INFO] [stdout] ...
[INFO] [stdout]  12 |     OpaqueDocumentSharer, QrDestinationScanner, TextAcquisitionFailure, TextAcquisitionGeneration,
[INFO] [stdout]     |                                                 ^^^^^^^^^^^^^^^^^^^^^^
[INFO] [stdout] note: found an item that was configured out
[INFO] [stdout]    --> apps/mobile/src/lib.rs:21:43
[INFO] [stdout]     |
[INFO] [stdout]  20 | #[cfg(feature = "ui-test")]
[INFO] [stdout]     |       ------------------- the item is gated behind the `ui-test` feature
[INFO] [stdout]  21 | use styrene_ui_platform::{OpaqueDocument, TextAcquisitionFailure};
[INFO] [stdout]     |                                           ^^^^^^^^^^^^^^^^^^^^^^
[INFO] [stdout] help: consider importing this enum
[INFO] [stdout]     |
[INFO] [stdout] 778 +     use styrene_ui_platform::TextAcquisitionFailure;
[INFO] [stdout]     |
[INFO] [stdout] 
[INFO] [stdout] 
[INFO] [stdout] error[E0433]: cannot find type `TextAcquisitionFailure` in this scope
[INFO] [stdout]    --> apps/mobile/src/lib.rs:802:13
[INFO] [stdout]     |
[INFO] [stdout] 802 |             TextAcquisitionFailure::Restricted
[INFO] [stdout]     |             ^^^^^^^^^^^^^^^^^^^^^^ use of undeclared type `TextAcquisitionFailure`
[INFO] [stdout]     |
[INFO] [stdout] note: found an item that was configured out
[INFO] [stdout]    --> apps/mobile/src/lib.rs:12:49
[INFO] [stdout]     |
[INFO] [stdout]   5 |     any(target_os = "android", target_os = "ios", target_os = "macos"),
[INFO] [stdout]     |        --------------------------------------------------------------- the item is gated here
[INFO] [stdout] ...
[INFO] [stdout]  12 |     OpaqueDocumentSharer, QrDestinationScanner, TextAcquisitionFailure, TextAcquisitionGeneration,
[INFO] [stdout]     |                                                 ^^^^^^^^^^^^^^^^^^^^^^
[INFO] [stdout] note: found an item that was configured out
[INFO] [stdout]    --> apps/mobile/src/lib.rs:21:43
[INFO] [stdout]     |
[INFO] [stdout]  20 | #[cfg(feature = "ui-test")]
[INFO] [stdout]     |       ------------------- the item is gated behind the `ui-test` feature
[INFO] [stdout]  21 | use styrene_ui_platform::{OpaqueDocument, TextAcquisitionFailure};
[INFO] [stdout]     |                                           ^^^^^^^^^^^^^^^^^^^^^^
[INFO] [stdout] help: consider importing this enum
[INFO] [stdout]     |
[INFO] [stdout] 778 +     use styrene_ui_platform::TextAcquisitionFailure;
[INFO] [stdout]     |
[INFO] [stdout] 
[INFO] [stdout] 
[INFO] [stdout] error[E0433]: cannot find type `TextAcquisitionFailure` in this scope
[INFO] [stdout]    --> apps/mobile/src/lib.rs:806:13
[INFO] [stdout]     |
[INFO] [stdout] 806 |             TextAcquisitionFailure::Unavailable
[INFO] [stdout]     |             ^^^^^^^^^^^^^^^^^^^^^^ use of undeclared type `TextAcquisitionFailure`
[INFO] [stdout]     |
[INFO] [stdout] note: found an item that was configured out
[INFO] [stdout]    --> apps/mobile/src/lib.rs:12:49
[INFO] [stdout]     |
[INFO] [stdout]   5 |     any(target_os = "android", target_os = "ios", target_os = "macos"),
[INFO] [stdout]     |        --------------------------------------------------------------- the item is gated here
[INFO] [stdout] ...
[INFO] [stdout]  12 |     OpaqueDocumentSharer, QrDestinationScanner, TextAcquisitionFailure, TextAcquisitionGeneration,
[INFO] [stdout]     |                                                 ^^^^^^^^^^^^^^^^^^^^^^
[INFO] [stdout] note: found an item that was configured out
[INFO] [stdout]    --> apps/mobile/src/lib.rs:21:43
[INFO] [stdout]     |
[INFO] [stdout]  20 | #[cfg(feature = "ui-test")]
[INFO] [stdout]     |       ------------------- the item is gated behind the `ui-test` feature
[INFO] [stdout]  21 | use styrene_ui_platform::{OpaqueDocument, TextAcquisitionFailure};
[INFO] [stdout]     |                                           ^^^^^^^^^^^^^^^^^^^^^^
[INFO] [stdout] help: consider importing this enum
[INFO] [stdout]     |
[INFO] [stdout] 778 +     use styrene_ui_platform::TextAcquisitionFailure;
[INFO] [stdout]     |
[INFO] [stdout] 
[INFO] [stdout] 
[INFO] [stdout] error[E0433]: cannot find type `TextAcquisitionFailure` in this scope
[INFO] [stdout]    --> apps/mobile/src/lib.rs:810:13
[INFO] [stdout]     |
[INFO] [stdout] 810 |             TextAcquisitionFailure::Cancelled
[INFO] [stdout]     |             ^^^^^^^^^^^^^^^^^^^^^^ use of undeclared type `TextAcquisitionFailure`
[INFO] [stdout]     |
[INFO] [stdout] note: found an item that was configured out
[INFO] [stdout]    --> apps/mobile/src/lib.rs:12:49
[INFO] [stdout]     |
[INFO] [stdout]   5 |     any(target_os = "android", target_os = "ios", target_os = "macos"),
[INFO] [stdout]     |        --------------------------------------------------------------- the item is gated here
[INFO] [stdout] ...
[INFO] [stdout]  12 |     OpaqueDocumentSharer, QrDestinationScanner, TextAcquisitionFailure, TextAcquisitionGeneration,
[INFO] [stdout]     |                                                 ^^^^^^^^^^^^^^^^^^^^^^
[INFO] [stdout] note: found an item that was configured out
[INFO] [stdout]    --> apps/mobile/src/lib.rs:21:43
[INFO] [stdout]     |
[INFO] [stdout]  20 | #[cfg(feature = "ui-test")]
[INFO] [stdout]     |       ------------------- the item is gated behind the `ui-test` feature
[INFO] [stdout]  21 | use styrene_ui_platform::{OpaqueDocument, TextAcquisitionFailure};
[INFO] [stdout]     |                                           ^^^^^^^^^^^^^^^^^^^^^^
[INFO] [stdout] help: consider importing this enum
[INFO] [stdout]     |
[INFO] [stdout] 778 +     use styrene_ui_platform::TextAcquisitionFailure;
[INFO] [stdout]     |
[INFO] [stdout] 
[INFO] [stdout] 
[INFO] [stdout] error[E0433]: cannot find type `TextAcquisitionFailure` in this scope
[INFO] [stdout]    --> apps/mobile/src/lib.rs:814:13
[INFO] [stdout]     |
[INFO] [stdout] 814 |             TextAcquisitionFailure::Cancelled
[INFO] [stdout]     |             ^^^^^^^^^^^^^^^^^^^^^^ use of undeclared type `TextAcquisitionFailure`
[INFO] [stdout]     |
[INFO] [stdout] note: found an item that was configured out
[INFO] [stdout]    --> apps/mobile/src/lib.rs:12:49
[INFO] [stdout]     |
[INFO] [stdout]   5 |     any(target_os = "android", target_os = "ios", target_os = "macos"),
[INFO] [stdout]     |        --------------------------------------------------------------- the item is gated here
[INFO] [stdout] ...
[INFO] [stdout]  12 |     OpaqueDocumentSharer, QrDestinationScanner, TextAcquisitionFailure, TextAcquisitionGeneration,
[INFO] [stdout]     |                                                 ^^^^^^^^^^^^^^^^^^^^^^
[INFO] [stdout] note: found an item that was configured out
[INFO] [stdout]    --> apps/mobile/src/lib.rs:21:43
[INFO] [stdout]     |
[INFO] [stdout]  20 | #[cfg(feature = "ui-test")]
[INFO] [stdout]     |       ------------------- the item is gated behind the `ui-test` feature
[INFO] [stdout]  21 | use styrene_ui_platform::{OpaqueDocument, TextAcquisitionFailure};
[INFO] [stdout]     |                                           ^^^^^^^^^^^^^^^^^^^^^^
[INFO] [stdout] help: consider importing this enum
[INFO] [stdout]     |
[INFO] [stdout] 778 +     use styrene_ui_platform::TextAcquisitionFailure;
[INFO] [stdout]     |
[INFO] [stdout] 
[INFO] [stdout] 
[INFO] [stdout] warning: unused imports: `IdentityBootstrap` and `QrImageCapture`
[INFO] [stdout]  --> apps/mobile/src/lib.rs:2:38
[INFO] [stdout]   |
[INFO] [stdout] 2 | use styrene_ui_app::{BackNavigation, IdentityBootstrap, MobileShell, QrImageCapture};
[INFO] [stdout]   |                                      ^^^^^^^^^^^^^^^^^               ^^^^^^^^^^^^^^
[INFO] [stdout]   |
[INFO] [stdout]   = note: `#[warn(unused_imports)]` (part of `#[warn(unused)]`) on by default
[INFO] [stdout] 
[INFO] [stdout] 
[INFO] [stdout] warning: unused imports: `IdentityRecoveryFailure` and `IdentityRecoveryPhase`
[INFO] [stdout]   --> apps/mobile/src/lib.rs:23:5
[INFO] [stdout]    |
[INFO] [stdout] 23 |     IdentityRecoveryFailure, IdentityRecoveryPhase, IdentityRecoveryState, TargetClass,
[INFO] [stdout]    |     ^^^^^^^^^^^^^^^^^^^^^^^  ^^^^^^^^^^^^^^^^^^^^^
[INFO] [stdout] 
[INFO] [stdout] 
[INFO] [stdout] warning: unused import: `std::time::Duration`
[INFO] [stdout]  --> apps/mobile/src/ble_session.rs:2:5
[INFO] [stdout]   |
[INFO] [stdout] 2 | use std::time::Duration;
[INFO] [stdout]   |     ^^^^^^^^^^^^^^^^^^^
[INFO] [stdout] 
[INFO] [stdout] 
[INFO] [stdout] warning: method call on a diverging inference variable
[INFO] [stdout]   --> apps/mobile/src/ble_session.rs:72:14
[INFO] [stdout]    |
[INFO] [stdout] 72 |             .map(|MobileRNodeWriteBatch { handoff, writes }| PumpBatch { handoff, writes }))
[INFO] [stdout]    |              ^^^
[INFO] [stdout]    |
[INFO] [stdout]    = help: consider providing a type annotation
[INFO] [stdout]    = warning: this was previously accepted by the compiler but is being phased out; it will become a hard error in a future release!
[INFO] [stdout]    = note: for more information, see issue #156047 <https://github.com/rust-lang/rust/issues/156047>
[INFO] [stdout]    = note: `#[warn(method_call_on_diverging_infer_var)]` (part of `#[warn(future_incompatible)]`) on by default
[INFO] [stdout] 
[INFO] [stdout] 
[INFO] [stdout] error[E0599]: `!` is not an iterator
[INFO] [stdout]   --> apps/mobile/src/ble_session.rs:72:14
[INFO] [stdout]    |
[INFO] [stdout] 68 |         Ok(self
[INFO] [stdout] 69 |             .0
[INFO] [stdout] 70 |             .poll_rnode_bytes(attempt)
[INFO] [stdout] 71 |             .await?
[INFO] [stdout] 72 |             .map(|MobileRNodeWriteBatch { handoff, writes }| PumpBatch { handoff, writes }))
[INFO] [stdout]    |              ^^^ `!` is not an iterator
[INFO] [stdout]    |
[INFO] [stdout]    = note: the following trait bounds were not satisfied:
[INFO] [stdout]            `!: Iterator`
[INFO] [stdout]            which is required by `&mut !: Iterator`
[INFO] [stdout] 
[INFO] [stdout] 
[INFO] [stdout] error[E0599]: `!` is not an iterator
[INFO] [stdout]   --> apps/mobile/src/ble_session.rs:72:14
[INFO] [stdout]    |
[INFO] [stdout] 68 |         Ok(self
[INFO] [stdout] 69 |             .0
[INFO] [stdout] 70 |             .poll_rnode_bytes(attempt)
[INFO] [stdout] 71 |             .await?
[INFO] [stdout] 72 |             .map(|MobileRNodeWriteBatch { handoff, writes }| PumpBatch { handoff, writes }))
[INFO] [stdout]    |              ^^^ `!` is not an iterator
[INFO] [stdout]    |
[INFO] [stdout]    = note: the following trait bounds were not satisfied:
[INFO] [stdout]            `!: Iterator`
[INFO] [stdout]            which is required by `&mut !: Iterator`
[INFO] [stdout] 
[INFO] [stdout] 
[INFO] [stdout] Some errors have detailed explanations: E0425, E0433, E0599.
[INFO] [stdout] 
[INFO] [stdout] For more information about an error, try `rustc --explain E0425`.
[INFO] [stdout] 
[INFO] [stderr] error: could not compile `styrene-mobile` (lib) due to 10 previous errors; 5 warnings emitted
[INFO] [stderr] warning: build failed, waiting for other jobs to finish...
[INFO] [stdout] Some errors have detailed explanations: E0425, E0433, E0599.
[INFO] [stdout] 
[INFO] [stdout] For more information about an error, try `rustc --explain E0425`.
[INFO] [stdout] 
[INFO] [stderr] error: could not compile `styrene-mobile` (lib test) due to 20 previous errors; 5 warnings emitted
[INFO] [stderr] warning: unused dependency `async-channel`
[INFO] [stderr]   --> crates/styrene-ui-apple-bridge/Cargo.toml:11:1
[INFO] [stderr]    |
[INFO] [stderr] 11 | async-channel.workspace = true
[INFO] [stderr]    | ^^^^^^^^^^^^^
[INFO] [stderr]    |
[INFO] [stderr]    = note: `cargo::unused_dependencies` is set to `warn` by default
[INFO] [stderr] help: consider removing the dependency on `async-channel`
[INFO] [stderr] warning: `styrene-ui-apple-bridge` (manifest) generated 1 warning
[INFO] running `Command { std: "docker" "inspect" "a3227e932d2e561ba86a7a017ae800905ae44996867d89c6097750ebcc6959e1", kill_on_drop: false }`
[INFO] running `Command { std: "docker" "rm" "-f" "a3227e932d2e561ba86a7a017ae800905ae44996867d89c6097750ebcc6959e1", kill_on_drop: false }`
[INFO] [stdout] a3227e932d2e561ba86a7a017ae800905ae44996867d89c6097750ebcc6959e1
