[INFO] cloning repository https://github.com/studyupup1949/miri
[INFO] running `Command { std: "git" "-c" "credential.helper=" "-c" "credential.helper=/workspace/cargo-home/bin/git-credential-null" "clone" "--bare" "https://github.com/studyupup1949/miri" "/workspace/cache/git-repos/https%3A%2F%2Fgithub.com%2Fstudyupup1949%2Fmiri", kill_on_drop: false }`
[INFO] [stderr] Cloning into bare repository '/workspace/cache/git-repos/https%3A%2F%2Fgithub.com%2Fstudyupup1949%2Fmiri'...
[INFO] running `Command { std: "git" "rev-parse" "HEAD", kill_on_drop: false }`
[INFO] [stdout] 7252638f7bd8aa502736a0c6f837a8265e03f283
[INFO] checking studyupup1949/miri against 3154cc1a3e6424e44f438a95007d043ed5ceaaf6+rustflags=-Znext-solver=coherence for pr-133502-30
[INFO] running `Command { std: "git" "clone" "/workspace/cache/git-repos/https%3A%2F%2Fgithub.com%2Fstudyupup1949%2Fmiri" "/workspace/builds/worker-1-tc1/source", kill_on_drop: false }`
[INFO] [stderr] Cloning into '/workspace/builds/worker-1-tc1/source'...
[INFO] [stderr] done.
[INFO] started tweaking git repo https://github.com/studyupup1949/miri
[INFO] removed 0 missing tests
[INFO] finished tweaking git repo https://github.com/studyupup1949/miri
[INFO] tweaked toml for git repo https://github.com/studyupup1949/miri written to /workspace/builds/worker-1-tc1/source/Cargo.toml
[INFO] validating manifest of git repo https://github.com/studyupup1949/miri on toolchain 3154cc1a3e6424e44f438a95007d043ed5ceaaf6
[INFO] running `Command { std: CARGO_HOME="/workspace/cargo-home" RUSTUP_HOME="/workspace/rustup-home" "/workspace/cargo-home/bin/cargo" "+3154cc1a3e6424e44f438a95007d043ed5ceaaf6" "metadata" "--manifest-path" "Cargo.toml" "--no-deps", kill_on_drop: false }`
[INFO] crate git repo https://github.com/studyupup1949/miri already has a lockfile, it will not be regenerated
[INFO] running `Command { std: CARGO_HOME="/workspace/cargo-home" RUSTUP_HOME="/workspace/rustup-home" "/workspace/cargo-home/bin/cargo" "+3154cc1a3e6424e44f438a95007d043ed5ceaaf6" "fetch" "--manifest-path" "Cargo.toml", kill_on_drop: false }`
[INFO] [stderr]     Updating crates.io index
[INFO] [stderr]  Downloading crates ...
[INFO] [stderr]   Downloaded rustfix v0.8.7
[INFO] [stderr]   Downloaded spanned v0.4.1
[INFO] [stderr]   Downloaded prettydiff v0.9.0
[INFO] [stderr]   Downloaded comma v1.0.0
[INFO] [stderr]   Downloaded ui_test v0.30.7
[INFO] [stderr]   Downloaded cargo-platform v0.3.1
[INFO] [stderr]   Downloaded memmap2 v0.2.3
[INFO] [stderr]   Downloaded measureme v12.0.3
[INFO] [stderr]   Downloaded perf-event-open-sys v3.0.0
[INFO] [stderr]   Downloaded libffi v5.1.0
[INFO] [stderr]   Downloaded ipc-channel v0.22.0
[INFO] [stderr]   Downloaded libffi-sys v4.1.0
[INFO] [stderr]   Downloaded cxx-build v1.0.199
[INFO] [stderr]   Downloaded cxx v1.0.199
[INFO] [stderr]   Downloaded cxxbridge-flags v1.0.199
[INFO] [stderr]   Downloaded cxxbridge-macro v1.0.199
[INFO] [stderr]   Downloaded cxxbridge-cmd v1.0.199
[INFO] [stderr]   Downloaded chrono-tz v0.10.4
[INFO] [stderr]   Downloaded capstone v0.14.0
[INFO] [stderr]   Downloaded capstone-sys v0.18.0
[INFO] running `Command { std: "docker" "create" "-v" "/var/lib/crater-agent-workspace/builds/worker-1-tc1/source:/opt/rustwide/workdir:ro,Z" "-v" "/var/lib/crater-agent-workspace/builds/worker-1-tc1/target:/opt/rustwide/target:rw,Z" "-v" "/var/lib/crater-agent-workspace/cargo-home:/opt/rustwide/cargo-home:ro,Z" "-v" "/var/lib/crater-agent-workspace/rustup-home:/opt/rustwide/rustup-home:ro,Z" "-m" "1610612736" "--network" "none" "ghcr.io/rust-lang/crates-build-env/linux@sha256:77db811e55d90add9212f6832c23229e3de5f1c1f9905e8cb07319ea15df73ac" "sleep" "infinity", kill_on_drop: false }`
[INFO] [stdout] f04f2b9ece282e0c0cd001c69229ac105de352d3bfada24cf062b7f991787375
[INFO] running `Command { std: "docker" "start" "f04f2b9ece282e0c0cd001c69229ac105de352d3bfada24cf062b7f991787375", kill_on_drop: false }`
[INFO] running `Command { std: "docker" "inspect" "f04f2b9ece282e0c0cd001c69229ac105de352d3bfada24cf062b7f991787375", kill_on_drop: false }`
[INFO] running `Command { std: "docker" "exec" "-e" "SOURCE_DIR=/opt/rustwide/workdir" "-e" "CARGO_HOME=/opt/rustwide/cargo-home" "-e" "RUSTUP_HOME=/opt/rustwide/rustup-home" "-e" "CARGO_TARGET_DIR=/opt/rustwide/target" "-w" "/opt/rustwide/workdir" "--user" "0:0" "f04f2b9ece282e0c0cd001c69229ac105de352d3bfada24cf062b7f991787375" "/opt/rustwide/cargo-home/bin/cargo" "+3154cc1a3e6424e44f438a95007d043ed5ceaaf6" "metadata" "--no-deps" "--format-version=1", kill_on_drop: false }`
[INFO] running `Command { std: "docker" "inspect" "f04f2b9ece282e0c0cd001c69229ac105de352d3bfada24cf062b7f991787375", kill_on_drop: false }`
[INFO] running `Command { std: "docker" "exec" "-e" "SOURCE_DIR=/opt/rustwide/workdir" "-e" "CARGO_HOME=/opt/rustwide/cargo-home" "-e" "RUSTUP_HOME=/opt/rustwide/rustup-home" "-e" "CARGO_TARGET_DIR=/opt/rustwide/target" "-e" "CARGO_INCREMENTAL=0" "-e" "RUST_BACKTRACE=full" "-e" "RUSTFLAGS=--cap-lints=forbid -Znext-solver=coherence" "-e" "RUSTDOCFLAGS=--cap-lints=forbid" "-w" "/opt/rustwide/workdir" "--user" "0:0" "f04f2b9ece282e0c0cd001c69229ac105de352d3bfada24cf062b7f991787375" "/opt/rustwide/cargo-home/bin/cargo" "+3154cc1a3e6424e44f438a95007d043ed5ceaaf6" "check" "--frozen" "--all" "--all-targets" "--message-format=json", kill_on_drop: false }`
[INFO] [stderr]    Compiling serde_core v1.0.229
[INFO] [stderr]    Compiling owo-colors v4.3.0
[INFO] [stderr]    Compiling num-traits v0.2.19
[INFO] [stderr]     Checking getrandom v0.4.3
[INFO] [stderr]     Checking tracing v0.1.44
[INFO] [stderr]    Compiling object v0.37.3
[INFO] [stderr]    Compiling capstone-sys v0.18.0
[INFO] [stderr]    Compiling libffi-sys v4.1.0
[INFO] [stderr]    Compiling eyre v0.6.14
[INFO] [stderr]     Checking aho-corasick v1.1.5
[INFO] [stderr]     Checking tracing-subscriber v0.3.23
[INFO] [stderr]    Compiling syn v3.0.3
[INFO] [stderr]    Compiling color-spantrace v0.3.0
[INFO] [stderr]     Checking smallvec v1.15.2
[INFO] [stderr]     Checking gimli v0.32.3
[INFO] [stderr]    Compiling serde_json v1.0.151
[INFO] [stderr]     Checking miniz_oxide v0.8.9
[INFO] [stderr]     Checking phf_shared v0.12.1
[INFO] [stderr]     Checking parking_lot_core v0.9.12
[INFO] [stderr]    Compiling syn v2.0.119
[INFO] [stderr]    Compiling nix v0.31.3
[INFO] [stderr]     Checking crossbeam-channel v0.5.16
[INFO] [stderr]     Checking inout v0.2.2
[INFO] [stderr]    Compiling chrono-tz v0.10.4
[INFO] [stderr]     Checking unicode-width v0.2.2
[INFO] [stderr]     Checking rustc-demangle v0.1.28
[INFO] [stderr]     Checking indenter v0.3.4
[INFO] [stderr]    Compiling portable-atomic v1.15.0
[INFO] [stderr]    Compiling camino v1.2.5
[INFO] [stderr]     Checking tempfile v3.27.0
[INFO] [stderr]     Checking cipher v0.5.2
[INFO] [stderr]     Checking dirs-sys v0.5.0
[INFO] [stderr]     Checking parking_lot v0.12.5
[INFO] [stderr]     Checking phf v0.12.1
[INFO] [stderr]     Checking mio v1.2.2
[INFO] [stderr]     Checking chacha20 v0.10.2
[INFO] [stderr]     Checking tracing-error v0.2.1
[INFO] [stderr]     Checking uuid v1.25.0
[INFO] [stderr]     Checking memmap2 v0.2.3
[INFO] [stderr]     Checking perf-event-open-sys v3.0.0
[INFO] [stderr]     Checking aes v0.9.2
[INFO] [stderr]     Checking measureme v12.0.3
[INFO] [stderr]     Checking rand v0.10.2
[INFO] [stderr]     Checking directories v6.0.0
[INFO] [stderr]     Checking console v0.16.4
[INFO] [stderr]     Checking regex-automata v0.4.18
[INFO] [stderr]     Checking chrono v0.4.45
[INFO] [stderr]     Checking unit-prefix v0.5.2
[INFO] [stderr]     Checking annotate-snippets v0.11.5
[INFO] [stderr]     Checking prettydiff v0.9.0
[INFO] [stderr]     Checking colored v3.1.1
[INFO] [stderr]     Checking comma v1.0.0
[INFO] [stderr]     Checking indicatif v0.18.6
[INFO] [stderr]    Compiling thiserror-impl v1.0.69
[INFO] [stderr]     Checking semver v1.0.28
[INFO] [stderr]     Checking addr2line v0.25.1
[INFO] [stderr]     Checking rustc_version v0.4.1
[INFO] [stderr]    Compiling serde_derive v1.0.229
[INFO] [stderr]    Compiling thiserror-impl v2.0.20
[INFO] [stderr]     Checking thiserror v1.0.69
[INFO] [stderr]     Checking bstr v1.13.1
[INFO] [stderr]     Checking regex v1.13.1
[INFO] [stderr]     Checking thiserror v2.0.20
[INFO] [stderr]     Checking cobs v0.3.0
[INFO] [stderr]     Checking backtrace v0.3.76
[INFO] [stderr]     Checking color-eyre v0.6.5
[INFO] [stderr]     Checking spanned v0.4.1
[INFO] [stderr]     Checking serde v1.0.229
[INFO] [stderr]     Checking postcard v1.1.3
[INFO] [stderr]     Checking cargo-platform v0.3.1
[INFO] [stderr]     Checking rustfix v0.8.7
[INFO] [stderr]     Checking cargo_metadata v0.23.1
[INFO] [stderr]     Checking ipc-channel v0.22.0
[INFO] [stderr]     Checking ui_test v0.30.7
[INFO] [stderr]     Checking capstone v0.14.0
[INFO] [stderr]     Checking libffi v5.1.0
[INFO] [stderr]     Checking miri v0.1.0 (/opt/rustwide/workdir)
[INFO] [stdout] error[E0463]: can't find crate for `rustc_abi`
[INFO] [stdout]   --> src/lib.rs:62:1
[INFO] [stdout]    |
[INFO] [stdout] 62 | extern crate rustc_abi;
[INFO] [stdout]    | ^^^^^^^^^^^^^^^^^^^^^^^ can't find crate
[INFO] [stdout]    |
[INFO] [stdout]    = help: maybe you need to install the missing components with: `rustup component add rust-src rustc-dev llvm-tools-preview`
[INFO] [stdout] 
[INFO] [stdout] 
[INFO] [stdout] error[E0463]: can't find crate for `rustc_apfloat`
[INFO] [stdout]   --> src/lib.rs:63:1
[INFO] [stdout]    |
[INFO] [stdout] 63 | extern crate rustc_apfloat;
[INFO] [stdout]    | ^^^^^^^^^^^^^^^^^^^^^^^^^^^ can't find crate
[INFO] [stdout]    |
[INFO] [stdout]    = help: maybe you need to install the missing components with: `rustup component add rust-src rustc-dev llvm-tools-preview`
[INFO] [stdout] 
[INFO] [stdout] 
[INFO] [stdout] error[E0463]: can't find crate for `rustc_ast`
[INFO] [stdout]   --> src/lib.rs:64:1
[INFO] [stdout]    |
[INFO] [stdout] 64 | extern crate rustc_ast;
[INFO] [stdout]    | ^^^^^^^^^^^^^^^^^^^^^^^ can't find crate
[INFO] [stdout]    |
[INFO] [stdout]    = help: maybe you need to install the missing components with: `rustup component add rust-src rustc-dev llvm-tools-preview`
[INFO] [stdout] 
[INFO] [stdout] 
[INFO] [stdout] error[E0463]: can't find crate for `rustc_codegen_ssa`
[INFO] [stdout]   --> src/lib.rs:65:1
[INFO] [stdout]    |
[INFO] [stdout] 65 | extern crate rustc_codegen_ssa;
[INFO] [stdout]    | ^^^^^^^^^^^^^^^^^^^^^^^^^^^^^^^ can't find crate
[INFO] [stdout]    |
[INFO] [stdout]    = help: maybe you need to install the missing components with: `rustup component add rust-src rustc-dev llvm-tools-preview`
[INFO] [stdout] 
[INFO] [stdout] 
[INFO] [stdout] error[E0463]: can't find crate for `rustc_const_eval`
[INFO] [stdout]   --> src/lib.rs:66:1
[INFO] [stdout]    |
[INFO] [stdout] 66 | extern crate rustc_const_eval;
[INFO] [stdout]    | ^^^^^^^^^^^^^^^^^^^^^^^^^^^^^^ can't find crate
[INFO] [stdout]    |
[INFO] [stdout]    = help: maybe you need to install the missing components with: `rustup component add rust-src rustc-dev llvm-tools-preview`
[INFO] [stdout] 
[INFO] [stdout] 
[INFO] [stdout] error[E0463]: can't find crate for `rustc_data_structures`
[INFO] [stdout]   --> src/lib.rs:67:1
[INFO] [stdout]    |
[INFO] [stdout] 67 | extern crate rustc_data_structures;
[INFO] [stdout]    | ^^^^^^^^^^^^^^^^^^^^^^^^^^^^^^^^^^^ can't find crate
[INFO] [stdout]    |
[INFO] [stdout]    = help: maybe you need to install the missing components with: `rustup component add rust-src rustc-dev llvm-tools-preview`
[INFO] [stdout] 
[INFO] [stdout] 
[INFO] [stdout] error[E0463]: can't find crate for `rustc_errors`
[INFO] [stdout]   --> src/lib.rs:68:1
[INFO] [stdout]    |
[INFO] [stdout] 68 | extern crate rustc_errors;
[INFO] [stdout]    | ^^^^^^^^^^^^^^^^^^^^^^^^^^ can't find crate
[INFO] [stdout]    |
[INFO] [stdout]    = help: maybe you need to install the missing components with: `rustup component add rust-src rustc-dev llvm-tools-preview`
[INFO] [stdout] 
[INFO] [stdout] 
[INFO] [stdout] error[E0463]: can't find crate for `rustc_hir`
[INFO] [stdout]   --> src/lib.rs:69:1
[INFO] [stdout]    |
[INFO] [stdout] 69 | extern crate rustc_hir;
[INFO] [stdout]    | ^^^^^^^^^^^^^^^^^^^^^^^ can't find crate
[INFO] [stdout]    |
[INFO] [stdout]    = help: maybe you need to install the missing components with: `rustup component add rust-src rustc-dev llvm-tools-preview`
[INFO] [stdout] 
[INFO] [stdout] 
[INFO] [stdout] error[E0463]: can't find crate for `rustc_hir_analysis`
[INFO] [stdout]   --> src/lib.rs:70:1
[INFO] [stdout]    |
[INFO] [stdout] 70 | extern crate rustc_hir_analysis;
[INFO] [stdout]    | ^^^^^^^^^^^^^^^^^^^^^^^^^^^^^^^^ can't find crate
[INFO] [stdout]    |
[INFO] [stdout]    = help: maybe you need to install the missing components with: `rustup component add rust-src rustc-dev llvm-tools-preview`
[INFO] [stdout] 
[INFO] [stdout] 
[INFO] [stdout] error[E0463]: can't find crate for `rustc_index`
[INFO] [stdout]   --> src/lib.rs:71:1
[INFO] [stdout]    |
[INFO] [stdout] 71 | extern crate rustc_index;
[INFO] [stdout]    | ^^^^^^^^^^^^^^^^^^^^^^^^^ can't find crate
[INFO] [stdout]    |
[INFO] [stdout]    = help: maybe you need to install the missing components with: `rustup component add rust-src rustc-dev llvm-tools-preview`
[INFO] [stdout] 
[INFO] [stdout] 
[INFO] [stdout] error[E0463]: can't find crate for `rustc_log`
[INFO] [stdout]   --> src/lib.rs:72:1
[INFO] [stdout]    |
[INFO] [stdout] 72 | extern crate rustc_log;
[INFO] [stdout]    | ^^^^^^^^^^^^^^^^^^^^^^^ can't find crate
[INFO] [stdout]    |
[INFO] [stdout]    = help: maybe you need to install the missing components with: `rustup component add rust-src rustc-dev llvm-tools-preview`
[INFO] [stdout] 
[INFO] [stdout] 
[INFO] [stdout] error[E0463]: can't find crate for `rustc_middle`
[INFO] [stdout]   --> src/lib.rs:73:1
[INFO] [stdout]    |
[INFO] [stdout] 73 | extern crate rustc_middle;
[INFO] [stdout]    | ^^^^^^^^^^^^^^^^^^^^^^^^^^ can't find crate
[INFO] [stdout]    |
[INFO] [stdout]    = help: maybe you need to install the missing components with: `rustup component add rust-src rustc-dev llvm-tools-preview`
[INFO] [stdout] 
[INFO] [stdout] 
[INFO] [stdout] error[E0463]: can't find crate for `rustc_session`
[INFO] [stdout]   --> src/lib.rs:74:1
[INFO] [stdout]    |
[INFO] [stdout] 74 | extern crate rustc_session;
[INFO] [stdout]    | ^^^^^^^^^^^^^^^^^^^^^^^^^^^ can't find crate
[INFO] [stdout]    |
[INFO] [stdout]    = help: maybe you need to install the missing components with: `rustup component add rust-src rustc-dev llvm-tools-preview`
[INFO] [stdout] 
[INFO] [stdout] 
[INFO] [stdout] error[E0463]: can't find crate for `rustc_span`
[INFO] [stdout]   --> src/lib.rs:75:1
[INFO] [stdout]    |
[INFO] [stdout] 75 | extern crate rustc_span;
[INFO] [stdout]    | ^^^^^^^^^^^^^^^^^^^^^^^^ can't find crate
[INFO] [stdout]    |
[INFO] [stdout]    = help: maybe you need to install the missing components with: `rustup component add rust-src rustc-dev llvm-tools-preview`
[INFO] [stdout] 
[INFO] [stdout] 
[INFO] [stdout] error[E0463]: can't find crate for `rustc_structures`
[INFO] [stdout]   --> src/lib.rs:76:1
[INFO] [stdout]    |
[INFO] [stdout] 76 | extern crate rustc_structures;
[INFO] [stdout]    | ^^^^^^^^^^^^^^^^^^^^^^^^^^^^^^ can't find crate
[INFO] [stdout]    |
[INFO] [stdout]    = help: maybe you need to install the missing components with: `rustup component add rust-src rustc-dev llvm-tools-preview`
[INFO] [stdout] 
[INFO] [stdout] 
[INFO] [stdout] error[E0463]: can't find crate for `rustc_symbol_mangling`
[INFO] [stdout]   --> src/lib.rs:77:1
[INFO] [stdout]    |
[INFO] [stdout] 77 | extern crate rustc_symbol_mangling;
[INFO] [stdout]    | ^^^^^^^^^^^^^^^^^^^^^^^^^^^^^^^^^^^ can't find crate
[INFO] [stdout]    |
[INFO] [stdout]    = help: maybe you need to install the missing components with: `rustup component add rust-src rustc-dev llvm-tools-preview`
[INFO] [stdout] 
[INFO] [stdout] 
[INFO] [stdout] error[E0463]: can't find crate for `rustc_target`
[INFO] [stdout]   --> src/lib.rs:78:1
[INFO] [stdout]    |
[INFO] [stdout] 78 | extern crate rustc_target;
[INFO] [stdout]    | ^^^^^^^^^^^^^^^^^^^^^^^^^^ can't find crate
[INFO] [stdout]    |
[INFO] [stdout]    = help: maybe you need to install the missing components with: `rustup component add rust-src rustc-dev llvm-tools-preview`
[INFO] [stdout] 
[INFO] [stdout] 
[INFO] [stdout] error[E0463]: can't find crate for `rustc_driver`
[INFO] [stdout]   --> src/lib.rs:82:1
[INFO] [stdout]    |
[INFO] [stdout] 82 | extern crate rustc_driver;
[INFO] [stdout]    | ^^^^^^^^^^^^^^^^^^^^^^^^^^ can't find crate
[INFO] [stdout]    |
[INFO] [stdout]    = help: maybe you need to install the missing components with: `rustup component add rust-src rustc-dev llvm-tools-preview`
[INFO] [stdout] 
[INFO] [stdout] 
[INFO] [stdout] error[E0463]: can't find crate for `rustc_abi`
[INFO] [stdout]   --> src/lib.rs:62:1
[INFO] [stdout]    |
[INFO] [stdout] 62 | extern crate rustc_abi;
[INFO] [stdout]    | ^^^^^^^^^^^^^^^^^^^^^^^ can't find crate
[INFO] [stdout]    |
[INFO] [stdout]    = help: maybe you need to install the missing components with: `rustup component add rust-src rustc-dev llvm-tools-preview`
[INFO] [stdout] 
[INFO] [stdout] 
[INFO] [stdout] error[E0463]: can't find crate for `rustc_apfloat`
[INFO] [stdout]   --> src/lib.rs:63:1
[INFO] [stdout]    |
[INFO] [stdout] 63 | extern crate rustc_apfloat;
[INFO] [stdout]    | ^^^^^^^^^^^^^^^^^^^^^^^^^^^ can't find crate
[INFO] [stdout]    |
[INFO] [stdout]    = help: maybe you need to install the missing components with: `rustup component add rust-src rustc-dev llvm-tools-preview`
[INFO] [stdout] 
[INFO] [stdout] 
[INFO] [stdout] error[E0463]: can't find crate for `rustc_ast`
[INFO] [stdout]   --> src/lib.rs:64:1
[INFO] [stdout]    |
[INFO] [stdout] 64 | extern crate rustc_ast;
[INFO] [stdout]    | ^^^^^^^^^^^^^^^^^^^^^^^ can't find crate
[INFO] [stdout]    |
[INFO] [stdout]    = help: maybe you need to install the missing components with: `rustup component add rust-src rustc-dev llvm-tools-preview`
[INFO] [stdout] 
[INFO] [stdout] 
[INFO] [stdout] error[E0463]: can't find crate for `rustc_codegen_ssa`
[INFO] [stdout]   --> src/lib.rs:65:1
[INFO] [stdout]    |
[INFO] [stdout] 65 | extern crate rustc_codegen_ssa;
[INFO] [stdout]    | ^^^^^^^^^^^^^^^^^^^^^^^^^^^^^^^ can't find crate
[INFO] [stdout]    |
[INFO] [stdout]    = help: maybe you need to install the missing components with: `rustup component add rust-src rustc-dev llvm-tools-preview`
[INFO] [stdout] 
[INFO] [stdout] 
[INFO] [stdout] error[E0463]: can't find crate for `rustc_const_eval`
[INFO] [stdout]   --> src/lib.rs:66:1
[INFO] [stdout]    |
[INFO] [stdout] 66 | extern crate rustc_const_eval;
[INFO] [stdout]    | ^^^^^^^^^^^^^^^^^^^^^^^^^^^^^^ can't find crate
[INFO] [stdout]    |
[INFO] [stdout]    = help: maybe you need to install the missing components with: `rustup component add rust-src rustc-dev llvm-tools-preview`
[INFO] [stdout] 
[INFO] [stdout] 
[INFO] [stdout] error[E0463]: can't find crate for `rustc_data_structures`
[INFO] [stdout]   --> src/lib.rs:67:1
[INFO] [stdout]    |
[INFO] [stdout] 67 | extern crate rustc_data_structures;
[INFO] [stdout]    | ^^^^^^^^^^^^^^^^^^^^^^^^^^^^^^^^^^^ can't find crate
[INFO] [stdout]    |
[INFO] [stdout]    = help: maybe you need to install the missing components with: `rustup component add rust-src rustc-dev llvm-tools-preview`
[INFO] [stdout] 
[INFO] [stdout] 
[INFO] [stdout] error[E0463]: can't find crate for `rustc_errors`
[INFO] [stdout]   --> src/lib.rs:68:1
[INFO] [stdout]    |
[INFO] [stdout] 68 | extern crate rustc_errors;
[INFO] [stdout]    | ^^^^^^^^^^^^^^^^^^^^^^^^^^ can't find crate
[INFO] [stdout]    |
[INFO] [stdout]    = help: maybe you need to install the missing components with: `rustup component add rust-src rustc-dev llvm-tools-preview`
[INFO] [stdout] 
[INFO] [stdout] 
[INFO] [stdout] error[E0463]: can't find crate for `rustc_hir`
[INFO] [stdout]   --> src/lib.rs:69:1
[INFO] [stdout]    |
[INFO] [stdout] 69 | extern crate rustc_hir;
[INFO] [stdout]    | ^^^^^^^^^^^^^^^^^^^^^^^ can't find crate
[INFO] [stdout]    |
[INFO] [stdout]    = help: maybe you need to install the missing components with: `rustup component add rust-src rustc-dev llvm-tools-preview`
[INFO] [stdout] 
[INFO] [stdout] 
[INFO] [stdout] error[E0463]: can't find crate for `rustc_hir_analysis`
[INFO] [stdout]   --> src/lib.rs:70:1
[INFO] [stdout]    |
[INFO] [stdout] 70 | extern crate rustc_hir_analysis;
[INFO] [stdout]    | ^^^^^^^^^^^^^^^^^^^^^^^^^^^^^^^^ can't find crate
[INFO] [stdout]    |
[INFO] [stdout]    = help: maybe you need to install the missing components with: `rustup component add rust-src rustc-dev llvm-tools-preview`
[INFO] [stdout] 
[INFO] [stdout] 
[INFO] [stdout] error[E0463]: can't find crate for `rustc_index`
[INFO] [stdout]   --> src/lib.rs:71:1
[INFO] [stdout]    |
[INFO] [stdout] 71 | extern crate rustc_index;
[INFO] [stdout]    | ^^^^^^^^^^^^^^^^^^^^^^^^^ can't find crate
[INFO] [stdout]    |
[INFO] [stdout]    = help: maybe you need to install the missing components with: `rustup component add rust-src rustc-dev llvm-tools-preview`
[INFO] [stdout] 
[INFO] [stdout] 
[INFO] [stdout] error[E0463]: can't find crate for `rustc_log`
[INFO] [stdout]   --> src/lib.rs:72:1
[INFO] [stdout]    |
[INFO] [stdout] 72 | extern crate rustc_log;
[INFO] [stdout]    | ^^^^^^^^^^^^^^^^^^^^^^^ can't find crate
[INFO] [stdout]    |
[INFO] [stdout]    = help: maybe you need to install the missing components with: `rustup component add rust-src rustc-dev llvm-tools-preview`
[INFO] [stdout] 
[INFO] [stdout] 
[INFO] [stdout] error[E0463]: can't find crate for `rustc_middle`
[INFO] [stdout]   --> src/lib.rs:73:1
[INFO] [stdout]    |
[INFO] [stdout] 73 | extern crate rustc_middle;
[INFO] [stdout]    | ^^^^^^^^^^^^^^^^^^^^^^^^^^ can't find crate
[INFO] [stdout]    |
[INFO] [stdout]    = help: maybe you need to install the missing components with: `rustup component add rust-src rustc-dev llvm-tools-preview`
[INFO] [stdout] 
[INFO] [stdout] 
[INFO] [stdout] error[E0463]: can't find crate for `rustc_session`
[INFO] [stdout]   --> src/lib.rs:74:1
[INFO] [stdout]    |
[INFO] [stdout] 74 | extern crate rustc_session;
[INFO] [stdout]    | ^^^^^^^^^^^^^^^^^^^^^^^^^^^ can't find crate
[INFO] [stdout]    |
[INFO] [stdout]    = help: maybe you need to install the missing components with: `rustup component add rust-src rustc-dev llvm-tools-preview`
[INFO] [stdout] 
[INFO] [stdout] 
[INFO] [stdout] error[E0463]: can't find crate for `rustc_span`
[INFO] [stdout]   --> src/lib.rs:75:1
[INFO] [stdout]    |
[INFO] [stdout] 75 | extern crate rustc_span;
[INFO] [stdout]    | ^^^^^^^^^^^^^^^^^^^^^^^^ can't find crate
[INFO] [stdout]    |
[INFO] [stdout]    = help: maybe you need to install the missing components with: `rustup component add rust-src rustc-dev llvm-tools-preview`
[INFO] [stdout] 
[INFO] [stdout] 
[INFO] [stdout] error[E0463]: can't find crate for `rustc_structures`
[INFO] [stdout]   --> src/lib.rs:76:1
[INFO] [stdout]    |
[INFO] [stdout] 76 | extern crate rustc_structures;
[INFO] [stdout]    | ^^^^^^^^^^^^^^^^^^^^^^^^^^^^^^ can't find crate
[INFO] [stdout]    |
[INFO] [stdout]    = help: maybe you need to install the missing components with: `rustup component add rust-src rustc-dev llvm-tools-preview`
[INFO] [stdout] 
[INFO] [stdout] 
[INFO] [stdout] error[E0463]: can't find crate for `rustc_symbol_mangling`
[INFO] [stdout]   --> src/lib.rs:77:1
[INFO] [stdout]    |
[INFO] [stdout] 77 | extern crate rustc_symbol_mangling;
[INFO] [stdout]    | ^^^^^^^^^^^^^^^^^^^^^^^^^^^^^^^^^^^ can't find crate
[INFO] [stdout]    |
[INFO] [stdout]    = help: maybe you need to install the missing components with: `rustup component add rust-src rustc-dev llvm-tools-preview`
[INFO] [stdout] 
[INFO] [stdout] 
[INFO] [stdout] error[E0463]: can't find crate for `rustc_target`
[INFO] [stdout]   --> src/lib.rs:78:1
[INFO] [stdout]    |
[INFO] [stdout] 78 | extern crate rustc_target;
[INFO] [stdout]    | ^^^^^^^^^^^^^^^^^^^^^^^^^^ can't find crate
[INFO] [stdout]    |
[INFO] [stdout]    = help: maybe you need to install the missing components with: `rustup component add rust-src rustc-dev llvm-tools-preview`
[INFO] [stdout] 
[INFO] [stdout] 
[INFO] [stdout] error[E0463]: can't find crate for `rustc_driver`
[INFO] [stdout]   --> src/lib.rs:82:1
[INFO] [stdout]    |
[INFO] [stdout] 82 | extern crate rustc_driver;
[INFO] [stdout]    | ^^^^^^^^^^^^^^^^^^^^^^^^^^ can't find crate
[INFO] [stdout]    |
[INFO] [stdout]    = help: maybe you need to install the missing components with: `rustup component add rust-src rustc-dev llvm-tools-preview`
[INFO] [stdout] 
[INFO] [stdout] 
[INFO] [stdout] error[E0432]: unresolved imports `crate::InterpResult`, `crate::interp_ok`
[INFO] [stdout]  --> src/borrow_tracker/stacked_borrows/stack.rs:9:13
[INFO] [stdout]   |
[INFO] [stdout] 9 | use crate::{InterpResult, ProvenanceExtra, interp_ok};
[INFO] [stdout]   |             ^^^^^^^^^^^^                   ^^^^^^^^^ no `interp_ok` in the root
[INFO] [stdout]   |             |
[INFO] [stdout]   |             no `InterpResult` in the root
[INFO] [stdout]   |
[INFO] [stdout]   = note: unresolved item `crate::concurrency::genmc::intercept::InterpResult` exists but is inaccessible
[INFO] [stdout] 
[INFO] [stdout] 
[INFO] [stdout] error[E0432]: unresolved import `crate::AtomicRmwOp`
[INFO] [stdout]  --> src/concurrency/genmc/dummy.rs:7:36
[INFO] [stdout]   |
[INFO] [stdout] 7 |     AtomicFenceOrd, AtomicReadOrd, AtomicRmwOp, AtomicRwOrd, AtomicWriteOrd, MemoryKind,
[INFO] [stdout]   |                                    ^^^^^^^^^^^ no `AtomicRmwOp` in the root
[INFO] [stdout]   |
[INFO] [stdout] help: a similar name exists in the module
[INFO] [stdout]   |
[INFO] [stdout] 7 -     AtomicFenceOrd, AtomicReadOrd, AtomicRmwOp, AtomicRwOrd, AtomicWriteOrd, MemoryKind,
[INFO] [stdout] 7 +     AtomicFenceOrd, AtomicReadOrd, AtomicRwOrd, AtomicRwOrd, AtomicWriteOrd, MemoryKind,
[INFO] [stdout]   |
[INFO] [stdout] 
[INFO] [stdout] 
[INFO] [stdout] error[E0432]: unresolved import `InterpErrorKind`
[INFO] [stdout]    --> src/diagnostics.rs:245:9
[INFO] [stdout]     |
[INFO] [stdout] 245 |     use InterpErrorKind::*;
[INFO] [stdout]     |         ^^^^^^^^^^^^^^^ use of undeclared type `InterpErrorKind`
[INFO] [stdout] 
[INFO] [stdout] 
[INFO] [stdout] error[E0432]: unresolved imports `crate::InterpResult`, `crate::interp_ok`
[INFO] [stdout]  --> src/borrow_tracker/stacked_borrows/stack.rs:9:13
[INFO] [stdout]   |
[INFO] [stdout] 9 | use crate::{InterpResult, ProvenanceExtra, interp_ok};
[INFO] [stdout]   |             ^^^^^^^^^^^^                   ^^^^^^^^^ no `interp_ok` in the root
[INFO] [stdout]   |             |
[INFO] [stdout]   |             no `InterpResult` in the root
[INFO] [stdout]   |
[INFO] [stdout]   = note: unresolved item `crate::concurrency::genmc::intercept::InterpResult` exists but is inaccessible
[INFO] [stdout]   = note: unresolved item `crate::alloc_addresses::address_generator::tests::interp_ok` exists but is inaccessible
[INFO] [stdout] 
[INFO] [stdout] 
[INFO] [stdout] error[E0432]: unresolved import `crate::AtomicRmwOp`
[INFO] [stdout]  --> src/concurrency/genmc/dummy.rs:7:36
[INFO] [stdout]   |
[INFO] [stdout] 7 |     AtomicFenceOrd, AtomicReadOrd, AtomicRmwOp, AtomicRwOrd, AtomicWriteOrd, MemoryKind,
[INFO] [stdout]   |                                    ^^^^^^^^^^^ no `AtomicRmwOp` in the root
[INFO] [stdout]   |
[INFO] [stdout] help: a similar name exists in the module
[INFO] [stdout]   |
[INFO] [stdout] 7 -     AtomicFenceOrd, AtomicReadOrd, AtomicRmwOp, AtomicRwOrd, AtomicWriteOrd, MemoryKind,
[INFO] [stdout] 7 +     AtomicFenceOrd, AtomicReadOrd, AtomicRwOrd, AtomicRwOrd, AtomicWriteOrd, MemoryKind,
[INFO] [stdout]   |
[INFO] [stdout] 
[INFO] [stdout] 
[INFO] [stdout] error[E0432]: unresolved import `InterpErrorKind`
[INFO] [stdout]    --> src/diagnostics.rs:245:9
[INFO] [stdout]     |
[INFO] [stdout] 245 |     use InterpErrorKind::*;
[INFO] [stdout]     |         ^^^^^^^^^^^^^^^ use of undeclared type `InterpErrorKind`
[INFO] [stdout] 
[INFO] [stdout] 
[INFO] [stdout] Some errors have detailed explanations: E0432, E0463.
[INFO] [stdout] 
[INFO] [stdout] For more information about an error, try `rustc --explain E0432`.
[INFO] [stdout] 
[INFO] [stdout] Some errors have detailed explanations: E0432, E0463.
[INFO] [stdout] 
[INFO] [stdout] For more information about an error, try `rustc --explain E0432`.
[INFO] [stdout] 
[INFO] [stderr] error: could not compile `miri` (lib) due to 21 previous errors
[INFO] [stderr] warning: build failed, waiting for other jobs to finish...
[INFO] [stderr] error: could not compile `miri` (lib test) due to 21 previous errors
[INFO] running `Command { std: "docker" "inspect" "f04f2b9ece282e0c0cd001c69229ac105de352d3bfada24cf062b7f991787375", kill_on_drop: false }`
[INFO] running `Command { std: "docker" "rm" "-f" "f04f2b9ece282e0c0cd001c69229ac105de352d3bfada24cf062b7f991787375", kill_on_drop: false }`
[INFO] [stdout] f04f2b9ece282e0c0cd001c69229ac105de352d3bfada24cf062b7f991787375
