[INFO] cloning repository https://github.com/stephendaniel-rgb/GitHub.com
[INFO] running `Command { std: "git" "-c" "credential.helper=" "-c" "credential.helper=/workspace/cargo-home/bin/git-credential-null" "clone" "--bare" "https://github.com/stephendaniel-rgb/GitHub.com" "/workspace/cache/git-repos/https%3A%2F%2Fgithub.com%2Fstephendaniel-rgb%2FGitHub.com", kill_on_drop: false }`
[INFO] [stderr] Cloning into bare repository '/workspace/cache/git-repos/https%3A%2F%2Fgithub.com%2Fstephendaniel-rgb%2FGitHub.com'...
[INFO] running `Command { std: "git" "rev-parse" "HEAD", kill_on_drop: false }`
[INFO] [stdout] b84a0fa06e1e96e5cd6b5c7b245bbac9af128aee
[INFO] checking stephendaniel-rgb/GitHub.com against 3154cc1a3e6424e44f438a95007d043ed5ceaaf6 for pr-133502-30
[INFO] running `Command { std: "git" "clone" "/workspace/cache/git-repos/https%3A%2F%2Fgithub.com%2Fstephendaniel-rgb%2FGitHub.com" "/workspace/builds/worker-7-tc2/source", kill_on_drop: false }`
[INFO] [stderr] Cloning into '/workspace/builds/worker-7-tc2/source'...
[INFO] [stderr] done.
[INFO] started tweaking git repo https://github.com/stephendaniel-rgb/GitHub.com
[INFO] finished tweaking git repo https://github.com/stephendaniel-rgb/GitHub.com
[INFO] tweaked toml for git repo https://github.com/stephendaniel-rgb/GitHub.com written to /workspace/builds/worker-7-tc2/source/Cargo.toml
[INFO] validating manifest of git repo https://github.com/stephendaniel-rgb/GitHub.com on toolchain 3154cc1a3e6424e44f438a95007d043ed5ceaaf6
[INFO] running `Command { std: CARGO_HOME="/workspace/cargo-home" RUSTUP_HOME="/workspace/rustup-home" "/workspace/cargo-home/bin/cargo" "+3154cc1a3e6424e44f438a95007d043ed5ceaaf6" "metadata" "--manifest-path" "Cargo.toml" "--no-deps", kill_on_drop: false }`
[INFO] crate git repo https://github.com/stephendaniel-rgb/GitHub.com already has a lockfile, it will not be regenerated
[INFO] running `Command { std: CARGO_HOME="/workspace/cargo-home" RUSTUP_HOME="/workspace/rustup-home" "/workspace/cargo-home/bin/cargo" "+3154cc1a3e6424e44f438a95007d043ed5ceaaf6" "fetch" "--manifest-path" "Cargo.toml", kill_on_drop: false }`
[INFO] [stderr] warning: unused field `readme` in `workspace.package`
[INFO] [stderr]   --> Cargo.toml:48:1
[INFO] [stderr]    |
[INFO] [stderr] 48 | readme = "README.md"
[INFO] [stderr]    | ^^^^^^
[INFO] [stderr]    |
[INFO] [stderr]    = note: `cargo::unused_workspace_package_fields` is set to `warn` by default
[INFO] [stderr] help: consider removing the field `workspace.package.readme`
[INFO] [stderr] warning: workspace (manifest) generated 1 warning
[INFO] [stderr] warning: `package.homepage` is redundant with `package.repository`
[INFO] [stderr]  --> crates/ticgit/Cargo.toml:9:1
[INFO] [stderr]   |
[INFO] [stderr] 8 | repository.workspace = true
[INFO] [stderr]   | ----------
[INFO] [stderr] 9 | homepage.workspace = true
[INFO] [stderr]   | ^^^^^^^^
[INFO] [stderr]   |
[INFO] [stderr]   = note: `cargo::redundant_homepage` is set to `warn` by default
[INFO] [stderr] help: consider removing `package.homepage`
[INFO] [stderr] warning: `ticgit` (manifest) generated 1 warning
[INFO] [stderr] warning: `package.homepage` is redundant with `package.repository`
[INFO] [stderr]  --> crates/ticgit-lib/Cargo.toml:9:1
[INFO] [stderr]   |
[INFO] [stderr] 8 | repository.workspace = true
[INFO] [stderr]   | ----------
[INFO] [stderr] 9 | homepage.workspace = true
[INFO] [stderr]   | ^^^^^^^^
[INFO] [stderr]   |
[INFO] [stderr]   = note: `cargo::redundant_homepage` is set to `warn` by default
[INFO] [stderr] help: consider removing `package.homepage`
[INFO] [stderr] warning: `ticgit-lib` (manifest) generated 1 warning
[INFO] running `Command { std: "docker" "create" "-v" "/var/lib/crater-agent-workspace/builds/worker-7-tc2/source:/opt/rustwide/workdir:ro,Z" "-v" "/var/lib/crater-agent-workspace/builds/worker-7-tc2/target:/opt/rustwide/target:rw,Z" "-v" "/var/lib/crater-agent-workspace/cargo-home:/opt/rustwide/cargo-home:ro,Z" "-v" "/var/lib/crater-agent-workspace/rustup-home:/opt/rustwide/rustup-home:ro,Z" "-m" "1610612736" "--network" "none" "ghcr.io/rust-lang/crates-build-env/linux@sha256:77db811e55d90add9212f6832c23229e3de5f1c1f9905e8cb07319ea15df73ac" "sleep" "infinity", kill_on_drop: false }`
[INFO] [stdout] d2af1159ef45df31070319fb7feecf14416733279c95723fb2f0fd70f7804f2a
[INFO] running `Command { std: "docker" "start" "d2af1159ef45df31070319fb7feecf14416733279c95723fb2f0fd70f7804f2a", kill_on_drop: false }`
[INFO] running `Command { std: "docker" "inspect" "d2af1159ef45df31070319fb7feecf14416733279c95723fb2f0fd70f7804f2a", kill_on_drop: false }`
[INFO] running `Command { std: "docker" "exec" "-e" "SOURCE_DIR=/opt/rustwide/workdir" "-e" "CARGO_HOME=/opt/rustwide/cargo-home" "-e" "RUSTUP_HOME=/opt/rustwide/rustup-home" "-e" "CARGO_TARGET_DIR=/opt/rustwide/target" "-w" "/opt/rustwide/workdir" "--user" "0:0" "d2af1159ef45df31070319fb7feecf14416733279c95723fb2f0fd70f7804f2a" "/opt/rustwide/cargo-home/bin/cargo" "+3154cc1a3e6424e44f438a95007d043ed5ceaaf6" "metadata" "--no-deps" "--format-version=1", kill_on_drop: false }`
[INFO] running `Command { std: "docker" "inspect" "d2af1159ef45df31070319fb7feecf14416733279c95723fb2f0fd70f7804f2a", kill_on_drop: false }`
[INFO] running `Command { std: "docker" "exec" "-e" "SOURCE_DIR=/opt/rustwide/workdir" "-e" "CARGO_HOME=/opt/rustwide/cargo-home" "-e" "RUSTUP_HOME=/opt/rustwide/rustup-home" "-e" "CARGO_TARGET_DIR=/opt/rustwide/target" "-e" "CARGO_INCREMENTAL=0" "-e" "RUST_BACKTRACE=full" "-e" "RUSTFLAGS=--cap-lints=forbid" "-e" "RUSTDOCFLAGS=--cap-lints=forbid" "-w" "/opt/rustwide/workdir" "--user" "0:0" "d2af1159ef45df31070319fb7feecf14416733279c95723fb2f0fd70f7804f2a" "/opt/rustwide/cargo-home/bin/cargo" "+3154cc1a3e6424e44f438a95007d043ed5ceaaf6" "check" "--frozen" "--all" "--all-targets" "--message-format=json", kill_on_drop: false }`
[INFO] [stderr] warning: unused field `readme` in `workspace.package`
[INFO] [stderr]   --> Cargo.toml:48:1
[INFO] [stderr]    |
[INFO] [stderr] 48 | readme = "README.md"
[INFO] [stderr]    | ^^^^^^
[INFO] [stderr]    |
[INFO] [stderr]    = note: `cargo::unused_workspace_package_fields` is set to `warn` by default
[INFO] [stderr] help: consider removing the field `workspace.package.readme`
[INFO] [stderr] warning: workspace (manifest) generated 1 warning
[INFO] [stderr] warning: `package.homepage` is redundant with `package.repository`
[INFO] [stderr]  --> crates/ticgit/Cargo.toml:9:1
[INFO] [stderr]   |
[INFO] [stderr] 8 | repository.workspace = true
[INFO] [stderr]   | ----------
[INFO] [stderr] 9 | homepage.workspace = true
[INFO] [stderr]   | ^^^^^^^^
[INFO] [stderr]   |
[INFO] [stderr]   = note: `cargo::redundant_homepage` is set to `warn` by default
[INFO] [stderr] help: consider removing `package.homepage`
[INFO] [stderr] warning: `ticgit` (manifest) generated 1 warning
[INFO] [stderr] warning: `package.homepage` is redundant with `package.repository`
[INFO] [stderr]  --> crates/ticgit-lib/Cargo.toml:9:1
[INFO] [stderr]   |
[INFO] [stderr] 8 | repository.workspace = true
[INFO] [stderr]   | ----------
[INFO] [stderr] 9 | homepage.workspace = true
[INFO] [stderr]   | ^^^^^^^^
[INFO] [stderr]   |
[INFO] [stderr]   = note: `cargo::redundant_homepage` is set to `warn` by default
[INFO] [stderr] help: consider removing `package.homepage`
[INFO] [stderr] warning: `ticgit-lib` (manifest) generated 1 warning
[INFO] [stderr]    Compiling proc-macro2 v1.0.106
[INFO] [stderr]    Compiling libc v0.2.186
[INFO] [stderr]    Compiling unicode-ident v1.0.24
[INFO] [stderr]    Compiling quote v1.0.45
[INFO] [stderr]     Checking memchr v2.8.0
[INFO] [stderr]     Checking cfg-if v1.0.4
[INFO] [stderr]     Checking regex-syntax v0.8.10
[INFO] [stderr]    Compiling thiserror v2.0.18
[INFO] [stderr]     Checking smallvec v1.15.1
[INFO] [stderr]    Compiling parking_lot_core v0.9.12
[INFO] [stderr]     Checking scopeguard v1.2.0
[INFO] [stderr]     Checking gix-trace v0.1.19
[INFO] [stderr]     Checking lock_api v0.4.14
[INFO] [stderr]     Checking bitflags v2.11.1
[INFO] [stderr]     Checking tinyvec_macros v0.1.1
[INFO] [stderr]     Checking fastrand v2.4.1
[INFO] [stderr]     Checking tinyvec v1.11.0
[INFO] [stderr]     Checking once_cell v1.21.4
[INFO] [stderr]     Checking aho-corasick v1.1.4
[INFO] [stderr]    Compiling crc32fast v1.5.0
[INFO] [stderr]     Checking same-file v1.0.6
[INFO] [stderr]     Checking zlib-rs v0.6.3
[INFO] [stderr]     Checking walkdir v2.5.0
[INFO] [stderr]    Compiling version_check v0.9.5
[INFO] [stderr]     Checking unicode-normalization v0.1.25
[INFO] [stderr]     Checking itoa v1.0.18
[INFO] [stderr]    Compiling generic-array v0.14.7
[INFO] [stderr]     Checking gix-utils v0.3.2
[INFO] [stderr]    Compiling syn v2.0.117
[INFO] [stderr]     Checking equivalent v1.0.2
[INFO] [stderr]     Checking foldhash v0.2.0
[INFO] [stderr]     Checking typenum v1.20.0
[INFO] [stderr]     Checking allocator-api2 v0.2.21
[INFO] [stderr]    Compiling heapless v0.8.0
[INFO] [stderr]     Checking byteorder v1.5.0
[INFO] [stderr]     Checking hashbrown v0.16.1
[INFO] [stderr]     Checking hash32 v0.3.1
[INFO] [stderr]     Checking stable_deref_trait v1.2.1
[INFO] [stderr]     Checking cpufeatures v0.2.17
[INFO] [stderr]    Compiling rustix v1.1.4
[INFO] [stderr]     Checking parking_lot v0.12.5
[INFO] [stderr]     Checking jiff v0.2.24
[INFO] [stderr]     Checking prodash v31.0.0
[INFO] [stderr]     Checking linux-raw-sys v0.12.1
[INFO] [stderr]     Checking regex-automata v0.4.14
[INFO] [stderr]     Checking faster-hex v0.10.0
[INFO] [stderr]     Checking winnow v0.7.15
[INFO] [stderr]    Compiling getrandom v0.4.2
[INFO] [stderr]     Checking memmap2 v0.9.10
[INFO] [stderr]    Compiling crossbeam-utils v0.8.21
[INFO] [stderr]     Checking static_assertions v1.1.0
[INFO] [stderr]     Checking hashbrown v0.14.5
[INFO] [stderr]     Checking nonempty v0.12.0
[INFO] [stderr]     Checking block-buffer v0.10.4
[INFO] [stderr]     Checking crypto-common v0.1.7
[INFO] [stderr]    Compiling rustversion v1.0.22
[INFO] [stderr]     Checking dashmap v6.1.0
[INFO] [stderr]     Checking digest v0.10.7
[INFO] [stderr]     Checking sha1 v0.10.6
[INFO] [stderr]     Checking sha1-checked v0.10.0
[INFO] [stderr]    Compiling serde_core v1.0.228
[INFO] [stderr]     Checking unicode-bom v2.0.3
[INFO] [stderr]     Checking kstring v2.0.2
[INFO] [stderr]     Checking shell-words v1.1.1
[INFO] [stderr]     Checking foldhash v0.1.5
[INFO] [stderr]     Checking gix-sec v0.13.3
[INFO] [stderr]     Checking hashbrown v0.15.5
[INFO] [stderr]    Compiling heck v0.5.0
[INFO] [stderr]     Checking filetime v0.2.27
[INFO] [stderr]     Checking unicode-width v0.2.2
[INFO] [stderr]     Checking tempfile v3.27.0
[INFO] [stderr]    Compiling find-msvc-tools v0.1.9
[INFO] [stderr]    Compiling time-core v0.1.8
[INFO] [stderr]     Checking bstr v1.12.1
[INFO] [stderr]    Compiling strsim v0.11.1
[INFO] [stderr]    Compiling ident_case v1.0.1
[INFO] [stderr]     Checking percent-encoding v2.3.2
[INFO] [stderr]     Checking powerfmt v0.2.0
[INFO] [stderr]    Compiling num-conv v0.2.1
[INFO] [stderr]    Compiling shlex v1.3.0
[INFO] [stderr]     Checking fnv v1.0.7
[INFO] [stderr]    Compiling time-macros v0.2.27
[INFO] [stderr]    Compiling cc v1.2.61
[INFO] [stderr]     Checking encoding_rs v0.8.35
[INFO] [stderr]    Compiling darling_core v0.23.0
[INFO] [stderr]     Checking num_threads v0.1.7
[INFO] [stderr]     Checking either v1.15.0
[INFO] [stderr]    Compiling vcpkg v0.2.15
[INFO] [stderr]     Checking gix-validate v0.11.1
[INFO] [stderr]     Checking gix-error v0.2.2
[INFO] [stderr]     Checking gix-date v0.15.2
[INFO] [stderr]     Checking gix-actor v0.40.0
[INFO] [stderr]     Checking gix-chunk v0.7.1
[INFO] [stderr]     Checking gix-quote v0.7.1
[INFO] [stderr]     Checking gix-bitmap v0.3.1
[INFO] [stderr]    Compiling pkg-config v0.3.33
[INFO] [stderr]     Checking itertools v0.14.0
[INFO] [stderr]     Checking imara-diff v0.1.8
[INFO] [stderr]     Checking castaway v0.2.4
[INFO] [stderr]     Checking clru v0.6.3
[INFO] [stderr]     Checking errno v0.3.14
[INFO] [stderr]     Checking ryu v1.0.23
[INFO] [stderr]    Compiling zmij v1.0.21
[INFO] [stderr]    Compiling libsqlite3-sys v0.31.0
[INFO] [stderr]    Compiling instability v0.3.12
[INFO] [stderr]    Compiling signal-hook v0.3.18
[INFO] [stderr]     Checking deranged v0.5.8
[INFO] [stderr]     Checking unicode-segmentation v1.13.2
[INFO] [stderr]    Compiling indoc v2.0.7
[INFO] [stderr]    Compiling thiserror-impl v2.0.18
[INFO] [stderr]    Compiling strum_macros v0.27.2
[INFO] [stderr]    Compiling maybe-async v0.2.10
[INFO] [stderr]    Compiling convert_case v0.10.0
[INFO] [stderr]     Checking compact_str v0.9.0
[INFO] [stderr]     Checking signal-hook-registry v1.4.8
[INFO] [stderr]     Checking arc-swap v1.9.1
[INFO] [stderr]     Checking lru v0.16.4
[INFO] [stderr]    Compiling autocfg v1.5.0
[INFO] [stderr]     Checking anstyle v1.0.14
[INFO] [stderr]     Checking log v0.4.29
[INFO] [stderr]     Checking unicode-truncate v2.0.1
[INFO] [stderr]     Checking gix-path v0.11.3
[INFO] [stderr]     Checking gix-packetline v0.21.3
[INFO] [stderr]     Checking kasuari v0.4.12
[INFO] [stderr]    Compiling serde v1.0.228
[INFO] [stderr]    Compiling darling_macro v0.23.0
[INFO] [stderr]     Checking time v0.3.47
[INFO] [stderr]    Compiling serde_json v1.0.149
[INFO] [stderr]    Compiling num-traits v0.2.19
[INFO] [stderr]     Checking gix-features v0.46.2
[INFO] [stderr]     Checking gix-command v0.8.1
[INFO] [stderr]     Checking gix-config-value v0.17.2
[INFO] [stderr]     Checking gix-url v0.35.3
[INFO] [stderr]    Compiling darling v0.23.0
[INFO] [stderr]     Checking gix-hash v0.23.0
[INFO] [stderr]     Checking gix-fs v0.19.2
[INFO] [stderr]     Checking gix-glob v0.24.0
[INFO] [stderr]     Checking gix-transport v0.55.1
[INFO] [stderr]     Checking gix-hashtable v0.13.0
[INFO] [stderr]     Checking gix-tempfile v21.0.2
[INFO] [stderr]     Checking gix-object v0.58.0
[INFO] [stderr]     Checking gix-commitgraph v0.35.0
[INFO] [stderr]     Checking strum v0.27.2
[INFO] [stderr]     Checking gix-lock v21.0.2
[INFO] [stderr]     Checking gix-attributes v0.31.0
[INFO] [stderr]     Checking gix-ignore v0.19.1
[INFO] [stderr]     Checking gix-shallow v0.10.0
[INFO] [stderr]     Checking ratatui-core v0.1.0
[INFO] [stderr]     Checking mio v1.2.0
[INFO] [stderr]     Checking gix-pathspec v0.16.1
[INFO] [stderr]    Compiling derive_more-impl v2.1.1
[INFO] [stderr]    Compiling serde_derive v1.0.228
[INFO] [stderr]     Checking hashlink v0.10.0
[INFO] [stderr]     Checking fallible-iterator v0.3.0
[INFO] [stderr]     Checking utf8parse v0.2.2
[INFO] [stderr]    Compiling litrs v1.0.0
[INFO] [stderr]     Checking gix-revwalk v0.29.0
[INFO] [stderr]     Checking gix-ref v0.61.0
[INFO] [stderr]     Checking gix-filter v0.28.0
[INFO] [stderr]     Checking gix-traverse v0.55.0
[INFO] [stderr]     Checking gix-revision v0.43.0
[INFO] [stderr]     Checking gix-index v0.49.0
[INFO] [stderr]     Checking gix-pack v0.68.0
[INFO] [stderr]     Checking fallible-streaming-iterator v0.1.9
[INFO] [stderr]    Compiling document-features v0.2.12
[INFO] [stderr]     Checking derive_more v2.1.1
[INFO] [stderr]     Checking anstyle-parse v1.0.0
[INFO] [stderr]     Checking gix-config v0.54.0
[INFO] [stderr]     Checking gix-discover v0.49.0
[INFO] [stderr]     Checking gix-refspec v0.39.0
[INFO] [stderr]     Checking gix-worktree v0.50.0
[INFO] [stderr]     Checking gix-protocol v0.59.0
[INFO] [stderr]     Checking gix-diff v0.61.0
[INFO] [stderr]     Checking signal-hook-mio v0.2.5
[INFO] [stderr]     Checking line-clipping v0.3.7
[INFO] [stderr]     Checking is_terminal_polyfill v1.70.2
[INFO] [stderr]     Checking anstyle-query v1.1.5
[INFO] [stderr]     Checking colorchoice v1.0.5
[INFO] [stderr]     Checking ratatui-widgets v0.3.0
[INFO] [stderr]     Checking anstream v1.0.0
[INFO] [stderr]     Checking gix-merge v0.14.0
[INFO] [stderr]     Checking gix-submodule v0.28.0
[INFO] [stderr]     Checking gix-odb v0.78.0
[INFO] [stderr]     Checking crossterm v0.29.0
[INFO] [stderr]     Checking uuid v1.23.1
[INFO] [stderr]     Checking option-ext v0.2.0
[INFO] [stderr]     Checking clap_lex v1.1.0
[INFO] [stderr]     Checking predicates-core v1.0.10
[INFO] [stderr]    Compiling anyhow v1.0.102
[INFO] [stderr]     Checking clap_builder v4.6.0
[INFO] [stderr]     Checking dirs-sys v0.4.1
[INFO] [stderr]     Checking gix v0.81.0
[INFO] [stderr]     Checking float-cmp v0.10.0
[INFO] [stderr]     Checking ratatui-macros v0.7.0
[INFO] [stderr]     Checking ratatui-crossterm v0.1.0
[INFO] [stderr]    Compiling clap_derive v4.6.1
[INFO] [stderr]     Checking regex v1.12.3
[INFO] [stderr]     Checking console v0.16.3
[INFO] [stderr]     Checking termtree v0.5.1
[INFO] [stderr]     Checking normalize-line-endings v0.3.0
[INFO] [stderr]     Checking zeroize v1.8.2
[INFO] [stderr]    Compiling assert_cmd v2.2.1
[INFO] [stderr]     Checking difflib v0.4.0
[INFO] [stderr]     Checking dialoguer v0.12.0
[INFO] [stderr]     Checking predicates-tree v1.0.13
[INFO] [stderr]     Checking predicates v3.1.4
[INFO] [stderr]     Checking ratatui v0.30.0
[INFO] [stderr]     Checking dirs v5.0.1
[INFO] [stderr]     Checking wait-timeout v0.2.1
[INFO] [stderr]     Checking clap v4.6.1
[INFO] [stderr]     Checking rusqlite v0.33.0
[INFO] [stderr]     Checking git-meta-lib v0.1.3
[INFO] [stderr]     Checking ticgit-lib v0.1.2 (/opt/rustwide/workdir/crates/ticgit-lib)
[INFO] [stdout] error[E0433]: cannot find type `TicketStatus` in this scope
[INFO] [stdout]   --> crates/ticgit-lib/src/store.rs:86:13
[INFO] [stdout]    |
[INFO] [stdout] 86 |             TicketStatus::Open.as_str(),
[INFO] [stdout]    |             ^^^^^^^^^^^^ use of undeclared type `TicketStatus`
[INFO] [stdout]    |
[INFO] [stdout] help: an enum with a similar name exists
[INFO] [stdout]    |
[INFO] [stdout] 86 -             TicketStatus::Open.as_str(),
[INFO] [stdout] 86 +             TicketState::Open.as_str(),
[INFO] [stdout]    |
[INFO] [stdout] help: consider importing this enum through its public re-export
[INFO] [stdout]    |
[INFO] [stdout]  8 + use crate::TicketStatus;
[INFO] [stdout]    |
[INFO] [stdout] 
[INFO] [stdout] 
[INFO] [stdout] error[E0433]: cannot find type `TicketStatus` in this scope
[INFO] [stdout]    --> crates/ticgit-lib/src/store.rs:172:45
[INFO] [stdout]     |
[INFO] [stdout] 172 |                     .filter(|t| t.status == TicketStatus::Open)
[INFO] [stdout]     |                                             ^^^^^^^^^^^^ use of undeclared type `TicketStatus`
[INFO] [stdout]     |
[INFO] [stdout] help: an enum with a similar name exists
[INFO] [stdout]     |
[INFO] [stdout] 172 -                     .filter(|t| t.status == TicketStatus::Open)
[INFO] [stdout] 172 +                     .filter(|t| t.status == TicketState::Open)
[INFO] [stdout]     |
[INFO] [stdout] help: consider importing this enum through its public re-export
[INFO] [stdout]     |
[INFO] [stdout]   8 + use crate::TicketStatus;
[INFO] [stdout]     |
[INFO] [stdout] 
[INFO] [stdout] 
[INFO] [stdout] error[E0425]: cannot find type `TicketStatus` in this scope
[INFO] [stdout]    --> crates/ticgit-lib/src/store.rs:211:52
[INFO] [stdout]     |
[INFO] [stdout] 211 |     pub fn set_lifecycle(&self, id: &Uuid, status: TicketStatus, state: TicketState) -> Result<()> {
[INFO] [stdout]     |                                                    ^^^^^^^^^^^^ not found in this scope
[INFO] [stdout]     |
[INFO] [stdout] note: similarly named enum `TicketState` defined here
[INFO] [stdout]    --> crates/ticgit-lib/src/ticket.rs:48:1
[INFO] [stdout]     |
[INFO] [stdout]  48 | pub enum TicketState {
[INFO] [stdout]     | ^^^^^^^^^^^^^^^^^^^^
[INFO] [stdout] help: an enum with a similar name exists
[INFO] [stdout]     |
[INFO] [stdout] 211 -     pub fn set_lifecycle(&self, id: &Uuid, status: TicketStatus, state: TicketState) -> Result<()> {
[INFO] [stdout] 211 +     pub fn set_lifecycle(&self, id: &Uuid, status: TicketState, state: TicketState) -> Result<()> {
[INFO] [stdout]     |
[INFO] [stdout] help: consider importing this enum through its public re-export
[INFO] [stdout]     |
[INFO] [stdout]   8 + use crate::TicketStatus;
[INFO] [stdout]     |
[INFO] [stdout] 
[INFO] [stdout] 
[INFO] [stdout] error[E0425]: cannot find type `TicketStatus` in this scope
[INFO] [stdout]    --> crates/ticgit-lib/src/store.rs:438:28
[INFO] [stdout]     |
[INFO] [stdout] 438 |     let mut status: Option<TicketStatus> = None;
[INFO] [stdout]     |                            ^^^^^^^^^^^^ not found in this scope
[INFO] [stdout]     |
[INFO] [stdout] note: similarly named enum `TicketState` defined here
[INFO] [stdout]    --> crates/ticgit-lib/src/ticket.rs:48:1
[INFO] [stdout]     |
[INFO] [stdout]  48 | pub enum TicketState {
[INFO] [stdout]     | ^^^^^^^^^^^^^^^^^^^^
[INFO] [stdout] help: an enum with a similar name exists
[INFO] [stdout]     |
[INFO] [stdout] 438 -     let mut status: Option<TicketStatus> = None;
[INFO] [stdout] 438 +     let mut status: Option<TicketState> = None;
[INFO] [stdout]     |
[INFO] [stdout] help: consider importing this enum through its public re-export
[INFO] [stdout]     |
[INFO] [stdout]   8 + use crate::TicketStatus;
[INFO] [stdout]     |
[INFO] [stdout] 
[INFO] [stdout] 
[INFO] [stdout] error[E0425]: cannot find type `TicketStatus` in this scope
[INFO] [stdout]    --> crates/ticgit-lib/src/store.rs:440:35
[INFO] [stdout]     |
[INFO] [stdout] 440 |     let mut legacy_status: Option<TicketStatus> = None;
[INFO] [stdout]     |                                   ^^^^^^^^^^^^ not found in this scope
[INFO] [stdout]     |
[INFO] [stdout] note: similarly named enum `TicketState` defined here
[INFO] [stdout]    --> crates/ticgit-lib/src/ticket.rs:48:1
[INFO] [stdout]     |
[INFO] [stdout]  48 | pub enum TicketState {
[INFO] [stdout]     | ^^^^^^^^^^^^^^^^^^^^
[INFO] [stdout] help: an enum with a similar name exists
[INFO] [stdout]     |
[INFO] [stdout] 440 -     let mut legacy_status: Option<TicketStatus> = None;
[INFO] [stdout] 440 +     let mut legacy_status: Option<TicketState> = None;
[INFO] [stdout]     |
[INFO] [stdout] help: consider importing this enum through its public re-export
[INFO] [stdout]     |
[INFO] [stdout]   8 + use crate::TicketStatus;
[INFO] [stdout]     |
[INFO] [stdout] 
[INFO] [stdout] 
[INFO] [stdout] error[E0433]: cannot find type `TicketStatus` in this scope
[INFO] [stdout]    --> crates/ticgit-lib/src/store.rs:456:26
[INFO] [stdout]     |
[INFO] [stdout] 456 |                 status = TicketStatus::parse(&s).ok();
[INFO] [stdout]     |                          ^^^^^^^^^^^^ use of undeclared type `TicketStatus`
[INFO] [stdout]     |
[INFO] [stdout] help: an enum with a similar name exists
[INFO] [stdout]     |
[INFO] [stdout] 456 -                 status = TicketStatus::parse(&s).ok();
[INFO] [stdout] 456 +                 status = TicketState::parse(&s).ok();
[INFO] [stdout]     |
[INFO] [stdout] help: consider importing this enum through its public re-export
[INFO] [stdout]     |
[INFO] [stdout]   8 + use crate::TicketStatus;
[INFO] [stdout]     |
[INFO] [stdout] 
[INFO] [stdout] 
[INFO] [stdout] error[E0433]: cannot find type `TicketStatus` in this scope
[INFO] [stdout]    --> crates/ticgit-lib/src/store.rs:460:42
[INFO] [stdout]     |
[INFO] [stdout] 460 |                     legacy_status = Some(TicketStatus::Open);
[INFO] [stdout]     |                                          ^^^^^^^^^^^^ use of undeclared type `TicketStatus`
[INFO] [stdout]     |
[INFO] [stdout] help: an enum with a similar name exists
[INFO] [stdout]     |
[INFO] [stdout] 460 -                     legacy_status = Some(TicketStatus::Open);
[INFO] [stdout] 460 +                     legacy_status = Some(TicketState::Open);
[INFO] [stdout]     |
[INFO] [stdout] help: consider importing this enum through its public re-export
[INFO] [stdout]     |
[INFO] [stdout]   8 + use crate::TicketStatus;
[INFO] [stdout]     |
[INFO] [stdout] 
[INFO] [stdout] 
[INFO] [stdout] error[E0433]: cannot find type `TicketStatus` in this scope
[INFO] [stdout]   --> crates/ticgit-lib/src/store.rs:86:13
[INFO] [stdout]    |
[INFO] [stdout] 86 |             TicketStatus::Open.as_str(),
[INFO] [stdout]    |             ^^^^^^^^^^^^ use of undeclared type `TicketStatus`
[INFO] [stdout]    |
[INFO] [stdout] help: an enum with a similar name exists
[INFO] [stdout]    |
[INFO] [stdout] 86 -             TicketStatus::Open.as_str(),
[INFO] [stdout] 86 +             TicketState::Open.as_str(),
[INFO] [stdout]    |
[INFO] [stdout] help: consider importing this enum through its public re-export
[INFO] [stdout]    |
[INFO] [stdout]  8 + use crate::TicketStatus;
[INFO] [stdout]    |
[INFO] [stdout] 
[INFO] [stdout] 
[INFO] [stdout] error[E0433]: cannot find type `TicketStatus` in this scope
[INFO] [stdout]    --> crates/ticgit-lib/src/store.rs:464:42
[INFO] [stdout]     |
[INFO] [stdout] 464 |                     legacy_status = Some(TicketStatus::Open);
[INFO] [stdout]     |                                          ^^^^^^^^^^^^ use of undeclared type `TicketStatus`
[INFO] [stdout]     |
[INFO] [stdout] help: an enum with a similar name exists
[INFO] [stdout]     |
[INFO] [stdout] 464 -                     legacy_status = Some(TicketStatus::Open);
[INFO] [stdout] 464 +                     legacy_status = Some(TicketState::Open);
[INFO] [stdout]     |
[INFO] [stdout] help: consider importing this enum through its public re-export
[INFO] [stdout]     |
[INFO] [stdout]   8 + use crate::TicketStatus;
[INFO] [stdout]     |
[INFO] [stdout] 
[INFO] [stdout] 
[INFO] [stdout] error[E0433]: cannot find type `TicketStatus` in this scope
[INFO] [stdout]    --> crates/ticgit-lib/src/store.rs:468:42
[INFO] [stdout]     |
[INFO] [stdout] 468 |                     legacy_status = Some(TicketStatus::Closed);
[INFO] [stdout]     |                                          ^^^^^^^^^^^^ use of undeclared type `TicketStatus`
[INFO] [stdout]     |
[INFO] [stdout] help: an enum with a similar name exists
[INFO] [stdout]     |
[INFO] [stdout] 468 -                     legacy_status = Some(TicketStatus::Closed);
[INFO] [stdout] 468 +                     legacy_status = Some(TicketState::Closed);
[INFO] [stdout]     |
[INFO] [stdout] help: consider importing this enum through its public re-export
[INFO] [stdout]     |
[INFO] [stdout]   8 + use crate::TicketStatus;
[INFO] [stdout]     |
[INFO] [stdout] 
[INFO] [stdout] 
[INFO] [stdout] error[E0433]: cannot find type `TicketStatus` in this scope
[INFO] [stdout]    --> crates/ticgit-lib/src/store.rs:472:42
[INFO] [stdout]     |
[INFO] [stdout] 472 |                     legacy_status = Some(TicketStatus::Closed);
[INFO] [stdout]     |                                          ^^^^^^^^^^^^ use of undeclared type `TicketStatus`
[INFO] [stdout]     |
[INFO] [stdout] help: an enum with a similar name exists
[INFO] [stdout]     |
[INFO] [stdout] 472 -                     legacy_status = Some(TicketStatus::Closed);
[INFO] [stdout] 472 +                     legacy_status = Some(TicketState::Closed);
[INFO] [stdout]     |
[INFO] [stdout] help: consider importing this enum through its public re-export
[INFO] [stdout]     |
[INFO] [stdout]   8 + use crate::TicketStatus;
[INFO] [stdout]     |
[INFO] [stdout] 
[INFO] [stdout] 
[INFO] [stdout] error[E0433]: cannot find type `TicketStatus` in this scope
[INFO] [stdout]    --> crates/ticgit-lib/src/store.rs:172:45
[INFO] [stdout]     |
[INFO] [stdout] 172 |                     .filter(|t| t.status == TicketStatus::Open)
[INFO] [stdout]     |                                             ^^^^^^^^^^^^ use of undeclared type `TicketStatus`
[INFO] [stdout]     |
[INFO] [stdout] help: an enum with a similar name exists
[INFO] [stdout]     |
[INFO] [stdout] 172 -                     .filter(|t| t.status == TicketStatus::Open)
[INFO] [stdout] 172 +                     .filter(|t| t.status == TicketState::Open)
[INFO] [stdout]     |
[INFO] [stdout] help: consider importing this enum through its public re-export
[INFO] [stdout]     |
[INFO] [stdout]   8 + use crate::TicketStatus;
[INFO] [stdout]     |
[INFO] [stdout] 
[INFO] [stdout] 
[INFO] [stdout] error[E0425]: cannot find type `TicketStatus` in this scope
[INFO] [stdout]    --> crates/ticgit-lib/src/store.rs:211:52
[INFO] [stdout]     |
[INFO] [stdout] 211 |     pub fn set_lifecycle(&self, id: &Uuid, status: TicketStatus, state: TicketState) -> Result<()> {
[INFO] [stdout]     |                                                    ^^^^^^^^^^^^ not found in this scope
[INFO] [stdout]     |
[INFO] [stdout] note: similarly named enum `TicketState` defined here
[INFO] [stdout]    --> crates/ticgit-lib/src/ticket.rs:48:1
[INFO] [stdout]     |
[INFO] [stdout]  48 | pub enum TicketState {
[INFO] [stdout]     | ^^^^^^^^^^^^^^^^^^^^
[INFO] [stdout] help: an enum with a similar name exists
[INFO] [stdout]     |
[INFO] [stdout] 211 -     pub fn set_lifecycle(&self, id: &Uuid, status: TicketStatus, state: TicketState) -> Result<()> {
[INFO] [stdout] 211 +     pub fn set_lifecycle(&self, id: &Uuid, status: TicketState, state: TicketState) -> Result<()> {
[INFO] [stdout]     |
[INFO] [stdout] help: consider importing this enum through its public re-export
[INFO] [stdout]     |
[INFO] [stdout]   8 + use crate::TicketStatus;
[INFO] [stdout]     |
[INFO] [stdout] 
[INFO] [stdout] 
[INFO] [stdout] error[E0425]: cannot find type `TicketStatus` in this scope
[INFO] [stdout]    --> crates/ticgit-lib/src/store.rs:438:28
[INFO] [stdout]     |
[INFO] [stdout] 438 |     let mut status: Option<TicketStatus> = None;
[INFO] [stdout]     |                            ^^^^^^^^^^^^ not found in this scope
[INFO] [stdout]     |
[INFO] [stdout] note: similarly named enum `TicketState` defined here
[INFO] [stdout]    --> crates/ticgit-lib/src/ticket.rs:48:1
[INFO] [stdout]     |
[INFO] [stdout]  48 | pub enum TicketState {
[INFO] [stdout]     | ^^^^^^^^^^^^^^^^^^^^
[INFO] [stdout] help: an enum with a similar name exists
[INFO] [stdout]     |
[INFO] [stdout] 438 -     let mut status: Option<TicketStatus> = None;
[INFO] [stdout] 438 +     let mut status: Option<TicketState> = None;
[INFO] [stdout]     |
[INFO] [stdout] help: consider importing this enum through its public re-export
[INFO] [stdout]     |
[INFO] [stdout]   8 + use crate::TicketStatus;
[INFO] [stdout]     |
[INFO] [stdout] 
[INFO] [stdout] 
[INFO] [stdout] error[E0425]: cannot find type `TicketStatus` in this scope
[INFO] [stdout]    --> crates/ticgit-lib/src/store.rs:440:35
[INFO] [stdout]     |
[INFO] [stdout] 440 |     let mut legacy_status: Option<TicketStatus> = None;
[INFO] [stdout]     |                                   ^^^^^^^^^^^^ not found in this scope
[INFO] [stdout]     |
[INFO] [stdout] note: similarly named enum `TicketState` defined here
[INFO] [stdout]    --> crates/ticgit-lib/src/ticket.rs:48:1
[INFO] [stdout]     |
[INFO] [stdout]  48 | pub enum TicketState {
[INFO] [stdout]     | ^^^^^^^^^^^^^^^^^^^^
[INFO] [stdout] help: an enum with a similar name exists
[INFO] [stdout]     |
[INFO] [stdout] 440 -     let mut legacy_status: Option<TicketStatus> = None;
[INFO] [stdout] 440 +     let mut legacy_status: Option<TicketState> = None;
[INFO] [stdout]     |
[INFO] [stdout] help: consider importing this enum through its public re-export
[INFO] [stdout]     |
[INFO] [stdout]   8 + use crate::TicketStatus;
[INFO] [stdout]     |
[INFO] [stdout] 
[INFO] [stdout] 
[INFO] [stdout] error[E0433]: cannot find type `TicketStatus` in this scope
[INFO] [stdout]    --> crates/ticgit-lib/src/store.rs:456:26
[INFO] [stdout]     |
[INFO] [stdout] 456 |                 status = TicketStatus::parse(&s).ok();
[INFO] [stdout]     |                          ^^^^^^^^^^^^ use of undeclared type `TicketStatus`
[INFO] [stdout]     |
[INFO] [stdout] help: an enum with a similar name exists
[INFO] [stdout]     |
[INFO] [stdout] 456 -                 status = TicketStatus::parse(&s).ok();
[INFO] [stdout] 456 +                 status = TicketState::parse(&s).ok();
[INFO] [stdout]     |
[INFO] [stdout] help: consider importing this enum through its public re-export
[INFO] [stdout]     |
[INFO] [stdout]   8 + use crate::TicketStatus;
[INFO] [stdout]     |
[INFO] [stdout] 
[INFO] [stdout] 
[INFO] [stdout] error[E0433]: cannot find type `TicketStatus` in this scope
[INFO] [stdout]    --> crates/ticgit-lib/src/store.rs:460:42
[INFO] [stdout]     |
[INFO] [stdout] 460 |                     legacy_status = Some(TicketStatus::Open);
[INFO] [stdout]     |                                          ^^^^^^^^^^^^ use of undeclared type `TicketStatus`
[INFO] [stdout]     |
[INFO] [stdout] help: an enum with a similar name exists
[INFO] [stdout]     |
[INFO] [stdout] 460 -                     legacy_status = Some(TicketStatus::Open);
[INFO] [stdout] 460 +                     legacy_status = Some(TicketState::Open);
[INFO] [stdout]     |
[INFO] [stdout] help: consider importing this enum through its public re-export
[INFO] [stdout]     |
[INFO] [stdout]   8 + use crate::TicketStatus;
[INFO] [stdout]     |
[INFO] [stdout] 
[INFO] [stdout] 
[INFO] [stdout] error[E0433]: cannot find type `TicketStatus` in this scope
[INFO] [stdout]    --> crates/ticgit-lib/src/store.rs:464:42
[INFO] [stdout]     |
[INFO] [stdout] 464 |                     legacy_status = Some(TicketStatus::Open);
[INFO] [stdout]     |                                          ^^^^^^^^^^^^ use of undeclared type `TicketStatus`
[INFO] [stdout]     |
[INFO] [stdout] help: an enum with a similar name exists
[INFO] [stdout]     |
[INFO] [stdout] 464 -                     legacy_status = Some(TicketStatus::Open);
[INFO] [stdout] 464 +                     legacy_status = Some(TicketState::Open);
[INFO] [stdout]     |
[INFO] [stdout] help: consider importing this enum through its public re-export
[INFO] [stdout]     |
[INFO] [stdout]   8 + use crate::TicketStatus;
[INFO] [stdout]     |
[INFO] [stdout] 
[INFO] [stdout] 
[INFO] [stdout] error[E0433]: cannot find type `TicketStatus` in this scope
[INFO] [stdout]    --> crates/ticgit-lib/src/store.rs:468:42
[INFO] [stdout]     |
[INFO] [stdout] 468 |                     legacy_status = Some(TicketStatus::Closed);
[INFO] [stdout]     |                                          ^^^^^^^^^^^^ use of undeclared type `TicketStatus`
[INFO] [stdout]     |
[INFO] [stdout] help: an enum with a similar name exists
[INFO] [stdout]     |
[INFO] [stdout] 468 -                     legacy_status = Some(TicketStatus::Closed);
[INFO] [stdout] 468 +                     legacy_status = Some(TicketState::Closed);
[INFO] [stdout]     |
[INFO] [stdout] help: consider importing this enum through its public re-export
[INFO] [stdout]     |
[INFO] [stdout]   8 + use crate::TicketStatus;
[INFO] [stdout]     |
[INFO] [stdout] 
[INFO] [stdout] 
[INFO] [stdout] error[E0433]: cannot find type `TicketStatus` in this scope
[INFO] [stdout]    --> crates/ticgit-lib/src/store.rs:472:42
[INFO] [stdout]     |
[INFO] [stdout] 472 |                     legacy_status = Some(TicketStatus::Closed);
[INFO] [stdout]     |                                          ^^^^^^^^^^^^ use of undeclared type `TicketStatus`
[INFO] [stdout]     |
[INFO] [stdout] help: an enum with a similar name exists
[INFO] [stdout]     |
[INFO] [stdout] 472 -                     legacy_status = Some(TicketStatus::Closed);
[INFO] [stdout] 472 +                     legacy_status = Some(TicketState::Closed);
[INFO] [stdout]     |
[INFO] [stdout] help: consider importing this enum through its public re-export
[INFO] [stdout]     |
[INFO] [stdout]   8 + use crate::TicketStatus;
[INFO] [stdout]     |
[INFO] [stdout] 
[INFO] [stdout] 
[INFO] [stdout] error[E0433]: cannot find type `TicketStatus` in this scope
[INFO] [stdout]    --> crates/ticgit-lib/src/store.rs:559:36
[INFO] [stdout]     |
[INFO] [stdout] 559 |         assert_eq!(created.status, TicketStatus::Open);
[INFO] [stdout]     |                                    ^^^^^^^^^^^^ use of undeclared type `TicketStatus`
[INFO] [stdout]     |
[INFO] [stdout] help: an enum with a similar name exists
[INFO] [stdout]     |
[INFO] [stdout] 559 -         assert_eq!(created.status, TicketStatus::Open);
[INFO] [stdout] 559 +         assert_eq!(created.status, TicketState::Open);
[INFO] [stdout]     |
[INFO] [stdout] help: consider importing this enum through its public re-export
[INFO] [stdout]     |
[INFO] [stdout] 546 +     use crate::TicketStatus;
[INFO] [stdout]     |
[INFO] [stdout] 
[INFO] [stdout] 
[INFO] [stdout] error[E0433]: cannot find type `TicketStatus` in this scope
[INFO] [stdout]    --> crates/ticgit-lib/src/store.rs:595:35
[INFO] [stdout]     |
[INFO] [stdout] 595 |         assert_eq!(loaded.status, TicketStatus::Closed);
[INFO] [stdout]     |                                   ^^^^^^^^^^^^ use of undeclared type `TicketStatus`
[INFO] [stdout]     |
[INFO] [stdout] help: an enum with a similar name exists
[INFO] [stdout]     |
[INFO] [stdout] 595 -         assert_eq!(loaded.status, TicketStatus::Closed);
[INFO] [stdout] 595 +         assert_eq!(loaded.status, TicketState::Closed);
[INFO] [stdout]     |
[INFO] [stdout] help: consider importing this enum through its public re-export
[INFO] [stdout]     |
[INFO] [stdout] 546 +     use crate::TicketStatus;
[INFO] [stdout]     |
[INFO] [stdout] 
[INFO] [stdout] 
[INFO] [stdout] error[E0433]: cannot find type `TicketStatus` in this scope
[INFO] [stdout]    --> crates/ticgit-lib/src/store.rs:604:35
[INFO] [stdout]     |
[INFO] [stdout] 604 |             .set_lifecycle(&t.id, TicketStatus::Open, TicketState::Blocked)
[INFO] [stdout]     |                                   ^^^^^^^^^^^^ use of undeclared type `TicketStatus`
[INFO] [stdout]     |
[INFO] [stdout] help: an enum with a similar name exists
[INFO] [stdout]     |
[INFO] [stdout] 604 -             .set_lifecycle(&t.id, TicketStatus::Open, TicketState::Blocked)
[INFO] [stdout] 604 +             .set_lifecycle(&t.id, TicketState::Open, TicketState::Blocked)
[INFO] [stdout]     |
[INFO] [stdout] help: consider importing this enum through its public re-export
[INFO] [stdout]     |
[INFO] [stdout] 546 +     use crate::TicketStatus;
[INFO] [stdout]     |
[INFO] [stdout] 
[INFO] [stdout] 
[INFO] [stdout] error[E0433]: cannot find type `TicketStatus` in this scope
[INFO] [stdout]    --> crates/ticgit-lib/src/store.rs:607:35
[INFO] [stdout]     |
[INFO] [stdout] 607 |         assert_eq!(loaded.status, TicketStatus::Open);
[INFO] [stdout]     |                                   ^^^^^^^^^^^^ use of undeclared type `TicketStatus`
[INFO] [stdout]     |
[INFO] [stdout] help: an enum with a similar name exists
[INFO] [stdout]     |
[INFO] [stdout] 607 -         assert_eq!(loaded.status, TicketStatus::Open);
[INFO] [stdout] 607 +         assert_eq!(loaded.status, TicketState::Open);
[INFO] [stdout]     |
[INFO] [stdout] help: consider importing this enum through its public re-export
[INFO] [stdout]     |
[INFO] [stdout] 546 +     use crate::TicketStatus;
[INFO] [stdout]     |
[INFO] [stdout] 
[INFO] [stdout] 
[INFO] [stdout] error[E0433]: cannot find type `TicketStatus` in this scope
[INFO] [stdout]    --> crates/ticgit-lib/src/store.rs:682:45
[INFO] [stdout]     |
[INFO] [stdout] 682 |         insert_ticket(&store, open, "open", TicketStatus::Open, TicketState::New);
[INFO] [stdout]     |                                             ^^^^^^^^^^^^ use of undeclared type `TicketStatus`
[INFO] [stdout]     |
[INFO] [stdout] help: an enum with a similar name exists
[INFO] [stdout]     |
[INFO] [stdout] 682 -         insert_ticket(&store, open, "open", TicketStatus::Open, TicketState::New);
[INFO] [stdout] 682 +         insert_ticket(&store, open, "open", TicketState::Open, TicketState::New);
[INFO] [stdout]     |
[INFO] [stdout] help: consider importing this enum through its public re-export
[INFO] [stdout]     |
[INFO] [stdout] 546 +     use crate::TicketStatus;
[INFO] [stdout]     |
[INFO] [stdout] 
[INFO] [stdout] 
[INFO] [stdout] error[E0433]: cannot find type `TicketStatus` in this scope
[INFO] [stdout]    --> crates/ticgit-lib/src/store.rs:687:13
[INFO] [stdout]     |
[INFO] [stdout] 687 |             TicketStatus::Closed,
[INFO] [stdout]     |             ^^^^^^^^^^^^ use of undeclared type `TicketStatus`
[INFO] [stdout]     |
[INFO] [stdout] help: an enum with a similar name exists
[INFO] [stdout]     |
[INFO] [stdout] 687 -             TicketStatus::Closed,
[INFO] [stdout] 687 +             TicketState::Closed,
[INFO] [stdout]     |
[INFO] [stdout] help: consider importing this enum through its public re-export
[INFO] [stdout]     |
[INFO] [stdout] 546 +     use crate::TicketStatus;
[INFO] [stdout]     |
[INFO] [stdout] 
[INFO] [stdout] 
[INFO] [stdout] error[E0425]: cannot find type `TicketStatus` in this scope
[INFO] [stdout]    --> crates/ticgit-lib/src/store.rs:725:17
[INFO] [stdout]     |
[INFO] [stdout] 725 |         status: TicketStatus,
[INFO] [stdout]     |                 ^^^^^^^^^^^^ not found in this scope
[INFO] [stdout]     |
[INFO] [stdout] note: similarly named enum `TicketState` defined here
[INFO] [stdout]    --> crates/ticgit-lib/src/ticket.rs:48:1
[INFO] [stdout]     |
[INFO] [stdout]  48 | pub enum TicketState {
[INFO] [stdout]     | ^^^^^^^^^^^^^^^^^^^^
[INFO] [stdout] help: an enum with a similar name exists
[INFO] [stdout]     |
[INFO] [stdout] 725 -         status: TicketStatus,
[INFO] [stdout] 725 +         status: TicketState,
[INFO] [stdout]     |
[INFO] [stdout] help: consider importing this enum through its public re-export
[INFO] [stdout]     |
[INFO] [stdout] 546 +     use crate::TicketStatus;
[INFO] [stdout]     |
[INFO] [stdout] 
[INFO] [stdout] 
[INFO] [stdout] Some errors have detailed explanations: E0425, E0433.
[INFO] [stdout] 
[INFO] [stdout] For more information about an error, try `rustc --explain E0425`.
[INFO] [stdout] 
[INFO] [stderr] error: could not compile `ticgit-lib` (lib) due to 10 previous errors
[INFO] [stderr] warning: build failed, waiting for other jobs to finish...
[INFO] [stdout] Some errors have detailed explanations: E0425, E0433.
[INFO] [stdout] 
[INFO] [stdout] For more information about an error, try `rustc --explain E0425`.
[INFO] [stdout] 
[INFO] [stderr] error: could not compile `ticgit-lib` (lib test) due to 17 previous errors
[INFO] running `Command { std: "docker" "inspect" "d2af1159ef45df31070319fb7feecf14416733279c95723fb2f0fd70f7804f2a", kill_on_drop: false }`
[INFO] running `Command { std: "docker" "rm" "-f" "d2af1159ef45df31070319fb7feecf14416733279c95723fb2f0fd70f7804f2a", kill_on_drop: false }`
[INFO] [stdout] d2af1159ef45df31070319fb7feecf14416733279c95723fb2f0fd70f7804f2a
