[INFO] cloning repository https://github.com/stephancill/indexed-reth
[INFO] running `Command { std: "git" "-c" "credential.helper=" "-c" "credential.helper=/workspace/cargo-home/bin/git-credential-null" "clone" "--bare" "https://github.com/stephancill/indexed-reth" "/workspace/cache/git-repos/https%3A%2F%2Fgithub.com%2Fstephancill%2Findexed-reth", kill_on_drop: false }`
[INFO] [stderr] Cloning into bare repository '/workspace/cache/git-repos/https%3A%2F%2Fgithub.com%2Fstephancill%2Findexed-reth'...
[INFO] running `Command { std: "git" "rev-parse" "HEAD", kill_on_drop: false }`
[INFO] [stdout] 25c3b476c2dc20ed6aa3f79629adcb091f242127
[INFO] checking stephancill/indexed-reth against 3154cc1a3e6424e44f438a95007d043ed5ceaaf6+rustflags=-Znext-solver=coherence for pr-133502-30
[INFO] running `Command { std: "git" "clone" "/workspace/cache/git-repos/https%3A%2F%2Fgithub.com%2Fstephancill%2Findexed-reth" "/workspace/builds/worker-6-tc1/source", kill_on_drop: false }`
[INFO] [stderr] Cloning into '/workspace/builds/worker-6-tc1/source'...
[INFO] [stderr] done.
[INFO] started tweaking git repo https://github.com/stephancill/indexed-reth
[INFO] finished tweaking git repo https://github.com/stephancill/indexed-reth
[INFO] tweaked toml for git repo https://github.com/stephancill/indexed-reth written to /workspace/builds/worker-6-tc1/source/Cargo.toml
[INFO] validating manifest of git repo https://github.com/stephancill/indexed-reth on toolchain 3154cc1a3e6424e44f438a95007d043ed5ceaaf6
[INFO] running `Command { std: CARGO_HOME="/workspace/cargo-home" RUSTUP_HOME="/workspace/rustup-home" "/workspace/cargo-home/bin/cargo" "+3154cc1a3e6424e44f438a95007d043ed5ceaaf6" "metadata" "--manifest-path" "Cargo.toml" "--no-deps", kill_on_drop: false }`
[INFO] crate git repo https://github.com/stephancill/indexed-reth already has a lockfile, it will not be regenerated
[INFO] running `Command { std: CARGO_HOME="/workspace/cargo-home" RUSTUP_HOME="/workspace/rustup-home" "/workspace/cargo-home/bin/cargo" "+3154cc1a3e6424e44f438a95007d043ed5ceaaf6" "fetch" "--manifest-path" "Cargo.toml", kill_on_drop: false }`
[INFO] [stderr] warning: unused field `rust-version` in `workspace.package`
[INFO] [stderr]   --> Cargo.toml:43:1
[INFO] [stderr]    |
[INFO] [stderr] 43 | rust-version = "1.85"
[INFO] [stderr]    | ^^^^^^^^^^^^
[INFO] [stderr]    |
[INFO] [stderr]    = note: `cargo::unused_workspace_package_fields` is set to `warn` by default
[INFO] [stderr] help: consider removing the field `workspace.package.rust-version`
[INFO] [stderr] warning: workspace (manifest) generated 1 warning
[INFO] [stderr]     Updating crates.io index
[INFO] [stderr]     Updating git repository `https://github.com/paradigmxyz/reth`
[INFO] [stderr]     Updating git repository `https://github.com/sigp/discv5`
[INFO] [stderr]     Updating git repository `https://github.com/paradigmxyz/revmc`
[INFO] [stderr]     Skipping git submodule `https://github.com/ethereum/tests.git` due to update strategy in .gitmodules
[INFO] [stderr]     Blocking waiting for file lock on package cache
[INFO] [stderr]  Downloading crates ...
[INFO] [stderr]   Downloaded revm-state v42.0.0
[INFO] [stderr]   Downloaded revm-primitives v42.0.0
[INFO] [stderr]   Downloaded revm v42.0.1
[INFO] [stderr]   Downloaded ethereum_ssz_derive v0.10.4
[INFO] [stderr]   Downloaded keccak v0.2.2
[INFO] [stderr]   Downloaded ethereum_serde_utils v0.8.1
[INFO] [stderr]   Downloaded fixed-map-derive v0.9.5
[INFO] [stderr]   Downloaded revm-database-interface v42.0.0
[INFO] [stderr]   Downloaded aurora-engine-modexp v1.2.0
[INFO] [stderr]   Downloaded ark-bn254 v0.6.0
[INFO] [stderr]   Downloaded ripemd v0.2.0
[INFO] [stderr]   Downloaded reth-codecs-derive v0.6.0
[INFO] [stderr]   Downloaded alloy-sol-macro v1.7.1
[INFO] [stderr]   Downloaded alloy-sol-macro-input v1.7.1
[INFO] [stderr]   Downloaded modular-bitfield v0.13.1
[INFO] [stderr]   Downloaded modular-bitfield-impl v0.13.1
[INFO] [stderr]   Downloaded alloy-sol-type-parser v1.7.1
[INFO] [stderr]   Downloaded metrics-derive v0.1.2
[INFO] [stderr]   Downloaded ethereum_ssz v0.10.4
[INFO] [stderr]   Downloaded revm-bytecode v42.0.0
[INFO] [stderr]   Downloaded ark-relations v0.6.0
[INFO] [stderr]   Downloaded alloy-sol-macro-expander v1.7.1
[INFO] [stderr]   Downloaded alloy-json-abi v1.7.1
[INFO] [stderr]   Downloaded fixed-map v0.9.5
[INFO] [stderr]   Downloaded revm-inspector v42.0.1
[INFO] [stderr]   Downloaded syn-solidity v1.7.1
[INFO] [stderr]   Downloaded alloy-hardforks v0.4.8
[INFO] [stderr]   Downloaded ark-poly v0.6.0
[INFO] [stderr]   Downloaded revm-handler v42.0.1
[INFO] [stderr]   Downloaded revm-context v42.0.0
[INFO] [stderr]   Downloaded reth-primitives-traits v0.6.0
[INFO] [stderr]   Downloaded revm-context-interface v42.0.0
[INFO] [stderr]   Downloaded ark-ec v0.6.0
[INFO] [stderr]   Downloaded revm-interpreter v42.0.0
[INFO] [stderr]   Downloaded revm-database v42.0.0
[INFO] [stderr]   Downloaded alloy-sol-types v1.7.1
[INFO] [stderr]   Downloaded alloy-chains v0.2.37
[INFO] [stderr]   Downloaded revm-precompile v42.0.1
[INFO] [stderr]   Downloaded reth-zstd-compressors v0.6.0
[INFO] [stderr]   Downloaded alloy-evm v0.38.0
[INFO] [stderr]   Downloaded alloy-rpc-types-engine v2.4.1
[INFO] [stderr]   Downloaded icu_properties v2.0.2
[INFO] [stderr]   Downloaded alloy-primitives v1.7.1
[INFO] [stderr]   Downloaded ark-r1cs-std v0.6.0
[INFO] [stderr]   Downloaded reth-codecs v0.6.0
[INFO] [stderr]   Downloaded roaring v0.11.5
[INFO] [stderr]   Downloaded ark-bls12-381 v0.6.0
[INFO] [stderr]   Downloaded enr v0.13.0
[INFO] [stderr]   Downloaded icu_normalizer v2.0.1
[INFO] [stderr]   Downloaded schnellru v0.2.4
[INFO] [stderr]   Downloaded thread-priority v3.1.1
[INFO] [stderr]   Downloaded gmp-mpfr-sys v1.7.1
[INFO] [stderr]   Downloaded inkwell v0.9.0
[INFO] [stderr]   Downloaded llvm-sys v221.0.1
[INFO] [stderr]   Downloaded inkwell_internals v0.14.0
[INFO] [stderr]   Downloaded oxc_index v5.0.0
[INFO] [stderr]   Downloaded imbl v7.0.1
[INFO] [stderr]   Downloaded archery v1.2.3
[INFO] [stderr]   Downloaded revm-inspectors v0.42.2
[INFO] [stderr]   Downloaded boa_gc v0.21.1
[INFO] [stderr]   Downloaded boa_string v0.21.1
[INFO] [stderr]   Downloaded tag_ptr v0.1.0
[INFO] [stderr]   Downloaded boa_interner v0.21.1
[INFO] [stderr]   Downloaded aquamarine v0.6.0
[INFO] [stderr]   Downloaded small_btree v0.1.0
[INFO] [stderr]   Downloaded intrusive-collections v0.9.7
[INFO] [stderr]   Downloaded alloy-rpc-types-trace v2.4.1
[INFO] [stderr]   Downloaded alloy-rpc-types-admin v2.4.1
[INFO] [stderr]   Downloaded boa_macros v0.21.1
[INFO] [stderr]   Downloaded regress v0.10.5
[INFO] [stderr]   Downloaded boa_parser v0.21.1
[INFO] [stderr]   Downloaded boa_ast v0.21.1
[INFO] [stderr]   Downloaded boa_engine v0.21.1
[INFO] [stderr]   Downloaded reth-rpc-traits v0.6.0
[INFO] [stderr]   Downloaded alloy-rpc-types-debug v2.4.1
[INFO] [stderr]   Downloaded alloy-rpc-client v2.4.1
[INFO] [stderr]   Downloaded alloy-transport v2.4.1
[INFO] [stderr]   Downloaded alloy-transport-ws v2.4.1
[INFO] [stderr]   Downloaded bimap v0.6.3
[INFO] [stderr]   Downloaded alloy-pubsub v2.4.1
[INFO] [stderr]   Downloaded alloy-transport-ipc v2.4.1
[INFO] [stderr]   Downloaded alloy-transport-http v2.4.1
[INFO] [stderr]   Downloaded tracing-journald v0.3.2
[INFO] [stderr]   Downloaded tracing-chrome v0.7.2
[INFO] [stderr]   Downloaded tracing-samply v0.1.5
[INFO] [stderr]   Downloaded tracing-logfmt v0.3.7
[INFO] [stderr]   Downloaded rolling-file v0.2.0
[INFO] [stderr]   Downloaded opentelemetry-semantic-conventions v0.32.1
[INFO] [stderr]   Downloaded opentelemetry-appender-tracing v0.32.0
[INFO] [stderr]   Downloaded vergen-git2 v10.0.3
[INFO] [stderr]   Downloaded alloy-rpc-types v2.4.1
[INFO] [stderr]   Downloaded vergen-lib v10.0.3
[INFO] [stderr]   Downloaded vergen v10.0.3
[INFO] [stderr]   Downloaded concat-kdf v0.1.0
[INFO] [stderr]   Downloaded hickory-resolver v0.26.1
[INFO] [stderr]   Downloaded libgit2-sys v0.18.8+1.9.7
[INFO] [stderr]   Downloaded hickory-net v0.26.1
[INFO] [stderr]   Downloaded hickory-proto v0.26.1
[INFO] [stderr]   Downloaded uint v0.10.1
[INFO] [stderr]   Downloaded match-lookup v0.1.3
[INFO] [stderr]   Downloaded delay_map v0.4.1
[INFO] [stderr]   Downloaded if-addrs v0.14.0
[INFO] [stderr]   Downloaded alloy-rpc-types-txpool v2.4.1
[INFO] [stderr]   Downloaded tree_hash_derive v0.12.1
[INFO] [stderr]   Downloaded alloy-rpc-types-mev v2.4.1
[INFO] [stderr]   Downloaded ethereum_hashing v0.8.0
[INFO] [stderr]   Downloaded jsonrpsee-server v0.26.0
[INFO] [stderr]   Downloaded tree_hash v0.12.1
[INFO] [stderr]   Downloaded alloy-rpc-types-anvil v2.4.1
[INFO] [stderr]   Downloaded alloy-rpc-types-beacon v2.4.1
[INFO] [stderr]   Downloaded alloy-dyn-abi v1.7.1
[INFO] [stderr]   Downloaded alloy-provider v2.4.1
[INFO] [stderr]   Downloaded coins-bip39 v0.12.0
[INFO] [stderr]   Downloaded coins-bip32 v0.12.0
[INFO] [stderr]   Downloaded coins-core v0.12.0
[INFO] [stderr]   Downloaded lru v0.18.3
[INFO] [stderr]   Downloaded procfs v0.18.0
[INFO] [stderr]   Downloaded rlimit v0.11.0
[INFO] [stderr]   Downloaded libproc v0.14.11
[INFO] [stderr]   Downloaded metrics-process v2.4.3
[INFO] [stderr]   Downloaded procfs-core v0.18.0
[INFO] [stderr]   Downloaded boyer-moore-magiclen v0.2.24
[INFO] [stderr]   Downloaded debug-helper v0.3.14
[INFO] [stderr]   Downloaded ringbuffer v0.16.0
[INFO] [stderr]   Downloaded human_bytes v0.4.3
[INFO] [stderr]   Downloaded deadpool-postgres v0.14.2
[INFO] [stderr]   Downloaded sqlparser v0.54.0
[INFO] [stderr]   Downloaded deadpool-runtime v0.3.1
[INFO] [stderr]   Downloaded deadpool v0.13.1
[INFO] [stderr]   Downloaded alloy-primitives v0.8.26
[INFO] running `Command { std: "docker" "create" "-v" "/var/lib/crater-agent-workspace/builds/worker-6-tc1/source:/opt/rustwide/workdir:ro,Z" "-v" "/var/lib/crater-agent-workspace/builds/worker-6-tc1/target:/opt/rustwide/target:rw,Z" "-v" "/var/lib/crater-agent-workspace/cargo-home:/opt/rustwide/cargo-home:ro,Z" "-v" "/var/lib/crater-agent-workspace/rustup-home:/opt/rustwide/rustup-home:ro,Z" "-m" "1610612736" "--network" "none" "ghcr.io/rust-lang/crates-build-env/linux@sha256:77db811e55d90add9212f6832c23229e3de5f1c1f9905e8cb07319ea15df73ac" "sleep" "infinity", kill_on_drop: false }`
[INFO] [stdout] d73dd827b9782dafd2a36d9f98eccce33394e997aafb880eba0fd617fd6307b8
[INFO] running `Command { std: "docker" "start" "d73dd827b9782dafd2a36d9f98eccce33394e997aafb880eba0fd617fd6307b8", kill_on_drop: false }`
[INFO] running `Command { std: "docker" "inspect" "d73dd827b9782dafd2a36d9f98eccce33394e997aafb880eba0fd617fd6307b8", kill_on_drop: false }`
[INFO] running `Command { std: "docker" "exec" "-e" "SOURCE_DIR=/opt/rustwide/workdir" "-e" "CARGO_HOME=/opt/rustwide/cargo-home" "-e" "RUSTUP_HOME=/opt/rustwide/rustup-home" "-e" "CARGO_TARGET_DIR=/opt/rustwide/target" "-w" "/opt/rustwide/workdir" "--user" "0:0" "d73dd827b9782dafd2a36d9f98eccce33394e997aafb880eba0fd617fd6307b8" "/opt/rustwide/cargo-home/bin/cargo" "+3154cc1a3e6424e44f438a95007d043ed5ceaaf6" "metadata" "--no-deps" "--format-version=1", kill_on_drop: false }`
[INFO] running `Command { std: "docker" "inspect" "d73dd827b9782dafd2a36d9f98eccce33394e997aafb880eba0fd617fd6307b8", kill_on_drop: false }`
[INFO] running `Command { std: "docker" "exec" "-e" "SOURCE_DIR=/opt/rustwide/workdir" "-e" "CARGO_HOME=/opt/rustwide/cargo-home" "-e" "RUSTUP_HOME=/opt/rustwide/rustup-home" "-e" "CARGO_TARGET_DIR=/opt/rustwide/target" "-e" "CARGO_INCREMENTAL=0" "-e" "RUST_BACKTRACE=full" "-e" "RUSTFLAGS=--cap-lints=forbid -Znext-solver=coherence" "-e" "RUSTDOCFLAGS=--cap-lints=forbid" "-w" "/opt/rustwide/workdir" "--user" "0:0" "d73dd827b9782dafd2a36d9f98eccce33394e997aafb880eba0fd617fd6307b8" "/opt/rustwide/cargo-home/bin/cargo" "+3154cc1a3e6424e44f438a95007d043ed5ceaaf6" "check" "--frozen" "--all" "--all-targets" "--message-format=json", kill_on_drop: false }`
[INFO] [stderr] warning: unused field `rust-version` in `workspace.package`
[INFO] [stderr]   --> Cargo.toml:43:1
[INFO] [stderr]    |
[INFO] [stderr] 43 | rust-version = "1.85"
[INFO] [stderr]    | ^^^^^^^^^^^^
[INFO] [stderr]    |
[INFO] [stderr]    = note: `cargo::unused_workspace_package_fields` is set to `warn` by default
[INFO] [stderr] help: consider removing the field `workspace.package.rust-version`
[INFO] [stderr] warning: workspace (manifest) generated 1 warning
[INFO] [stderr]    Compiling syn v3.0.4
[INFO] [stderr]    Compiling serde_core v1.0.229
[INFO] [stderr]     Checking foldhash v0.2.0
[INFO] [stderr]     Checking generic-array v0.14.7
[INFO] [stderr]     Checking getrandom v0.4.3
[INFO] [stderr]    Compiling unicode-segmentation v1.13.3
[INFO] [stderr]     Checking der v0.7.10
[INFO] [stderr]     Checking tracing v0.1.44
[INFO] [stderr]    Compiling alloy-rlp-derive v0.3.16
[INFO] [stderr]     Checking ff v0.13.1
[INFO] [stderr]    Compiling ruint-macro v1.2.1
[INFO] [stderr]     Checking digest v0.11.3
[INFO] [stderr]    Compiling serde_json v1.0.151
[INFO] [stderr]     Checking rapidhash v4.5.1
[INFO] [stderr]    Compiling sha3-asm v0.1.8
[INFO] [stderr]    Compiling secp256k1-sys v0.11.0
[INFO] [stderr]     Checking keccak v0.2.2
[INFO] [stderr]     Checking fixed-cache v0.1.10
[INFO] [stderr]     Checking group v0.13.0
[INFO] [stderr]    Compiling serde v1.0.229
[INFO] [stderr]    Compiling auto_impl v1.3.0
[INFO] [stderr]     Checking futures-core v0.3.34
[INFO] [stderr]     Checking sha3 v0.11.0
[INFO] [stderr]    Compiling fastrand v2.5.0
[INFO] [stderr]    Compiling aws-lc-rs v1.18.0
[INFO] [stderr]    Compiling blst v0.3.17
[INFO] [stderr]     Checking siphasher v1.0.3
[INFO] [stderr]     Checking futures-io v0.3.34
[INFO] [stderr]    Compiling convert_case v0.10.0
[INFO] [stderr]     Checking num_cpus v1.17.0
[INFO] [stderr]     Checking untrusted v0.7.1
[INFO] [stderr]    Compiling c-kzg v2.1.8
[INFO] [stderr]    Compiling secp256k1-sys v0.10.1
[INFO] [stderr]     Checking futures-channel v0.3.34
[INFO] [stderr]     Checking zerofrom v0.1.8
[INFO] [stderr]     Checking threadpool v1.8.1
[INFO] [stderr]     Checking stable_deref_trait v1.2.1
[INFO] [stderr]    Compiling futures-macro v0.3.32
[INFO] [stderr]     Checking futures-task v0.3.34
[INFO] [stderr]    Compiling phf_shared v0.14.0
[INFO] [stderr]     Checking yoke v0.8.3
[INFO] [stderr]    Compiling zstd-sys v2.0.16+zstd.1.5.7
[INFO] [stderr]     Checking crypto-common v0.1.7
[INFO] [stderr]     Checking block-buffer v0.10.4
[INFO] [stderr]    Compiling derive_more-impl v2.1.1
[INFO] [stderr]     Checking spki v0.7.3
[INFO] [stderr]     Checking crypto-bigint v0.5.5
[INFO] [stderr]     Checking digest v0.10.7
[INFO] [stderr]     Checking pkcs8 v0.10.2
[INFO] [stderr]    Compiling const-hex v1.19.1
[INFO] [stderr]    Compiling phf_generator v0.14.0
[INFO] [stderr]    Compiling darling_core v0.23.0
[INFO] [stderr]     Checking sha2 v0.10.9
[INFO] [stderr]     Checking hmac v0.12.1
[INFO] [stderr]     Checking signature v2.2.0
[INFO] [stderr]     Checking keccak-asm v0.1.8
[INFO] [stderr]    Compiling syn-solidity v1.7.1
[INFO] [stderr]    Compiling macro-string v0.2.0
[INFO] [stderr]    Compiling proc-macro-error-attr3 v3.0.1
[INFO] [stderr]     Checking rfc6979 v0.4.0
[INFO] [stderr]     Checking futures-util v0.3.32
[INFO] [stderr]    Compiling phf_macros v0.14.0
[INFO] [stderr]    Compiling proc-macro-error3 v3.0.1
[INFO] [stderr]     Checking num-integer v0.1.47
[INFO] [stderr]     Checking litemap v0.8.3
[INFO] [stderr]     Checking writeable v0.6.4
[INFO] [stderr]    Compiling zstd-safe v7.2.4
[INFO] [stderr]     Checking write16 v1.0.0
[INFO] [stderr]     Checking utf16_iter v1.0.5
[INFO] [stderr]    Compiling crossbeam-epoch v0.9.20
[INFO] [stderr]     Checking hashbrown v0.17.1
[INFO] [stderr]     Checking bitflags v2.13.1
[INFO] [stderr]     Checking sha2 v0.11.0
[INFO] [stderr]    Compiling ahash v0.8.12
[INFO] [stderr]    Compiling ark-serialize-derive v0.6.0
[INFO] [stderr]     Checking hashbrown v0.14.5
[INFO] [stderr]    Compiling ark-ff-asm v0.6.0
[INFO] [stderr]    Compiling num-bigint v0.4.8
[INFO] [stderr]     Checking raw-cpuid v11.6.0
[INFO] [stderr]     Checking konst_macro_rules v0.2.19
[INFO] [stderr]     Checking konst v0.2.20
[INFO] [stderr]     Checking crossbeam-deque v0.8.7
[INFO] [stderr]     Checking num-iter v0.1.46
[INFO] [stderr]     Checking indexmap v2.14.0
[INFO] [stderr]    Compiling parity-scale-codec v3.7.5
[INFO] [stderr]    Compiling const_format_proc_macros v0.2.34
[INFO] [stderr]    Compiling gmp-mpfr-sys v1.7.1
[INFO] [stderr]     Checking rayon-core v1.13.0
[INFO] [stderr]    Compiling impl-trait-for-tuples v0.2.3
[INFO] [stderr]    Compiling modular-bitfield-impl v0.13.1
[INFO] [stderr]     Checking byte-slice-cast v1.2.3
[INFO] [stderr]     Checking ripemd v0.2.0
[INFO] [stderr]    Compiling derive-where v1.6.1
[INFO] [stderr]    Compiling alloy-sol-macro-input v1.7.1
[INFO] [stderr]    Compiling alloy-sol-macro-expander v1.7.1
[INFO] [stderr]     Checking const_format v0.2.36
[INFO] [stderr]    Compiling ark-ff-macros v0.6.0
[INFO] [stderr]     Checking futures-executor v0.3.32
[INFO] [stderr]    Compiling reth-codecs-derive v0.6.0
[INFO] [stderr]    Compiling num_enum_derive v0.7.6
[INFO] [stderr]     Checking quanta v0.12.6
[INFO] [stderr]     Checking futures v0.3.32
[INFO] [stderr]     Checking strum v0.27.2
[INFO] [stderr]     Checking modular-bitfield v0.13.1
[INFO] [stderr]    Compiling curve25519-dalek v4.1.3
[INFO] [stderr]     Checking sha3 v0.10.9
[INFO] [stderr]    Compiling darling_macro v0.23.0
[INFO] [stderr]     Checking ed25519 v2.2.3
[INFO] [stderr]    Compiling time-macros v0.2.32
[INFO] [stderr]     Checking sync_wrapper v1.0.2
[INFO] [stderr]     Checking hdrhistogram v7.6.0
[INFO] [stderr]     Checking num_threads v0.1.7
[INFO] [stderr]    Compiling darling v0.23.0
[INFO] [stderr]    Compiling serde_with_macros v3.22.0
[INFO] [stderr]    Compiling ethereum_ssz_derive v0.10.4
[INFO] [stderr]    Compiling alloy-tx-macros v2.4.1
[INFO] [stderr]     Checking time-core v0.1.9
[INFO] [stderr]     Checking clap_builder v4.6.6
[INFO] [stderr]    Compiling fixed-map-derive v0.9.5
[INFO] [stderr]     Checking num_enum v0.7.6
[INFO] [stderr]    Compiling rustls v0.23.43
[INFO] [stderr] error: could not compile `derive_more-impl` (lib)
[INFO] [stderr] 
[INFO] [stderr] Caused by:
[INFO] [stderr]   process didn't exit successfully: `/opt/rustwide/rustup-home/toolchains/3154cc1a3e6424e44f438a95007d043ed5ceaaf6/bin/rustc --crate-name derive_more_impl --edition=2021 /opt/rustwide/cargo-home/registry/src/index.crates.io-1949cf8c6b5b557f/derive_more-impl-2.1.1/src/lib.rs --error-format=json --json=diagnostic-rendered-ansi,artifacts,future-incompat,unused-externs-silent --crate-type proc-macro --emit=dep-info,link -C prefer-dynamic -C embed-bitcode=no --cfg 'feature="add"' --cfg 'feature="add_assign"' --cfg 'feature="as_ref"' --cfg 'feature="constructor"' --cfg 'feature="debug"' --cfg 'feature="default"' --cfg 'feature="deref"' --cfg 'feature="deref_mut"' --cfg 'feature="display"' --cfg 'feature="eq"' --cfg 'feature="error"' --cfg 'feature="from"' --cfg 'feature="from_str"' --cfg 'feature="index"' --cfg 'feature="index_mut"' --cfg 'feature="into"' --cfg 'feature="into_iterator"' --cfg 'feature="is_variant"' --cfg 'feature="mul"' --cfg 'feature="mul_assign"' --cfg 'feature="not"' --cfg 'feature="sum"' --cfg 'feature="try_from"' --cfg 'feature="try_into"' --cfg 'feature="try_unwrap"' --cfg 'feature="unwrap"' --check-cfg 'cfg(docsrs,test)' --check-cfg 'cfg(feature, values("add", "add_assign", "as_ref", "constructor", "debug", "default", "deref", "deref_mut", "display", "eq", "error", "from", "from_str", "full", "index", "index_mut", "into", "into_iterator", "is_variant", "mul", "mul_assign", "not", "sum", "testing-helpers", "try_from", "try_into", "try_unwrap", "unwrap"))' -C metadata=6280f9df8436eca1 -C extra-filename=-344574e885206ac7 --out-dir /opt/rustwide/target/debug/build/derive_more-impl/344574e885206ac7/out -L dependency=/opt/rustwide/target/debug/build/proc-macro2/f4d3bcf2bcadb40f/out -L dependency=/opt/rustwide/target/debug/build/quote/9cbd74bd0e362d9e/out -L dependency=/opt/rustwide/target/debug/build/unicode-ident/69fd460968039056/out -L dependency=/opt/rustwide/target/debug/build/unicode-segmentation/c366456867d2e2a1/out --extern convert_case=/opt/rustwide/target/debug/build/convert_case/4ffc060f6a53b421/out/libconvert_case-4ffc060f6a53b421.rlib --extern convert_case=/opt/rustwide/target/debug/build/convert_case/4ffc060f6a53b421/out/libconvert_case-4ffc060f6a53b421.rmeta --extern proc_macro2=/opt/rustwide/target/debug/build/proc-macro2/f4d3bcf2bcadb40f/out/libproc_macro2-f4d3bcf2bcadb40f.rlib --extern proc_macro2=/opt/rustwide/target/debug/build/proc-macro2/f4d3bcf2bcadb40f/out/libproc_macro2-f4d3bcf2bcadb40f.rmeta --extern quote=/opt/rustwide/target/debug/build/quote/9cbd74bd0e362d9e/out/libquote-9cbd74bd0e362d9e.rlib --extern quote=/opt/rustwide/target/debug/build/quote/9cbd74bd0e362d9e/out/libquote-9cbd74bd0e362d9e.rmeta --extern syn=/opt/rustwide/target/debug/build/syn/3307dfd543dc15b6/out/libsyn-3307dfd543dc15b6.rlib --extern syn=/opt/rustwide/target/debug/build/syn/3307dfd543dc15b6/out/libsyn-3307dfd543dc15b6.rmeta --extern unicode_xid=/opt/rustwide/target/debug/build/unicode-xid/ab34063dbb6db526/out/libunicode_xid-ab34063dbb6db526.rlib --extern unicode_xid=/opt/rustwide/target/debug/build/unicode-xid/ab34063dbb6db526/out/libunicode_xid-ab34063dbb6db526.rmeta --extern proc_macro --cap-lints allow --cap-lints=forbid -Znext-solver=coherence --force-warn=unused_crate_dependencies` (signal: 9, SIGKILL: kill)
[INFO] [stderr] warning: build failed, waiting for other jobs to finish...
[INFO] [stderr] error: could not compile `syn` (lib)
[INFO] [stderr] 
[INFO] [stderr] Caused by:
[INFO] [stderr]   process didn't exit successfully: `/opt/rustwide/rustup-home/toolchains/3154cc1a3e6424e44f438a95007d043ed5ceaaf6/bin/rustc --crate-name syn --edition=2021 /opt/rustwide/cargo-home/registry/src/index.crates.io-1949cf8c6b5b557f/syn-3.0.4/src/lib.rs --error-format=json --json=diagnostic-rendered-ansi,artifacts,future-incompat,unused-externs-silent --crate-type lib --emit=dep-info,metadata,link -Z embed-metadata=no -C embed-bitcode=no --cfg 'feature="clone-impls"' --cfg 'feature="default"' --cfg 'feature="derive"' --cfg 'feature="extra-traits"' --cfg 'feature="full"' --cfg 'feature="parsing"' --cfg 'feature="printing"' --cfg 'feature="proc-macro"' --cfg 'feature="visit"' --cfg 'feature="visit-mut"' --check-cfg 'cfg(docsrs,test)' --check-cfg 'cfg(feature, values("clone-impls", "default", "derive", "extra-traits", "fold", "full", "parsing", "printing", "proc-macro", "test", "visit", "visit-mut"))' -C metadata=5e7755a4dff7e208 -C extra-filename=-4b4bcb56fd14f812 --out-dir /opt/rustwide/target/debug/build/syn/4b4bcb56fd14f812/out -L dependency=/opt/rustwide/target/debug/build/proc-macro2/f4d3bcf2bcadb40f/out -L dependency=/opt/rustwide/target/debug/build/unicode-ident/69fd460968039056/out --extern proc_macro2=/opt/rustwide/target/debug/build/proc-macro2/f4d3bcf2bcadb40f/out/libproc_macro2-f4d3bcf2bcadb40f.rmeta --extern quote=/opt/rustwide/target/debug/build/quote/9cbd74bd0e362d9e/out/libquote-9cbd74bd0e362d9e.rmeta --extern unicode_ident=/opt/rustwide/target/debug/build/unicode-ident/69fd460968039056/out/libunicode_ident-69fd460968039056.rmeta --cap-lints allow --cap-lints=forbid -Znext-solver=coherence --force-warn=unused_crate_dependencies` (signal: 9, SIGKILL: kill)
[INFO] [stderr] warning: secp256k1-sys@0.11.0: cc: fatal error: Killed signal terminated program cc1
[INFO] [stderr] warning: secp256k1-sys@0.11.0: compilation terminated.
[INFO] [stderr] warning: secp256k1-sys@0.11.0: ToolExecError: command did not execute successfully (status code exit status: 1): LC_ALL="C" "cc" "-O0" "-ffunction-sections" "-fdata-sections" "-fPIC" "-g" "-gdwarf-4" "-fno-omit-frame-pointer" "-mno-omit-leaf-frame-pointer" "-m64" "-I" "depend/secp256k1/" "-I" "depend/secp256k1/include" "-I" "depend/secp256k1/src" "-Wall" "-Wextra" "-Wno-unused-function" "-Wno-unused-parameter" "-DSECP256K1_API=" "-DENABLE_MODULE_ECDH=1" "-DENABLE_MODULE_SCHNORRSIG=1" "-DENABLE_MODULE_EXTRAKEYS=1" "-DENABLE_MODULE_ELLSWIFT=1" "-Dprintf(...)=" "-DECMULT_GEN_PREC_BITS=4" "-DECMULT_WINDOW_SIZE=15" "-DUSE_EXTERNAL_DEFAULT_CALLBACKS=1" "-DENABLE_MODULE_RECOVERY=1" "-o" "/opt/rustwide/target/debug/build/secp256k1-sys/2862c858fec5e6bc/out/fce6141bfa9bf74c-precomputed_ecmult.o" "-c" "depend/secp256k1/src/precomputed_ecmult.c"
[INFO] [stderr] warning: secp256k1-sys@0.11.0: In file included from depend/secp256k1/src/secp256k1.c:39:
[INFO] [stderr] warning: secp256k1-sys@0.11.0: depend/secp256k1/src/hsort_impl.h: In function 'rustsecp256k1_v0_11_heap_swap64':
[INFO] [stderr] warning: secp256k1-sys@0.11.0: depend/secp256k1/src/hsort_impl.h:30:5: error: implicit declaration of function 'memmove' [-Wimplicit-function-declaration]
[INFO] [stderr] warning: secp256k1-sys@0.11.0:    30 |     memmove(a, b, len);
[INFO] [stderr] warning: secp256k1-sys@0.11.0:       |     ^~~~~~~
[INFO] [stderr] warning: secp256k1-sys@0.11.0: depend/secp256k1/src/hsort_impl.h:11:1: note: include '<string.h>' or provide a declaration of 'memmove'
[INFO] [stderr] warning: secp256k1-sys@0.11.0:    10 | #include "hsort.h"
[INFO] [stderr] warning: secp256k1-sys@0.11.0:   +++ |+#include <string.h>
[INFO] [stderr] warning: secp256k1-sys@0.11.0:    11 | 
[INFO] [stderr] warning: secp256k1-sys@0.11.0: depend/secp256k1/src/hsort_impl.h:30:5: warning: incompatible implicit declaration of built-in function 'memmove' [-Wbuiltin-declaration-mismatch]
[INFO] [stderr] warning: secp256k1-sys@0.11.0:    30 |     memmove(a, b, len);
[INFO] [stderr] warning: secp256k1-sys@0.11.0:       |     ^~~~~~~
[INFO] [stderr] warning: secp256k1-sys@0.11.0: depend/secp256k1/src/hsort_impl.h:30:5: note: include '<string.h>' or provide a declaration of 'memmove'
[INFO] [stderr] warning: secp256k1-sys@0.11.0: ToolExecError: command did not execute successfully (status code exit status: 1): LC_ALL="C" "cc" "-O0" "-ffunction-sections" "-fdata-sections" "-fPIC" "-g" "-gdwarf-4" "-fno-omit-frame-pointer" "-mno-omit-leaf-frame-pointer" "-m64" "-I" "depend/secp256k1/" "-I" "depend/secp256k1/include" "-I" "depend/secp256k1/src" "-I" "wasm/wasm-sysroot" "-Wall" "-Wextra" "-Wno-unused-function" "-Wno-unused-parameter" "-DSECP256K1_API=" "-DENABLE_MODULE_ECDH=1" "-DENABLE_MODULE_SCHNORRSIG=1" "-DENABLE_MODULE_EXTRAKEYS=1" "-DENABLE_MODULE_ELLSWIFT=1" "-Dprintf(...)=" "-DECMULT_GEN_PREC_BITS=4" "-DECMULT_WINDOW_SIZE=15" "-DUSE_EXTERNAL_DEFAULT_CALLBACKS=1" "-DENABLE_MODULE_RECOVERY=1" "-o" "/opt/rustwide/target/debug/build/secp256k1-sys/2862c858fec5e6bc/out/fce6141bfa9bf74c-secp256k1.o" "-c" "depend/secp256k1/src/secp256k1.c"
[INFO] [stderr] error: failed to run custom build command for `secp256k1-sys v0.11.0`
[INFO] [stderr] note: To improve backtraces for build dependencies, set the CARGO_PROFILE_DEV_BUILD_OVERRIDE_DEBUG=true environment variable to enable debug information generation.
[INFO] [stderr] 
[INFO] [stderr] Caused by:
[INFO] [stderr]   process didn't exit successfully: `/opt/rustwide/target/debug/build/secp256k1-sys/0748a706e852fe4c/out/build_script_build` (exit status: 1)
[INFO] [stderr]   --- stdout
[INFO] [stderr]   cargo:rerun-if-env-changed=CC_FORCE_DISABLE
[INFO] [stderr]   CC_FORCE_DISABLE = None
[INFO] [stderr]   cargo:rerun-if-env-changed=CC_x86_64-unknown-linux-gnu
[INFO] [stderr]   CC_x86_64-unknown-linux-gnu = None
[INFO] [stderr]   cargo:rerun-if-env-changed=CC_x86_64_unknown_linux_gnu
[INFO] [stderr]   CC_x86_64_unknown_linux_gnu = None
[INFO] [stderr]   cargo:rerun-if-env-changed=HOST_CC
[INFO] [stderr]   HOST_CC = None
[INFO] [stderr]   cargo:rerun-if-env-changed=CC
[INFO] [stderr]   CC = None
[INFO] [stderr]   cargo:rerun-if-env-changed=CC_ENABLE_DEBUG_OUTPUT
[INFO] [stderr]   cargo:rerun-if-env-changed=CRATE_CC_NO_DEFAULTS
[INFO] [stderr]   CRATE_CC_NO_DEFAULTS = None
[INFO] [stderr]   cargo:rerun-if-env-changed=CRATE_CC_NO_DEFAULTS
[INFO] [stderr]   CRATE_CC_NO_DEFAULTS = None
[INFO] [stderr]   cargo:rerun-if-env-changed=CFLAGS
[INFO] [stderr]   CFLAGS = None
[INFO] [stderr]   cargo:rerun-if-env-changed=HOST_CFLAGS
[INFO] [stderr]   HOST_CFLAGS = None
[INFO] [stderr]   cargo:rerun-if-env-changed=CFLAGS_x86_64_unknown_linux_gnu
[INFO] [stderr]   CFLAGS_x86_64_unknown_linux_gnu = None
[INFO] [stderr]   cargo:rerun-if-env-changed=CFLAGS_x86_64-unknown-linux-gnu
[INFO] [stderr]   CFLAGS_x86_64-unknown-linux-gnu = None
[INFO] [stderr]   cargo:rerun-if-env-changed=CFLAGS
[INFO] [stderr]   CFLAGS = None
[INFO] [stderr]   cargo:rerun-if-env-changed=HOST_CFLAGS
[INFO] [stderr]   HOST_CFLAGS = None
[INFO] [stderr]   cargo:rerun-if-env-changed=CFLAGS_x86_64_unknown_linux_gnu
[INFO] [stderr]   CFLAGS_x86_64_unknown_linux_gnu = None
[INFO] [stderr]   cargo:rerun-if-env-changed=CFLAGS_x86_64-unknown-linux-gnu
[INFO] [stderr]   CFLAGS_x86_64-unknown-linux-gnu = None
[INFO] [stderr]   cargo:rerun-if-env-changed=CRATE_CC_NO_DEFAULTS
[INFO] [stderr]   CRATE_CC_NO_DEFAULTS = None
[INFO] [stderr]   cargo:rerun-if-env-changed=CFLAGS
[INFO] [stderr]   CFLAGS = None
[INFO] [stderr]   cargo:rerun-if-env-changed=HOST_CFLAGS
[INFO] [stderr]   HOST_CFLAGS = None
[INFO] [stderr]   cargo:rerun-if-env-changed=CFLAGS_x86_64_unknown_linux_gnu
[INFO] [stderr]   CFLAGS_x86_64_unknown_linux_gnu = None
[INFO] [stderr]   cargo:rerun-if-env-changed=CFLAGS_x86_64-unknown-linux-gnu
[INFO] [stderr]   CFLAGS_x86_64-unknown-linux-gnu = None
[INFO] [stderr]   cargo:rerun-if-env-changed=CRATE_CC_NO_DEFAULTS
[INFO] [stderr]   CRATE_CC_NO_DEFAULTS = None
[INFO] [stderr]   cargo:rerun-if-env-changed=CFLAGS
[INFO] [stderr]   CFLAGS = None
[INFO] [stderr]   cargo:rerun-if-env-changed=HOST_CFLAGS
[INFO] [stderr]   HOST_CFLAGS = None
[INFO] [stderr]   cargo:rerun-if-env-changed=CFLAGS_x86_64_unknown_linux_gnu
[INFO] [stderr]   CFLAGS_x86_64_unknown_linux_gnu = None
[INFO] [stderr]   cargo:rerun-if-env-changed=CFLAGS_x86_64-unknown-linux-gnu
[INFO] [stderr]   CFLAGS_x86_64-unknown-linux-gnu = None
[INFO] [stderr]   cargo:rerun-if-env-changed=CC_x86_64-unknown-linux-gnu
[INFO] [stderr]   CC_x86_64-unknown-linux-gnu = None
[INFO] [stderr]   cargo:rerun-if-env-changed=CC_x86_64_unknown_linux_gnu
[INFO] [stderr]   CC_x86_64_unknown_linux_gnu = None
[INFO] [stderr]   cargo:rerun-if-env-changed=HOST_CC
[INFO] [stderr]   HOST_CC = None
[INFO] [stderr]   cargo:rerun-if-env-changed=CC
[INFO] [stderr]   CC = None
[INFO] [stderr]   cargo:rerun-if-env-changed=CRATE_CC_NO_DEFAULTS
[INFO] [stderr]   CRATE_CC_NO_DEFAULTS = None
[INFO] [stderr]   cargo:rerun-if-env-changed=CFLAGS
[INFO] [stderr]   CFLAGS = None
[INFO] [stderr]   cargo:rerun-if-env-changed=HOST_CFLAGS
[INFO] [stderr]   HOST_CFLAGS = None
[INFO] [stderr]   cargo:rerun-if-env-changed=CFLAGS_x86_64_unknown_linux_gnu
[INFO] [stderr]   CFLAGS_x86_64_unknown_linux_gnu = None
[INFO] [stderr]   cargo:rerun-if-env-changed=CFLAGS_x86_64-unknown-linux-gnu
[INFO] [stderr]   CFLAGS_x86_64-unknown-linux-gnu = None
[INFO] [stderr]   cargo:rerun-if-env-changed=CC_x86_64-unknown-linux-gnu
[INFO] [stderr]   CC_x86_64-unknown-linux-gnu = None
[INFO] [stderr]   cargo:rerun-if-env-changed=CC_x86_64_unknown_linux_gnu
[INFO] [stderr]   CC_x86_64_unknown_linux_gnu = None
[INFO] [stderr]   cargo:rerun-if-env-changed=HOST_CC
[INFO] [stderr]   HOST_CC = None
[INFO] [stderr]   cargo:rerun-if-env-changed=CC
[INFO] [stderr]   CC = None
[INFO] [stderr]   cargo:rerun-if-env-changed=CRATE_CC_NO_DEFAULTS
[INFO] [stderr]   CRATE_CC_NO_DEFAULTS = None
[INFO] [stderr]   cargo:rerun-if-env-changed=CFLAGS
[INFO] [stderr]   CFLAGS = None
[INFO] [stderr]   cargo:rerun-if-env-changed=HOST_CFLAGS
[INFO] [stderr]   HOST_CFLAGS = None
[INFO] [stderr]   cargo:rerun-if-env-changed=CFLAGS_x86_64_unknown_linux_gnu
[INFO] [stderr]   CFLAGS_x86_64_unknown_linux_gnu = None
[INFO] [stderr]   cargo:rerun-if-env-changed=CFLAGS_x86_64-unknown-linux-gnu
[INFO] [stderr]   CFLAGS_x86_64-unknown-linux-gnu = None
[INFO] [stderr]   cargo:rerun-if-env-changed=CC_x86_64-unknown-linux-gnu
[INFO] [stderr]   CC_x86_64-unknown-linux-gnu = None
[INFO] [stderr]   cargo:rerun-if-env-changed=CC_x86_64_unknown_linux_gnu
[INFO] [stderr]   CC_x86_64_unknown_linux_gnu = None
[INFO] [stderr]   cargo:rerun-if-env-changed=HOST_CC
[INFO] [stderr]   HOST_CC = None
[INFO] [stderr]   cargo:rerun-if-env-changed=CC
[INFO] [stderr]   CC = None
[INFO] [stderr]   cargo:rerun-if-env-changed=CRATE_CC_NO_DEFAULTS
[INFO] [stderr]   CRATE_CC_NO_DEFAULTS = None
[INFO] [stderr]   cargo:rerun-if-env-changed=CFLAGS
[INFO] [stderr]   CFLAGS = None
[INFO] [stderr]   cargo:rerun-if-env-changed=HOST_CFLAGS
[INFO] [stderr]   HOST_CFLAGS = None
[INFO] [stderr]   cargo:rerun-if-env-changed=CFLAGS_x86_64_unknown_linux_gnu
[INFO] [stderr]   CFLAGS_x86_64_unknown_linux_gnu = None
[INFO] [stderr]   cargo:rerun-if-env-changed=CFLAGS_x86_64-unknown-linux-gnu
[INFO] [stderr]   CFLAGS_x86_64-unknown-linux-gnu = None
[INFO] [stderr]   cargo:warning=cc: fatal error: Killed signal terminated program cc1
[INFO] [stderr]   cargo:warning=compilation terminated.
[INFO] [stderr]   exit status: 0
[INFO] [stderr]   exit status: 0
[INFO] [stderr]   exit status: 1
[INFO] [stderr]   cargo:warning=ToolExecError: command did not execute successfully (status code exit status: 1): LC_ALL="C" "cc" "-O0" "-ffunction-sections" "-fdata-sections" "-fPIC" "-g" "-gdwarf-4" "-fno-omit-frame-pointer" "-mno-omit-leaf-frame-pointer" "-m64" "-I" "depend/secp256k1/" "-I" "depend/secp256k1/include" "-I" "depend/secp256k1/src" "-Wall" "-Wextra" "-Wno-unused-function" "-Wno-unused-parameter" "-DSECP256K1_API=" "-DENABLE_MODULE_ECDH=1" "-DENABLE_MODULE_SCHNORRSIG=1" "-DENABLE_MODULE_EXTRAKEYS=1" "-DENABLE_MODULE_ELLSWIFT=1" "-Dprintf(...)=" "-DECMULT_GEN_PREC_BITS=4" "-DECMULT_WINDOW_SIZE=15" "-DUSE_EXTERNAL_DEFAULT_CALLBACKS=1" "-DENABLE_MODULE_RECOVERY=1" "-o" "/opt/rustwide/target/debug/build/secp256k1-sys/2862c858fec5e6bc/out/fce6141bfa9bf74c-precomputed_ecmult.o" "-c" "depend/secp256k1/src/precomputed_ecmult.c"
[INFO] [stderr]   exit status: 0
[INFO] [stderr]   cargo:rerun-if-env-changed=CC_FORCE_DISABLE
[INFO] [stderr]   CC_FORCE_DISABLE = None
[INFO] [stderr]   cargo:rerun-if-env-changed=CC_x86_64-unknown-linux-gnu
[INFO] [stderr]   CC_x86_64-unknown-linux-gnu = None
[INFO] [stderr]   cargo:rerun-if-env-changed=CC_x86_64_unknown_linux_gnu
[INFO] [stderr]   CC_x86_64_unknown_linux_gnu = None
[INFO] [stderr]   cargo:rerun-if-env-changed=HOST_CC
[INFO] [stderr]   HOST_CC = None
[INFO] [stderr]   cargo:rerun-if-env-changed=CC
[INFO] [stderr]   CC = None
[INFO] [stderr]   cargo:rerun-if-env-changed=CRATE_CC_NO_DEFAULTS
[INFO] [stderr]   CRATE_CC_NO_DEFAULTS = None
[INFO] [stderr]   cargo:rerun-if-env-changed=CFLAGS
[INFO] [stderr]   CFLAGS = None
[INFO] [stderr]   cargo:rerun-if-env-changed=HOST_CFLAGS
[INFO] [stderr]   HOST_CFLAGS = None
[INFO] [stderr]   cargo:rerun-if-env-changed=CFLAGS_x86_64_unknown_linux_gnu
[INFO] [stderr]   CFLAGS_x86_64_unknown_linux_gnu = None
[INFO] [stderr]   cargo:rerun-if-env-changed=CFLAGS_x86_64-unknown-linux-gnu
[INFO] [stderr]   CFLAGS_x86_64-unknown-linux-gnu = None
[INFO] [stderr]   cargo:rerun-if-env-changed=CC_x86_64-unknown-linux-gnu
[INFO] [stderr]   CC_x86_64-unknown-linux-gnu = None
[INFO] [stderr]   cargo:rerun-if-env-changed=CC_x86_64_unknown_linux_gnu
[INFO] [stderr]   CC_x86_64_unknown_linux_gnu = None
[INFO] [stderr]   cargo:rerun-if-env-changed=HOST_CC
[INFO] [stderr]   HOST_CC = None
[INFO] [stderr]   cargo:rerun-if-env-changed=CC
[INFO] [stderr]   CC = None
[INFO] [stderr]   cargo:rerun-if-env-changed=CRATE_CC_NO_DEFAULTS
[INFO] [stderr]   CRATE_CC_NO_DEFAULTS = None
[INFO] [stderr]   cargo:rerun-if-env-changed=CFLAGS
[INFO] [stderr]   CFLAGS = None
[INFO] [stderr]   cargo:rerun-if-env-changed=HOST_CFLAGS
[INFO] [stderr]   HOST_CFLAGS = None
[INFO] [stderr]   cargo:rerun-if-env-changed=CFLAGS_x86_64_unknown_linux_gnu
[INFO] [stderr]   CFLAGS_x86_64_unknown_linux_gnu = None
[INFO] [stderr]   cargo:rerun-if-env-changed=CFLAGS_x86_64-unknown-linux-gnu
[INFO] [stderr]   CFLAGS_x86_64-unknown-linux-gnu = None
[INFO] [stderr]   cargo:rerun-if-env-changed=CC_x86_64-unknown-linux-gnu
[INFO] [stderr]   CC_x86_64-unknown-linux-gnu = None
[INFO] [stderr]   cargo:rerun-if-env-changed=CC_x86_64_unknown_linux_gnu
[INFO] [stderr]   CC_x86_64_unknown_linux_gnu = None
[INFO] [stderr]   cargo:rerun-if-env-changed=HOST_CC
[INFO] [stderr]   HOST_CC = None
[INFO] [stderr]   cargo:rerun-if-env-changed=CC
[INFO] [stderr]   CC = None
[INFO] [stderr]   cargo:rerun-if-env-changed=CRATE_CC_NO_DEFAULTS
[INFO] [stderr]   CRATE_CC_NO_DEFAULTS = None
[INFO] [stderr]   cargo:rerun-if-env-changed=CFLAGS
[INFO] [stderr]   CFLAGS = None
[INFO] [stderr]   cargo:rerun-if-env-changed=HOST_CFLAGS
[INFO] [stderr]   HOST_CFLAGS = None
[INFO] [stderr]   cargo:rerun-if-env-changed=CFLAGS_x86_64_unknown_linux_gnu
[INFO] [stderr]   CFLAGS_x86_64_unknown_linux_gnu = None
[INFO] [stderr]   cargo:rerun-if-env-changed=CFLAGS_x86_64-unknown-linux-gnu
[INFO] [stderr]   CFLAGS_x86_64-unknown-linux-gnu = None
[INFO] [stderr]   cargo:rerun-if-env-changed=CC_x86_64-unknown-linux-gnu
[INFO] [stderr]   CC_x86_64-unknown-linux-gnu = None
[INFO] [stderr]   cargo:rerun-if-env-changed=CC_x86_64_unknown_linux_gnu
[INFO] [stderr]   CC_x86_64_unknown_linux_gnu = None
[INFO] [stderr]   cargo:rerun-if-env-changed=HOST_CC
[INFO] [stderr]   HOST_CC = None
[INFO] [stderr]   cargo:rerun-if-env-changed=CC
[INFO] [stderr]   CC = None
[INFO] [stderr]   cargo:rerun-if-env-changed=CRATE_CC_NO_DEFAULTS
[INFO] [stderr]   CRATE_CC_NO_DEFAULTS = None
[INFO] [stderr]   cargo:rerun-if-env-changed=CFLAGS
[INFO] [stderr]   CFLAGS = None
[INFO] [stderr]   cargo:rerun-if-env-changed=HOST_CFLAGS
[INFO] [stderr]   HOST_CFLAGS = None
[INFO] [stderr]   cargo:rerun-if-env-changed=CFLAGS_x86_64_unknown_linux_gnu
[INFO] [stderr]   CFLAGS_x86_64_unknown_linux_gnu = None
[INFO] [stderr]   cargo:rerun-if-env-changed=CFLAGS_x86_64-unknown-linux-gnu
[INFO] [stderr]   CFLAGS_x86_64-unknown-linux-gnu = None
[INFO] [stderr]   cargo:warning=In file included from depend/secp256k1/src/secp256k1.c:39:
[INFO] [stderr]   cargo:warning=depend/secp256k1/src/hsort_impl.h: In function 'rustsecp256k1_v0_11_heap_swap64':
[INFO] [stderr]   cargo:warning=depend/secp256k1/src/hsort_impl.h:30:5: error: implicit declaration of function 'memmove' [-Wimplicit-function-declaration]
[INFO] [stderr]   cargo:warning=   30 |     memmove(a, b, len);
[INFO] [stderr]   cargo:warning=      |     ^~~~~~~
[INFO] [stderr]   cargo:warning=depend/secp256k1/src/hsort_impl.h:11:1: note: include '<string.h>' or provide a declaration of 'memmove'
[INFO] [stderr]   cargo:warning=   10 | #include "hsort.h"
[INFO] [stderr]   cargo:warning=  +++ |+#include <string.h>
[INFO] [stderr]   cargo:warning=   11 | 
[INFO] [stderr]   cargo:warning=depend/secp256k1/src/hsort_impl.h:30:5: warning: incompatible implicit declaration of built-in function 'memmove' [-Wbuiltin-declaration-mismatch]
[INFO] [stderr]   cargo:warning=   30 |     memmove(a, b, len);
[INFO] [stderr]   cargo:warning=      |     ^~~~~~~
[INFO] [stderr]   cargo:warning=depend/secp256k1/src/hsort_impl.h:30:5: note: include '<string.h>' or provide a declaration of 'memmove'
[INFO] [stderr]   exit status: 0
[INFO] [stderr]   exit status: 0
[INFO] [stderr]   exit status: 1
[INFO] [stderr]   cargo:warning=ToolExecError: command did not execute successfully (status code exit status: 1): LC_ALL="C" "cc" "-O0" "-ffunction-sections" "-fdata-sections" "-fPIC" "-g" "-gdwarf-4" "-fno-omit-frame-pointer" "-mno-omit-leaf-frame-pointer" "-m64" "-I" "depend/secp256k1/" "-I" "depend/secp256k1/include" "-I" "depend/secp256k1/src" "-I" "wasm/wasm-sysroot" "-Wall" "-Wextra" "-Wno-unused-function" "-Wno-unused-parameter" "-DSECP256K1_API=" "-DENABLE_MODULE_ECDH=1" "-DENABLE_MODULE_SCHNORRSIG=1" "-DENABLE_MODULE_EXTRAKEYS=1" "-DENABLE_MODULE_ELLSWIFT=1" "-Dprintf(...)=" "-DECMULT_GEN_PREC_BITS=4" "-DECMULT_WINDOW_SIZE=15" "-DUSE_EXTERNAL_DEFAULT_CALLBACKS=1" "-DENABLE_MODULE_RECOVERY=1" "-o" "/opt/rustwide/target/debug/build/secp256k1-sys/2862c858fec5e6bc/out/fce6141bfa9bf74c-secp256k1.o" "-c" "depend/secp256k1/src/secp256k1.c"
[INFO] [stderr]   exit status: 0
[INFO] [stderr] 
[INFO] [stderr]   --- stderr
[INFO] [stderr] 
[INFO] [stderr] 
[INFO] [stderr]   error occurred in cc-rs: command did not execute successfully (status code exit status: 1): LC_ALL="C" "cc" "-O0" "-ffunction-sections" "-fdata-sections" "-fPIC" "-g" "-gdwarf-4" "-fno-omit-frame-pointer" "-mno-omit-leaf-frame-pointer" "-m64" "-I" "depend/secp256k1/" "-I" "depend/secp256k1/include" "-I" "depend/secp256k1/src" "-I" "wasm/wasm-sysroot" "-Wall" "-Wextra" "-Wno-unused-function" "-Wno-unused-parameter" "-DSECP256K1_API=" "-DENABLE_MODULE_ECDH=1" "-DENABLE_MODULE_SCHNORRSIG=1" "-DENABLE_MODULE_EXTRAKEYS=1" "-DENABLE_MODULE_ELLSWIFT=1" "-Dprintf(...)=" "-DECMULT_GEN_PREC_BITS=4" "-DECMULT_WINDOW_SIZE=15" "-DUSE_EXTERNAL_DEFAULT_CALLBACKS=1" "-DENABLE_MODULE_RECOVERY=1" "-o" "/opt/rustwide/target/debug/build/secp256k1-sys/2862c858fec5e6bc/out/fce6141bfa9bf74c-secp256k1.o" "-c" "depend/secp256k1/src/secp256k1.c"
[INFO] [stderr] 
[INFO] [stderr] 
[INFO] running `Command { std: "docker" "inspect" "d73dd827b9782dafd2a36d9f98eccce33394e997aafb880eba0fd617fd6307b8", kill_on_drop: false }`
[INFO] running `Command { std: "docker" "rm" "-f" "d73dd827b9782dafd2a36d9f98eccce33394e997aafb880eba0fd617fd6307b8", kill_on_drop: false }`
[INFO] [stdout] d73dd827b9782dafd2a36d9f98eccce33394e997aafb880eba0fd617fd6307b8
