[INFO] cloning repository https://github.com/stefangolas/look
[INFO] running `Command { std: "git" "-c" "credential.helper=" "-c" "credential.helper=/workspace/cargo-home/bin/git-credential-null" "clone" "--bare" "https://github.com/stefangolas/look" "/workspace/cache/git-repos/https%3A%2F%2Fgithub.com%2Fstefangolas%2Flook", kill_on_drop: false }`
[INFO] [stderr] Cloning into bare repository '/workspace/cache/git-repos/https%3A%2F%2Fgithub.com%2Fstefangolas%2Flook'...
[INFO] running `Command { std: "git" "rev-parse" "HEAD", kill_on_drop: false }`
[INFO] [stdout] dc6687c5a579cee5cdfe91411d30bb71d19a5ac6
[INFO] checking stefangolas/look against 3154cc1a3e6424e44f438a95007d043ed5ceaaf6 for pr-133502-30
[INFO] running `Command { std: "git" "clone" "/workspace/cache/git-repos/https%3A%2F%2Fgithub.com%2Fstefangolas%2Flook" "/workspace/builds/worker-4-tc2/source", kill_on_drop: false }`
[INFO] [stderr] Cloning into '/workspace/builds/worker-4-tc2/source'...
[INFO] [stderr] done.
[INFO] removed /workspace/builds/worker-4-tc2/source/.cargo/config.toml
[INFO] started tweaking git repo https://github.com/stefangolas/look
[INFO] finished tweaking git repo https://github.com/stefangolas/look
[INFO] tweaked toml for git repo https://github.com/stefangolas/look written to /workspace/builds/worker-4-tc2/source/Cargo.toml
[INFO] validating manifest of git repo https://github.com/stefangolas/look on toolchain 3154cc1a3e6424e44f438a95007d043ed5ceaaf6
[INFO] running `Command { std: CARGO_HOME="/workspace/cargo-home" RUSTUP_HOME="/workspace/rustup-home" "/workspace/cargo-home/bin/cargo" "+3154cc1a3e6424e44f438a95007d043ed5ceaaf6" "metadata" "--manifest-path" "Cargo.toml" "--no-deps", kill_on_drop: false }`
[INFO] crate git repo https://github.com/stefangolas/look already has a lockfile, it will not be regenerated
[INFO] running `Command { std: CARGO_HOME="/workspace/cargo-home" RUSTUP_HOME="/workspace/rustup-home" "/workspace/cargo-home/bin/cargo" "+3154cc1a3e6424e44f438a95007d043ed5ceaaf6" "fetch" "--manifest-path" "Cargo.toml", kill_on_drop: false }`
[INFO] [stderr] warning: `package.homepage` is redundant with `package.repository`
[INFO] [stderr]  --> vendor/truck/truck-topology/Cargo.toml:7:12
[INFO] [stderr]   |
[INFO] [stderr] 7 | homepage = "https://github.com/ricosjp/truck"
[INFO] [stderr]   |            ^^^^^^^^^^^^^^^^^^^^^^^^^^^^^^^^^^
[INFO] [stderr] 8 | repository = "https://github.com/ricosjp/truck"
[INFO] [stderr]   |              ----------------------------------
[INFO] [stderr]   |
[INFO] [stderr]   = note: `cargo::redundant_homepage` is set to `warn` by default
[INFO] [stderr] help: consider removing `package.homepage`
[INFO] [stderr] warning: `truck-topology` (manifest) generated 1 warning
[INFO] [stderr] warning: `package.homepage` is redundant with `package.repository`
[INFO] [stderr]  --> vendor/truck/truck-certified/Cargo.toml:6:12
[INFO] [stderr]   |
[INFO] [stderr] 6 | homepage = "https://github.com/ricosjp/truck"
[INFO] [stderr]   |            ^^^^^^^^^^^^^^^^^^^^^^^^^^^^^^^^^^
[INFO] [stderr] 7 | repository = "https://github.com/ricosjp/truck"
[INFO] [stderr]   |              ----------------------------------
[INFO] [stderr]   |
[INFO] [stderr]   = note: `cargo::redundant_homepage` is set to `warn` by default
[INFO] [stderr] help: consider removing `package.homepage`
[INFO] [stderr] warning: `truck-certified` (manifest) generated 1 warning
[INFO] [stderr] warning: `package.homepage` is redundant with `package.repository`
[INFO] [stderr]  --> vendor/truck/truck-polymesh/Cargo.toml:7:12
[INFO] [stderr]   |
[INFO] [stderr] 7 | homepage = "https://github.com/ricosjp/truck"
[INFO] [stderr]   |            ^^^^^^^^^^^^^^^^^^^^^^^^^^^^^^^^^^
[INFO] [stderr] 8 | repository = "https://github.com/ricosjp/truck"
[INFO] [stderr]   |              ----------------------------------
[INFO] [stderr]   |
[INFO] [stderr]   = note: `cargo::redundant_homepage` is set to `warn` by default
[INFO] [stderr] help: consider removing `package.homepage`
[INFO] [stderr] warning: `truck-polymesh` (manifest) generated 1 warning
[INFO] [stderr] warning: `package.homepage` is redundant with `package.repository`
[INFO] [stderr]  --> vendor/truck/truck-modeling/Cargo.toml:7:12
[INFO] [stderr]   |
[INFO] [stderr] 7 | homepage = "https://github.com/ricosjp/truck"
[INFO] [stderr]   |            ^^^^^^^^^^^^^^^^^^^^^^^^^^^^^^^^^^
[INFO] [stderr] 8 | repository = "https://github.com/ricosjp/truck"
[INFO] [stderr]   |              ----------------------------------
[INFO] [stderr]   |
[INFO] [stderr]   = note: `cargo::redundant_homepage` is set to `warn` by default
[INFO] [stderr] help: consider removing `package.homepage`
[INFO] [stderr] warning: `truck-modeling` (manifest) generated 1 warning
[INFO] [stderr] warning: `package.homepage` is redundant with `package.repository`
[INFO] [stderr]  --> vendor/truck/truck-shapeops/Cargo.toml:6:12
[INFO] [stderr]   |
[INFO] [stderr] 6 | homepage = "https://github.com/ricosjp/truck"
[INFO] [stderr]   |            ^^^^^^^^^^^^^^^^^^^^^^^^^^^^^^^^^^
[INFO] [stderr] 7 | repository = "https://github.com/ricosjp/truck"
[INFO] [stderr]   |              ----------------------------------
[INFO] [stderr]   |
[INFO] [stderr]   = note: `cargo::redundant_homepage` is set to `warn` by default
[INFO] [stderr] help: consider removing `package.homepage`
[INFO] [stderr] warning: `truck-shapeops` (manifest) generated 1 warning
[INFO] [stderr] warning: `package.homepage` is redundant with `package.repository`
[INFO] [stderr]  --> vendor/truck/truck-base/Cargo.toml:7:12
[INFO] [stderr]   |
[INFO] [stderr] 7 | homepage = "https://github.com/ricosjp/truck"
[INFO] [stderr]   |            ^^^^^^^^^^^^^^^^^^^^^^^^^^^^^^^^^^
[INFO] [stderr] 8 | repository = "https://github.com/ricosjp/truck"
[INFO] [stderr]   |              ----------------------------------
[INFO] [stderr]   |
[INFO] [stderr]   = note: `cargo::redundant_homepage` is set to `warn` by default
[INFO] [stderr] help: consider removing `package.homepage`
[INFO] [stderr] warning: `truck-base` (manifest) generated 1 warning
[INFO] [stderr] warning: `package.homepage` is redundant with `package.repository`
[INFO] [stderr]  --> vendor/truck/truck-stepio/Cargo.toml:7:12
[INFO] [stderr]   |
[INFO] [stderr] 7 | homepage = "https://github.com/ricosjp/truck"
[INFO] [stderr]   |            ^^^^^^^^^^^^^^^^^^^^^^^^^^^^^^^^^^
[INFO] [stderr] 8 | repository = "https://github.com/ricosjp/truck"
[INFO] [stderr]   |              ----------------------------------
[INFO] [stderr]   |
[INFO] [stderr]   = note: `cargo::redundant_homepage` is set to `warn` by default
[INFO] [stderr] help: consider removing `package.homepage`
[INFO] [stderr] warning: `truck-stepio` (manifest) generated 1 warning
[INFO] [stderr] warning: `package.homepage` is redundant with `package.repository`
[INFO] [stderr]  --> vendor/truck/truck-derivers/Cargo.toml:6:12
[INFO] [stderr]   |
[INFO] [stderr] 6 | homepage = "https://github.com/ricosjp/truck"
[INFO] [stderr]   |            ^^^^^^^^^^^^^^^^^^^^^^^^^^^^^^^^^^
[INFO] [stderr] 7 | repository = "https://github.com/ricosjp/truck"
[INFO] [stderr]   |              ----------------------------------
[INFO] [stderr]   |
[INFO] [stderr]   = note: `cargo::redundant_homepage` is set to `warn` by default
[INFO] [stderr] help: consider removing `package.homepage`
[INFO] [stderr] warning: `truck-derivers` (manifest) generated 1 warning
[INFO] [stderr] warning: `package.homepage` is redundant with `package.repository`
[INFO] [stderr]  --> vendor/truck/truck-geotrait/Cargo.toml:7:12
[INFO] [stderr]   |
[INFO] [stderr] 7 | homepage = "https://github.com/ricosjp/truck"
[INFO] [stderr]   |            ^^^^^^^^^^^^^^^^^^^^^^^^^^^^^^^^^^
[INFO] [stderr] 8 | repository = "https://github.com/ricosjp/truck"
[INFO] [stderr]   |              ----------------------------------
[INFO] [stderr]   |
[INFO] [stderr]   = note: `cargo::redundant_homepage` is set to `warn` by default
[INFO] [stderr] help: consider removing `package.homepage`
[INFO] [stderr] warning: `truck-geotrait` (manifest) generated 1 warning
[INFO] [stderr] warning: `package.homepage` is redundant with `package.repository`
[INFO] [stderr]  --> vendor/truck/truck-geometry/Cargo.toml:7:12
[INFO] [stderr]   |
[INFO] [stderr] 7 | homepage = "https://github.com/ricosjp/truck"
[INFO] [stderr]   |            ^^^^^^^^^^^^^^^^^^^^^^^^^^^^^^^^^^
[INFO] [stderr] 8 | repository = "https://github.com/ricosjp/truck"
[INFO] [stderr]   |              ----------------------------------
[INFO] [stderr]   |
[INFO] [stderr]   = note: `cargo::redundant_homepage` is set to `warn` by default
[INFO] [stderr] help: consider removing `package.homepage`
[INFO] [stderr] warning: `truck-geometry` (manifest) generated 1 warning
[INFO] [stderr] warning: `package.homepage` is redundant with `package.repository`
[INFO] [stderr]  --> vendor/truck/truck-meshalgo/Cargo.toml:6:12
[INFO] [stderr]   |
[INFO] [stderr] 6 | homepage = "https://github.com/ricosjp/truck"
[INFO] [stderr]   |            ^^^^^^^^^^^^^^^^^^^^^^^^^^^^^^^^^^
[INFO] [stderr] 7 | repository = "https://github.com/ricosjp/truck"
[INFO] [stderr]   |              ----------------------------------
[INFO] [stderr]   |
[INFO] [stderr]   = note: `cargo::redundant_homepage` is set to `warn` by default
[INFO] [stderr] help: consider removing `package.homepage`
[INFO] [stderr] warning: `truck-meshalgo` (manifest) generated 1 warning
[INFO] running `Command { std: "docker" "create" "-v" "/var/lib/crater-agent-workspace/builds/worker-4-tc2/source:/opt/rustwide/workdir:ro,Z" "-v" "/var/lib/crater-agent-workspace/builds/worker-4-tc2/target:/opt/rustwide/target:rw,Z" "-v" "/var/lib/crater-agent-workspace/cargo-home:/opt/rustwide/cargo-home:ro,Z" "-v" "/var/lib/crater-agent-workspace/rustup-home:/opt/rustwide/rustup-home:ro,Z" "-m" "1610612736" "--network" "none" "ghcr.io/rust-lang/crates-build-env/linux@sha256:77db811e55d90add9212f6832c23229e3de5f1c1f9905e8cb07319ea15df73ac" "sleep" "infinity", kill_on_drop: false }`
[INFO] [stdout] 4376905a21c6ce421fcdb129be664fcb266d9c0bfd95e081ae480cc3bd9cc170
[INFO] running `Command { std: "docker" "start" "4376905a21c6ce421fcdb129be664fcb266d9c0bfd95e081ae480cc3bd9cc170", kill_on_drop: false }`
[INFO] running `Command { std: "docker" "inspect" "4376905a21c6ce421fcdb129be664fcb266d9c0bfd95e081ae480cc3bd9cc170", kill_on_drop: false }`
[INFO] running `Command { std: "docker" "exec" "-e" "SOURCE_DIR=/opt/rustwide/workdir" "-e" "CARGO_HOME=/opt/rustwide/cargo-home" "-e" "RUSTUP_HOME=/opt/rustwide/rustup-home" "-e" "CARGO_TARGET_DIR=/opt/rustwide/target" "-w" "/opt/rustwide/workdir" "--user" "0:0" "4376905a21c6ce421fcdb129be664fcb266d9c0bfd95e081ae480cc3bd9cc170" "/opt/rustwide/cargo-home/bin/cargo" "+3154cc1a3e6424e44f438a95007d043ed5ceaaf6" "metadata" "--no-deps" "--format-version=1", kill_on_drop: false }`
[INFO] running `Command { std: "docker" "inspect" "4376905a21c6ce421fcdb129be664fcb266d9c0bfd95e081ae480cc3bd9cc170", kill_on_drop: false }`
[INFO] running `Command { std: "docker" "exec" "-e" "SOURCE_DIR=/opt/rustwide/workdir" "-e" "CARGO_HOME=/opt/rustwide/cargo-home" "-e" "RUSTUP_HOME=/opt/rustwide/rustup-home" "-e" "CARGO_TARGET_DIR=/opt/rustwide/target" "-e" "CARGO_INCREMENTAL=0" "-e" "RUST_BACKTRACE=full" "-e" "RUSTFLAGS=--cap-lints=forbid" "-e" "RUSTDOCFLAGS=--cap-lints=forbid" "-w" "/opt/rustwide/workdir" "--user" "0:0" "4376905a21c6ce421fcdb129be664fcb266d9c0bfd95e081ae480cc3bd9cc170" "/opt/rustwide/cargo-home/bin/cargo" "+3154cc1a3e6424e44f438a95007d043ed5ceaaf6" "check" "--frozen" "--all" "--all-targets" "--message-format=json", kill_on_drop: false }`
[INFO] [stderr] warning: `package.homepage` is redundant with `package.repository`
[INFO] [stderr]  --> vendor/truck/truck-topology/Cargo.toml:7:12
[INFO] [stderr]   |
[INFO] [stderr] 7 | homepage = "https://github.com/ricosjp/truck"
[INFO] [stderr]   |            ^^^^^^^^^^^^^^^^^^^^^^^^^^^^^^^^^^
[INFO] [stderr] 8 | repository = "https://github.com/ricosjp/truck"
[INFO] [stderr]   |              ----------------------------------
[INFO] [stderr]   |
[INFO] [stderr]   = note: `cargo::redundant_homepage` is set to `warn` by default
[INFO] [stderr] help: consider removing `package.homepage`
[INFO] [stderr] warning: `truck-topology` (manifest) generated 1 warning
[INFO] [stderr] warning: `package.homepage` is redundant with `package.repository`
[INFO] [stderr]  --> vendor/truck/truck-certified/Cargo.toml:6:12
[INFO] [stderr]   |
[INFO] [stderr] 6 | homepage = "https://github.com/ricosjp/truck"
[INFO] [stderr]   |            ^^^^^^^^^^^^^^^^^^^^^^^^^^^^^^^^^^
[INFO] [stderr] 7 | repository = "https://github.com/ricosjp/truck"
[INFO] [stderr]   |              ----------------------------------
[INFO] [stderr]   |
[INFO] [stderr]   = note: `cargo::redundant_homepage` is set to `warn` by default
[INFO] [stderr] help: consider removing `package.homepage`
[INFO] [stderr] warning: `truck-certified` (manifest) generated 1 warning
[INFO] [stderr] warning: `package.homepage` is redundant with `package.repository`
[INFO] [stderr]  --> vendor/truck/truck-polymesh/Cargo.toml:7:12
[INFO] [stderr]   |
[INFO] [stderr] 7 | homepage = "https://github.com/ricosjp/truck"
[INFO] [stderr]   |            ^^^^^^^^^^^^^^^^^^^^^^^^^^^^^^^^^^
[INFO] [stderr] 8 | repository = "https://github.com/ricosjp/truck"
[INFO] [stderr]   |              ----------------------------------
[INFO] [stderr]   |
[INFO] [stderr]   = note: `cargo::redundant_homepage` is set to `warn` by default
[INFO] [stderr] help: consider removing `package.homepage`
[INFO] [stderr] warning: `truck-polymesh` (manifest) generated 1 warning
[INFO] [stderr] warning: `package.homepage` is redundant with `package.repository`
[INFO] [stderr]  --> vendor/truck/truck-modeling/Cargo.toml:7:12
[INFO] [stderr]   |
[INFO] [stderr] 7 | homepage = "https://github.com/ricosjp/truck"
[INFO] [stderr]   |            ^^^^^^^^^^^^^^^^^^^^^^^^^^^^^^^^^^
[INFO] [stderr] 8 | repository = "https://github.com/ricosjp/truck"
[INFO] [stderr]   |              ----------------------------------
[INFO] [stderr]   |
[INFO] [stderr]   = note: `cargo::redundant_homepage` is set to `warn` by default
[INFO] [stderr] help: consider removing `package.homepage`
[INFO] [stderr] warning: `truck-modeling` (manifest) generated 1 warning
[INFO] [stderr] warning: `package.homepage` is redundant with `package.repository`
[INFO] [stderr]  --> vendor/truck/truck-shapeops/Cargo.toml:6:12
[INFO] [stderr]   |
[INFO] [stderr] 6 | homepage = "https://github.com/ricosjp/truck"
[INFO] [stderr]   |            ^^^^^^^^^^^^^^^^^^^^^^^^^^^^^^^^^^
[INFO] [stderr] 7 | repository = "https://github.com/ricosjp/truck"
[INFO] [stderr]   |              ----------------------------------
[INFO] [stderr]   |
[INFO] [stderr]   = note: `cargo::redundant_homepage` is set to `warn` by default
[INFO] [stderr] help: consider removing `package.homepage`
[INFO] [stderr] warning: `truck-shapeops` (manifest) generated 1 warning
[INFO] [stderr] warning: `package.homepage` is redundant with `package.repository`
[INFO] [stderr]  --> vendor/truck/truck-base/Cargo.toml:7:12
[INFO] [stderr]   |
[INFO] [stderr] 7 | homepage = "https://github.com/ricosjp/truck"
[INFO] [stderr]   |            ^^^^^^^^^^^^^^^^^^^^^^^^^^^^^^^^^^
[INFO] [stderr] 8 | repository = "https://github.com/ricosjp/truck"
[INFO] [stderr]   |              ----------------------------------
[INFO] [stderr]   |
[INFO] [stderr]   = note: `cargo::redundant_homepage` is set to `warn` by default
[INFO] [stderr] help: consider removing `package.homepage`
[INFO] [stderr] warning: `truck-base` (manifest) generated 1 warning
[INFO] [stderr] warning: `package.homepage` is redundant with `package.repository`
[INFO] [stderr]  --> vendor/truck/truck-stepio/Cargo.toml:7:12
[INFO] [stderr]   |
[INFO] [stderr] 7 | homepage = "https://github.com/ricosjp/truck"
[INFO] [stderr]   |            ^^^^^^^^^^^^^^^^^^^^^^^^^^^^^^^^^^
[INFO] [stderr] 8 | repository = "https://github.com/ricosjp/truck"
[INFO] [stderr]   |              ----------------------------------
[INFO] [stderr]   |
[INFO] [stderr]   = note: `cargo::redundant_homepage` is set to `warn` by default
[INFO] [stderr] help: consider removing `package.homepage`
[INFO] [stderr] warning: `truck-stepio` (manifest) generated 1 warning
[INFO] [stderr] warning: `package.homepage` is redundant with `package.repository`
[INFO] [stderr]  --> vendor/truck/truck-derivers/Cargo.toml:6:12
[INFO] [stderr]   |
[INFO] [stderr] 6 | homepage = "https://github.com/ricosjp/truck"
[INFO] [stderr]   |            ^^^^^^^^^^^^^^^^^^^^^^^^^^^^^^^^^^
[INFO] [stderr] 7 | repository = "https://github.com/ricosjp/truck"
[INFO] [stderr]   |              ----------------------------------
[INFO] [stderr]   |
[INFO] [stderr]   = note: `cargo::redundant_homepage` is set to `warn` by default
[INFO] [stderr] help: consider removing `package.homepage`
[INFO] [stderr] warning: `truck-derivers` (manifest) generated 1 warning
[INFO] [stderr] warning: `package.homepage` is redundant with `package.repository`
[INFO] [stderr]  --> vendor/truck/truck-geotrait/Cargo.toml:7:12
[INFO] [stderr]   |
[INFO] [stderr] 7 | homepage = "https://github.com/ricosjp/truck"
[INFO] [stderr]   |            ^^^^^^^^^^^^^^^^^^^^^^^^^^^^^^^^^^
[INFO] [stderr] 8 | repository = "https://github.com/ricosjp/truck"
[INFO] [stderr]   |              ----------------------------------
[INFO] [stderr]   |
[INFO] [stderr]   = note: `cargo::redundant_homepage` is set to `warn` by default
[INFO] [stderr] help: consider removing `package.homepage`
[INFO] [stderr] warning: `truck-geotrait` (manifest) generated 1 warning
[INFO] [stderr] warning: `package.homepage` is redundant with `package.repository`
[INFO] [stderr]  --> vendor/truck/truck-geometry/Cargo.toml:7:12
[INFO] [stderr]   |
[INFO] [stderr] 7 | homepage = "https://github.com/ricosjp/truck"
[INFO] [stderr]   |            ^^^^^^^^^^^^^^^^^^^^^^^^^^^^^^^^^^
[INFO] [stderr] 8 | repository = "https://github.com/ricosjp/truck"
[INFO] [stderr]   |              ----------------------------------
[INFO] [stderr]   |
[INFO] [stderr]   = note: `cargo::redundant_homepage` is set to `warn` by default
[INFO] [stderr] help: consider removing `package.homepage`
[INFO] [stderr] warning: `truck-geometry` (manifest) generated 1 warning
[INFO] [stderr] warning: `package.homepage` is redundant with `package.repository`
[INFO] [stderr]  --> vendor/truck/truck-meshalgo/Cargo.toml:6:12
[INFO] [stderr]   |
[INFO] [stderr] 6 | homepage = "https://github.com/ricosjp/truck"
[INFO] [stderr]   |            ^^^^^^^^^^^^^^^^^^^^^^^^^^^^^^^^^^
[INFO] [stderr] 7 | repository = "https://github.com/ricosjp/truck"
[INFO] [stderr]   |              ----------------------------------
[INFO] [stderr]   |
[INFO] [stderr]   = note: `cargo::redundant_homepage` is set to `warn` by default
[INFO] [stderr] help: consider removing `package.homepage`
[INFO] [stderr] warning: `truck-meshalgo` (manifest) generated 1 warning
[INFO] [stderr]    Compiling libc v0.2.189
[INFO] [stderr]    Compiling syn v1.0.109
[INFO] [stderr]    Compiling syn v3.0.3
[INFO] [stderr]    Compiling cgmath v0.18.0
[INFO] [stderr]    Compiling katexit v0.1.5
[INFO] [stderr]     Checking approx v0.4.0
[INFO] [stderr]    Compiling proc-macro-error-attr v1.0.4
[INFO] [stderr]     Checking num-complex v0.4.6
[INFO] [stderr]     Checking forward_ref v1.0.0
[INFO] [stderr]     Checking inari v2.0.0
[INFO] [stderr]     Checking smallvec v1.15.2
[INFO] [stdout] error: RUSTFLAGS='-Ctarget-cpu=haswell' or later is required. See https://doc.rust-lang.org/rustc/codegen-options/#target-cpu
[INFO] [stdout]    --> /opt/rustwide/cargo-home/registry/src/index.crates.io-1949cf8c6b5b557f/inari-2.0.0/src/simd/x86_64.rs:174:9
[INFO] [stdout]     |
[INFO] [stdout] 174 | ...   compile_error!("RUSTFLAGS='-Ctarget-cpu=haswell' or later is required. See https://doc.rust-lang.org/rustc/codegen-options/#target-cpu");
[INFO] [stdout]     |       ^^^^^^^^^^^^^^^^^^^^^^^^^^^^^^^^^^^^^^^^^^^^^^^^^^^^^^^^^^^^^^^^^^^^^^^^^^^^^^^^^^^^^^^^^^^^^^^^^^^^^^^^^^^^^^^^^^^^^^^^^^^^^^^^^^^^^^^^
[INFO] [stdout] 
[INFO] [stdout] 
[INFO] [stderr]     Checking rayon v1.12.0
[INFO] [stderr]    Compiling branches v0.4.5
[INFO] [stderr]     Checking itertools v0.15.0
[INFO] [stdout] error[E0425]: cannot find function `abort` in module `core::intrinsics`
[INFO] [stdout]   --> /opt/rustwide/cargo-home/registry/src/index.crates.io-1949cf8c6b5b557f/branches-0.4.5/src/lib.rs:45:23
[INFO] [stdout]    |
[INFO] [stdout] 45 |     core::intrinsics::abort();
[INFO] [stdout]    |                       ^^^^^ not found in `core::intrinsics`
[INFO] [stdout] 
[INFO] [stdout] 
[INFO] [stdout] error[E0308]: mismatched types
[INFO] [stdout]   --> /opt/rustwide/cargo-home/registry/src/index.crates.io-1949cf8c6b5b557f/branches-0.4.5/src/lib.rs:41:30
[INFO] [stdout]    |
[INFO] [stdout] 41 | pub extern "C" fn abort() -> ! {
[INFO] [stdout]    |                   -----      ^ expected `!`, found `()`
[INFO] [stdout]    |                   |
[INFO] [stdout]    |                   implicitly returns `()` as its body has no tail or `return` expression
[INFO] [stdout]    |
[INFO] [stdout]    = note:   expected type `!`
[INFO] [stdout]            found unit type `()`
[INFO] [stdout] 
[INFO] [stdout] 
[INFO] [stdout] Some errors have detailed explanations: E0308, E0425.
[INFO] [stdout] 
[INFO] [stdout] For more information about an error, try `rustc --explain E0308`.
[INFO] [stdout] 
[INFO] [stderr] error: could not compile `branches` (lib) due to 2 previous errors
[INFO] [stderr] warning: build failed, waiting for other jobs to finish...
[INFO] [stdout] error[E0425]: cannot find function `add_ru` in this scope
[INFO] [stdout]   --> /opt/rustwide/cargo-home/registry/src/index.crates.io-1949cf8c6b5b557f/inari-2.0.0/src/arith.rs:25:21
[INFO] [stdout]    |
[INFO] [stdout] 25 |         Self { rep: add_ru(x, y) }
[INFO] [stdout]    |                     ^^^^^^ not found in this scope
[INFO] [stdout]    |
[INFO] [stdout] note: similarly named function `add_rn` defined here
[INFO] [stdout]   --> /opt/rustwide/cargo-home/registry/src/index.crates.io-1949cf8c6b5b557f/inari-2.0.0/src/simd/x86_64.rs:13:1
[INFO] [stdout]    |
[INFO] [stdout] 13 | pub(crate) fn add_rn(x: F64X2, y: F64X2) -> F64X2 {
[INFO] [stdout]    | ^^^^^^^^^^^^^^^^^^^^^^^^^^^^^^^^^^^^^^^^^^^^^^^^^
[INFO] [stdout] help: a function with a similar name exists
[INFO] [stdout]    |
[INFO] [stdout] 25 -         Self { rep: add_ru(x, y) }
[INFO] [stdout] 25 +         Self { rep: add_rn(x, y) }
[INFO] [stdout]    |
[INFO] [stdout] 
[INFO] [stdout] 
[INFO] [stdout] error[E0425]: cannot find function `add_ru` in this scope
[INFO] [stdout]   --> /opt/rustwide/cargo-home/registry/src/index.crates.io-1949cf8c6b5b557f/inari-2.0.0/src/arith.rs:38:21
[INFO] [stdout]    |
[INFO] [stdout] 38 |         Self { rep: add_ru(x, y) }
[INFO] [stdout]    |                     ^^^^^^ not found in this scope
[INFO] [stdout]    |
[INFO] [stdout] note: similarly named function `add_rn` defined here
[INFO] [stdout]   --> /opt/rustwide/cargo-home/registry/src/index.crates.io-1949cf8c6b5b557f/inari-2.0.0/src/simd/x86_64.rs:13:1
[INFO] [stdout]    |
[INFO] [stdout] 13 | pub(crate) fn add_rn(x: F64X2, y: F64X2) -> F64X2 {
[INFO] [stdout]    | ^^^^^^^^^^^^^^^^^^^^^^^^^^^^^^^^^^^^^^^^^^^^^^^^^
[INFO] [stdout] help: a function with a similar name exists
[INFO] [stdout]    |
[INFO] [stdout] 38 -         Self { rep: add_ru(x, y) }
[INFO] [stdout] 38 +         Self { rep: add_rn(x, y) }
[INFO] [stdout]    |
[INFO] [stdout] 
[INFO] [stdout] 
[INFO] [stdout] error[E0425]: cannot find function `mul_ru` in this scope
[INFO] [stdout]   --> /opt/rustwide/cargo-home/registry/src/index.crates.io-1949cf8c6b5b557f/inari-2.0.0/src/arith.rs:74:26
[INFO] [stdout]    |
[INFO] [stdout] 74 |                 let xy = mul_ru(x, y);
[INFO] [stdout]    |                          ^^^^^^ not found in this scope
[INFO] [stdout] 
[INFO] [stdout] 
[INFO] [stdout] error[E0425]: cannot find function `mul_ru` in this scope
[INFO] [stdout]   --> /opt/rustwide/cargo-home/registry/src/index.crates.io-1949cf8c6b5b557f/inari-2.0.0/src/arith.rs:77:26
[INFO] [stdout]    |
[INFO] [stdout] 77 |                 let zw = mul_ru(z, w);
[INFO] [stdout]    |                          ^^^^^^ not found in this scope
[INFO] [stdout] 
[INFO] [stdout] 
[INFO] [stdout] error[E0425]: cannot find function `mul_ru` in this scope
[INFO] [stdout]   --> /opt/rustwide/cargo-home/registry/src/index.crates.io-1949cf8c6b5b557f/inari-2.0.0/src/arith.rs:85:29
[INFO] [stdout]    |
[INFO] [stdout] 85 |                 Self { rep: mul_ru(x, y) }
[INFO] [stdout]    |                             ^^^^^^ not found in this scope
[INFO] [stdout] 
[INFO] [stdout] 
[INFO] [stdout] error[E0425]: cannot find function `mul_ru` in this scope
[INFO] [stdout]   --> /opt/rustwide/cargo-home/registry/src/index.crates.io-1949cf8c6b5b557f/inari-2.0.0/src/arith.rs:91:29
[INFO] [stdout]    |
[INFO] [stdout] 91 |                 Self { rep: mul_ru(x, y) }
[INFO] [stdout]    |                             ^^^^^^ not found in this scope
[INFO] [stdout] 
[INFO] [stdout] 
[INFO] [stdout] error[E0425]: cannot find function `mul_ru` in this scope
[INFO] [stdout]   --> /opt/rustwide/cargo-home/registry/src/index.crates.io-1949cf8c6b5b557f/inari-2.0.0/src/arith.rs:97:29
[INFO] [stdout]    |
[INFO] [stdout] 97 |                 Self { rep: mul_ru(x, y) }
[INFO] [stdout]    |                             ^^^^^^ not found in this scope
[INFO] [stdout] 
[INFO] [stdout] 
[INFO] [stdout] error[E0425]: cannot find function `mul_ru` in this scope
[INFO] [stdout]    --> /opt/rustwide/cargo-home/registry/src/index.crates.io-1949cf8c6b5b557f/inari-2.0.0/src/arith.rs:104:29
[INFO] [stdout]     |
[INFO] [stdout] 104 |                 Self { rep: mul_ru(x, y) }
[INFO] [stdout]     |                             ^^^^^^ not found in this scope
[INFO] [stdout] 
[INFO] [stdout] 
[INFO] [stdout] error[E0425]: cannot find function `mul_ru` in this scope
[INFO] [stdout]    --> /opt/rustwide/cargo-home/registry/src/index.crates.io-1949cf8c6b5b557f/inari-2.0.0/src/arith.rs:111:29
[INFO] [stdout]     |
[INFO] [stdout] 111 |                 Self { rep: mul_ru(x, y) }
[INFO] [stdout]     |                             ^^^^^^ not found in this scope
[INFO] [stdout] 
[INFO] [stdout] 
[INFO] [stdout] error[E0425]: cannot find function `mul_ru` in this scope
[INFO] [stdout]    --> /opt/rustwide/cargo-home/registry/src/index.crates.io-1949cf8c6b5b557f/inari-2.0.0/src/arith.rs:117:29
[INFO] [stdout]     |
[INFO] [stdout] 117 |                 Self { rep: mul_ru(x, y) }
[INFO] [stdout]     |                             ^^^^^^ not found in this scope
[INFO] [stdout] 
[INFO] [stdout] 
[INFO] [stdout] error[E0425]: cannot find function `mul_ru` in this scope
[INFO] [stdout]    --> /opt/rustwide/cargo-home/registry/src/index.crates.io-1949cf8c6b5b557f/inari-2.0.0/src/arith.rs:124:29
[INFO] [stdout]     |
[INFO] [stdout] 124 |                 Self { rep: mul_ru(x, y) }
[INFO] [stdout]     |                             ^^^^^^ not found in this scope
[INFO] [stdout] 
[INFO] [stdout] 
[INFO] [stdout] error[E0425]: cannot find function `mul_ru` in this scope
[INFO] [stdout]    --> /opt/rustwide/cargo-home/registry/src/index.crates.io-1949cf8c6b5b557f/inari-2.0.0/src/arith.rs:130:29
[INFO] [stdout]     |
[INFO] [stdout] 130 |                 Self { rep: mul_ru(x, y) }
[INFO] [stdout]     |                             ^^^^^^ not found in this scope
[INFO] [stdout] 
[INFO] [stdout] 
[INFO] [stdout] error[E0425]: cannot find function `div_ru` in this scope
[INFO] [stdout]   --> /opt/rustwide/cargo-home/registry/src/index.crates.io-1949cf8c6b5b557f/inari-2.0.0/src/basic.rs:16:21
[INFO] [stdout]    |
[INFO] [stdout] 16 |         Self { rep: div_ru(x, y) }
[INFO] [stdout]    |                     ^^^^^^ not found in this scope
[INFO] [stdout] 
[INFO] [stdout] 
[INFO] [stdout] error[E0425]: cannot find function `div_ru` in this scope
[INFO] [stdout]   --> /opt/rustwide/cargo-home/registry/src/index.crates.io-1949cf8c6b5b557f/inari-2.0.0/src/basic.rs:25:21
[INFO] [stdout]    |
[INFO] [stdout] 25 |         Self { rep: div_ru(x, y) }
[INFO] [stdout]    |                     ^^^^^^ not found in this scope
[INFO] [stdout] 
[INFO] [stdout] 
[INFO] [stdout] error[E0425]: cannot find function `div_ru` in this scope
[INFO] [stdout]   --> /opt/rustwide/cargo-home/registry/src/index.crates.io-1949cf8c6b5b557f/inari-2.0.0/src/basic.rs:34:28
[INFO] [stdout]    |
[INFO] [stdout] 34 |             rep: shuffle02(div_ru(x, y), splat(f64::INFINITY)),
[INFO] [stdout]    |                            ^^^^^^ not found in this scope
[INFO] [stdout] 
[INFO] [stdout] 
[INFO] [stdout] error[E0425]: cannot find function `div_ru` in this scope
[INFO] [stdout]   --> /opt/rustwide/cargo-home/registry/src/index.crates.io-1949cf8c6b5b557f/inari-2.0.0/src/basic.rs:44:21
[INFO] [stdout]    |
[INFO] [stdout] 44 |         Self { rep: div_ru(x, y) }
[INFO] [stdout]    |                     ^^^^^^ not found in this scope
[INFO] [stdout] 
[INFO] [stdout] 
[INFO] [stdout] error[E0425]: cannot find function `div_ru` in this scope
[INFO] [stdout]   --> /opt/rustwide/cargo-home/registry/src/index.crates.io-1949cf8c6b5b557f/inari-2.0.0/src/basic.rs:53:50
[INFO] [stdout]    |
[INFO] [stdout] 53 |             rep: shuffle03(splat(f64::INFINITY), div_ru(x, y)),
[INFO] [stdout]    |                                                  ^^^^^^ not found in this scope
[INFO] [stdout] 
[INFO] [stdout] 
[INFO] [stdout] error[E0425]: cannot find function `div_ru` in this scope
[INFO] [stdout]   --> /opt/rustwide/cargo-home/registry/src/index.crates.io-1949cf8c6b5b557f/inari-2.0.0/src/basic.rs:62:21
[INFO] [stdout]    |
[INFO] [stdout] 62 |         Self { rep: div_ru(x, y) }
[INFO] [stdout]    |                     ^^^^^^ not found in this scope
[INFO] [stdout] 
[INFO] [stdout] 
[INFO] [stdout] error[E0425]: cannot find function `div_ru` in this scope
[INFO] [stdout]   --> /opt/rustwide/cargo-home/registry/src/index.crates.io-1949cf8c6b5b557f/inari-2.0.0/src/basic.rs:71:50
[INFO] [stdout]    |
[INFO] [stdout] 71 |             rep: shuffle02(splat(f64::INFINITY), div_ru(x, y)),
[INFO] [stdout]    |                                                  ^^^^^^ not found in this scope
[INFO] [stdout] 
[INFO] [stdout] 
[INFO] [stdout] error[E0425]: cannot find function `div_ru` in this scope
[INFO] [stdout]   --> /opt/rustwide/cargo-home/registry/src/index.crates.io-1949cf8c6b5b557f/inari-2.0.0/src/basic.rs:81:21
[INFO] [stdout]    |
[INFO] [stdout] 81 |         Self { rep: div_ru(x, y) }
[INFO] [stdout]    |                     ^^^^^^ not found in this scope
[INFO] [stdout] 
[INFO] [stdout] 
[INFO] [stdout] error[E0425]: cannot find function `div_ru` in this scope
[INFO] [stdout]   --> /opt/rustwide/cargo-home/registry/src/index.crates.io-1949cf8c6b5b557f/inari-2.0.0/src/basic.rs:90:28
[INFO] [stdout]    |
[INFO] [stdout] 90 |             rep: shuffle02(div_ru(x, y), splat(f64::INFINITY)),
[INFO] [stdout]    |                            ^^^^^^ not found in this scope
[INFO] [stdout] 
[INFO] [stdout] 
[INFO] [stdout] error[E0425]: cannot find function `div_ru` in this scope
[INFO] [stdout]    --> /opt/rustwide/cargo-home/registry/src/index.crates.io-1949cf8c6b5b557f/inari-2.0.0/src/basic.rs:100:21
[INFO] [stdout]     |
[INFO] [stdout] 100 |         Self { rep: div_ru(x, y) }
[INFO] [stdout]     |                     ^^^^^^ not found in this scope
[INFO] [stdout] 
[INFO] [stdout] 
[INFO] [stdout] error[E0425]: cannot find function `div_ru` in this scope
[INFO] [stdout]    --> /opt/rustwide/cargo-home/registry/src/index.crates.io-1949cf8c6b5b557f/inari-2.0.0/src/basic.rs:174:25
[INFO] [stdout]     |
[INFO] [stdout] 174 |                 let q = div_ru(x, self.rep); // [b/(-c); b/d]
[INFO] [stdout]     |                         ^^^^^^ not found in this scope
[INFO] [stdout] 
[INFO] [stdout] 
[INFO] [stdout] error[E0425]: cannot find function `div_ru` in this scope
[INFO] [stdout]    --> /opt/rustwide/cargo-home/registry/src/index.crates.io-1949cf8c6b5b557f/inari-2.0.0/src/basic.rs:189:25
[INFO] [stdout]     |
[INFO] [stdout] 189 |                 let q = div_ru(x, self.rep); // [a/c; -a/d]
[INFO] [stdout]     |                         ^^^^^^ not found in this scope
[INFO] [stdout] 
[INFO] [stdout] 
[INFO] [stdout] error[E0425]: cannot find function `sub_ru` in this scope
[INFO] [stdout]    --> /opt/rustwide/cargo-home/registry/src/index.crates.io-1949cf8c6b5b557f/inari-2.0.0/src/basic.rs:300:17
[INFO] [stdout]     |
[INFO] [stdout] 300 |         let z = sub_ru(x, y); // [a - c, b - d] = [c - a; b - d] = [-a; b] .- [-c; d]
[INFO] [stdout]     |                 ^^^^^^ not found in this scope
[INFO] [stdout]     |
[INFO] [stdout] note: similarly named function `sub_rn` defined here
[INFO] [stdout]    --> /opt/rustwide/cargo-home/registry/src/index.crates.io-1949cf8c6b5b557f/inari-2.0.0/src/simd/x86_64.rs:145:1
[INFO] [stdout]     |
[INFO] [stdout] 145 | pub(crate) fn sub_rn(x: F64X2, y: F64X2) -> F64X2 {
[INFO] [stdout]     | ^^^^^^^^^^^^^^^^^^^^^^^^^^^^^^^^^^^^^^^^^^^^^^^^^
[INFO] [stdout] help: a function with a similar name exists
[INFO] [stdout]     |
[INFO] [stdout] 300 -         let z = sub_ru(x, y); // [a - c, b - d] = [c - a; b - d] = [-a; b] .- [-c; d]
[INFO] [stdout] 300 +         let z = sub_rn(x, y); // [a - c, b - d] = [c - a; b - d] = [-a; b] .- [-c; d]
[INFO] [stdout]     |
[INFO] [stdout] 
[INFO] [stdout] 
[INFO] [stdout] error[E0425]: cannot find function `mul_add_ru` in this scope
[INFO] [stdout]    --> /opt/rustwide/cargo-home/registry/src/index.crates.io-1949cf8c6b5b557f/inari-2.0.0/src/basic.rs:414:26
[INFO] [stdout]     |
[INFO] [stdout] 414 |                 let xy = mul_add_ru(x, y, addend.rep); // *
[INFO] [stdout]     |                          ^^^^^^^^^^ not found in this scope
[INFO] [stdout] 
[INFO] [stdout] 
[INFO] [stdout] error[E0425]: cannot find function `mul_add_ru` in this scope
[INFO] [stdout]    --> /opt/rustwide/cargo-home/registry/src/index.crates.io-1949cf8c6b5b557f/inari-2.0.0/src/basic.rs:417:26
[INFO] [stdout]     |
[INFO] [stdout] 417 |                 let zw = mul_add_ru(z, w, addend.rep); // *
[INFO] [stdout]     |                          ^^^^^^^^^^ not found in this scope
[INFO] [stdout] 
[INFO] [stdout] 
[INFO] [stdout] error[E0425]: cannot find function `mul_add_ru` in this scope
[INFO] [stdout]    --> /opt/rustwide/cargo-home/registry/src/index.crates.io-1949cf8c6b5b557f/inari-2.0.0/src/basic.rs:425:26
[INFO] [stdout]     |
[INFO] [stdout] 425 |                     rep: mul_add_ru(x, y, addend.rep), // *
[INFO] [stdout]     |                          ^^^^^^^^^^ not found in this scope
[INFO] [stdout] 
[INFO] [stdout] 
[INFO] [stdout] error[E0425]: cannot find function `mul_add_ru` in this scope
[INFO] [stdout]    --> /opt/rustwide/cargo-home/registry/src/index.crates.io-1949cf8c6b5b557f/inari-2.0.0/src/basic.rs:432:26
[INFO] [stdout]     |
[INFO] [stdout] 432 |                     rep: mul_add_ru(x, y, addend.rep), // *
[INFO] [stdout]     |                          ^^^^^^^^^^ not found in this scope
[INFO] [stdout] 
[INFO] [stdout] 
[INFO] [stdout] error[E0425]: cannot find function `mul_add_ru` in this scope
[INFO] [stdout]    --> /opt/rustwide/cargo-home/registry/src/index.crates.io-1949cf8c6b5b557f/inari-2.0.0/src/basic.rs:439:26
[INFO] [stdout]     |
[INFO] [stdout] 439 |                     rep: mul_add_ru(x, y, addend.rep), // *
[INFO] [stdout]     |                          ^^^^^^^^^^ not found in this scope
[INFO] [stdout] 
[INFO] [stdout] 
[INFO] [stdout] error[E0425]: cannot find function `mul_add_ru` in this scope
[INFO] [stdout]    --> /opt/rustwide/cargo-home/registry/src/index.crates.io-1949cf8c6b5b557f/inari-2.0.0/src/basic.rs:447:26
[INFO] [stdout]     |
[INFO] [stdout] 447 |                     rep: mul_add_ru(x, y, addend.rep), // *
[INFO] [stdout]     |                          ^^^^^^^^^^ not found in this scope
[INFO] [stdout] 
[INFO] [stdout] 
[INFO] [stdout] error[E0425]: cannot find function `mul_add_ru` in this scope
[INFO] [stdout]    --> /opt/rustwide/cargo-home/registry/src/index.crates.io-1949cf8c6b5b557f/inari-2.0.0/src/basic.rs:455:26
[INFO] [stdout]     |
[INFO] [stdout] 455 |                     rep: mul_add_ru(x, y, addend.rep), // *
[INFO] [stdout]     |                          ^^^^^^^^^^ not found in this scope
[INFO] [stdout] 
[INFO] [stdout] 
[INFO] [stdout] error[E0425]: cannot find function `mul_add_ru` in this scope
[INFO] [stdout]    --> /opt/rustwide/cargo-home/registry/src/index.crates.io-1949cf8c6b5b557f/inari-2.0.0/src/basic.rs:462:26
[INFO] [stdout]     |
[INFO] [stdout] 462 |                     rep: mul_add_ru(x, y, addend.rep), // *
[INFO] [stdout]     |                          ^^^^^^^^^^ not found in this scope
[INFO] [stdout] 
[INFO] [stdout] 
[INFO] [stdout] error[E0425]: cannot find function `mul_add_ru` in this scope
[INFO] [stdout]    --> /opt/rustwide/cargo-home/registry/src/index.crates.io-1949cf8c6b5b557f/inari-2.0.0/src/basic.rs:470:26
[INFO] [stdout]     |
[INFO] [stdout] 470 |                     rep: mul_add_ru(x, y, addend.rep), // *
[INFO] [stdout]     |                          ^^^^^^^^^^ not found in this scope
[INFO] [stdout] 
[INFO] [stdout] 
[INFO] [stdout] error[E0425]: cannot find function `mul_add_ru` in this scope
[INFO] [stdout]    --> /opt/rustwide/cargo-home/registry/src/index.crates.io-1949cf8c6b5b557f/inari-2.0.0/src/basic.rs:477:26
[INFO] [stdout]     |
[INFO] [stdout] 477 |                     rep: mul_add_ru(x, y, addend.rep), // *
[INFO] [stdout]     |                          ^^^^^^^^^^ not found in this scope
[INFO] [stdout] 
[INFO] [stdout] 
[INFO] [stdout] error[E0425]: cannot find function `div_ru` in this scope
[INFO] [stdout]    --> /opt/rustwide/cargo-home/registry/src/index.crates.io-1949cf8c6b5b557f/inari-2.0.0/src/basic.rs:501:58
[INFO] [stdout]     |
[INFO] [stdout] 501 |                     rep: shuffle02(splat(f64::INFINITY), div_ru(x, y)),
[INFO] [stdout]     |                                                          ^^^^^^ not found in this scope
[INFO] [stdout] 
[INFO] [stdout] 
[INFO] [stdout] error[E0425]: cannot find function `div_ru` in this scope
[INFO] [stdout]    --> /opt/rustwide/cargo-home/registry/src/index.crates.io-1949cf8c6b5b557f/inari-2.0.0/src/basic.rs:508:29
[INFO] [stdout]     |
[INFO] [stdout] 508 |                 Self { rep: div_ru(x, y) }
[INFO] [stdout]     |                             ^^^^^^ not found in this scope
[INFO] [stdout] 
[INFO] [stdout] 
[INFO] [stdout] error[E0425]: cannot find function `div_ru` in this scope
[INFO] [stdout]    --> /opt/rustwide/cargo-home/registry/src/index.crates.io-1949cf8c6b5b557f/inari-2.0.0/src/basic.rs:515:36
[INFO] [stdout]     |
[INFO] [stdout] 515 |                     rep: shuffle13(div_ru(x, y), splat(f64::INFINITY)),
[INFO] [stdout]     |                                    ^^^^^^ not found in this scope
[INFO] [stdout] 
[INFO] [stdout] 
[INFO] [stdout] error[E0425]: cannot find function `div_ru` in this scope
[INFO] [stdout]    --> /opt/rustwide/cargo-home/registry/src/index.crates.io-1949cf8c6b5b557f/inari-2.0.0/src/basic.rs:522:29
[INFO] [stdout]     |
[INFO] [stdout] 522 |                 Self { rep: div_ru(x, y) }
[INFO] [stdout]     |                             ^^^^^^ not found in this scope
[INFO] [stdout] 
[INFO] [stdout] 
[INFO] [stdout] error[E0425]: cannot find function `mul_ru` in this scope
[INFO] [stdout]    --> /opt/rustwide/cargo-home/registry/src/index.crates.io-1949cf8c6b5b557f/inari-2.0.0/src/basic.rs:543:25
[INFO] [stdout]     |
[INFO] [stdout] 543 |                 let r = mul_ru(x, x); // [a^2; b^2]
[INFO] [stdout]     |                         ^^^^^^ not found in this scope
[INFO] [stdout] 
[INFO] [stdout] 
[INFO] [stdout] error[E0425]: cannot find function `mul_ru` in this scope
[INFO] [stdout]    --> /opt/rustwide/cargo-home/registry/src/index.crates.io-1949cf8c6b5b557f/inari-2.0.0/src/basic.rs:553:29
[INFO] [stdout]     |
[INFO] [stdout] 553 |                 Self { rep: mul_ru(x, y) }
[INFO] [stdout]     |                             ^^^^^^ not found in this scope
[INFO] [stdout] 
[INFO] [stdout] 
[INFO] [stdout] error[E0425]: cannot find function `mul_ru` in this scope
[INFO] [stdout]    --> /opt/rustwide/cargo-home/registry/src/index.crates.io-1949cf8c6b5b557f/inari-2.0.0/src/basic.rs:559:29
[INFO] [stdout]     |
[INFO] [stdout] 559 |                 Self { rep: mul_ru(x, y) }
[INFO] [stdout]     |                             ^^^^^^ not found in this scope
[INFO] [stdout] 
[INFO] [stdout] 
[INFO] [stdout] error[E0425]: cannot find function `sqrt1_ru` in this scope
[INFO] [stdout]    --> /opt/rustwide/cargo-home/registry/src/index.crates.io-1949cf8c6b5b557f/inari-2.0.0/src/basic.rs:583:40
[INFO] [stdout]     |
[INFO] [stdout] 583 |             Self::with_infsup_raw(0.0, sqrt1_ru(b))
[INFO] [stdout]     |                                        ^^^^^^^^ not found in this scope
[INFO] [stdout] 
[INFO] [stdout] 
[INFO] [stdout] error[E0425]: cannot find function `sqrt1_rd` in this scope
[INFO] [stdout]    --> /opt/rustwide/cargo-home/registry/src/index.crates.io-1949cf8c6b5b557f/inari-2.0.0/src/basic.rs:585:35
[INFO] [stdout]     |
[INFO] [stdout] 585 |             Self::with_infsup_raw(sqrt1_rd(a), sqrt1_ru(b))
[INFO] [stdout]     |                                   ^^^^^^^^ not found in this scope
[INFO] [stdout] 
[INFO] [stdout] 
[INFO] [stdout] error[E0425]: cannot find function `sqrt1_ru` in this scope
[INFO] [stdout]    --> /opt/rustwide/cargo-home/registry/src/index.crates.io-1949cf8c6b5b557f/inari-2.0.0/src/basic.rs:585:48
[INFO] [stdout]     |
[INFO] [stdout] 585 |             Self::with_infsup_raw(sqrt1_rd(a), sqrt1_ru(b))
[INFO] [stdout]     |                                                ^^^^^^^^ not found in this scope
[INFO] [stdout] 
[INFO] [stdout] 
[INFO] [stdout] error[E0425]: cannot find function `sub1_ru` in this scope
[INFO] [stdout]    --> /opt/rustwide/cargo-home/registry/src/index.crates.io-1949cf8c6b5b557f/inari-2.0.0/src/numeric.rs:177:18
[INFO] [stdout]     |
[INFO] [stdout] 177 |         f64::max(sub1_ru(m, self.inf_raw()), sub1_ru(self.sup_raw(), m))
[INFO] [stdout]     |                  ^^^^^^^ not found in this scope
[INFO] [stdout]     |
[INFO] [stdout] note: similarly named function `sub_rn` defined here
[INFO] [stdout]    --> /opt/rustwide/cargo-home/registry/src/index.crates.io-1949cf8c6b5b557f/inari-2.0.0/src/simd/x86_64.rs:145:1
[INFO] [stdout]     |
[INFO] [stdout] 145 | pub(crate) fn sub_rn(x: F64X2, y: F64X2) -> F64X2 {
[INFO] [stdout]     | ^^^^^^^^^^^^^^^^^^^^^^^^^^^^^^^^^^^^^^^^^^^^^^^^^
[INFO] [stdout] help: a function with a similar name exists
[INFO] [stdout]     |
[INFO] [stdout] 177 -         f64::max(sub1_ru(m, self.inf_raw()), sub1_ru(self.sup_raw(), m))
[INFO] [stdout] 177 +         f64::max(sub_rn(m, self.inf_raw()), sub1_ru(self.sup_raw(), m))
[INFO] [stdout]     |
[INFO] [stdout] 
[INFO] [stdout] 
[INFO] [stdout] error[E0425]: cannot find function `sub1_ru` in this scope
[INFO] [stdout]    --> /opt/rustwide/cargo-home/registry/src/index.crates.io-1949cf8c6b5b557f/inari-2.0.0/src/numeric.rs:177:46
[INFO] [stdout]     |
[INFO] [stdout] 177 |         f64::max(sub1_ru(m, self.inf_raw()), sub1_ru(self.sup_raw(), m))
[INFO] [stdout]     |                                              ^^^^^^^ not found in this scope
[INFO] [stdout]     |
[INFO] [stdout] note: similarly named function `sub_rn` defined here
[INFO] [stdout]    --> /opt/rustwide/cargo-home/registry/src/index.crates.io-1949cf8c6b5b557f/inari-2.0.0/src/simd/x86_64.rs:145:1
[INFO] [stdout]     |
[INFO] [stdout] 145 | pub(crate) fn sub_rn(x: F64X2, y: F64X2) -> F64X2 {
[INFO] [stdout]     | ^^^^^^^^^^^^^^^^^^^^^^^^^^^^^^^^^^^^^^^^^^^^^^^^^
[INFO] [stdout] help: a function with a similar name exists
[INFO] [stdout]     |
[INFO] [stdout] 177 -         f64::max(sub1_ru(m, self.inf_raw()), sub1_ru(self.sup_raw(), m))
[INFO] [stdout] 177 +         f64::max(sub1_ru(m, self.inf_raw()), sub_rn(self.sup_raw(), m))
[INFO] [stdout]     |
[INFO] [stdout] 
[INFO] [stdout] 
[INFO] [stdout] error[E0425]: cannot find function `sub1_ru` in this scope
[INFO] [stdout]    --> /opt/rustwide/cargo-home/registry/src/index.crates.io-1949cf8c6b5b557f/inari-2.0.0/src/numeric.rs:236:19
[INFO] [stdout]     |
[INFO] [stdout] 236 |         let wid = sub1_ru(self.sup_raw(), self.inf_raw());
[INFO] [stdout]     |                   ^^^^^^^ not found in this scope
[INFO] [stdout]     |
[INFO] [stdout] note: similarly named function `sub_rn` defined here
[INFO] [stdout]    --> /opt/rustwide/cargo-home/registry/src/index.crates.io-1949cf8c6b5b557f/inari-2.0.0/src/simd/x86_64.rs:145:1
[INFO] [stdout]     |
[INFO] [stdout] 145 | pub(crate) fn sub_rn(x: F64X2, y: F64X2) -> F64X2 {
[INFO] [stdout]     | ^^^^^^^^^^^^^^^^^^^^^^^^^^^^^^^^^^^^^^^^^^^^^^^^^
[INFO] [stdout] help: a function with a similar name exists
[INFO] [stdout]     |
[INFO] [stdout] 236 -         let wid = sub1_ru(self.sup_raw(), self.inf_raw());
[INFO] [stdout] 236 +         let wid = sub_rn(self.sup_raw(), self.inf_raw());
[INFO] [stdout]     |
[INFO] [stdout] 
[INFO] [stdout] 
[INFO] [stdout] For more information about this error, try `rustc --explain E0425`.
[INFO] [stdout] 
[INFO] [stderr] error: could not compile `inari` (lib) due to 49 previous errors
[INFO] running `Command { std: "docker" "inspect" "4376905a21c6ce421fcdb129be664fcb266d9c0bfd95e081ae480cc3bd9cc170", kill_on_drop: false }`
[INFO] running `Command { std: "docker" "rm" "-f" "4376905a21c6ce421fcdb129be664fcb266d9c0bfd95e081ae480cc3bd9cc170", kill_on_drop: false }`
[INFO] [stdout] 4376905a21c6ce421fcdb129be664fcb266d9c0bfd95e081ae480cc3bd9cc170
