[INFO] cloning repository https://github.com/stasenso/nocloud-core
[INFO] running `Command { std: "git" "-c" "credential.helper=" "-c" "credential.helper=/workspace/cargo-home/bin/git-credential-null" "clone" "--bare" "https://github.com/stasenso/nocloud-core" "/workspace/cache/git-repos/https%3A%2F%2Fgithub.com%2Fstasenso%2Fnocloud-core", kill_on_drop: false }`
[INFO] [stderr] Cloning into bare repository '/workspace/cache/git-repos/https%3A%2F%2Fgithub.com%2Fstasenso%2Fnocloud-core'...
[INFO] running `Command { std: "git" "rev-parse" "HEAD", kill_on_drop: false }`
[INFO] [stdout] 9bc62acbc399a5fd9395513821b93ce3f10b85d3
[INFO] checking stasenso/nocloud-core against 3154cc1a3e6424e44f438a95007d043ed5ceaaf6+rustflags=-Znext-solver=coherence for pr-133502-30
[INFO] running `Command { std: "git" "clone" "/workspace/cache/git-repos/https%3A%2F%2Fgithub.com%2Fstasenso%2Fnocloud-core" "/workspace/builds/worker-4-tc1/source", kill_on_drop: false }`
[INFO] [stderr] Cloning into '/workspace/builds/worker-4-tc1/source'...
[INFO] [stderr] done.
[INFO] started tweaking git repo https://github.com/stasenso/nocloud-core
[INFO] finished tweaking git repo https://github.com/stasenso/nocloud-core
[INFO] tweaked toml for git repo https://github.com/stasenso/nocloud-core written to /workspace/builds/worker-4-tc1/source/Cargo.toml
[INFO] validating manifest of git repo https://github.com/stasenso/nocloud-core on toolchain 3154cc1a3e6424e44f438a95007d043ed5ceaaf6
[INFO] running `Command { std: CARGO_HOME="/workspace/cargo-home" RUSTUP_HOME="/workspace/rustup-home" "/workspace/cargo-home/bin/cargo" "+3154cc1a3e6424e44f438a95007d043ed5ceaaf6" "metadata" "--manifest-path" "Cargo.toml" "--no-deps", kill_on_drop: false }`
[INFO] crate git repo https://github.com/stasenso/nocloud-core already has a lockfile, it will not be regenerated
[INFO] running `Command { std: CARGO_HOME="/workspace/cargo-home" RUSTUP_HOME="/workspace/rustup-home" "/workspace/cargo-home/bin/cargo" "+3154cc1a3e6424e44f438a95007d043ed5ceaaf6" "fetch" "--manifest-path" "Cargo.toml", kill_on_drop: false }`
[INFO] [stderr]     Updating crates.io index
[INFO] [stderr]  Downloading crates ...
[INFO] [stderr]   Downloaded getset v0.1.7
[INFO] [stderr]   Downloaded neli-proc-macros v0.2.2
[INFO] [stderr]   Downloaded local-ip-address v0.6.13
[INFO] [stderr]   Downloaded neli v0.7.4
[INFO] running `Command { std: "docker" "create" "-v" "/var/lib/crater-agent-workspace/builds/worker-4-tc1/source:/opt/rustwide/workdir:ro,Z" "-v" "/var/lib/crater-agent-workspace/builds/worker-4-tc1/target:/opt/rustwide/target:rw,Z" "-v" "/var/lib/crater-agent-workspace/cargo-home:/opt/rustwide/cargo-home:ro,Z" "-v" "/var/lib/crater-agent-workspace/rustup-home:/opt/rustwide/rustup-home:ro,Z" "-m" "1610612736" "--network" "none" "ghcr.io/rust-lang/crates-build-env/linux@sha256:77db811e55d90add9212f6832c23229e3de5f1c1f9905e8cb07319ea15df73ac" "sleep" "infinity", kill_on_drop: false }`
[INFO] [stdout] 77e2cc74b6eb2c134b6acd1e513246a7ace978a20d69f192e4b4069b43270c9c
[INFO] running `Command { std: "docker" "start" "77e2cc74b6eb2c134b6acd1e513246a7ace978a20d69f192e4b4069b43270c9c", kill_on_drop: false }`
[INFO] running `Command { std: "docker" "inspect" "77e2cc74b6eb2c134b6acd1e513246a7ace978a20d69f192e4b4069b43270c9c", kill_on_drop: false }`
[INFO] running `Command { std: "docker" "exec" "-e" "SOURCE_DIR=/opt/rustwide/workdir" "-e" "CARGO_HOME=/opt/rustwide/cargo-home" "-e" "RUSTUP_HOME=/opt/rustwide/rustup-home" "-e" "CARGO_TARGET_DIR=/opt/rustwide/target" "-w" "/opt/rustwide/workdir" "--user" "0:0" "77e2cc74b6eb2c134b6acd1e513246a7ace978a20d69f192e4b4069b43270c9c" "/opt/rustwide/cargo-home/bin/cargo" "+3154cc1a3e6424e44f438a95007d043ed5ceaaf6" "metadata" "--no-deps" "--format-version=1", kill_on_drop: false }`
[INFO] running `Command { std: "docker" "inspect" "77e2cc74b6eb2c134b6acd1e513246a7ace978a20d69f192e4b4069b43270c9c", kill_on_drop: false }`
[INFO] running `Command { std: "docker" "exec" "-e" "SOURCE_DIR=/opt/rustwide/workdir" "-e" "CARGO_HOME=/opt/rustwide/cargo-home" "-e" "RUSTUP_HOME=/opt/rustwide/rustup-home" "-e" "CARGO_TARGET_DIR=/opt/rustwide/target" "-e" "CARGO_INCREMENTAL=0" "-e" "RUST_BACKTRACE=full" "-e" "RUSTFLAGS=--cap-lints=forbid -Znext-solver=coherence" "-e" "RUSTDOCFLAGS=--cap-lints=forbid" "-w" "/opt/rustwide/workdir" "--user" "0:0" "77e2cc74b6eb2c134b6acd1e513246a7ace978a20d69f192e4b4069b43270c9c" "/opt/rustwide/cargo-home/bin/cargo" "+3154cc1a3e6424e44f438a95007d043ed5ceaaf6" "check" "--frozen" "--all" "--all-targets" "--message-format=json", kill_on_drop: false }`
[INFO] [stderr]    Compiling quote v1.0.46
[INFO] [stderr]    Compiling libc v0.2.186
[INFO] [stderr]    Compiling serde_core v1.0.228
[INFO] [stderr]     Checking smallvec v1.15.2
[INFO] [stderr]    Compiling either v1.16.0
[INFO] [stderr]     Checking bitflags v2.13.0
[INFO] [stderr]    Compiling serde v1.0.228
[INFO] [stderr]     Checking nom v8.0.0
[INFO] [stderr]    Compiling syn v2.0.118
[INFO] [stderr]     Checking parking_lot_core v0.9.12
[INFO] [stderr]     Checking errno v0.3.14
[INFO] [stderr]     Checking mio v1.2.1
[INFO] [stderr]     Checking socket2 v0.6.4
[INFO] [stderr]     Checking signal-hook-registry v1.4.8
[INFO] [stderr]     Checking parking_lot v0.12.5
[INFO] [stderr]    Compiling darling_core v0.20.11
[INFO] [stderr]    Compiling serde_derive v1.0.228
[INFO] [stderr]    Compiling getset v0.1.7
[INFO] [stderr]    Compiling thiserror-impl v2.0.18
[INFO] [stderr]    Compiling tokio-macros v2.7.0
[INFO] [stderr]     Checking tokio v1.52.3
[INFO] [stderr]    Compiling darling_macro v0.20.11
[INFO] [stderr]     Checking thiserror v2.0.18
[INFO] [stderr]    Compiling darling v0.20.11
[INFO] [stderr]    Compiling derive_builder_core v0.20.2
[INFO] [stderr]    Compiling derive_builder_macro v0.20.2
[INFO] [stderr]     Checking derive_builder v0.20.2
[INFO] [stderr]    Compiling neli-proc-macros v0.2.2
[INFO] [stderr]     Checking neli v0.7.4
[INFO] [stderr]     Checking local-ip-address v0.6.13
[INFO] [stderr]     Checking nocloud-core v0.1.0 (/opt/rustwide/workdir)
[INFO] [stdout] error[E0425]: cannot find value `buffer` in this scope
[INFO] [stdout]   --> src/upload.rs:18:28
[INFO] [stdout]    |
[INFO] [stdout] 18 |     stream.read_exact(&mut buffer).await?;
[INFO] [stdout]    |                            ^^^^^^ not found in this scope
[INFO] [stdout] 
[INFO] [stdout] 
[INFO] [stdout] error[E0425]: cannot find value `buffer` in this scope
[INFO] [stdout]   --> src/upload.rs:21:68
[INFO] [stdout]    |
[INFO] [stdout] 21 |            "Получены {UPLOAD_PREFIX_SIZE} байт метаданных UPLOAD: {buffer:?}"
[INFO] [stdout]    |                                                                    ^^^^^^ not found in this scope
[INFO] [stdout] 
[INFO] [stdout] 
[INFO] [stdout] warning: unused import: `AsyncWriteExt`
[INFO] [stdout]  --> src/connection.rs:7:24
[INFO] [stdout]   |
[INFO] [stdout] 7 |     io::{AsyncReadExt, AsyncWriteExt},
[INFO] [stdout]   |                        ^^^^^^^^^^^^^
[INFO] [stdout]   |
[INFO] [stdout]   = note: `#[warn(unused_imports)]` (part of `#[warn(unused)]`) on by default
[INFO] [stdout] 
[INFO] [stdout] 
[INFO] [stdout] warning: unused import: `stream`
[INFO] [stdout]  --> src/upload.rs:1:55
[INFO] [stdout]   |
[INFO] [stdout] 1 | use tokio::{io::{self, AsyncReadExt}, net::TcpStream, stream};
[INFO] [stdout]   |                                                       ^^^^^^
[INFO] [stdout] 
[INFO] [stdout] 
[INFO] [stdout] error[E0425]: cannot find value `buffer` in this scope
[INFO] [stdout]   --> src/upload.rs:18:28
[INFO] [stdout]    |
[INFO] [stdout] 18 |     stream.read_exact(&mut buffer).await?;
[INFO] [stdout]    |                            ^^^^^^ not found in this scope
[INFO] [stdout] 
[INFO] [stdout] 
[INFO] [stdout] error[E0425]: cannot find value `buffer` in this scope
[INFO] [stdout]   --> src/upload.rs:21:68
[INFO] [stdout]    |
[INFO] [stdout] 21 |            "Получены {UPLOAD_PREFIX_SIZE} байт метаданных UPLOAD: {buffer:?}"
[INFO] [stdout]    |                                                                    ^^^^^^ not found in this scope
[INFO] [stdout] 
[INFO] [stdout] 
[INFO] [stdout] warning: unused import: `AsyncWriteExt`
[INFO] [stdout]  --> src/connection.rs:7:24
[INFO] [stdout]   |
[INFO] [stdout] 7 |     io::{AsyncReadExt, AsyncWriteExt},
[INFO] [stdout]   |                        ^^^^^^^^^^^^^
[INFO] [stdout]   |
[INFO] [stdout]   = note: `#[warn(unused_imports)]` (part of `#[warn(unused)]`) on by default
[INFO] [stdout] 
[INFO] [stdout] 
[INFO] [stdout] warning: unused import: `stream`
[INFO] [stdout]  --> src/upload.rs:1:55
[INFO] [stdout]   |
[INFO] [stdout] 1 | use tokio::{io::{self, AsyncReadExt}, net::TcpStream, stream};
[INFO] [stdout]   |                                                       ^^^^^^
[INFO] [stdout] 
[INFO] [stdout] 
[INFO] [stdout] error[E0560]: struct `UploadMetadata` has no field named `file_size`
[INFO] [stdout]   --> src/upload.rs:32:13
[INFO] [stdout]    |
[INFO] [stdout] 32 |             file_size,
[INFO] [stdout]    |             ^^^^^^^^^ unknown field
[INFO] [stdout]    |
[INFO] [stdout] help: a field with a similar name exists
[INFO] [stdout]    |
[INFO] [stdout] 32 -             file_size,
[INFO] [stdout] 32 +             file_name,
[INFO] [stdout]    |
[INFO] [stdout] 
[INFO] [stdout] 
[INFO] [stdout] error[E0560]: struct `UploadMetadata` has no field named `relative_path`
[INFO] [stdout]   --> src/upload.rs:33:13
[INFO] [stdout]    |
[INFO] [stdout] 33 |             relative_path,
[INFO] [stdout]    |             ^^^^^^^^^^^^^ `UploadMetadata` does not have this field
[INFO] [stdout]    |
[INFO] [stdout]    = note: available fields are: `path_size`, `file_name`
[INFO] [stdout] 
[INFO] [stdout] 
[INFO] [stdout] error[E0615]: attempted to take value of method `file_size` on type `&UploadMetadata`
[INFO] [stdout]   --> src/upload.rs:38:14
[INFO] [stdout]    |
[INFO] [stdout] 38 |         self.file_size
[INFO] [stdout]    |              ^^^^^^^^^ method, not a field
[INFO] [stdout]    |
[INFO] [stdout] help: use parentheses to call the method
[INFO] [stdout]    |
[INFO] [stdout] 38 |         self.file_size()
[INFO] [stdout]    |                       ++
[INFO] [stdout] 
[INFO] [stdout] 
[INFO] [stdout] error[E0615]: attempted to take value of method `relative_path` on type `&UploadMetadata`
[INFO] [stdout]   --> src/upload.rs:42:15
[INFO] [stdout]    |
[INFO] [stdout] 42 |         &self.relative_path
[INFO] [stdout]    |               ^^^^^^^^^^^^^ method, not a field
[INFO] [stdout]    |
[INFO] [stdout] help: use parentheses to call the method
[INFO] [stdout]    |
[INFO] [stdout] 42 |         &self.relative_path()
[INFO] [stdout]    |                            ++
[INFO] [stdout] 
[INFO] [stdout] 
[INFO] [stdout] warning: unused variable: `upl_result`
[INFO] [stdout]   --> src/connection.rs:71:21
[INFO] [stdout]    |
[INFO] [stdout] 71 |                 let upl_result=
[INFO] [stdout]    |                     ^^^^^^^^^^ help: if this is intentional, prefix it with an underscore: `_upl_result`
[INFO] [stdout]    |
[INFO] [stdout]    = note: `#[warn(unused_variables)]` (part of `#[warn(unused)]`) on by default
[INFO] [stdout] 
[INFO] [stdout] 
[INFO] [stdout] error[E0560]: struct `UploadMetadata` has no field named `file_size`
[INFO] [stdout]   --> src/upload.rs:32:13
[INFO] [stdout]    |
[INFO] [stdout] 32 |             file_size,
[INFO] [stdout]    |             ^^^^^^^^^ unknown field
[INFO] [stdout]    |
[INFO] [stdout] help: a field with a similar name exists
[INFO] [stdout]    |
[INFO] [stdout] 32 -             file_size,
[INFO] [stdout] 32 +             file_name,
[INFO] [stdout]    |
[INFO] [stdout] 
[INFO] [stdout] 
[INFO] [stdout] error[E0560]: struct `UploadMetadata` has no field named `relative_path`
[INFO] [stdout]   --> src/upload.rs:33:13
[INFO] [stdout]    |
[INFO] [stdout] 33 |             relative_path,
[INFO] [stdout]    |             ^^^^^^^^^^^^^ `UploadMetadata` does not have this field
[INFO] [stdout]    |
[INFO] [stdout]    = note: available fields are: `path_size`, `file_name`
[INFO] [stdout] 
[INFO] [stdout] 
[INFO] [stdout] error[E0615]: attempted to take value of method `file_size` on type `&UploadMetadata`
[INFO] [stdout]   --> src/upload.rs:38:14
[INFO] [stdout]    |
[INFO] [stdout] 38 |         self.file_size
[INFO] [stdout]    |              ^^^^^^^^^ method, not a field
[INFO] [stdout]    |
[INFO] [stdout] help: use parentheses to call the method
[INFO] [stdout]    |
[INFO] [stdout] 38 |         self.file_size()
[INFO] [stdout]    |                       ++
[INFO] [stdout] 
[INFO] [stdout] 
[INFO] [stdout] Some errors have detailed explanations: E0425, E0560, E0615.
[INFO] [stdout] 
[INFO] [stdout] error[E0615]: attempted to take value of method `relative_path` on type `&UploadMetadata`
[INFO] [stdout]   --> src/upload.rs:42:15
[INFO] [stdout]    |
[INFO] [stdout] 42 |         &self.relative_path
[INFO] [stdout]    |               ^^^^^^^^^^^^^ method, not a field
[INFO] [stdout]    |
[INFO] [stdout] help: use parentheses to call the method
[INFO] [stdout]    |
[INFO] [stdout] 42 |         &self.relative_path()
[INFO] [stdout]    |                            ++
[INFO] [stdout] 
[INFO] [stdout] 
[INFO] [stdout] For more information about an error, try `rustc --explain E0425`.
[INFO] [stdout] 
[INFO] [stdout] warning: unused variable: `upl_result`
[INFO] [stdout]   --> src/connection.rs:71:21
[INFO] [stdout]    |
[INFO] [stdout] 71 |                 let upl_result=
[INFO] [stdout]    |                     ^^^^^^^^^^ help: if this is intentional, prefix it with an underscore: `_upl_result`
[INFO] [stdout]    |
[INFO] [stdout]    = note: `#[warn(unused_variables)]` (part of `#[warn(unused)]`) on by default
[INFO] [stdout] 
[INFO] [stdout] 
[INFO] [stderr] error: could not compile `nocloud-core` (bin "nocloud-core" test) due to 6 previous errors; 3 warnings emitted
[INFO] [stderr] warning: build failed, waiting for other jobs to finish...
[INFO] [stdout] Some errors have detailed explanations: E0425, E0560, E0615.
[INFO] [stdout] 
[INFO] [stdout] For more information about an error, try `rustc --explain E0425`.
[INFO] [stdout] 
[INFO] [stderr] error: could not compile `nocloud-core` (bin "nocloud-core") due to 6 previous errors; 3 warnings emitted
[INFO] running `Command { std: "docker" "inspect" "77e2cc74b6eb2c134b6acd1e513246a7ace978a20d69f192e4b4069b43270c9c", kill_on_drop: false }`
[INFO] running `Command { std: "docker" "rm" "-f" "77e2cc74b6eb2c134b6acd1e513246a7ace978a20d69f192e4b4069b43270c9c", kill_on_drop: false }`
[INFO] [stdout] 77e2cc74b6eb2c134b6acd1e513246a7ace978a20d69f192e4b4069b43270c9c
