[INFO] cloning repository https://github.com/ssoni4751/telegraph-wasm-scoring
[INFO] running `Command { std: "git" "-c" "credential.helper=" "-c" "credential.helper=/workspace/cargo-home/bin/git-credential-null" "clone" "--bare" "https://github.com/ssoni4751/telegraph-wasm-scoring" "/workspace/cache/git-repos/https%3A%2F%2Fgithub.com%2Fssoni4751%2Ftelegraph-wasm-scoring", kill_on_drop: false }`
[INFO] [stderr] Cloning into bare repository '/workspace/cache/git-repos/https%3A%2F%2Fgithub.com%2Fssoni4751%2Ftelegraph-wasm-scoring'...
[INFO] running `Command { std: "git" "rev-parse" "HEAD", kill_on_drop: false }`
[INFO] [stdout] 038102baac4f97cf8c03b8d793dc4922fb4279c2
[INFO] checking ssoni4751/telegraph-wasm-scoring against 3154cc1a3e6424e44f438a95007d043ed5ceaaf6 for pr-133502-30
[INFO] running `Command { std: "git" "clone" "/workspace/cache/git-repos/https%3A%2F%2Fgithub.com%2Fssoni4751%2Ftelegraph-wasm-scoring" "/workspace/builds/worker-6-tc2/source", kill_on_drop: false }`
[INFO] [stderr] Cloning into '/workspace/builds/worker-6-tc2/source'...
[INFO] [stderr] done.
[INFO] started tweaking git repo https://github.com/ssoni4751/telegraph-wasm-scoring
[INFO] finished tweaking git repo https://github.com/ssoni4751/telegraph-wasm-scoring
[INFO] tweaked toml for git repo https://github.com/ssoni4751/telegraph-wasm-scoring written to /workspace/builds/worker-6-tc2/source/Cargo.toml
[INFO] validating manifest of git repo https://github.com/ssoni4751/telegraph-wasm-scoring on toolchain 3154cc1a3e6424e44f438a95007d043ed5ceaaf6
[INFO] running `Command { std: CARGO_HOME="/workspace/cargo-home" RUSTUP_HOME="/workspace/rustup-home" "/workspace/cargo-home/bin/cargo" "+3154cc1a3e6424e44f438a95007d043ed5ceaaf6" "metadata" "--manifest-path" "Cargo.toml" "--no-deps", kill_on_drop: false }`
[INFO] crate git repo https://github.com/ssoni4751/telegraph-wasm-scoring already has a lockfile, it will not be regenerated
[INFO] running `Command { std: CARGO_HOME="/workspace/cargo-home" RUSTUP_HOME="/workspace/rustup-home" "/workspace/cargo-home/bin/cargo" "+3154cc1a3e6424e44f438a95007d043ed5ceaaf6" "fetch" "--manifest-path" "Cargo.toml", kill_on_drop: false }`
[INFO] running `Command { std: "docker" "create" "-v" "/var/lib/crater-agent-workspace/builds/worker-6-tc2/source:/opt/rustwide/workdir:ro,Z" "-v" "/var/lib/crater-agent-workspace/builds/worker-6-tc2/target:/opt/rustwide/target:rw,Z" "-v" "/var/lib/crater-agent-workspace/cargo-home:/opt/rustwide/cargo-home:ro,Z" "-v" "/var/lib/crater-agent-workspace/rustup-home:/opt/rustwide/rustup-home:ro,Z" "-m" "1610612736" "--network" "none" "ghcr.io/rust-lang/crates-build-env/linux@sha256:77db811e55d90add9212f6832c23229e3de5f1c1f9905e8cb07319ea15df73ac" "sleep" "infinity", kill_on_drop: false }`
[INFO] [stdout] 9b1ca6f065f8b2212e9360ea870b4e554f0b7ef26597b0493e0b695024f8604d
[INFO] running `Command { std: "docker" "start" "9b1ca6f065f8b2212e9360ea870b4e554f0b7ef26597b0493e0b695024f8604d", kill_on_drop: false }`
[INFO] running `Command { std: "docker" "inspect" "9b1ca6f065f8b2212e9360ea870b4e554f0b7ef26597b0493e0b695024f8604d", kill_on_drop: false }`
[INFO] running `Command { std: "docker" "exec" "-e" "SOURCE_DIR=/opt/rustwide/workdir" "-e" "CARGO_HOME=/opt/rustwide/cargo-home" "-e" "RUSTUP_HOME=/opt/rustwide/rustup-home" "-e" "CARGO_TARGET_DIR=/opt/rustwide/target" "-w" "/opt/rustwide/workdir" "--user" "0:0" "9b1ca6f065f8b2212e9360ea870b4e554f0b7ef26597b0493e0b695024f8604d" "/opt/rustwide/cargo-home/bin/cargo" "+3154cc1a3e6424e44f438a95007d043ed5ceaaf6" "metadata" "--no-deps" "--format-version=1", kill_on_drop: false }`
[INFO] running `Command { std: "docker" "inspect" "9b1ca6f065f8b2212e9360ea870b4e554f0b7ef26597b0493e0b695024f8604d", kill_on_drop: false }`
[INFO] running `Command { std: "docker" "exec" "-e" "SOURCE_DIR=/opt/rustwide/workdir" "-e" "CARGO_HOME=/opt/rustwide/cargo-home" "-e" "RUSTUP_HOME=/opt/rustwide/rustup-home" "-e" "CARGO_TARGET_DIR=/opt/rustwide/target" "-e" "CARGO_INCREMENTAL=0" "-e" "RUST_BACKTRACE=full" "-e" "RUSTFLAGS=--cap-lints=forbid" "-e" "RUSTDOCFLAGS=--cap-lints=forbid" "-w" "/opt/rustwide/workdir" "--user" "0:0" "9b1ca6f065f8b2212e9360ea870b4e554f0b7ef26597b0493e0b695024f8604d" "/opt/rustwide/cargo-home/bin/cargo" "+3154cc1a3e6424e44f438a95007d043ed5ceaaf6" "check" "--frozen" "--all" "--all-targets" "--message-format=json", kill_on_drop: false }`
[INFO] [stderr]    Compiling libm v0.2.16
[INFO] [stderr]    Compiling telegraph-scoring v2.0.0 (/opt/rustwide/workdir)
[INFO] [stderr]     Checking dlmalloc v0.2.14
[INFO] [stdout] error[E0433]: cannot find `wasm32` in `arch`
[INFO] [stdout]   --> src/allocator.rs:16:17
[INFO] [stdout]    |
[INFO] [stdout] 16 |     core::arch::wasm32::unreachable()
[INFO] [stdout]    |                 ^^^^^^ could not find `wasm32` in `arch`
[INFO] [stdout] 
[INFO] [stdout] 
[INFO] [stdout] warning: unused import: `MAX_SEQ_LEN`
[INFO] [stdout]   --> src/embed.rs:43:34
[INFO] [stdout]    |
[INFO] [stdout] 43 | use crate::tokenizer::{Encoding, MAX_SEQ_LEN};
[INFO] [stdout]    |                                  ^^^^^^^^^^^
[INFO] [stdout]    |
[INFO] [stdout]    = note: `#[warn(unused_imports)]` (part of `#[warn(unused)]`) on by default
[INFO] [stdout] 
[INFO] [stdout] 
[INFO] [stdout] warning: unused import: `alloc::vec::Vec`
[INFO] [stdout]   --> src/embed.rs:44:5
[INFO] [stdout]    |
[INFO] [stdout] 44 | use alloc::vec::Vec;
[INFO] [stdout]    |     ^^^^^^^^^^^^^^^
[INFO] [stdout] 
[INFO] [stdout] 
[INFO] [stdout] error: unwinding panics are not supported without std
[INFO] [stdout]   |
[INFO] [stdout]   = help: using nightly cargo, use -Zbuild-std with panic="abort" to avoid unwinding
[INFO] [stdout]   = note: since the core library is usually precompiled with panic="unwind", rebuilding your crate with panic="abort" may not be enough to fix the problem
[INFO] [stdout] 
[INFO] [stdout] 
[INFO] [stdout] warning: unused attribute
[INFO] [stdout]    --> src/lib.rs:100:1
[INFO] [stdout]     |
[INFO] [stdout] 100 | #[inline]
[INFO] [stdout]     | ^^^^^^^^^ help: remove this attribute
[INFO] [stdout]     |
[INFO] [stdout] note: attribute also specified here
[INFO] [stdout]    --> src/lib.rs:99:1
[INFO] [stdout]     |
[INFO] [stdout]  99 | #[inline]
[INFO] [stdout]     | ^^^^^^^^^
[INFO] [stdout]     = warning: this was previously accepted by the compiler but is being phased out; it will become a hard error in a future release!
[INFO] [stdout]     = note: `#[warn(unused_attributes)]` (part of `#[warn(unused)]`) on by default
[INFO] [stdout] 
[INFO] [stdout] 
[INFO] [stdout] warning: unused import: `MAX_SEQ_LEN`
[INFO] [stdout]   --> src/embed.rs:43:34
[INFO] [stdout]    |
[INFO] [stdout] 43 | use crate::tokenizer::{Encoding, MAX_SEQ_LEN};
[INFO] [stdout]    |                                  ^^^^^^^^^^^
[INFO] [stdout]    |
[INFO] [stdout]    = note: `#[warn(unused_imports)]` (part of `#[warn(unused)]`) on by default
[INFO] [stdout] 
[INFO] [stdout] 
[INFO] [stdout] warning: unused import: `alloc::vec::Vec`
[INFO] [stdout]   --> src/embed.rs:44:5
[INFO] [stdout]    |
[INFO] [stdout] 44 | use alloc::vec::Vec;
[INFO] [stdout]    |     ^^^^^^^^^^^^^^^
[INFO] [stdout] 
[INFO] [stdout] 
[INFO] [stdout] warning: unused attribute
[INFO] [stdout]    --> src/lib.rs:100:1
[INFO] [stdout]     |
[INFO] [stdout] 100 | #[inline]
[INFO] [stdout]     | ^^^^^^^^^ help: remove this attribute
[INFO] [stdout]     |
[INFO] [stdout] note: attribute also specified here
[INFO] [stdout]    --> src/lib.rs:99:1
[INFO] [stdout]     |
[INFO] [stdout]  99 | #[inline]
[INFO] [stdout]     | ^^^^^^^^^
[INFO] [stdout]     = warning: this was previously accepted by the compiler but is being phased out; it will become a hard error in a future release!
[INFO] [stdout]     = note: `#[warn(unused_attributes)]` (part of `#[warn(unused)]`) on by default
[INFO] [stdout] 
[INFO] [stdout] 
[INFO] [stdout] error[E0425]: cannot find function `check_numeric_conflict` in this scope
[INFO] [stdout]    --> src/bm25.rs:553:18
[INFO] [stdout]     |
[INFO] [stdout] 553 |         assert!(!check_numeric_conflict(
[INFO] [stdout]     |                  ^^^^^^^^^^^^^^^^^^^^^^ not found in this scope
[INFO] [stdout]     |
[INFO] [stdout] note: similarly named function `check_quantity_conflict` defined here
[INFO] [stdout]    --> src/bm25.rs:353:1
[INFO] [stdout]     |
[INFO] [stdout] 353 | pub fn check_quantity_conflict(gt: &str, ma: &str) -> bool {
[INFO] [stdout]     | ^^^^^^^^^^^^^^^^^^^^^^^^^^^^^^^^^^^^^^^^^^^^^^^^^^^^^^^^^^
[INFO] [stdout] help: a function with a similar name exists
[INFO] [stdout]     |
[INFO] [stdout] 553 -         assert!(!check_numeric_conflict(
[INFO] [stdout] 553 +         assert!(!check_quantity_conflict(
[INFO] [stdout]     |
[INFO] [stdout] 
[INFO] [stdout] 
[INFO] [stdout] error[E0425]: cannot find function `check_numeric_conflict` in this scope
[INFO] [stdout]    --> src/bm25.rs:557:17
[INFO] [stdout]     |
[INFO] [stdout] 557 |         assert!(check_numeric_conflict(
[INFO] [stdout]     |                 ^^^^^^^^^^^^^^^^^^^^^^ not found in this scope
[INFO] [stdout]     |
[INFO] [stdout] note: similarly named function `check_quantity_conflict` defined here
[INFO] [stdout]    --> src/bm25.rs:353:1
[INFO] [stdout]     |
[INFO] [stdout] 353 | pub fn check_quantity_conflict(gt: &str, ma: &str) -> bool {
[INFO] [stdout]     | ^^^^^^^^^^^^^^^^^^^^^^^^^^^^^^^^^^^^^^^^^^^^^^^^^^^^^^^^^^
[INFO] [stdout] help: a function with a similar name exists
[INFO] [stdout]     |
[INFO] [stdout] 557 -         assert!(check_numeric_conflict(
[INFO] [stdout] 557 +         assert!(check_quantity_conflict(
[INFO] [stdout]     |
[INFO] [stdout] 
[INFO] [stdout] 
[INFO] [stdout] For more information about this error, try `rustc --explain E0433`.
[INFO] [stdout] 
[INFO] [stderr] error: could not compile `telegraph-scoring` (lib) due to 2 previous errors; 3 warnings emitted
[INFO] [stderr] warning: build failed, waiting for other jobs to finish...
[INFO] [stdout] For more information about this error, try `rustc --explain E0425`.
[INFO] [stdout] 
[INFO] [stderr] error: could not compile `telegraph-scoring` (lib test) due to 2 previous errors; 3 warnings emitted
[INFO] running `Command { std: "docker" "inspect" "9b1ca6f065f8b2212e9360ea870b4e554f0b7ef26597b0493e0b695024f8604d", kill_on_drop: false }`
[INFO] running `Command { std: "docker" "rm" "-f" "9b1ca6f065f8b2212e9360ea870b4e554f0b7ef26597b0493e0b695024f8604d", kill_on_drop: false }`
[INFO] [stdout] 9b1ca6f065f8b2212e9360ea870b4e554f0b7ef26597b0493e0b695024f8604d
