[INFO] cloning repository https://github.com/sribalan98/auto-font-installer
[INFO] running `Command { std: "git" "-c" "credential.helper=" "-c" "credential.helper=/workspace/cargo-home/bin/git-credential-null" "clone" "--bare" "https://github.com/sribalan98/auto-font-installer" "/workspace/cache/git-repos/https%3A%2F%2Fgithub.com%2Fsribalan98%2Fauto-font-installer", kill_on_drop: false }`
[INFO] [stderr] Cloning into bare repository '/workspace/cache/git-repos/https%3A%2F%2Fgithub.com%2Fsribalan98%2Fauto-font-installer'...
[INFO] running `Command { std: "git" "rev-parse" "HEAD", kill_on_drop: false }`
[INFO] [stdout] ec1e62c984644e92bd7950d87b01822efc62dc48
[INFO] checking sribalan98/auto-font-installer against 3154cc1a3e6424e44f438a95007d043ed5ceaaf6+rustflags=-Znext-solver=coherence for pr-133502-30
[INFO] running `Command { std: "git" "clone" "/workspace/cache/git-repos/https%3A%2F%2Fgithub.com%2Fsribalan98%2Fauto-font-installer" "/workspace/builds/worker-5-tc1/source", kill_on_drop: false }`
[INFO] [stderr] Cloning into '/workspace/builds/worker-5-tc1/source'...
[INFO] [stderr] done.
[INFO] started tweaking git repo https://github.com/sribalan98/auto-font-installer
[INFO] finished tweaking git repo https://github.com/sribalan98/auto-font-installer
[INFO] tweaked toml for git repo https://github.com/sribalan98/auto-font-installer written to /workspace/builds/worker-5-tc1/source/Cargo.toml
[INFO] validating manifest of git repo https://github.com/sribalan98/auto-font-installer on toolchain 3154cc1a3e6424e44f438a95007d043ed5ceaaf6
[INFO] running `Command { std: CARGO_HOME="/workspace/cargo-home" RUSTUP_HOME="/workspace/rustup-home" "/workspace/cargo-home/bin/cargo" "+3154cc1a3e6424e44f438a95007d043ed5ceaaf6" "metadata" "--manifest-path" "Cargo.toml" "--no-deps", kill_on_drop: false }`
[INFO] crate git repo https://github.com/sribalan98/auto-font-installer already has a lockfile, it will not be regenerated
[INFO] running `Command { std: CARGO_HOME="/workspace/cargo-home" RUSTUP_HOME="/workspace/rustup-home" "/workspace/cargo-home/bin/cargo" "+3154cc1a3e6424e44f438a95007d043ed5ceaaf6" "fetch" "--manifest-path" "Cargo.toml", kill_on_drop: false }`
[INFO] [stderr]  Downloading crates ...
[INFO] [stderr]   Downloaded dialoguer v0.11.0
[INFO] [stderr]   Downloaded shell-words v1.1.1
[INFO] running `Command { std: "docker" "create" "-v" "/var/lib/crater-agent-workspace/builds/worker-5-tc1/source:/opt/rustwide/workdir:ro,Z" "-v" "/var/lib/crater-agent-workspace/builds/worker-5-tc1/target:/opt/rustwide/target:rw,Z" "-v" "/var/lib/crater-agent-workspace/cargo-home:/opt/rustwide/cargo-home:ro,Z" "-v" "/var/lib/crater-agent-workspace/rustup-home:/opt/rustwide/rustup-home:ro,Z" "-m" "1610612736" "--network" "none" "ghcr.io/rust-lang/crates-build-env/linux@sha256:77db811e55d90add9212f6832c23229e3de5f1c1f9905e8cb07319ea15df73ac" "sleep" "infinity", kill_on_drop: false }`
[INFO] [stdout] 445106af8f4396195f4e8ac9d7c112f35de351634ebabcf7dc20d2ffe319b764
[INFO] running `Command { std: "docker" "start" "445106af8f4396195f4e8ac9d7c112f35de351634ebabcf7dc20d2ffe319b764", kill_on_drop: false }`
[INFO] running `Command { std: "docker" "inspect" "445106af8f4396195f4e8ac9d7c112f35de351634ebabcf7dc20d2ffe319b764", kill_on_drop: false }`
[INFO] running `Command { std: "docker" "exec" "-e" "SOURCE_DIR=/opt/rustwide/workdir" "-e" "CARGO_HOME=/opt/rustwide/cargo-home" "-e" "RUSTUP_HOME=/opt/rustwide/rustup-home" "-e" "CARGO_TARGET_DIR=/opt/rustwide/target" "-w" "/opt/rustwide/workdir" "--user" "0:0" "445106af8f4396195f4e8ac9d7c112f35de351634ebabcf7dc20d2ffe319b764" "/opt/rustwide/cargo-home/bin/cargo" "+3154cc1a3e6424e44f438a95007d043ed5ceaaf6" "metadata" "--no-deps" "--format-version=1", kill_on_drop: false }`
[INFO] running `Command { std: "docker" "inspect" "445106af8f4396195f4e8ac9d7c112f35de351634ebabcf7dc20d2ffe319b764", kill_on_drop: false }`
[INFO] running `Command { std: "docker" "exec" "-e" "SOURCE_DIR=/opt/rustwide/workdir" "-e" "CARGO_HOME=/opt/rustwide/cargo-home" "-e" "RUSTUP_HOME=/opt/rustwide/rustup-home" "-e" "CARGO_TARGET_DIR=/opt/rustwide/target" "-e" "CARGO_INCREMENTAL=0" "-e" "RUST_BACKTRACE=full" "-e" "RUSTFLAGS=--cap-lints=forbid -Znext-solver=coherence" "-e" "RUSTDOCFLAGS=--cap-lints=forbid" "-w" "/opt/rustwide/workdir" "--user" "0:0" "445106af8f4396195f4e8ac9d7c112f35de351634ebabcf7dc20d2ffe319b764" "/opt/rustwide/cargo-home/bin/cargo" "+3154cc1a3e6424e44f438a95007d043ed5ceaaf6" "check" "--frozen" "--all" "--all-targets" "--message-format=json", kill_on_drop: false }`
[INFO] [stderr]    Compiling windows_x86_64_gnu v0.52.6
[INFO] [stderr]    Compiling serde_core v1.0.229
[INFO] [stderr]    Compiling rustix v1.1.4
[INFO] [stderr]     Checking simd-adler32 v0.3.10
[INFO] [stderr]     Checking winnow v1.0.4
[INFO] [stderr]    Compiling portable-atomic v1.15.0
[INFO] [stderr]    Compiling syn v2.0.119
[INFO] [stderr]    Compiling syn v3.0.3
[INFO] [stderr]     Checking console v0.15.11
[INFO] [stderr]     Checking log v0.4.34
[INFO] [stderr]    Compiling anyhow v1.0.104
[INFO] [stderr]    Compiling zip v2.4.2
[INFO] [stderr]     Checking fastrand v2.5.0
[INFO] [stderr]     Checking clap_builder v4.6.6
[INFO] [stderr]     Checking indexmap v2.14.0
[INFO] [stderr]     Checking number_prefix v0.4.0
[INFO] [stderr]     Checking zeroize v1.9.0
[INFO] [stderr]     Checking shell-words v1.1.1
[INFO] [stderr]     Checking windows-targets v0.52.6
[INFO] [stderr]     Checking same-file v1.0.6
[INFO] [stderr]     Checking miniz_oxide v0.8.9
[INFO] [stderr]     Checking version_check v0.9.5
[INFO] [stderr]     Checking windows-result v0.2.0
[INFO] [stderr]     Checking zopfli v0.8.3
[INFO] [stderr]     Checking walkdir v2.5.0
[INFO] [stderr]     Checking colored v2.2.0
[INFO] [stderr]     Checking windows-strings v0.1.0
[INFO] [stderr]     Checking toml_parser v1.1.3+spec-1.1.0
[INFO] [stderr]     Checking flate2 v1.1.9
[INFO] [stderr]     Checking indicatif v0.17.11
[INFO] [stderr]     Checking tempfile v3.27.0
[INFO] [stderr]     Checking toml_datetime v1.1.1+spec-1.1.0
[INFO] [stderr]     Checking serde_spanned v1.1.1
[INFO] [stderr]     Checking toml v1.1.4+spec-1.1.0
[INFO] [stderr]    Compiling thiserror-impl v2.0.20
[INFO] [stderr]    Compiling displaydoc v0.2.7
[INFO] [stderr]    Compiling clap_derive v4.6.4
[INFO] [stderr]    Compiling windows-interface v0.58.0
[INFO] [stderr]    Compiling windows-implement v0.58.0
[INFO] [stderr]    Compiling thiserror-impl v1.0.69
[INFO] [stderr]     Checking winresource v0.1.31
[INFO] [stderr]     Checking windows-core v0.58.0
[INFO] [stderr]     Checking thiserror v1.0.69
[INFO] [stderr]     Checking dialoguer v0.11.0
[INFO] [stderr]     Checking windows v0.58.0
[INFO] [stderr]     Checking thiserror v2.0.20
[INFO] [stderr]     Checking clap v4.6.6
[INFO] [stderr]     Checking auto-font-installer v1.0.0 (/opt/rustwide/workdir)
[INFO] [stdout] error[E0433]: cannot find `Win32` in `windows`
[INFO] [stdout]  --> src/installer.rs:8:14
[INFO] [stdout]   |
[INFO] [stdout] 8 | use windows::Win32::Graphics::Gdi::AddFontResourceA;
[INFO] [stdout]   |              ^^^^^ could not find `Win32` in `windows`
[INFO] [stdout] 
[INFO] [stdout] 
[INFO] [stdout] error[E0433]: cannot find `Win32` in `windows`
[INFO] [stdout]  --> src/installer.rs:9:14
[INFO] [stdout]   |
[INFO] [stdout] 9 | use windows::Win32::UI::WindowsAndMessaging::{SendMessageTimeoutA, HWND_BROADCAST, SMTO_ABORTIFHUNG, WM_FONTCHANGE};
[INFO] [stdout]   |              ^^^^^ could not find `Win32` in `windows`
[INFO] [stdout] 
[INFO] [stdout] 
[INFO] [stdout] error[E0432]: unresolved import `windows::core`
[INFO] [stdout]  --> src/installer.rs:7:14
[INFO] [stdout]   |
[INFO] [stdout] 7 | use windows::core::PCSTR;
[INFO] [stdout]   |              ^^^^ could not find `core` in `windows`
[INFO] [stdout] 
[INFO] [stdout] 
[INFO] [stdout] error[E0433]: cannot find `Win32` in `windows`
[INFO] [stdout]  --> src/installer.rs:8:14
[INFO] [stdout]   |
[INFO] [stdout] 8 | use windows::Win32::Graphics::Gdi::AddFontResourceA;
[INFO] [stdout]   |              ^^^^^ could not find `Win32` in `windows`
[INFO] [stdout] 
[INFO] [stdout] 
[INFO] [stdout] error[E0433]: cannot find `Win32` in `windows`
[INFO] [stdout]  --> src/installer.rs:9:14
[INFO] [stdout]   |
[INFO] [stdout] 9 | use windows::Win32::UI::WindowsAndMessaging::{SendMessageTimeoutA, HWND_BROADCAST, SMTO_ABORTIFHUNG, WM_FONTCHANGE};
[INFO] [stdout]   |              ^^^^^ could not find `Win32` in `windows`
[INFO] [stdout] 
[INFO] [stdout] 
[INFO] [stdout] error[E0432]: unresolved import `windows::core`
[INFO] [stdout]  --> src/installer.rs:7:14
[INFO] [stdout]   |
[INFO] [stdout] 7 | use windows::core::PCSTR;
[INFO] [stdout]   |              ^^^^ could not find `core` in `windows`
[INFO] [stdout] 
[INFO] [stdout] 
[INFO] [stdout] error[E0433]: cannot find `Win32` in `windows`
[INFO] [stdout]    --> src/installer.rs:130:22
[INFO] [stdout]     |
[INFO] [stdout] 130 |             windows::Win32::Foundation::WPARAM(0),
[INFO] [stdout]     |                      ^^^^^ could not find `Win32` in `windows`
[INFO] [stdout] 
[INFO] [stdout] 
[INFO] [stdout] error[E0433]: cannot find `Win32` in `windows`
[INFO] [stdout]    --> src/installer.rs:131:22
[INFO] [stdout]     |
[INFO] [stdout] 131 |             windows::Win32::Foundation::LPARAM(0),
[INFO] [stdout]     |                      ^^^^^ could not find `Win32` in `windows`
[INFO] [stdout] 
[INFO] [stdout] 
[INFO] [stdout] error[E0433]: cannot find `Win32` in `windows`
[INFO] [stdout]    --> src/installer.rs:130:22
[INFO] [stdout]     |
[INFO] [stdout] 130 |             windows::Win32::Foundation::WPARAM(0),
[INFO] [stdout]     |                      ^^^^^ could not find `Win32` in `windows`
[INFO] [stdout] 
[INFO] [stdout] 
[INFO] [stdout] error[E0433]: cannot find `Win32` in `windows`
[INFO] [stdout]    --> src/installer.rs:131:22
[INFO] [stdout]     |
[INFO] [stdout] 131 |             windows::Win32::Foundation::LPARAM(0),
[INFO] [stdout]     |                      ^^^^^ could not find `Win32` in `windows`
[INFO] [stdout] 
[INFO] [stdout] 
[INFO] [stdout] warning: unused variable: `flags`
[INFO] [stdout]    --> src/installer.rs:188:34
[INFO] [stdout]     |
[INFO] [stdout] 188 |     fn creation_flags(&mut self, flags: u32) -> &mut Self {
[INFO] [stdout]     |                                  ^^^^^ help: if this is intentional, prefix it with an underscore: `_flags`
[INFO] [stdout]     |
[INFO] [stdout]     = note: `#[warn(unused_variables)]` (part of `#[warn(unused)]`) on by default
[INFO] [stdout] 
[INFO] [stdout] 
[INFO] [stdout] warning: unused variable: `flags`
[INFO] [stdout]    --> src/installer.rs:188:34
[INFO] [stdout]     |
[INFO] [stdout] 188 |     fn creation_flags(&mut self, flags: u32) -> &mut Self {
[INFO] [stdout]     |                                  ^^^^^ help: if this is intentional, prefix it with an underscore: `_flags`
[INFO] [stdout]     |
[INFO] [stdout]     = note: `#[warn(unused_variables)]` (part of `#[warn(unused)]`) on by default
[INFO] [stdout] 
[INFO] [stdout] 
[INFO] [stdout] Some errors have detailed explanations: E0432, E0433.
[INFO] [stdout] 
[INFO] [stdout] For more information about an error, try `rustc --explain E0432`.
[INFO] [stdout] 
[INFO] [stdout] Some errors have detailed explanations: E0432, E0433.
[INFO] [stdout] 
[INFO] [stdout] For more information about an error, try `rustc --explain E0432`.
[INFO] [stdout] 
[INFO] [stderr] error: could not compile `auto-font-installer` (bin "auto-font-installer") due to 5 previous errors; 1 warning emitted
[INFO] [stderr] warning: build failed, waiting for other jobs to finish...
[INFO] [stderr] error: could not compile `auto-font-installer` (bin "auto-font-installer" test) due to 5 previous errors; 1 warning emitted
[INFO] [stderr] warning: unused dependency `winresource`
[INFO] [stderr]  --> Cargo.toml:9:1
[INFO] [stderr]   |
[INFO] [stderr] 9 | winresource = "0.1"
[INFO] [stderr]   | ^^^^^^^^^^^^^^^^^^^
[INFO] [stderr]   |
[INFO] [stderr]   = note: `cargo::unused_dependencies` is set to `warn` by default
[INFO] [stderr] help: consider removing the dependency on `winresource`
[INFO] [stderr] warning: `auto-font-installer` (manifest) generated 1 warning
[INFO] running `Command { std: "docker" "inspect" "445106af8f4396195f4e8ac9d7c112f35de351634ebabcf7dc20d2ffe319b764", kill_on_drop: false }`
[INFO] running `Command { std: "docker" "rm" "-f" "445106af8f4396195f4e8ac9d7c112f35de351634ebabcf7dc20d2ffe319b764", kill_on_drop: false }`
[INFO] [stdout] 445106af8f4396195f4e8ac9d7c112f35de351634ebabcf7dc20d2ffe319b764
