[INFO] cloning repository https://github.com/srdev0103/mousebridge
[INFO] running `Command { std: "git" "-c" "credential.helper=" "-c" "credential.helper=/workspace/cargo-home/bin/git-credential-null" "clone" "--bare" "https://github.com/srdev0103/mousebridge" "/workspace/cache/git-repos/https%3A%2F%2Fgithub.com%2Fsrdev0103%2Fmousebridge", kill_on_drop: false }`
[INFO] [stderr] Cloning into bare repository '/workspace/cache/git-repos/https%3A%2F%2Fgithub.com%2Fsrdev0103%2Fmousebridge'...
[INFO] running `Command { std: "git" "rev-parse" "HEAD", kill_on_drop: false }`
[INFO] [stdout] fa1a50795c9a14cf41b4a25c7203ea96720879a9
[INFO] checking srdev0103/mousebridge against 3154cc1a3e6424e44f438a95007d043ed5ceaaf6+rustflags=-Znext-solver=coherence for pr-133502-30
[INFO] running `Command { std: "git" "clone" "/workspace/cache/git-repos/https%3A%2F%2Fgithub.com%2Fsrdev0103%2Fmousebridge" "/workspace/builds/worker-4-tc1/source", kill_on_drop: false }`
[INFO] [stderr] Cloning into '/workspace/builds/worker-4-tc1/source'...
[INFO] [stderr] done.
[INFO] removed /workspace/builds/worker-4-tc1/source/rust-toolchain.toml
[INFO] started tweaking git repo https://github.com/srdev0103/mousebridge
[INFO] finished tweaking git repo https://github.com/srdev0103/mousebridge
[INFO] tweaked toml for git repo https://github.com/srdev0103/mousebridge written to /workspace/builds/worker-4-tc1/source/Cargo.toml
[INFO] validating manifest of git repo https://github.com/srdev0103/mousebridge on toolchain 3154cc1a3e6424e44f438a95007d043ed5ceaaf6
[INFO] running `Command { std: CARGO_HOME="/workspace/cargo-home" RUSTUP_HOME="/workspace/rustup-home" "/workspace/cargo-home/bin/cargo" "+3154cc1a3e6424e44f438a95007d043ed5ceaaf6" "metadata" "--manifest-path" "Cargo.toml" "--no-deps", kill_on_drop: false }`
[INFO] crate git repo https://github.com/srdev0103/mousebridge already has a lockfile, it will not be regenerated
[INFO] running `Command { std: CARGO_HOME="/workspace/cargo-home" RUSTUP_HOME="/workspace/rustup-home" "/workspace/cargo-home/bin/cargo" "+3154cc1a3e6424e44f438a95007d043ed5ceaaf6" "fetch" "--manifest-path" "Cargo.toml", kill_on_drop: false }`
[INFO] [stderr] warning: unused workspace dependency `insta`
[INFO] [stderr]   --> Cargo.toml:18:1
[INFO] [stderr]    |
[INFO] [stderr] 18 | insta = "1"
[INFO] [stderr]    | ^^^^^
[INFO] [stderr]    |
[INFO] [stderr]    = note: `cargo::unused_workspace_dependencies` is set to `warn` by default
[INFO] [stderr] help: consider removing the workspace dependency `insta`
[INFO] [stderr] warning: unused workspace dependency `mb-clipboard`
[INFO] [stderr]   --> Cargo.toml:34:25
[INFO] [stderr]    |
[INFO] [stderr] 34 | [workspace.dependencies.mb-clipboard]
[INFO] [stderr]    |                         ^^^^^^^^^^^^
[INFO] [stderr]    |
[INFO] [stderr] help: consider removing the workspace dependency `mb-clipboard`
[INFO] [stderr] warning: unused workspace dependency `mb-transfer`
[INFO] [stderr]   --> Cargo.toml:67:25
[INFO] [stderr]    |
[INFO] [stderr] 67 | [workspace.dependencies.mb-transfer]
[INFO] [stderr]    |                         ^^^^^^^^^^^
[INFO] [stderr]    |
[INFO] [stderr] help: consider removing the workspace dependency `mb-transfer`
[INFO] [stderr] warning: unused workspace dependency `objc2`
[INFO] [stderr]   --> Cargo.toml:19:1
[INFO] [stderr]    |
[INFO] [stderr] 19 | objc2 = "0.6"
[INFO] [stderr]    | ^^^^^
[INFO] [stderr]    |
[INFO] [stderr] help: consider removing the workspace dependency `objc2`
[INFO] [stderr] warning: unused workspace dependency `objc2-foundation`
[INFO] [stderr]   --> Cargo.toml:20:1
[INFO] [stderr]    |
[INFO] [stderr] 20 | objc2-foundation = "0.3"
[INFO] [stderr]    | ^^^^^^^^^^^^^^^^
[INFO] [stderr]    |
[INFO] [stderr] help: consider removing the workspace dependency `objc2-foundation`
[INFO] [stderr] warning: unused workspace dependency `serde_json`
[INFO] [stderr]   --> Cargo.toml:22:1
[INFO] [stderr]    |
[INFO] [stderr] 22 | serde_json = "1"
[INFO] [stderr]    | ^^^^^^^^^^
[INFO] [stderr]    |
[INFO] [stderr] help: consider removing the workspace dependency `serde_json`
[INFO] [stderr] warning: unused field `authors` in `workspace.package`
[INFO] [stderr]    --> Cargo.toml:101:1
[INFO] [stderr]     |
[INFO] [stderr] 101 | authors = ["MouseBridge contributors"]
[INFO] [stderr]     | ^^^^^^^
[INFO] [stderr]     |
[INFO] [stderr]     = note: `cargo::unused_workspace_package_fields` is set to `warn` by default
[INFO] [stderr] help: consider removing the field `workspace.package.authors`
[INFO] [stderr] warning: unused field `repository` in `workspace.package`
[INFO] [stderr]    --> Cargo.toml:104:1
[INFO] [stderr]     |
[INFO] [stderr] 104 | repository = "https://github.com/mousebridge/mousebridge"
[INFO] [stderr]     | ^^^^^^^^^^
[INFO] [stderr]     |
[INFO] [stderr] help: consider removing the field `workspace.package.repository`
[INFO] [stderr] warning: workspace (manifest) generated 8 warnings
[INFO] [stderr]     Blocking waiting for file lock on package cache
[INFO] [stderr]  Downloading crates ...
[INFO] [stderr]   Downloaded mdns-sd v0.21.1
[INFO] running `Command { std: "docker" "create" "-v" "/var/lib/crater-agent-workspace/builds/worker-4-tc1/source:/opt/rustwide/workdir:ro,Z" "-v" "/var/lib/crater-agent-workspace/builds/worker-4-tc1/target:/opt/rustwide/target:rw,Z" "-v" "/var/lib/crater-agent-workspace/cargo-home:/opt/rustwide/cargo-home:ro,Z" "-v" "/var/lib/crater-agent-workspace/rustup-home:/opt/rustwide/rustup-home:ro,Z" "-m" "1610612736" "--network" "none" "ghcr.io/rust-lang/crates-build-env/linux@sha256:77db811e55d90add9212f6832c23229e3de5f1c1f9905e8cb07319ea15df73ac" "sleep" "infinity", kill_on_drop: false }`
[INFO] [stdout] bc0a4c6214ba51c7790bf033c8511a9552e1d726fc492019d5919e0b97b973a8
[INFO] running `Command { std: "docker" "start" "bc0a4c6214ba51c7790bf033c8511a9552e1d726fc492019d5919e0b97b973a8", kill_on_drop: false }`
[INFO] running `Command { std: "docker" "inspect" "bc0a4c6214ba51c7790bf033c8511a9552e1d726fc492019d5919e0b97b973a8", kill_on_drop: false }`
[INFO] running `Command { std: "docker" "exec" "-e" "SOURCE_DIR=/opt/rustwide/workdir" "-e" "CARGO_HOME=/opt/rustwide/cargo-home" "-e" "RUSTUP_HOME=/opt/rustwide/rustup-home" "-e" "CARGO_TARGET_DIR=/opt/rustwide/target" "-w" "/opt/rustwide/workdir" "--user" "0:0" "bc0a4c6214ba51c7790bf033c8511a9552e1d726fc492019d5919e0b97b973a8" "/opt/rustwide/cargo-home/bin/cargo" "+3154cc1a3e6424e44f438a95007d043ed5ceaaf6" "metadata" "--no-deps" "--format-version=1", kill_on_drop: false }`
[INFO] running `Command { std: "docker" "inspect" "bc0a4c6214ba51c7790bf033c8511a9552e1d726fc492019d5919e0b97b973a8", kill_on_drop: false }`
[INFO] running `Command { std: "docker" "exec" "-e" "SOURCE_DIR=/opt/rustwide/workdir" "-e" "CARGO_HOME=/opt/rustwide/cargo-home" "-e" "RUSTUP_HOME=/opt/rustwide/rustup-home" "-e" "CARGO_TARGET_DIR=/opt/rustwide/target" "-e" "CARGO_INCREMENTAL=0" "-e" "RUST_BACKTRACE=full" "-e" "RUSTFLAGS=--cap-lints=forbid -Znext-solver=coherence" "-e" "RUSTDOCFLAGS=--cap-lints=forbid" "-w" "/opt/rustwide/workdir" "--user" "0:0" "bc0a4c6214ba51c7790bf033c8511a9552e1d726fc492019d5919e0b97b973a8" "/opt/rustwide/cargo-home/bin/cargo" "+3154cc1a3e6424e44f438a95007d043ed5ceaaf6" "check" "--frozen" "--all" "--all-targets" "--message-format=json", kill_on_drop: false }`
[INFO] [stderr] warning: unused workspace dependency `insta`
[INFO] [stderr]   --> Cargo.toml:18:1
[INFO] [stderr]    |
[INFO] [stderr] 18 | insta = "1"
[INFO] [stderr]    | ^^^^^
[INFO] [stderr]    |
[INFO] [stderr]    = note: `cargo::unused_workspace_dependencies` is set to `warn` by default
[INFO] [stderr] help: consider removing the workspace dependency `insta`
[INFO] [stderr] warning: unused workspace dependency `mb-clipboard`
[INFO] [stderr]   --> Cargo.toml:34:25
[INFO] [stderr]    |
[INFO] [stderr] 34 | [workspace.dependencies.mb-clipboard]
[INFO] [stderr]    |                         ^^^^^^^^^^^^
[INFO] [stderr]    |
[INFO] [stderr] help: consider removing the workspace dependency `mb-clipboard`
[INFO] [stderr] warning: unused workspace dependency `mb-transfer`
[INFO] [stderr]   --> Cargo.toml:67:25
[INFO] [stderr]    |
[INFO] [stderr] 67 | [workspace.dependencies.mb-transfer]
[INFO] [stderr]    |                         ^^^^^^^^^^^
[INFO] [stderr]    |
[INFO] [stderr] help: consider removing the workspace dependency `mb-transfer`
[INFO] [stderr] warning: unused workspace dependency `objc2`
[INFO] [stderr]   --> Cargo.toml:19:1
[INFO] [stderr]    |
[INFO] [stderr] 19 | objc2 = "0.6"
[INFO] [stderr]    | ^^^^^
[INFO] [stderr]    |
[INFO] [stderr] help: consider removing the workspace dependency `objc2`
[INFO] [stderr] warning: unused workspace dependency `objc2-foundation`
[INFO] [stderr]   --> Cargo.toml:20:1
[INFO] [stderr]    |
[INFO] [stderr] 20 | objc2-foundation = "0.3"
[INFO] [stderr]    | ^^^^^^^^^^^^^^^^
[INFO] [stderr]    |
[INFO] [stderr] help: consider removing the workspace dependency `objc2-foundation`
[INFO] [stderr] warning: unused workspace dependency `serde_json`
[INFO] [stderr]   --> Cargo.toml:22:1
[INFO] [stderr]    |
[INFO] [stderr] 22 | serde_json = "1"
[INFO] [stderr]    | ^^^^^^^^^^
[INFO] [stderr]    |
[INFO] [stderr] help: consider removing the workspace dependency `serde_json`
[INFO] [stderr] warning: unused field `authors` in `workspace.package`
[INFO] [stderr]    --> Cargo.toml:101:1
[INFO] [stderr]     |
[INFO] [stderr] 101 | authors = ["MouseBridge contributors"]
[INFO] [stderr]     | ^^^^^^^
[INFO] [stderr]     |
[INFO] [stderr]     = note: `cargo::unused_workspace_package_fields` is set to `warn` by default
[INFO] [stderr] help: consider removing the field `workspace.package.authors`
[INFO] [stderr] warning: unused field `repository` in `workspace.package`
[INFO] [stderr]    --> Cargo.toml:104:1
[INFO] [stderr]     |
[INFO] [stderr] 104 | repository = "https://github.com/mousebridge/mousebridge"
[INFO] [stderr]     | ^^^^^^^^^^
[INFO] [stderr]     |
[INFO] [stderr] help: consider removing the field `workspace.package.repository`
[INFO] [stderr] warning: workspace (manifest) generated 8 warnings
[INFO] [stderr]     Checking once_cell v1.21.4
[INFO] [stderr]    Compiling serde_core v1.0.229
[INFO] [stderr]    Compiling indexmap v2.14.1
[INFO] [stderr]     Checking memchr v2.8.3
[INFO] [stderr]    Compiling serde v1.0.229
[INFO] [stderr]    Compiling thiserror v2.0.20
[INFO] [stderr]    Compiling getrandom v0.3.4
[INFO] [stderr]    Compiling syn v3.0.4
[INFO] [stderr]    Compiling syn v2.0.119
[INFO] [stderr]     Checking futures-core v0.3.34
[INFO] [stderr]     Checking rand_core v0.10.1
[INFO] [stderr]    Compiling generic-array v0.14.7
[INFO] [stderr]     Checking typenum v1.20.1
[INFO] [stderr]    Compiling getrandom v0.4.3
[INFO] [stderr]     Checking byteorder v1.5.0
[INFO] [stderr]     Checking log v0.4.34
[INFO] [stderr]     Checking regex-syntax v0.8.11
[INFO] [stderr]     Checking tracing-core v0.1.36
[INFO] [stderr]     Checking cpufeatures v0.2.17
[INFO] [stderr]    Compiling libc v0.2.189
[INFO] [stderr]     Checking fastrand v2.5.0
[INFO] [stderr]     Checking spin v0.9.9
[INFO] [stderr]    Compiling heapless v0.7.17
[INFO] [stderr]     Checking num-conv v0.2.2
[INFO] [stderr]     Checking futures-task v0.3.34
[INFO] [stderr]     Checking powerfmt v0.2.0
[INFO] [stderr]     Checking time-core v0.1.9
[INFO] [stderr]     Checking deranged v0.5.8
[INFO] [stderr]     Checking bytes v1.12.1
[INFO] [stderr]     Checking hash32 v0.2.1
[INFO] [stderr]     Checking futures-channel v0.3.34
[INFO] [stderr]     Checking socket2 v0.6.5
[INFO] [stderr]     Checking winnow v1.0.4
[INFO] [stderr]     Checking fnv v1.0.7
[INFO] [stderr]    Compiling ring v0.17.14
[INFO] [stderr]     Checking toml_writer v1.1.2+spec-1.1.0
[INFO] [stderr]    Compiling litemap v0.8.3
[INFO] [stderr]    Compiling writeable v0.6.4
[INFO] [stderr]    Compiling rustix v1.1.4
[INFO] [stderr]     Checking mio v1.2.2
[INFO] [stderr]     Checking getrandom v0.2.17
[INFO] [stderr]    Compiling serde_json v1.0.151
[INFO] [stderr]     Checking linux-raw-sys v0.12.1
[INFO] [stderr]     Checking untrusted v0.9.0
[INFO] [stderr]     Checking zeroize v1.9.0
[INFO] [stderr]    Compiling gio v0.18.4
[INFO] [stderr]    Compiling parking_lot_core v0.9.12
[INFO] [stderr]    Compiling icu_properties_data v2.3.0
[INFO] [stderr]    Compiling icu_normalizer_data v2.3.0
[INFO] [stderr]     Checking futures-io v0.3.34
[INFO] [stderr]     Checking toml_parser v1.1.3+spec-1.1.0
[INFO] [stderr]     Checking rustls-pki-types v1.15.1
[INFO] [stderr]    Compiling zmij v1.0.23
[INFO] [stderr]    Compiling rustls v0.23.43
[INFO] [stderr]    Compiling web_atoms v0.2.6
[INFO] [stderr]     Checking aho-corasick v1.1.5
[INFO] [stderr]     Checking subtle v2.6.1
[INFO] [stderr]    Compiling zerocopy v0.8.56
[INFO] [stderr]     Checking rand_core v0.9.5
[INFO] [stderr]     Checking base64 v0.23.1
[INFO] [stderr]    Compiling parking_lot v0.12.5
[INFO] [stderr]     Checking crypto-common v0.1.7
[INFO] [stderr]     Checking block-buffer v0.10.4
[INFO] [stderr]     Checking option-ext v0.2.0
[INFO] [stderr]     Checking cpufeatures v0.3.1
[INFO] [stderr]     Checking digest v0.10.7
[INFO] [stderr]    Compiling crc32fast v1.5.1
[INFO] [stderr]     Checking chacha20 v0.10.2
[INFO] [stderr]     Checking dirs-sys v0.5.0
[INFO] [stderr]    Compiling memoffset v0.9.1
[INFO] [stderr]     Checking pem v4.0.0
[INFO] [stderr]    Compiling string_cache v0.9.0
[INFO] [stderr]    Compiling uuid v1.26.0
[INFO] [stderr]     Checking sha2 v0.10.9
[INFO] [stderr]    Compiling quinn-udp v0.5.15
[INFO] [stderr]    Compiling typeid v1.0.3
[INFO] [stderr]    Compiling num-traits v0.2.19
[INFO] [stderr]     Checking time v0.3.55
[INFO] [stderr]     Checking tinyvec_macros v0.1.1
[INFO] [stderr]    Compiling regex-automata v0.4.18
[INFO] [stderr]     Checking tinyvec v1.12.0
[INFO] [stderr]    Compiling field-offset v0.3.6
[INFO] [stderr]     Checking rand v0.10.2
[INFO] [stderr]    Compiling quinn v0.11.11
[INFO] [stderr]    Compiling erased-serde v0.4.10
[INFO] [stderr]     Checking rand_pcg v0.10.2
[INFO] [stderr]    Compiling thiserror v1.0.69
[INFO] [stderr]     Checking wait-timeout v0.2.1
[INFO] [stderr]    Compiling gtk v0.18.2
[INFO] [stderr]     Checking lru-slab v0.1.2
[INFO] [stderr]     Checking quick-error v1.2.3
[INFO] [stderr]     Checking bit-vec v0.8.0
[INFO] [stderr]     Checking bitflags v2.13.1
[INFO] [stderr]     Checking toml_datetime v1.1.1+spec-1.1.0
[INFO] [stderr]     Checking serde_spanned v1.1.1
[INFO] [stderr]     Checking rustc-hash v2.1.3
[INFO] [stderr]    Compiling cfb v0.7.3
[INFO] [stderr]     Checking toml v1.1.4+spec-1.1.0
[INFO] [stderr]     Checking bit-set v0.8.0
[INFO] [stderr]     Checking crossbeam-channel v0.5.16
[INFO] [stderr]     Checking rand_xorshift v0.4.0
[INFO] [stderr]     Checking rand v0.9.5
[INFO] [stderr]    Compiling anyhow v1.0.104
[INFO] [stderr]     Checking futures-sink v0.3.34
[INFO] [stderr]     Checking unarray v0.1.4
[INFO] [stderr]    Compiling infer v0.19.0
[INFO] [stderr]     Checking flume v0.12.0
[INFO] [stderr]    Compiling serde-untagged v0.1.9
[INFO] [stderr]     Checking socket-pktinfo v0.4.1
[INFO] [stderr]     Checking if-addrs v0.15.0
[INFO] [stderr]    Compiling x11 v2.21.0
[INFO] [stderr]     Checking form_urlencoded v1.2.2
[INFO] [stderr]     Checking mdns-sd v0.21.1
[INFO] [stderr]    Compiling embed-resource v3.0.11
[INFO] [stderr]     Checking unic-char-range v0.9.0
[INFO] [stderr]     Checking alloc-no-stdlib v2.0.4
[INFO] [stderr]     Checking unic-common v0.9.0
[INFO] [stderr]     Checking alloc-stdlib v0.2.4
[INFO] [stderr]     Checking unic-char-property v0.9.0
[INFO] [stderr]     Checking sharded-slab v0.1.7
[INFO] [stderr]     Checking unic-ucd-version v0.9.0
[INFO] [stderr]     Checking tempfile v3.27.0
[INFO] [stderr]    Compiling dirs v6.0.0
[INFO] [stderr]    Compiling tauri-winres v0.3.6
[INFO] [stderr]    Compiling miniz_oxide v0.9.1
[INFO] [stderr]     Checking rusty-fork v0.3.1
[INFO] [stderr]     Checking directories v6.0.0
[INFO] [stderr]    Compiling synstructure v0.13.2
[INFO] [stderr]    Compiling darling_core v0.23.0
[INFO] [stderr]    Compiling serde_derive_internals v0.29.1
[INFO] [stderr]     Checking tracing-log v0.2.0
[INFO] [stderr]    Compiling libdbus-sys v0.2.7
[INFO] [stderr]    Compiling cookie v0.18.2
[INFO] [stderr]    Compiling x11-dl v2.21.0
[INFO] [stderr]     Checking thread_local v1.1.10
[INFO] [stderr]     Checking nu-ansi-term v0.50.3
[INFO] [stderr]     Checking siphasher v1.0.3
[INFO] [stderr]     Checking phf_shared v0.13.1
[INFO] [stderr]     Checking yasna v0.6.0
[INFO] [stderr]    Compiling flate2 v1.1.10
[INFO] [stderr]     Checking matchers v0.2.0
[INFO] [stderr]    Compiling regex v1.13.1
[INFO] [stderr]    Compiling serde_derive v1.0.229
[INFO] [stderr]    Compiling thiserror-impl v2.0.20
[INFO] [stderr]    Compiling zerovec-derive v0.11.6
[INFO] [stderr]    Compiling displaydoc v0.2.7
[INFO] [stderr]    Compiling futures-macro v0.3.34
[INFO] [stderr]    Compiling tokio-macros v2.7.2
[INFO] [stderr]     Checking unic-ucd-ident v0.9.0
[INFO] [stderr]     Checking brotli-decompressor v5.0.3
[INFO] [stderr]     Checking http v1.5.0
[INFO] [stderr]     Checking quick-xml v0.41.0
[INFO] [stderr]     Checking symlink v0.1.0
[INFO] [stderr]     Checking base64 v0.22.1
[INFO] [stderr]    Compiling zerofrom-derive v0.1.7
[INFO] [stderr]    Compiling yoke-derive v0.8.2
[INFO] [stderr]    Compiling thiserror-impl v1.0.69
[INFO] [stderr]    Compiling tracing-attributes v0.1.31
[INFO] [stderr]    Compiling phf_macros v0.13.1
[INFO] [stderr]     Checking futures-util v0.3.34
[INFO] [stderr]     Checking tokio v1.53.1
[INFO] [stderr]    Compiling derive_more-impl v2.1.1
[INFO] [stderr]    Compiling cssparser-macros v0.6.1
[INFO] [stderr]     Checking ppv-lite86 v0.2.21
[INFO] [stderr]    Compiling phf v0.13.1
[INFO] [stderr]    Compiling schemars_derive v0.8.22
[INFO] [stderr]    Compiling cssparser v0.36.0
[INFO] [stderr]     Checking rand_chacha v0.9.0
[INFO] [stderr]     Checking rustls-webpki v0.103.15
[INFO] [stderr]     Checking cobs v0.3.0
[INFO] [stderr]     Checking rcgen v0.14.10
[INFO] [stderr]     Checking proptest v1.11.0
[INFO] [stderr]     Checking same-file v1.0.6
[INFO] [stderr]     Checking tracing v0.1.44
[INFO] [stderr]     Checking walkdir v2.5.0
[INFO] [stderr]    Compiling zerofrom v0.1.8
[INFO] [stderr]     Checking brotli v8.0.4
[INFO] [stderr]    Compiling yoke v0.8.3
[INFO] [stderr]    Compiling dlopen2_derive v0.4.3
[INFO] [stderr]    Compiling png v0.17.16
[INFO] [stderr]    Compiling zerovec v0.11.8
[INFO] [stderr]    Compiling zerotrie v0.2.5
[INFO] [stderr]    Compiling derive_more v2.1.1
[INFO] [stderr]    Compiling markup5ever v0.38.0
[INFO] [stderr]    Compiling selectors v0.36.1
[INFO] [stderr]    Compiling html5ever v0.38.0
[INFO] [stderr]    Compiling darling_macro v0.23.0
[INFO] [stderr]     Checking tinystr v0.8.4
[INFO] [stderr]    Compiling potential_utf v0.1.6
[INFO] [stderr]     Checking icu_locale_core v2.3.0
[INFO] [stderr]     Checking futures-executor v0.3.34
[INFO] [stderr]    Compiling icu_collections v2.3.0
[INFO] [stderr]    Compiling darling v0.23.0
[INFO] [stderr]    Compiling serde_with_macros v3.22.0
[INFO] [stderr]     Checking ctor v0.8.0
[INFO] [stderr]     Checking libloading v0.7.4
[INFO] [stderr]     Checking dunce v1.0.5
[INFO] [stderr]     Checking glob v0.3.4
[INFO] [stderr]     Checking icu_provider v2.3.1
[INFO] [stderr]     Checking semver v1.0.28
[INFO] [stderr]     Checking unicode-segmentation v1.13.3
[INFO] [stderr]    Compiling toml_datetime v0.6.3
[INFO] [stderr]    Compiling serde_spanned v0.6.9
[INFO] [stderr]    Compiling cargo-platform v0.1.9
[INFO] [stderr]    Compiling jsonptr v0.6.3
[INFO] [stderr]    Compiling indexmap v1.9.3
[INFO] [stderr]    Compiling toml_edit v0.20.2
[INFO] [stderr]    Compiling toml_edit v0.19.15
[INFO] [stderr]    Compiling cargo_metadata v0.19.2
[INFO] [stderr]     Checking mb-types v0.1.0 (/opt/rustwide/workdir/crates/mb-types)
[INFO] [stderr]    Compiling dom_query v0.27.0
[INFO] [stderr]    Compiling json-patch v3.0.1
[INFO] [stderr]    Compiling serde_with v3.22.0
[INFO] [stderr]     Checking mb-input v0.1.0 (/opt/rustwide/workdir/crates/mb-input)
[INFO] [stderr]     Checking postcard v1.1.3
[INFO] [stderr]     Checking icu_properties v2.3.0
[INFO] [stderr]     Checking icu_normalizer v2.3.0
[INFO] [stderr]    Compiling plist v1.10.0
[INFO] [stderr]     Checking mb-platform v0.1.0 (/opt/rustwide/workdir/crates/mb-platform)
[INFO] [stderr]     Checking dpi v0.1.2
[INFO] [stderr]     Checking mb-protocol v0.1.0 (/opt/rustwide/workdir/crates/mb-protocol)
[INFO] [stderr]     Checking tracing-serde v0.2.0
[INFO] [stderr]    Compiling cargo_toml v0.22.3
[INFO] [stderr]     Checking tracing-subscriber v0.3.23
[INFO] [stderr]     Checking mb-input-native v0.1.0 (/opt/rustwide/workdir/crates/mb-input-native)
[INFO] [stderr]     Checking mb-topology v0.1.0 (/opt/rustwide/workdir/crates/mb-topology)
[INFO] [stderr]     Checking mb-discovery v0.1.0 (/opt/rustwide/workdir/crates/mb-discovery)
[INFO] [stderr]     Checking mb-config v0.1.0 (/opt/rustwide/workdir/crates/mb-config)
[INFO] [stderr]     Checking quinn-proto v0.11.17
[INFO] [stderr]     Checking mb-security v0.1.0 (/opt/rustwide/workdir/crates/mb-security)
[INFO] [stderr]     Checking idna_adapter v1.2.2
[INFO] [stderr]     Checking keyboard-types v0.7.0
[INFO] [stderr]     Checking idna v1.1.0
[INFO] [stderr]    Compiling tauri-runtime v2.11.3
[INFO] [stderr]    Compiling ico v0.5.0
[INFO] [stderr]    Compiling toml v0.8.2
[INFO] [stderr]    Compiling proc-macro-crate v2.0.2
[INFO] [stderr]    Compiling proc-macro-crate v1.3.1
[INFO] [stderr]    Compiling system-deps v6.2.2
[INFO] [stderr]     Checking url v2.5.8
[INFO] [stderr]     Checking dbus v0.9.12
[INFO] [stderr]     Checking dlopen2 v0.8.2
[INFO] [stderr]     Checking fdeflate v0.3.7
[INFO] [stderr]    Compiling tauri-runtime-wry v2.11.4
[INFO] [stderr]    Compiling serialize-to-javascript-impl v0.1.2
[INFO] [stderr]    Compiling serde_repr v0.1.21
[INFO] [stderr]     Checking heck v0.5.0
[INFO] [stderr]     Checking tracing-appender v0.2.5
[INFO] [stderr]     Checking png v0.18.1
[INFO] [stderr]     Checking urlpattern v0.3.0
[INFO] [stderr]     Checking mime v0.3.17
[INFO] [stderr]     Checking xtask v0.1.0 (/opt/rustwide/workdir/xtask)
[INFO] [stderr]     Checking serialize-to-javascript v0.1.2
[INFO] [stderr]     Checking mb-transfer v0.1.0 (/opt/rustwide/workdir/crates/mb-transfer)
[INFO] [stderr]     Checking mb-clipboard v0.1.0 (/opt/rustwide/workdir/crates/mb-clipboard)
[INFO] [stderr]    Compiling glib-macros v0.18.5
[INFO] [stderr]    Compiling glib-sys v0.18.1
[INFO] [stdout] error[E0433]: cannot find module or crate `core_graphics` in this scope
[INFO] [stdout]    --> crates/mb-input-native/examples/input-check.rs:195:9
[INFO] [stdout]     |
[INFO] [stdout] 195 |     use core_graphics::event::CGEvent;
[INFO] [stdout]     |         ^^^^^^^^^^^^^ use of unresolved module or unlinked crate `core_graphics`
[INFO] [stdout]     |
[INFO] [stdout]     = help: if you wanted to use a crate named `core_graphics`, use `cargo add core_graphics` to add it to your `Cargo.toml`
[INFO] [stdout] 
[INFO] [stdout] 
[INFO] [stdout] error[E0433]: cannot find module or crate `core_graphics` in this scope
[INFO] [stdout]    --> crates/mb-input-native/examples/input-check.rs:196:9
[INFO] [stdout]     |
[INFO] [stdout] 196 |     use core_graphics::event_source::{CGEventSource, CGEventSourceStateID};
[INFO] [stdout]     |         ^^^^^^^^^^^^^ use of unresolved module or unlinked crate `core_graphics`
[INFO] [stdout]     |
[INFO] [stdout]     = help: if you wanted to use a crate named `core_graphics`, use `cargo add core_graphics` to add it to your `Cargo.toml`
[INFO] [stdout] 
[INFO] [stdout] 
[INFO] [stdout] error[E0432]: unresolved imports `mb_input_native::macos::MacCapture`, `mb_input_native::macos::MacInjector`
[INFO] [stdout]   --> crates/mb-input-native/examples/input-check.rs:26:30
[INFO] [stdout]    |
[INFO] [stdout] 26 | use mb_input_native::macos::{MacCapture, MacInjector};
[INFO] [stdout]    |                              ^^^^^^^^^^  ^^^^^^^^^^^ no `MacInjector` in `macos`
[INFO] [stdout]    |                              |
[INFO] [stdout]    |                              no `MacCapture` in `macos`
[INFO] [stdout]    |
[INFO] [stdout] note: found an item that was configured out
[INFO] [stdout]   --> crates/mb-input-native/src/macos/mod.rs:17:35
[INFO] [stdout]    |
[INFO] [stdout] 16 | #[cfg(target_os = "macos")]
[INFO] [stdout]    |       ------------------- the item is gated behind the `macos` feature
[INFO] [stdout] 17 | pub use tap::{CaptureDiagnostics, MacCapture};
[INFO] [stdout]    |                                   ^^^^^^^^^^
[INFO] [stdout] note: found an item that was configured out
[INFO] [stdout]   --> crates/mb-input-native/src/macos/mod.rs:15:36
[INFO] [stdout]    |
[INFO] [stdout] 14 | #[cfg(target_os = "macos")]
[INFO] [stdout]    |       ------------------- the item is gated behind the `macos` feature
[INFO] [stdout] 15 | pub use inject::{INJECTION_MARKER, MacInjector};
[INFO] [stdout]    |                                    ^^^^^^^^^^^
[INFO] [stdout] 
[INFO] [stdout] 
[INFO] [stderr]    Compiling gobject-sys v0.18.0
[INFO] [stderr]    Compiling gio-sys v0.18.1
[INFO] [stdout] Some errors have detailed explanations: E0432, E0433.
[INFO] [stdout] 
[INFO] [stdout] For more information about an error, try `rustc --explain E0432`.
[INFO] [stdout] 
[INFO] [stderr]    Compiling gdk-sys v0.18.2
[INFO] [stderr] error: could not compile `mb-input-native` (example "input-check") due to 3 previous errors
[INFO] [stderr] warning: build failed, waiting for other jobs to finish...
[INFO] running `Command { std: "docker" "inspect" "bc0a4c6214ba51c7790bf033c8511a9552e1d726fc492019d5919e0b97b973a8", kill_on_drop: false }`
[INFO] running `Command { std: "docker" "rm" "-f" "bc0a4c6214ba51c7790bf033c8511a9552e1d726fc492019d5919e0b97b973a8", kill_on_drop: false }`
[INFO] [stdout] bc0a4c6214ba51c7790bf033c8511a9552e1d726fc492019d5919e0b97b973a8
