[INFO] cloning repository https://github.com/spacelix/nerd
[INFO] running `Command { std: "git" "-c" "credential.helper=" "-c" "credential.helper=/workspace/cargo-home/bin/git-credential-null" "clone" "--bare" "https://github.com/spacelix/nerd" "/workspace/cache/git-repos/https%3A%2F%2Fgithub.com%2Fspacelix%2Fnerd", kill_on_drop: false }`
[INFO] [stderr] Cloning into bare repository '/workspace/cache/git-repos/https%3A%2F%2Fgithub.com%2Fspacelix%2Fnerd'...
[INFO] running `Command { std: "git" "rev-parse" "HEAD", kill_on_drop: false }`
[INFO] [stdout] 623c5aca03c69b5475054f33768638f4e029975e
[INFO] checking spacelix/nerd against 3154cc1a3e6424e44f438a95007d043ed5ceaaf6+rustflags=-Znext-solver=coherence for pr-133502-30
[INFO] running `Command { std: "git" "clone" "/workspace/cache/git-repos/https%3A%2F%2Fgithub.com%2Fspacelix%2Fnerd" "/workspace/builds/worker-5-tc1/source", kill_on_drop: false }`
[INFO] [stderr] Cloning into '/workspace/builds/worker-5-tc1/source'...
[INFO] [stderr] done.
[INFO] removed /workspace/builds/worker-5-tc1/source/rust-toolchain.toml
[INFO] started tweaking git repo https://github.com/spacelix/nerd
[INFO] finished tweaking git repo https://github.com/spacelix/nerd
[INFO] tweaked toml for git repo https://github.com/spacelix/nerd written to /workspace/builds/worker-5-tc1/source/Cargo.toml
[INFO] validating manifest of git repo https://github.com/spacelix/nerd on toolchain 3154cc1a3e6424e44f438a95007d043ed5ceaaf6
[INFO] running `Command { std: CARGO_HOME="/workspace/cargo-home" RUSTUP_HOME="/workspace/rustup-home" "/workspace/cargo-home/bin/cargo" "+3154cc1a3e6424e44f438a95007d043ed5ceaaf6" "metadata" "--manifest-path" "Cargo.toml" "--no-deps", kill_on_drop: false }`
[INFO] crate git repo https://github.com/spacelix/nerd already has a lockfile, it will not be regenerated
[INFO] running `Command { std: CARGO_HOME="/workspace/cargo-home" RUSTUP_HOME="/workspace/rustup-home" "/workspace/cargo-home/bin/cargo" "+3154cc1a3e6424e44f438a95007d043ed5ceaaf6" "fetch" "--manifest-path" "Cargo.toml", kill_on_drop: false }`
[INFO] [stderr]     Updating crates.io index
[INFO] [stderr]  Downloading crates ...
[INFO] [stderr]   Downloaded jsonschema-regex v0.49.9
[INFO] [stderr]   Downloaded micromap v0.3.0
[INFO] [stderr]   Downloaded referencing v0.49.9
[INFO] [stderr]   Downloaded jsonschema-value v0.49.9
[INFO] [stderr]   Downloaded rusqlite v0.40.2
[INFO] [stderr]   Downloaded fancy-regex v0.19.0
[INFO] [stderr]   Downloaded rcgen v0.14.9
[INFO] [stderr]   Downloaded jsonschema v0.49.9
[INFO] [stderr]   Downloaded hickory-server v0.26.1
[INFO] [stderr]   Downloaded libsqlite3-sys v0.38.2
[INFO] running `Command { std: "docker" "create" "-v" "/var/lib/crater-agent-workspace/builds/worker-5-tc1/source:/opt/rustwide/workdir:ro,Z" "-v" "/var/lib/crater-agent-workspace/builds/worker-5-tc1/target:/opt/rustwide/target:rw,Z" "-v" "/var/lib/crater-agent-workspace/cargo-home:/opt/rustwide/cargo-home:ro,Z" "-v" "/var/lib/crater-agent-workspace/rustup-home:/opt/rustwide/rustup-home:ro,Z" "-m" "1610612736" "--network" "none" "ghcr.io/rust-lang/crates-build-env/linux@sha256:77db811e55d90add9212f6832c23229e3de5f1c1f9905e8cb07319ea15df73ac" "sleep" "infinity", kill_on_drop: false }`
[INFO] [stdout] 99a1b2adf3f2ecd6dcbd056b2568bbbb63bd81aac18ee4b9a57269a12fcbaab4
[INFO] running `Command { std: "docker" "start" "99a1b2adf3f2ecd6dcbd056b2568bbbb63bd81aac18ee4b9a57269a12fcbaab4", kill_on_drop: false }`
[INFO] running `Command { std: "docker" "inspect" "99a1b2adf3f2ecd6dcbd056b2568bbbb63bd81aac18ee4b9a57269a12fcbaab4", kill_on_drop: false }`
[INFO] running `Command { std: "docker" "exec" "-e" "SOURCE_DIR=/opt/rustwide/workdir" "-e" "CARGO_HOME=/opt/rustwide/cargo-home" "-e" "RUSTUP_HOME=/opt/rustwide/rustup-home" "-e" "CARGO_TARGET_DIR=/opt/rustwide/target" "-w" "/opt/rustwide/workdir" "--user" "0:0" "99a1b2adf3f2ecd6dcbd056b2568bbbb63bd81aac18ee4b9a57269a12fcbaab4" "/opt/rustwide/cargo-home/bin/cargo" "+3154cc1a3e6424e44f438a95007d043ed5ceaaf6" "metadata" "--no-deps" "--format-version=1", kill_on_drop: false }`
[INFO] running `Command { std: "docker" "inspect" "99a1b2adf3f2ecd6dcbd056b2568bbbb63bd81aac18ee4b9a57269a12fcbaab4", kill_on_drop: false }`
[INFO] running `Command { std: "docker" "exec" "-e" "SOURCE_DIR=/opt/rustwide/workdir" "-e" "CARGO_HOME=/opt/rustwide/cargo-home" "-e" "RUSTUP_HOME=/opt/rustwide/rustup-home" "-e" "CARGO_TARGET_DIR=/opt/rustwide/target" "-e" "CARGO_INCREMENTAL=0" "-e" "RUST_BACKTRACE=full" "-e" "RUSTFLAGS=--cap-lints=forbid -Znext-solver=coherence" "-e" "RUSTDOCFLAGS=--cap-lints=forbid" "-w" "/opt/rustwide/workdir" "--user" "0:0" "99a1b2adf3f2ecd6dcbd056b2568bbbb63bd81aac18ee4b9a57269a12fcbaab4" "/opt/rustwide/cargo-home/bin/cargo" "+3154cc1a3e6424e44f438a95007d043ed5ceaaf6" "check" "--frozen" "--all" "--all-targets" "--message-format=json", kill_on_drop: false }`
[INFO] [stderr]    Compiling serde v1.0.229
[INFO] [stderr]    Compiling portable-atomic v1.15.0
[INFO] [stderr]    Compiling serde_json v1.0.151
[INFO] [stderr]    Compiling getrandom v0.4.3
[INFO] [stderr]    Compiling num-traits v0.2.19
[INFO] [stderr]    Compiling fs_extra v1.3.0
[INFO] [stderr]    Compiling syn v3.0.3
[INFO] [stderr]    Compiling syn v2.0.119
[INFO] [stderr]    Compiling aws-lc-rs v1.18.0
[INFO] [stderr]    Compiling cmake v0.1.58
[INFO] [stderr]     Checking futures-channel v0.3.34
[INFO] [stderr]     Checking data-encoding v2.11.1
[INFO] [stderr]    Compiling rustls v0.23.43
[INFO] [stderr]    Compiling thiserror v2.0.20
[INFO] [stderr]     Checking windows-link v0.2.1
[INFO] [stderr]     Checking chacha20 v0.10.1
[INFO] [stderr]     Checking windows-sys v0.61.2
[INFO] [stderr]    Compiling vcpkg v0.2.15
[INFO] [stderr]     Checking deranged v0.5.8
[INFO] [stderr]    Compiling zerocopy v0.8.56
[INFO] [stderr]     Checking tinyvec v1.12.0
[INFO] [stderr]     Checking uuid v1.24.0
[INFO] [stderr]     Checking rand v0.10.2
[INFO] [stderr]    Compiling ahash v0.8.12
[INFO] [stderr]    Compiling aws-lc-sys v0.44.0
[INFO] [stderr]     Checking bitflags v2.13.1
[INFO] [stderr]     Checking rustls-native-certs v0.8.4
[INFO] [stderr]     Checking getrandom v0.3.4
[INFO] [stderr]     Checking crypto-common v0.2.2
[INFO] [stderr]     Checking aho-corasick v1.1.5
[INFO] [stderr]     Checking bumpalo v3.20.3
[INFO] [stderr]     Checking simd-adler32 v0.3.10
[INFO] [stderr]     Checking either v1.17.0
[INFO] [stderr]     Checking once_cell v1.21.4
[INFO] [stderr]    Compiling libsqlite3-sys v0.38.2
[INFO] [stderr]     Checking zlib-rs v0.6.7
[INFO] [stderr]     Checking zopfli v0.8.3
[INFO] [stderr]     Checking parking_lot_core v0.9.12
[INFO] [stderr]     Checking tracing-core v0.1.36
[INFO] [stderr]     Checking num-integer v0.1.47
[INFO] [stderr]     Checking num-complex v0.4.6
[INFO] [stderr]     Checking thread_local v1.1.10
[INFO] [stderr]    Compiling unicode-general-category v1.1.0
[INFO] [stderr]     Checking tracing v0.1.44
[INFO] [stderr]     Checking fallible-streaming-iterator v0.1.9
[INFO] [stderr]     Checking num-bigint v0.4.8
[INFO] [stderr]     Checking num-iter v0.1.46
[INFO] [stderr]     Checking digest v0.11.3
[INFO] [stderr]     Checking typed-path v0.12.3
[INFO] [stderr]     Checking borrow-or-share v0.2.4
[INFO] [stderr]     Checking bit-vec v0.8.0
[INFO] [stderr]     Checking fallible-iterator v0.3.0
[INFO] [stderr]     Checking sha2 v0.11.0
[INFO] [stderr]     Checking parking_lot v0.12.5
[INFO] [stderr]     Checking micromap v0.3.0
[INFO] [stderr]     Checking regex-automata v0.4.18
[INFO] [stderr]     Checking bit-set v0.8.0
[INFO] [stderr]     Checking vsimd v0.8.0
[INFO] [stderr]     Checking bytecount v0.6.9
[INFO] [stderr]     Checking time v0.3.55
[INFO] [stderr]     Checking outref v0.5.2
[INFO] [stderr]     Checking num-cmp v0.1.0
[INFO] [stderr]     Checking jsonschema-regex v0.49.9
[INFO] [stderr]     Checking flate2 v1.1.9
[INFO] [stderr]     Checking num-rational v0.4.2
[INFO] [stderr]     Checking uuid-simd v0.8.0
[INFO] [stderr]     Checking zip v8.6.0
[INFO] [stderr]     Checking yasna v0.6.0
[INFO] [stderr]     Checking num v0.4.3
[INFO] [stderr]     Checking fraction v0.15.4
[INFO] [stderr]     Checking rcgen v0.14.9
[INFO] [stderr]    Compiling synstructure v0.13.2
[INFO] [stderr]    Compiling zerofrom-derive v0.1.7
[INFO] [stderr]    Compiling yoke-derive v0.8.2
[INFO] [stderr]    Compiling strum_macros v0.28.0
[INFO] [stderr]     Checking regex v1.13.1
[INFO] [stderr]     Checking fancy-regex v0.19.0
[INFO] [stderr]    Compiling serde_derive v1.0.229
[INFO] [stderr]     Checking zerofrom v0.1.8
[INFO] [stderr]    Compiling zerovec-derive v0.11.4
[INFO] [stderr]    Compiling displaydoc v0.2.7
[INFO] [stderr]    Compiling tokio-macros v2.7.2
[INFO] [stderr]    Compiling futures-macro v0.3.34
[INFO] [stderr]    Compiling thiserror-impl v2.0.20
[INFO] [stderr]    Compiling async-trait v0.1.92
[INFO] [stderr]    Compiling ref-cast-impl v1.0.26
[INFO] [stderr]     Checking yoke v0.8.3
[INFO] [stderr]     Checking futures-util v0.3.34
[INFO] [stderr]     Checking zerotrie v0.2.5
[INFO] [stderr]     Checking ref-cast v1.0.26
[INFO] [stderr]     Checking tokio v1.53.1
[INFO] [stderr]     Checking strum v0.28.0
[INFO] [stderr]     Checking zerovec v0.11.7
[INFO] [stderr]     Checking tinystr v0.8.4
[INFO] [stderr]     Checking potential_utf v0.1.6
[INFO] [stderr]     Checking icu_collections v2.3.0
[INFO] [stderr]     Checking icu_locale_core v2.3.0
[INFO] [stderr]     Checking icu_provider v2.3.0
[INFO] [stderr]     Checking icu_properties v2.3.0
[INFO] [stderr]     Checking icu_normalizer v2.3.0
[INFO] [stderr]     Checking nerd-core v0.1.0-alpha.1 (/opt/rustwide/workdir/crates/nerd-core)
[INFO] [stderr]     Checking ipnet v2.12.1
[INFO] [stderr]     Checking tracing-serde v0.2.0
[INFO] [stderr]     Checking tracing-subscriber v0.3.23
[INFO] [stderr]     Checking fluent-uri v0.4.1
[INFO] [stderr]     Checking jsonschema-value v0.49.9
[INFO] [stderr]     Checking prefix-trie v0.8.4
[INFO] [stderr]     Checking email_address v0.2.9
[INFO] [stderr]     Checking idna_adapter v1.2.2
[INFO] [stderr]     Checking idna v1.1.0
[INFO] [stderr]     Checking url v2.5.8
[INFO] [stderr]     Checking referencing v0.49.9
[INFO] [stderr]     Checking hickory-proto v0.26.1
[INFO] [stderr]     Checking jsonschema v0.49.9
[INFO] [stderr]     Checking nerd-helper v0.1.0-alpha.1 (/opt/rustwide/workdir/crates/nerd-helper)
[INFO] [stderr]     Checking hyper v1.11.0
[INFO] [stderr]     Checking tokio-util v0.7.19
[INFO] [stderr]     Checking tower v0.5.3
[INFO] [stderr]     Checking nerd-cli v0.1.0-alpha.1 (/opt/rustwide/workdir/crates/nerd-cli)
[INFO] [stdout] error[E0433]: cannot find `windows` in `net`
[INFO] [stdout]    --> crates/nerd-cli/src/lib.rs:17:10
[INFO] [stdout]     |
[INFO] [stdout]  17 |     net::windows::named_pipe::{ClientOptions, NamedPipeClient},
[INFO] [stdout]     |          ^^^^^^^ could not find `windows` in `net`
[INFO] [stdout]     |
[INFO] [stdout] note: found an item that was configured out
[INFO] [stdout]    --> /opt/rustwide/cargo-home/registry/src/index.crates.io-1949cf8c6b5b557f/tokio-1.53.1/src/net/mod.rs:63:13
[INFO] [stdout]     |
[INFO] [stdout]  63 |     pub mod windows;
[INFO] [stdout]     |             ^^^^^^^
[INFO] [stdout]     |
[INFO] [stdout]    ::: /opt/rustwide/cargo-home/registry/src/index.crates.io-1949cf8c6b5b557f/tokio-1.53.1/src/macros/cfg.rs:387:26
[INFO] [stdout]     |
[INFO] [stdout] 387 |             #[cfg(all(any(all(doc, docsrs), windows), feature = "net"))]
[INFO] [stdout]     |                          --------------------------- the item is gated here
[INFO] [stdout] 
[INFO] [stdout] 
[INFO] [stdout] error[E0433]: cannot find `windows` in `os`
[INFO] [stdout]  --> crates/nerd-cli/src/windows.rs:5:9
[INFO] [stdout]   |
[INFO] [stdout] 5 |     os::windows::{ffi::OsStringExt, io::AsRawHandle},
[INFO] [stdout]   |         ^^^^^^^ could not find `windows` in `os`
[INFO] [stdout]   |
[INFO] [stdout] note: found an item that was configured out
[INFO] [stdout]  --> /rustc/3154cc1a3e6424e44f438a95007d043ed5ceaaf6/library/std/src/os/mod.rs:62:4
[INFO] [stdout]   |
[INFO] [stdout]   = note: the item is gated behind the `windows` feature
[INFO] [stdout] 
[INFO] [stdout] 
[INFO] [stdout] error[E0433]: cannot find `windows` in `net`
[INFO] [stdout]    --> crates/nerd-cli/src/windows.rs:10:17
[INFO] [stdout]     |
[INFO] [stdout]  10 | use tokio::net::windows::named_pipe::NamedPipeClient;
[INFO] [stdout]     |                 ^^^^^^^ could not find `windows` in `net`
[INFO] [stdout]     |
[INFO] [stdout] note: found an item that was configured out
[INFO] [stdout]    --> /opt/rustwide/cargo-home/registry/src/index.crates.io-1949cf8c6b5b557f/tokio-1.53.1/src/net/mod.rs:63:13
[INFO] [stdout]     |
[INFO] [stdout]  63 |     pub mod windows;
[INFO] [stdout]     |             ^^^^^^^
[INFO] [stdout]     |
[INFO] [stdout]    ::: /opt/rustwide/cargo-home/registry/src/index.crates.io-1949cf8c6b5b557f/tokio-1.53.1/src/macros/cfg.rs:387:26
[INFO] [stdout]     |
[INFO] [stdout] 387 |             #[cfg(all(any(all(doc, docsrs), windows), feature = "net"))]
[INFO] [stdout]     |                          --------------------------- the item is gated here
[INFO] [stdout] 
[INFO] [stdout] 
[INFO] [stdout] error[E0433]: cannot find `windows` in `net`
[INFO] [stdout]    --> crates/nerd-cli/src/lib.rs:17:10
[INFO] [stdout]     |
[INFO] [stdout]  17 |     net::windows::named_pipe::{ClientOptions, NamedPipeClient},
[INFO] [stdout]     |          ^^^^^^^ could not find `windows` in `net`
[INFO] [stdout]     |
[INFO] [stdout] note: found an item that was configured out
[INFO] [stdout]    --> /opt/rustwide/cargo-home/registry/src/index.crates.io-1949cf8c6b5b557f/tokio-1.53.1/src/net/mod.rs:63:13
[INFO] [stdout]     |
[INFO] [stdout]  63 |     pub mod windows;
[INFO] [stdout]     |             ^^^^^^^
[INFO] [stdout]     |
[INFO] [stdout]    ::: /opt/rustwide/cargo-home/registry/src/index.crates.io-1949cf8c6b5b557f/tokio-1.53.1/src/macros/cfg.rs:387:26
[INFO] [stdout]     |
[INFO] [stdout] 387 |             #[cfg(all(any(all(doc, docsrs), windows), feature = "net"))]
[INFO] [stdout]     |                          --------------------------- the item is gated here
[INFO] [stdout] 
[INFO] [stdout] 
[INFO] [stdout] error[E0433]: cannot find `windows` in `os`
[INFO] [stdout]  --> crates/nerd-cli/src/windows.rs:5:9
[INFO] [stdout]   |
[INFO] [stdout] 5 |     os::windows::{ffi::OsStringExt, io::AsRawHandle},
[INFO] [stdout]   |         ^^^^^^^ could not find `windows` in `os`
[INFO] [stdout]   |
[INFO] [stdout] note: found an item that was configured out
[INFO] [stdout]  --> /rustc/3154cc1a3e6424e44f438a95007d043ed5ceaaf6/library/std/src/os/mod.rs:62:4
[INFO] [stdout]   |
[INFO] [stdout]   = note: the item is gated behind the `windows` feature
[INFO] [stdout] 
[INFO] [stdout] 
[INFO] [stdout] error[E0433]: cannot find `windows` in `net`
[INFO] [stdout]    --> crates/nerd-cli/src/windows.rs:10:17
[INFO] [stdout]     |
[INFO] [stdout]  10 | use tokio::net::windows::named_pipe::NamedPipeClient;
[INFO] [stdout]     |                 ^^^^^^^ could not find `windows` in `net`
[INFO] [stdout]     |
[INFO] [stdout] note: found an item that was configured out
[INFO] [stdout]    --> /opt/rustwide/cargo-home/registry/src/index.crates.io-1949cf8c6b5b557f/tokio-1.53.1/src/net/mod.rs:63:13
[INFO] [stdout]     |
[INFO] [stdout]  63 |     pub mod windows;
[INFO] [stdout]     |             ^^^^^^^
[INFO] [stdout]     |
[INFO] [stdout]    ::: /opt/rustwide/cargo-home/registry/src/index.crates.io-1949cf8c6b5b557f/tokio-1.53.1/src/macros/cfg.rs:387:26
[INFO] [stdout]     |
[INFO] [stdout] 387 |             #[cfg(all(any(all(doc, docsrs), windows), feature = "net"))]
[INFO] [stdout]     |                          --------------------------- the item is gated here
[INFO] [stdout] 
[INFO] [stdout] 
[INFO] [stdout] error[E0433]: cannot find `windows` in `net`
[INFO] [stdout]    --> crates/nerd-cli/src/windows.rs:311:21
[INFO] [stdout]     |
[INFO] [stdout] 311 |     use tokio::net::windows::named_pipe::{ClientOptions, ServerOptions};
[INFO] [stdout]     |                     ^^^^^^^ could not find `windows` in `net`
[INFO] [stdout]     |
[INFO] [stdout] note: found an item that was configured out
[INFO] [stdout]    --> /opt/rustwide/cargo-home/registry/src/index.crates.io-1949cf8c6b5b557f/tokio-1.53.1/src/net/mod.rs:63:13
[INFO] [stdout]     |
[INFO] [stdout]  63 |     pub mod windows;
[INFO] [stdout]     |             ^^^^^^^
[INFO] [stdout]     |
[INFO] [stdout]    ::: /opt/rustwide/cargo-home/registry/src/index.crates.io-1949cf8c6b5b557f/tokio-1.53.1/src/macros/cfg.rs:387:26
[INFO] [stdout]     |
[INFO] [stdout] 387 |             #[cfg(all(any(all(doc, docsrs), windows), feature = "net"))]
[INFO] [stdout]     |                          --------------------------- the item is gated here
[INFO] [stdout] 
[INFO] [stdout] 
[INFO] [stdout] error[E0599]: no associated function or constant named `from_wide` found for struct `OsString` in the current scope
[INFO] [stdout]    --> crates/nerd-cli/src/windows.rs:212:32
[INFO] [stdout]     |
[INFO] [stdout] 212 |     Ok(PathBuf::from(OsString::from_wide(&buffer[..length])))
[INFO] [stdout]     |                                ^^^^^^^^^ associated function or constant not found in `OsString`
[INFO] [stdout]     |
[INFO] [stdout] note: if you're trying to build a new `OsString` consider using one of the following associated functions:
[INFO] [stdout]       OsString::new
[INFO] [stdout]       OsString::from_encoded_bytes_unchecked
[INFO] [stdout]       OsString::with_capacity
[INFO] [stdout]    --> /rustc/3154cc1a3e6424e44f438a95007d043ed5ceaaf6/library/std/src/ffi/os_str.rs:134:4
[INFO] [stdout] help: there is an associated function `from_iter` with a similar name
[INFO] [stdout]     |
[INFO] [stdout] 212 -     Ok(PathBuf::from(OsString::from_wide(&buffer[..length])))
[INFO] [stdout] 212 +     Ok(PathBuf::from(OsString::from_iter(&buffer[..length])))
[INFO] [stdout]     |
[INFO] [stdout] 
[INFO] [stdout] 
[INFO] [stdout] error[E0599]: no associated function or constant named `from_wide` found for struct `OsString` in the current scope
[INFO] [stdout]    --> crates/nerd-cli/src/windows.rs:212:32
[INFO] [stdout]     |
[INFO] [stdout] 212 |     Ok(PathBuf::from(OsString::from_wide(&buffer[..length])))
[INFO] [stdout]     |                                ^^^^^^^^^ associated function or constant not found in `OsString`
[INFO] [stdout]     |
[INFO] [stdout] note: if you're trying to build a new `OsString` consider using one of the following associated functions:
[INFO] [stdout]       OsString::new
[INFO] [stdout]       OsString::from_encoded_bytes_unchecked
[INFO] [stdout]       OsString::with_capacity
[INFO] [stdout]    --> /rustc/3154cc1a3e6424e44f438a95007d043ed5ceaaf6/library/std/src/ffi/os_str.rs:134:4
[INFO] [stdout] help: there is an associated function `from_iter` with a similar name
[INFO] [stdout]     |
[INFO] [stdout] 212 -     Ok(PathBuf::from(OsString::from_wide(&buffer[..length])))
[INFO] [stdout] 212 +     Ok(PathBuf::from(OsString::from_iter(&buffer[..length])))
[INFO] [stdout]     |
[INFO] [stdout] 
[INFO] [stdout] 
[INFO] [stdout] Some errors have detailed explanations: E0433, E0599.
[INFO] [stdout] 
[INFO] [stdout] For more information about an error, try `rustc --explain E0433`.
[INFO] [stdout] 
[INFO] [stderr] error: could not compile `nerd-cli` (lib test) due to 5 previous errors
[INFO] [stderr] warning: build failed, waiting for other jobs to finish...
[INFO] [stdout] Some errors have detailed explanations: E0433, E0599.
[INFO] [stdout] 
[INFO] [stdout] For more information about an error, try `rustc --explain E0433`.
[INFO] [stdout] 
[INFO] [stderr] error: could not compile `nerd-cli` (lib) due to 4 previous errors
[INFO] running `Command { std: "docker" "inspect" "99a1b2adf3f2ecd6dcbd056b2568bbbb63bd81aac18ee4b9a57269a12fcbaab4", kill_on_drop: false }`
[INFO] running `Command { std: "docker" "rm" "-f" "99a1b2adf3f2ecd6dcbd056b2568bbbb63bd81aac18ee4b9a57269a12fcbaab4", kill_on_drop: false }`
[INFO] [stdout] 99a1b2adf3f2ecd6dcbd056b2568bbbb63bd81aac18ee4b9a57269a12fcbaab4
