[INFO] cloning repository https://github.com/soroush-63/ump-v2
[INFO] running `Command { std: "git" "-c" "credential.helper=" "-c" "credential.helper=/workspace/cargo-home/bin/git-credential-null" "clone" "--bare" "https://github.com/soroush-63/ump-v2" "/workspace/cache/git-repos/https%3A%2F%2Fgithub.com%2Fsoroush-63%2Fump-v2", kill_on_drop: false }`
[INFO] [stderr] Cloning into bare repository '/workspace/cache/git-repos/https%3A%2F%2Fgithub.com%2Fsoroush-63%2Fump-v2'...
[INFO] running `Command { std: "git" "rev-parse" "HEAD", kill_on_drop: false }`
[INFO] [stdout] d5082015d11cad0373dfa3e4832020ff905680f7
[INFO] checking soroush-63/ump-v2 against 3154cc1a3e6424e44f438a95007d043ed5ceaaf6+rustflags=-Znext-solver=coherence for pr-133502-30
[INFO] running `Command { std: "git" "clone" "/workspace/cache/git-repos/https%3A%2F%2Fgithub.com%2Fsoroush-63%2Fump-v2" "/workspace/builds/worker-3-tc1/source", kill_on_drop: false }`
[INFO] [stderr] Cloning into '/workspace/builds/worker-3-tc1/source'...
[INFO] [stderr] done.
[INFO] started tweaking git repo https://github.com/soroush-63/ump-v2
[INFO] finished tweaking git repo https://github.com/soroush-63/ump-v2
[INFO] tweaked toml for git repo https://github.com/soroush-63/ump-v2 written to /workspace/builds/worker-3-tc1/source/Cargo.toml
[INFO] validating manifest of git repo https://github.com/soroush-63/ump-v2 on toolchain 3154cc1a3e6424e44f438a95007d043ed5ceaaf6
[INFO] running `Command { std: CARGO_HOME="/workspace/cargo-home" RUSTUP_HOME="/workspace/rustup-home" "/workspace/cargo-home/bin/cargo" "+3154cc1a3e6424e44f438a95007d043ed5ceaaf6" "metadata" "--manifest-path" "Cargo.toml" "--no-deps", kill_on_drop: false }`
[INFO] crate git repo https://github.com/soroush-63/ump-v2 already has a lockfile, it will not be regenerated
[INFO] running `Command { std: CARGO_HOME="/workspace/cargo-home" RUSTUP_HOME="/workspace/rustup-home" "/workspace/cargo-home/bin/cargo" "+3154cc1a3e6424e44f438a95007d043ed5ceaaf6" "fetch" "--manifest-path" "Cargo.toml", kill_on_drop: false }`
[INFO] running `Command { std: "docker" "create" "-v" "/var/lib/crater-agent-workspace/builds/worker-3-tc1/source:/opt/rustwide/workdir:ro,Z" "-v" "/var/lib/crater-agent-workspace/builds/worker-3-tc1/target:/opt/rustwide/target:rw,Z" "-v" "/var/lib/crater-agent-workspace/cargo-home:/opt/rustwide/cargo-home:ro,Z" "-v" "/var/lib/crater-agent-workspace/rustup-home:/opt/rustwide/rustup-home:ro,Z" "-m" "1610612736" "--network" "none" "ghcr.io/rust-lang/crates-build-env/linux@sha256:77db811e55d90add9212f6832c23229e3de5f1c1f9905e8cb07319ea15df73ac" "sleep" "infinity", kill_on_drop: false }`
[INFO] [stdout] b1121639bfd64f0fa612a36a5fab85e1829e0b544c5ab9c431566df7fd36d517
[INFO] running `Command { std: "docker" "start" "b1121639bfd64f0fa612a36a5fab85e1829e0b544c5ab9c431566df7fd36d517", kill_on_drop: false }`
[INFO] running `Command { std: "docker" "inspect" "b1121639bfd64f0fa612a36a5fab85e1829e0b544c5ab9c431566df7fd36d517", kill_on_drop: false }`
[INFO] running `Command { std: "docker" "exec" "-e" "SOURCE_DIR=/opt/rustwide/workdir" "-e" "CARGO_HOME=/opt/rustwide/cargo-home" "-e" "RUSTUP_HOME=/opt/rustwide/rustup-home" "-e" "CARGO_TARGET_DIR=/opt/rustwide/target" "-w" "/opt/rustwide/workdir" "--user" "0:0" "b1121639bfd64f0fa612a36a5fab85e1829e0b544c5ab9c431566df7fd36d517" "/opt/rustwide/cargo-home/bin/cargo" "+3154cc1a3e6424e44f438a95007d043ed5ceaaf6" "metadata" "--no-deps" "--format-version=1", kill_on_drop: false }`
[INFO] running `Command { std: "docker" "inspect" "b1121639bfd64f0fa612a36a5fab85e1829e0b544c5ab9c431566df7fd36d517", kill_on_drop: false }`
[INFO] running `Command { std: "docker" "exec" "-e" "SOURCE_DIR=/opt/rustwide/workdir" "-e" "CARGO_HOME=/opt/rustwide/cargo-home" "-e" "RUSTUP_HOME=/opt/rustwide/rustup-home" "-e" "CARGO_TARGET_DIR=/opt/rustwide/target" "-e" "CARGO_INCREMENTAL=0" "-e" "RUST_BACKTRACE=full" "-e" "RUSTFLAGS=--cap-lints=forbid -Znext-solver=coherence" "-e" "RUSTDOCFLAGS=--cap-lints=forbid" "-w" "/opt/rustwide/workdir" "--user" "0:0" "b1121639bfd64f0fa612a36a5fab85e1829e0b544c5ab9c431566df7fd36d517" "/opt/rustwide/cargo-home/bin/cargo" "+3154cc1a3e6424e44f438a95007d043ed5ceaaf6" "check" "--frozen" "--all" "--all-targets" "--message-format=json", kill_on_drop: false }`
[INFO] [stderr]    Compiling syn v2.0.119
[INFO] [stderr]     Checking serde v1.0.229
[INFO] [stderr]     Checking bincode v1.3.3
[INFO] [stderr]    Compiling thiserror-impl v1.0.69
[INFO] [stderr]     Checking thiserror v1.0.69
[INFO] [stderr]     Checking ump v2.0.0 (/opt/rustwide/workdir)
[INFO] [stdout] error[E0061]: this function takes 4 arguments but 3 arguments were supplied
[INFO] [stdout]   --> examples/basic_usage.rs:9:15
[INFO] [stdout]    |
[INFO] [stdout]  9 |     let msg = Message::new(
[INFO] [stdout]    |               ^^^^^^^^^^^^
[INFO] [stdout] ...
[INFO] [stdout] 12 |         vec![1, 2, 3, 4, 5],
[INFO] [stdout]    |         ------------------- argument #3 of type `Operation` is missing
[INFO] [stdout]    |
[INFO] [stdout] note: associated function defined here
[INFO] [stdout]   --> src/lib.rs:34:12
[INFO] [stdout]    |
[INFO] [stdout] 34 |     pub fn new(from: &str, to: &str, op: Operation, data: Vec<u8>) -> Self {
[INFO] [stdout]    |            ^^^
[INFO] [stdout] help: provide the argument
[INFO] [stdout]    |
[INFO] [stdout]  9 |     let msg = Message::new(
[INFO] [stdout] 10 |         "module_a",
[INFO] [stdout] 11 |         "module_b",
[INFO] [stdout] 12 ~         /* Operation */,
[INFO] [stdout] 13 ~         vec![1, 2, 3, 4, 5],
[INFO] [stdout]    |
[INFO] [stdout] 
[INFO] [stdout] 
[INFO] [stdout] For more information about this error, try `rustc --explain E0061`.
[INFO] [stdout] 
[INFO] [stdout] error[E0061]: this function takes 4 arguments but 3 arguments were supplied
[INFO] [stdout]   --> tests/test_message.rs:7:15
[INFO] [stdout]    |
[INFO] [stdout]  7 |     let msg = Message::new("alice", "bob", vec![1, 2, 3]);
[INFO] [stdout]    |               ^^^^^^^^^^^^                 ------------- argument #3 of type `Operation` is missing
[INFO] [stdout]    |
[INFO] [stdout] note: associated function defined here
[INFO] [stdout]   --> src/lib.rs:34:12
[INFO] [stdout]    |
[INFO] [stdout] 34 |     pub fn new(from: &str, to: &str, op: Operation, data: Vec<u8>) -> Self {
[INFO] [stdout]    |            ^^^
[INFO] [stdout] help: provide the argument
[INFO] [stdout]    |
[INFO] [stdout]  7 |     let msg = Message::new("alice", "bob", /* Operation */, vec![1, 2, 3]);
[INFO] [stdout]    |                                            ++++++++++++++++
[INFO] [stdout] 
[INFO] [stdout] 
[INFO] [stdout] error[E0061]: this function takes 4 arguments but 3 arguments were supplied
[INFO] [stdout]   --> tests/test_message.rs:15:20
[INFO] [stdout]    |
[INFO] [stdout] 15 |     let original = Message::new("a", "b", vec![1, 2, 3, 4]);
[INFO] [stdout]    |                    ^^^^^^^^^^^^           ---------------- argument #3 of type `Operation` is missing
[INFO] [stdout]    |
[INFO] [stdout] note: associated function defined here
[INFO] [stdout]   --> src/lib.rs:34:12
[INFO] [stdout]    |
[INFO] [stdout] 34 |     pub fn new(from: &str, to: &str, op: Operation, data: Vec<u8>) -> Self {
[INFO] [stdout]    |            ^^^
[INFO] [stdout] help: provide the argument
[INFO] [stdout]    |
[INFO] [stdout] 15 |     let original = Message::new("a", "b", /* Operation */, vec![1, 2, 3, 4]);
[INFO] [stdout]    |                                           ++++++++++++++++
[INFO] [stdout] 
[INFO] [stdout] 
[INFO] [stderr] error: could not compile `ump` (example "basic_usage") due to 1 previous error
[INFO] [stderr] warning: build failed, waiting for other jobs to finish...
[INFO] [stdout] For more information about this error, try `rustc --explain E0061`.
[INFO] [stdout] 
[INFO] [stderr] error: could not compile `ump` (test "test_message") due to 2 previous errors
[INFO] running `Command { std: "docker" "inspect" "b1121639bfd64f0fa612a36a5fab85e1829e0b544c5ab9c431566df7fd36d517", kill_on_drop: false }`
[INFO] running `Command { std: "docker" "rm" "-f" "b1121639bfd64f0fa612a36a5fab85e1829e0b544c5ab9c431566df7fd36d517", kill_on_drop: false }`
[INFO] [stdout] b1121639bfd64f0fa612a36a5fab85e1829e0b544c5ab9c431566df7fd36d517
