[INFO] cloning repository https://github.com/songever/rust-warp-server
[INFO] running `Command { std: "git" "-c" "credential.helper=" "-c" "credential.helper=/workspace/cargo-home/bin/git-credential-null" "clone" "--bare" "https://github.com/songever/rust-warp-server" "/workspace/cache/git-repos/https%3A%2F%2Fgithub.com%2Fsongever%2Frust-warp-server", kill_on_drop: false }`
[INFO] [stderr] Cloning into bare repository '/workspace/cache/git-repos/https%3A%2F%2Fgithub.com%2Fsongever%2Frust-warp-server'...
[INFO] running `Command { std: "git" "rev-parse" "HEAD", kill_on_drop: false }`
[INFO] [stdout] 93476858213f863ff4f13747eba7728a29f0b3ae
[INFO] checking songever/rust-warp-server against 3154cc1a3e6424e44f438a95007d043ed5ceaaf6+rustflags=-Znext-solver=coherence for pr-133502-30
[INFO] running `Command { std: "git" "clone" "/workspace/cache/git-repos/https%3A%2F%2Fgithub.com%2Fsongever%2Frust-warp-server" "/workspace/builds/worker-5-tc1/source", kill_on_drop: false }`
[INFO] [stderr] Cloning into '/workspace/builds/worker-5-tc1/source'...
[INFO] [stderr] done.
[INFO] started tweaking git repo https://github.com/songever/rust-warp-server
[INFO] finished tweaking git repo https://github.com/songever/rust-warp-server
[INFO] tweaked toml for git repo https://github.com/songever/rust-warp-server written to /workspace/builds/worker-5-tc1/source/Cargo.toml
[INFO] validating manifest of git repo https://github.com/songever/rust-warp-server on toolchain 3154cc1a3e6424e44f438a95007d043ed5ceaaf6
[INFO] running `Command { std: CARGO_HOME="/workspace/cargo-home" RUSTUP_HOME="/workspace/rustup-home" "/workspace/cargo-home/bin/cargo" "+3154cc1a3e6424e44f438a95007d043ed5ceaaf6" "metadata" "--manifest-path" "Cargo.toml" "--no-deps", kill_on_drop: false }`
[INFO] crate git repo https://github.com/songever/rust-warp-server already has a lockfile, it will not be regenerated
[INFO] running `Command { std: CARGO_HOME="/workspace/cargo-home" RUSTUP_HOME="/workspace/rustup-home" "/workspace/cargo-home/bin/cargo" "+3154cc1a3e6424e44f438a95007d043ed5ceaaf6" "fetch" "--manifest-path" "Cargo.toml", kill_on_drop: false }`
[INFO] [stderr] warning: Cargo.toml: the cargo feature `edition2024` has been stabilized in the 1.85 release and is no longer necessary to be listed in the manifest
[INFO] [stderr]   See https://doc.rust-lang.org/nightly/cargo/reference/manifest.html#the-edition-field for more information about using this feature.
[INFO] [stderr] warning: `server` (manifest) generated 1 warning
[INFO] [stderr]     Updating crates.io index
[INFO] [stderr]  Downloading crates ...
[INFO] [stderr]   Downloaded sqlx-rt v0.5.13
[INFO] [stderr]   Downloaded libredox v0.1.4
[INFO] [stderr]   Downloaded crc v2.1.0
[INFO] [stderr]   Downloaded atoi v0.4.0
[INFO] [stderr]   Downloaded task-local-extensions v0.1.4
[INFO] [stderr]   Downloaded sqlformat v0.1.8
[INFO] [stderr]   Downloaded sqlx-macros v0.5.13
[INFO] [stderr]   Downloaded tokio-rustls v0.22.0
[INFO] [stderr]   Downloaded sct v0.6.1
[INFO] [stderr]   Downloaded zerocopy-derive v0.8.26
[INFO] [stderr]   Downloaded hashlink v0.7.0
[INFO] [stderr]   Downloaded crc-catalog v1.1.1
[INFO] [stderr]   Downloaded reqwest-retry v0.1.5
[INFO] [stderr]   Downloaded retry-policies v0.1.2
[INFO] [stderr]   Downloaded reqwest-middleware v0.1.6
[INFO] [stderr]   Downloaded uuid v0.8.2
[INFO] [stderr]   Downloaded webpki v0.21.4
[INFO] [stderr]   Downloaded windows-targets v0.53.2
[INFO] [stderr]   Downloaded rust-argon2 v1.0.1
[INFO] [stderr]   Downloaded blake2b_simd v1.0.3
[INFO] [stderr]   Downloaded errno v0.3.13
[INFO] [stderr]   Downloaded anyhow v1.0.98
[INFO] [stderr]   Downloaded warp v0.3.7
[INFO] [stderr]   Downloaded sqlx v0.5.13
[INFO] [stderr]   Downloaded futures-intrusive v0.4.2
[INFO] [stderr]   Downloaded zerocopy v0.8.26
[INFO] [stderr]   Downloaded rustls v0.19.1
[INFO] [stderr]   Downloaded syn v2.0.104
[INFO] [stderr]   Downloaded sqlx-core v0.5.13
[INFO] [stderr]   Downloaded webpki-roots v0.21.1
[INFO] [stderr]   Downloaded libc v0.2.174
[INFO] [stderr]   Downloaded poly1305 v0.7.2
[INFO] [stderr]   Downloaded platforms v2.0.0
[INFO] [stderr]   Downloaded paseto v2.0.2+1.0.3
[INFO] [stderr]   Downloaded failure v0.1.8
[INFO] [stderr]   Downloaded chacha20poly1305 v0.8.0
[INFO] [stderr]   Downloaded failure_derive v0.1.8
[INFO] [stderr]   Downloaded cpufeatures v0.1.5
[INFO] [stderr]   Downloaded typemap-ors v1.0.0
[INFO] [stderr]   Downloaded thread-id v4.2.2
[INFO] [stderr]   Downloaded chacha20 v0.7.1
[INFO] [stderr]   Downloaded destructure_traitobject v0.2.0
[INFO] [stderr]   Downloaded blake2 v0.9.2
[INFO] [stderr]   Downloaded unsafe-any-ors v1.0.0
[INFO] [stderr]   Downloaded log4rs v1.3.0
[INFO] [stderr]   Downloaded log-mdc v0.1.0
[INFO] [stderr]   Downloaded arc-swap v1.7.1
[INFO] [stderr]   Downloaded config v0.13.4
[INFO] [stderr]   Downloaded yaml-rust v0.4.5
[INFO] [stderr]   Downloaded json5 v0.4.1
[INFO] [stderr]   Downloaded pest_generator v2.8.1
[INFO] [stderr]   Downloaded clap v4.5.41
[INFO] [stderr]   Downloaded pest_meta v2.8.1
[INFO] [stderr]   Downloaded pest v2.8.1
[INFO] [stderr]   Downloaded clap_derive v4.5.41
[INFO] [stderr]   Downloaded pest_derive v2.8.1
[INFO] [stderr]   Downloaded clap_builder v4.5.41
[INFO] [stderr]   Downloaded anstream v0.6.19
[INFO] [stderr]   Downloaded ron v0.7.1
[INFO] [stderr]   Downloaded anstyle-wincon v3.0.9
[INFO] [stderr]   Downloaded anstyle-query v1.1.3
[INFO] running `Command { std: "docker" "create" "-v" "/var/lib/crater-agent-workspace/builds/worker-5-tc1/source:/opt/rustwide/workdir:ro,Z" "-v" "/var/lib/crater-agent-workspace/builds/worker-5-tc1/target:/opt/rustwide/target:rw,Z" "-v" "/var/lib/crater-agent-workspace/cargo-home:/opt/rustwide/cargo-home:ro,Z" "-v" "/var/lib/crater-agent-workspace/rustup-home:/opt/rustwide/rustup-home:ro,Z" "-m" "1610612736" "--network" "none" "ghcr.io/rust-lang/crates-build-env/linux@sha256:77db811e55d90add9212f6832c23229e3de5f1c1f9905e8cb07319ea15df73ac" "sleep" "infinity", kill_on_drop: false }`
[INFO] [stdout] b4de6a8daa54676501301928bb90dedf17a0f4ff62834ec4299e5f7ce2df7bf5
[INFO] running `Command { std: "docker" "start" "b4de6a8daa54676501301928bb90dedf17a0f4ff62834ec4299e5f7ce2df7bf5", kill_on_drop: false }`
[INFO] running `Command { std: "docker" "inspect" "b4de6a8daa54676501301928bb90dedf17a0f4ff62834ec4299e5f7ce2df7bf5", kill_on_drop: false }`
[INFO] running `Command { std: "docker" "exec" "-e" "SOURCE_DIR=/opt/rustwide/workdir" "-e" "CARGO_HOME=/opt/rustwide/cargo-home" "-e" "RUSTUP_HOME=/opt/rustwide/rustup-home" "-e" "CARGO_TARGET_DIR=/opt/rustwide/target" "-w" "/opt/rustwide/workdir" "--user" "0:0" "b4de6a8daa54676501301928bb90dedf17a0f4ff62834ec4299e5f7ce2df7bf5" "/opt/rustwide/cargo-home/bin/cargo" "+3154cc1a3e6424e44f438a95007d043ed5ceaaf6" "metadata" "--no-deps" "--format-version=1", kill_on_drop: false }`
[INFO] running `Command { std: "docker" "inspect" "b4de6a8daa54676501301928bb90dedf17a0f4ff62834ec4299e5f7ce2df7bf5", kill_on_drop: false }`
[INFO] running `Command { std: "docker" "exec" "-e" "SOURCE_DIR=/opt/rustwide/workdir" "-e" "CARGO_HOME=/opt/rustwide/cargo-home" "-e" "RUSTUP_HOME=/opt/rustwide/rustup-home" "-e" "CARGO_TARGET_DIR=/opt/rustwide/target" "-e" "CARGO_INCREMENTAL=0" "-e" "RUST_BACKTRACE=full" "-e" "RUSTFLAGS=--cap-lints=forbid -Znext-solver=coherence" "-e" "RUSTDOCFLAGS=--cap-lints=forbid" "-w" "/opt/rustwide/workdir" "--user" "0:0" "b4de6a8daa54676501301928bb90dedf17a0f4ff62834ec4299e5f7ce2df7bf5" "/opt/rustwide/cargo-home/bin/cargo" "+3154cc1a3e6424e44f438a95007d043ed5ceaaf6" "check" "--frozen" "--all" "--all-targets" "--message-format=json", kill_on_drop: false }`
[INFO] [stderr] warning: Cargo.toml: the cargo feature `edition2024` has been stabilized in the 1.85 release and is no longer necessary to be listed in the manifest
[INFO] [stderr]   See https://doc.rust-lang.org/nightly/cargo/reference/manifest.html#the-edition-field for more information about using this feature.
[INFO] [stderr] warning: `server` (manifest) generated 1 warning
[INFO] [stderr]    Compiling proc-macro2 v1.0.95
[INFO] [stderr]    Compiling libc v0.2.174
[INFO] [stderr]     Checking cfg-if v1.0.1
[INFO] [stderr]    Compiling serde v1.0.219
[INFO] [stderr]     Checking memchr v2.7.5
[INFO] [stderr]     Checking smallvec v1.15.1
[INFO] [stderr]    Compiling icu_normalizer_data v2.0.0
[INFO] [stderr]    Compiling cc v1.2.27
[INFO] [stderr]    Compiling lock_api v0.4.13
[INFO] [stderr]    Compiling icu_properties_data v2.0.1
[INFO] [stderr]    Compiling parking_lot_core v0.9.11
[INFO] [stderr]     Checking subtle v2.4.1
[INFO] [stderr]    Compiling zerocopy v0.8.26
[INFO] [stderr]    Compiling ahash v0.7.8
[INFO] [stderr]    Compiling num-traits v0.2.19
[INFO] [stderr]     Checking litemap v0.8.0
[INFO] [stderr]    Compiling stable_deref_trait v1.2.0
[INFO] [stderr]     Checking writeable v0.6.1
[INFO] [stderr]     Checking slab v0.4.10
[INFO] [stderr]    Compiling serde_json v1.0.140
[INFO] [stderr]     Checking http v0.2.12
[INFO] [stderr]     Checking digest v0.10.7
[INFO] [stderr]    Compiling generic-array v0.14.7
[INFO] [stderr]     Checking tracing-core v0.1.34
[INFO] [stderr]     Checking hashbrown v0.15.4
[INFO] [stderr]    Compiling parking_lot_core v0.8.6
[INFO] [stderr]    Compiling untrusted v0.7.1
[INFO] [stderr]    Compiling spin v0.5.2
[INFO] [stderr]    Compiling quote v1.0.40
[INFO] [stderr]    Compiling openssl v0.10.73
[INFO] [stderr]    Compiling pin-project-lite v0.2.16
[INFO] [stderr]    Compiling unicase v2.8.1
[INFO] [stderr]     Checking bitflags v2.9.1
[INFO] [stderr]     Checking base64 v0.13.1
[INFO] [stderr]    Compiling getrandom v0.2.16
[INFO] [stderr]    Compiling mio v1.0.4
[INFO] [stderr]    Compiling socket2 v0.5.10
[INFO] [stderr]    Compiling syn v2.0.104
[INFO] [stderr]    Compiling syn v1.0.109
[INFO] [stderr]    Compiling indexmap v1.9.3
[INFO] [stderr]    Compiling native-tls v0.2.14
[INFO] [stderr]    Compiling futures-core v0.3.31
[INFO] [stderr]    Compiling bytes v1.10.1
[INFO] [stderr]    Compiling mime_guess v2.0.5
[INFO] [stderr]    Compiling instant v0.1.13
[INFO] [stderr]     Checking encoding_rs v0.8.35
[INFO] [stderr]     Checking indexmap v2.9.0
[INFO] [stderr]    Compiling log v0.4.27
[INFO] [stderr]    Compiling crypto-common v0.1.6
[INFO] [stderr]    Compiling block-buffer v0.10.4
[INFO] [stderr]     Checking http-body v0.4.6
[INFO] [stderr]    Compiling crossbeam-utils v0.8.21
[INFO] [stderr]     Checking signal-hook-registry v1.4.5
[INFO] [stderr]    Compiling openssl-src v300.5.0+3.5.0
[INFO] [stderr]     Checking rand_core v0.6.4
[INFO] [stderr]     Checking openssl-probe v0.1.6
[INFO] [stderr]    Compiling anyhow v1.0.98
[INFO] [stderr]     Checking parking_lot v0.12.4
[INFO] [stderr]    Compiling tinyvec v1.9.0
[INFO] [stderr]     Checking hashbrown v0.12.3
[INFO] [stderr]    Compiling tokio v1.45.1
[INFO] [stderr]     Checking sha1 v0.10.6
[INFO] [stderr]    Compiling futures-sink v0.3.31
[INFO] [stderr]    Compiling either v1.15.0
[INFO] [stderr]    Compiling ucd-trie v0.1.7
[INFO] [stderr]     Checking nom v7.1.3
[INFO] [stderr]    Compiling itertools v0.10.5
[INFO] [stderr]    Compiling parking_lot v0.11.2
[INFO] [stderr]    Compiling form_urlencoded v1.2.1
[INFO] [stderr]    Compiling hashbrown v0.11.2
[INFO] [stderr]    Compiling openssl-sys v0.9.109
[INFO] [stderr]    Compiling ring v0.16.20
[INFO] [stderr]     Checking ppv-lite86 v0.2.21
[INFO] [stderr]     Checking rand_chacha v0.3.1
[INFO] [stderr]    Compiling hmac v0.12.1
[INFO] [stderr]     Checking rand v0.8.5
[INFO] [stderr]    Compiling dirs-sys v0.3.7
[INFO] [stderr]    Compiling unicode-normalization v0.1.24
[INFO] [stderr]    Compiling multer v2.1.0
[INFO] [stderr]    Compiling crc-catalog v1.1.1
[INFO] [stderr]    Compiling object v0.36.7
[INFO] [stderr]    Compiling futures-task v0.3.31
[INFO] [stderr]     Checking data-encoding v2.9.0
[INFO] [stderr]    Compiling unicode-properties v0.1.3
[INFO] [stderr]    Compiling futures-util v0.3.31
[INFO] [stderr]    Compiling stringprep v0.1.5
[INFO] [stderr]    Compiling crc v2.1.0
[INFO] [stderr]    Compiling crossbeam-queue v0.3.12
[INFO] [stderr]    Compiling dirs v4.0.0
[INFO] [stderr]    Compiling sqlformat v0.1.8
[INFO] [stderr]    Compiling atoi v0.4.0
[INFO] [stderr]    Compiling hashlink v0.7.0
[INFO] [stderr]    Compiling hkdf v0.12.4
[INFO] [stderr]    Compiling futures-intrusive v0.4.2
[INFO] [stderr]    Compiling sha2 v0.10.9
[INFO] [stderr]    Compiling sha-1 v0.10.1
[INFO] [stderr]    Compiling futures-channel v0.3.31
[INFO] [stderr]    Compiling md-5 v0.10.6
[INFO] [stderr]     Checking headers-core v0.2.0
[INFO] [stderr]     Checking aho-corasick v1.1.3
[INFO] [stderr]    Compiling failure_derive v0.1.8
[INFO] [stderr]    Compiling bitflags v1.3.2
[INFO] [stderr]    Compiling whoami v1.6.0
[INFO] [stderr]     Checking regex-syntax v0.8.5
[INFO] [stderr]     Checking gimli v0.31.1
[INFO] [stderr]     Checking sync_wrapper v0.1.2
[INFO] [stderr]    Compiling platforms v2.0.0
[INFO] [stderr]    Compiling heck v0.4.1
[INFO] [stderr]     Checking miniz_oxide v0.8.9
[INFO] [stderr]    Compiling synstructure v0.12.6
[INFO] [stderr]     Checking headers v0.3.9
[INFO] [stderr]    Compiling synstructure v0.13.2
[INFO] [stderr]    Compiling tokio-stream v0.1.17
[INFO] [stderr]     Checking universal-hash v0.4.1
[INFO] [stderr]     Checking task-local-extensions v0.1.4
[INFO] [stderr]     Checking cipher v0.3.0
[INFO] [stderr]     Checking regex-syntax v0.6.29
[INFO] [stderr]     Checking anstyle v1.0.11
[INFO] [stderr]     Checking destructure_traitobject v0.2.0
[INFO] [stderr]     Checking dlv-list v0.3.0
[INFO] [stderr]     Checking webpki v0.21.4
[INFO] [stderr]     Checking sct v0.6.1
[INFO] [stderr]     Checking cpufeatures v0.1.5
[INFO] [stderr]     Checking zeroize v1.8.1
[INFO] [stderr]     Checking anstyle-query v1.1.3
[INFO] [stderr]     Checking rustc-demangle v0.1.25
[INFO] [stderr]    Compiling dotenv v0.15.0
[INFO] [stderr]     Checking regex-automata v0.4.9
[INFO] [stderr]     Checking webpki-roots v0.21.1
[INFO] [stderr]     Checking anstream v0.6.19
[INFO] [stderr]     Checking chacha20 v0.7.1
[INFO] [stderr]     Checking ordered-multimap v0.4.3
[INFO] [stderr]     Checking unsafe-any-ors v1.0.0
[INFO] [stderr]     Checking blake2b_simd v1.0.3
[INFO] [stderr]     Checking poly1305 v0.7.2
[INFO] [stderr]     Checking ordered-float v2.10.1
[INFO] [stderr]     Checking crypto-mac v0.8.0
[INFO] [stderr]     Checking aead v0.4.3
[INFO] [stderr]     Checking clap_lex v0.7.5
[INFO] [stderr]    Compiling serde_derive v1.0.219
[INFO] [stderr]    Compiling zerofrom-derive v0.1.6
[INFO] [stderr]    Compiling yoke-derive v0.8.0
[INFO] [stderr]    Compiling zerovec-derive v0.11.1
[INFO] [stderr]    Compiling displaydoc v0.2.5
[INFO] [stderr]    Compiling tokio-macros v2.5.0
[INFO] [stderr]    Compiling futures-macro v0.3.31
[INFO] [stderr]    Compiling thiserror-impl v1.0.69
[INFO] [stderr]    Compiling tracing-attributes v0.1.30
[INFO] [stderr]    Compiling openssl-macros v0.1.1
[INFO] [stderr]    Compiling thiserror-impl v2.0.12
[INFO] [stderr]    Compiling rustls v0.19.1
[INFO] [stderr]     Checking thiserror v1.0.69
[INFO] [stderr]    Compiling pin-project-internal v1.1.10
[INFO] [stderr]    Compiling async-trait v0.1.88
[INFO] [stderr]     Checking addr2line v0.24.2
[INFO] [stderr]     Checking regex-automata v0.1.10
[INFO] [stderr]    Compiling thiserror v2.0.12
[INFO] [stderr]    Compiling pest v2.8.1
[INFO] [stderr]     Checking backtrace v0.3.75
[INFO] [stderr]     Checking overload v0.1.1
[INFO] [stderr]     Checking linked-hash-map v0.5.6
[INFO] [stderr]     Checking zerofrom v0.1.6
[INFO] [stderr]     Checking pin-project v1.1.10
[INFO] [stderr]     Checking regex v1.11.1
[INFO] [stderr]     Checking yoke v0.8.0
[INFO] [stderr]     Checking unsafe-libyaml v0.2.11
[INFO] [stderr]    Compiling clap_derive v4.5.41
[INFO] [stderr]    Compiling zerovec v0.11.2
[INFO] [stderr]     Checking zerotrie v0.2.2
[INFO] [stderr]     Checking matchers v0.1.0
[INFO] [stderr]     Checking failure v0.1.8
[INFO] [stderr]    Compiling pest_meta v2.8.1
[INFO] [stderr]     Checking yaml-rust v0.4.5
[INFO] [stderr]     Checking nu-ansi-term v0.46.0
[INFO] [stderr]     Checking clap_builder v4.5.41
[INFO] [stderr]     Checking rust-argon2 v1.0.1
[INFO] [stderr]    Compiling derivative v2.2.0
[INFO] [stderr]     Checking chacha20poly1305 v0.8.0
[INFO] [stderr]     Checking blake2 v0.9.2
[INFO] [stderr]    Compiling server v1.0.0 (/opt/rustwide/workdir)
[INFO] [stderr]     Checking typemap-ors v1.0.0
[INFO] [stderr]     Checking rust-ini v0.18.0
[INFO] [stderr]     Checking atty v0.2.14
[INFO] [stderr]     Checking thread-id v4.2.2
[INFO] [stderr]     Checking thread_local v1.1.9
[INFO] [stderr]     Checking log-mdc v0.1.0
[INFO] [stderr]     Checking pathdiff v0.2.3
[INFO] [stderr]     Checking arc-swap v1.7.1
[INFO] [stderr]     Checking tinystr v0.8.1
[INFO] [stderr]     Checking potential_utf v0.1.2
[INFO] [stderr]     Checking unicode-ident v1.0.18
[INFO] [stderr]     Checking icu_collections v2.0.0
[INFO] [stderr]     Checking icu_locale_core v2.0.0
[INFO] [stderr]    Compiling pest_generator v2.8.1
[INFO] [stderr]     Checking uuid v0.8.2
[INFO] [stderr]    Compiling tokio-rustls v0.22.0
[INFO] [stderr]     Checking futures-executor v0.3.31
[INFO] [stderr]     Checking icu_provider v2.0.0
[INFO] [stderr]     Checking futures v0.3.31
[INFO] [stderr]    Compiling sqlx-rt v0.5.13
[INFO] [stderr]     Checking icu_properties v2.0.1
[INFO] [stderr]     Checking icu_normalizer v2.0.0
[INFO] [stderr]    Compiling pest_derive v2.8.1
[INFO] [stderr]     Checking clap v4.5.41
[INFO] [stderr]     Checking tokio-util v0.7.15
[INFO] [stderr]    Compiling idna_adapter v1.2.1
[INFO] [stderr]    Compiling idna v1.0.3
[INFO] [stderr]    Compiling url v2.5.4
[INFO] [stderr]     Checking serde_urlencoded v0.7.1
[INFO] [stderr]     Checking chrono v0.4.41
[INFO] [stderr]     Checking serde-value v0.7.0
[INFO] [stderr]     Checking ron v0.7.1
[INFO] [stderr]     Checking toml v0.5.11
[INFO] [stderr]     Checking serde_yaml v0.9.34+deprecated
[INFO] [stderr]     Checking json5 v0.4.1
[INFO] [stderr]     Checking tracing v0.1.41
[INFO] [stderr]     Checking tungstenite v0.21.0
[INFO] [stderr]     Checking tracing-log v0.2.0
[INFO] [stderr]     Checking env_logger v0.9.3
[INFO] [stderr]     Checking h2 v0.3.26
[INFO] [stderr]     Checking tracing-subscriber v0.3.19
[INFO] [stderr]     Checking tokio-tungstenite v0.21.0
[INFO] [stderr]     Checking config v0.13.4
[INFO] [stderr]     Checking retry-policies v0.1.2
[INFO] [stderr]     Checking log4rs v1.3.0
[INFO] [stderr]    Compiling sqlx-core v0.5.13
[INFO] [stdout] error[E0277]: the trait bound `!: io::decode::Decode<'_>` is not satisfied
[INFO] [stdout]   --> /opt/rustwide/cargo-home/registry/src/index.crates.io-1949cf8c6b5b557f/sqlx-core-0.5.13/src/postgres/connection/executor.rs:67:10
[INFO] [stdout]    |
[INFO] [stdout] 67 |         .recv_expect(MessageFormat::ParseComplete)
[INFO] [stdout]    |          ^^^^^^^^^^^ the trait `io::decode::Decode<'_>` is not implemented for `!`
[INFO] [stdout]    |
[INFO] [stdout]    = help: the following other types implement trait `io::decode::Decode<'de, Context>`:
[INFO] [stdout]              ()
[INFO] [stdout]              Authentication
[INFO] [stdout]              AuthenticationSaslContinue
[INFO] [stdout]              AuthenticationSaslFinal
[INFO] [stdout]              BackendKeyData
[INFO] [stdout]              CommandComplete
[INFO] [stdout]              CopyData<bytes::Bytes>
[INFO] [stdout]              CopyDone
[INFO] [stdout]            and 10 others
[INFO] [stdout]    = note: this error might have been caused by changes to Rust's type-inference algorithm (see issue #148922 <https://github.com/rust-lang/rust/issues/148922> for more information)
[INFO] [stdout]    = help: you might have intended to use the type `()` here instead
[INFO] [stdout] note: required by a bound in `PgStream::recv_expect`
[INFO] [stdout]   --> /opt/rustwide/cargo-home/registry/src/index.crates.io-1949cf8c6b5b557f/sqlx-core-0.5.13/src/postgres/connection/stream.rs:64:45
[INFO] [stdout]    |
[INFO] [stdout] 38 | impl PgStream {
[INFO] [stdout] ...
[INFO] [stdout] 64 |     pub(crate) async fn recv_expect<'de, T: Decode<'de>>(
[INFO] [stdout]    |                                             ^^^^^^^^^^^ required by this bound in `PgStream::recv_expect`
[INFO] [stdout] 
[INFO] [stdout] 
[INFO] [stdout] error[E0277]: the trait bound `!: io::decode::Decode<'_>` is not satisfied
[INFO] [stdout]   --> /opt/rustwide/cargo-home/registry/src/index.crates.io-1949cf8c6b5b557f/sqlx-core-0.5.13/src/postgres/connection/executor.rs:68:10
[INFO] [stdout]    |
[INFO] [stdout] 68 |         .await?;
[INFO] [stdout]    |          ^^^^^ the trait `io::decode::Decode<'_>` is not implemented for `!`
[INFO] [stdout]    |
[INFO] [stdout]    = help: the following other types implement trait `io::decode::Decode<'de, Context>`:
[INFO] [stdout]              ()
[INFO] [stdout]              Authentication
[INFO] [stdout]              AuthenticationSaslContinue
[INFO] [stdout]              AuthenticationSaslFinal
[INFO] [stdout]              BackendKeyData
[INFO] [stdout]              CommandComplete
[INFO] [stdout]              CopyData<bytes::Bytes>
[INFO] [stdout]              CopyDone
[INFO] [stdout]            and 10 others
[INFO] [stdout]    = note: this error might have been caused by changes to Rust's type-inference algorithm (see issue #148922 <https://github.com/rust-lang/rust/issues/148922> for more information)
[INFO] [stdout]    = help: you might have intended to use the type `()` here instead
[INFO] [stdout] note: required by a bound in `PgStream::recv_expect`
[INFO] [stdout]   --> /opt/rustwide/cargo-home/registry/src/index.crates.io-1949cf8c6b5b557f/sqlx-core-0.5.13/src/postgres/connection/stream.rs:64:45
[INFO] [stdout]    |
[INFO] [stdout] 38 | impl PgStream {
[INFO] [stdout] ...
[INFO] [stdout] 64 |     pub(crate) async fn recv_expect<'de, T: Decode<'de>>(
[INFO] [stdout]    |                                             ^^^^^^^^^^^ required by this bound in `PgStream::recv_expect`
[INFO] [stdout] 
[INFO] [stdout] 
[INFO] [stdout] error[E0277]: the trait bound `!: io::decode::Decode<'_>` is not satisfied
[INFO] [stdout]    --> /opt/rustwide/cargo-home/registry/src/index.crates.io-1949cf8c6b5b557f/sqlx-core-0.5.13/src/postgres/copy.rs:261:30
[INFO] [stdout]     |
[INFO] [stdout] 261 | ...                   .recv_expect(MessageFormat::ReadyForQuery)
[INFO] [stdout]     |                        ^^^^^^^^^^^ the trait `io::decode::Decode<'_>` is not implemented for `!`
[INFO] [stdout]     |
[INFO] [stdout]     = help: the following other types implement trait `io::decode::Decode<'de, Context>`:
[INFO] [stdout]               ()
[INFO] [stdout]               Authentication
[INFO] [stdout]               AuthenticationSaslContinue
[INFO] [stdout]               AuthenticationSaslFinal
[INFO] [stdout]               BackendKeyData
[INFO] [stdout]               CommandComplete
[INFO] [stdout]               CopyData<bytes::Bytes>
[INFO] [stdout]               CopyDone
[INFO] [stdout]             and 10 others
[INFO] [stdout]     = note: this error might have been caused by changes to Rust's type-inference algorithm (see issue #148922 <https://github.com/rust-lang/rust/issues/148922> for more information)
[INFO] [stdout]     = help: you might have intended to use the type `()` here instead
[INFO] [stdout] note: required by a bound in `PgStream::recv_expect`
[INFO] [stdout]    --> /opt/rustwide/cargo-home/registry/src/index.crates.io-1949cf8c6b5b557f/sqlx-core-0.5.13/src/postgres/connection/stream.rs:64:45
[INFO] [stdout]     |
[INFO] [stdout]  38 | impl PgStream {
[INFO] [stdout] ...
[INFO] [stdout]  64 |     pub(crate) async fn recv_expect<'de, T: Decode<'de>>(
[INFO] [stdout]     |                                             ^^^^^^^^^^^ required by this bound in `PgStream::recv_expect`
[INFO] [stdout] 
[INFO] [stdout] 
[INFO] [stdout] error[E0277]: the trait bound `!: io::decode::Decode<'_>` is not satisfied
[INFO] [stdout]    --> /opt/rustwide/cargo-home/registry/src/index.crates.io-1949cf8c6b5b557f/sqlx-core-0.5.13/src/postgres/copy.rs:262:30
[INFO] [stdout]     |
[INFO] [stdout] 262 | ...                   .await?;
[INFO] [stdout]     |                        ^^^^^ the trait `io::decode::Decode<'_>` is not implemented for `!`
[INFO] [stdout]     |
[INFO] [stdout]     = help: the following other types implement trait `io::decode::Decode<'de, Context>`:
[INFO] [stdout]               ()
[INFO] [stdout]               Authentication
[INFO] [stdout]               AuthenticationSaslContinue
[INFO] [stdout]               AuthenticationSaslFinal
[INFO] [stdout]               BackendKeyData
[INFO] [stdout]               CommandComplete
[INFO] [stdout]               CopyData<bytes::Bytes>
[INFO] [stdout]               CopyDone
[INFO] [stdout]             and 10 others
[INFO] [stdout]     = note: this error might have been caused by changes to Rust's type-inference algorithm (see issue #148922 <https://github.com/rust-lang/rust/issues/148922> for more information)
[INFO] [stdout]     = help: you might have intended to use the type `()` here instead
[INFO] [stdout] note: required by a bound in `PgStream::recv_expect`
[INFO] [stdout]    --> /opt/rustwide/cargo-home/registry/src/index.crates.io-1949cf8c6b5b557f/sqlx-core-0.5.13/src/postgres/connection/stream.rs:64:45
[INFO] [stdout]     |
[INFO] [stdout]  38 | impl PgStream {
[INFO] [stdout] ...
[INFO] [stdout]  64 |     pub(crate) async fn recv_expect<'de, T: Decode<'de>>(
[INFO] [stdout]     |                                             ^^^^^^^^^^^ required by this bound in `PgStream::recv_expect`
[INFO] [stdout] 
[INFO] [stdout] 
[INFO] [stdout] error[E0277]: the trait bound `!: io::decode::Decode<'_>` is not satisfied
[INFO] [stdout]    --> /opt/rustwide/cargo-home/registry/src/index.crates.io-1949cf8c6b5b557f/sqlx-core-0.5.13/src/postgres/copy.rs:288:14
[INFO] [stdout]     |
[INFO] [stdout] 288 |             .recv_expect(MessageFormat::ReadyForQuery)
[INFO] [stdout]     |              ^^^^^^^^^^^ the trait `io::decode::Decode<'_>` is not implemented for `!`
[INFO] [stdout]     |
[INFO] [stdout]     = help: the following other types implement trait `io::decode::Decode<'de, Context>`:
[INFO] [stdout]               ()
[INFO] [stdout]               Authentication
[INFO] [stdout]               AuthenticationSaslContinue
[INFO] [stdout]               AuthenticationSaslFinal
[INFO] [stdout]               BackendKeyData
[INFO] [stdout]               CommandComplete
[INFO] [stdout]               CopyData<bytes::Bytes>
[INFO] [stdout]               CopyDone
[INFO] [stdout]             and 10 others
[INFO] [stdout]     = note: this error might have been caused by changes to Rust's type-inference algorithm (see issue #148922 <https://github.com/rust-lang/rust/issues/148922> for more information)
[INFO] [stdout]     = help: you might have intended to use the type `()` here instead
[INFO] [stdout] note: required by a bound in `PgStream::recv_expect`
[INFO] [stdout]    --> /opt/rustwide/cargo-home/registry/src/index.crates.io-1949cf8c6b5b557f/sqlx-core-0.5.13/src/postgres/connection/stream.rs:64:45
[INFO] [stdout]     |
[INFO] [stdout]  38 | impl PgStream {
[INFO] [stdout] ...
[INFO] [stdout]  64 |     pub(crate) async fn recv_expect<'de, T: Decode<'de>>(
[INFO] [stdout]     |                                             ^^^^^^^^^^^ required by this bound in `PgStream::recv_expect`
[INFO] [stdout] 
[INFO] [stdout] 
[INFO] [stdout] error[E0277]: the trait bound `!: io::decode::Decode<'_>` is not satisfied
[INFO] [stdout]    --> /opt/rustwide/cargo-home/registry/src/index.crates.io-1949cf8c6b5b557f/sqlx-core-0.5.13/src/postgres/copy.rs:289:14
[INFO] [stdout]     |
[INFO] [stdout] 289 |             .await?;
[INFO] [stdout]     |              ^^^^^ the trait `io::decode::Decode<'_>` is not implemented for `!`
[INFO] [stdout]     |
[INFO] [stdout]     = help: the following other types implement trait `io::decode::Decode<'de, Context>`:
[INFO] [stdout]               ()
[INFO] [stdout]               Authentication
[INFO] [stdout]               AuthenticationSaslContinue
[INFO] [stdout]               AuthenticationSaslFinal
[INFO] [stdout]               BackendKeyData
[INFO] [stdout]               CommandComplete
[INFO] [stdout]               CopyData<bytes::Bytes>
[INFO] [stdout]               CopyDone
[INFO] [stdout]             and 10 others
[INFO] [stdout]     = note: this error might have been caused by changes to Rust's type-inference algorithm (see issue #148922 <https://github.com/rust-lang/rust/issues/148922> for more information)
[INFO] [stdout]     = help: you might have intended to use the type `()` here instead
[INFO] [stdout] note: required by a bound in `PgStream::recv_expect`
[INFO] [stdout]    --> /opt/rustwide/cargo-home/registry/src/index.crates.io-1949cf8c6b5b557f/sqlx-core-0.5.13/src/postgres/connection/stream.rs:64:45
[INFO] [stdout]     |
[INFO] [stdout]  38 | impl PgStream {
[INFO] [stdout] ...
[INFO] [stdout]  64 |     pub(crate) async fn recv_expect<'de, T: Decode<'de>>(
[INFO] [stdout]     |                                             ^^^^^^^^^^^ required by this bound in `PgStream::recv_expect`
[INFO] [stdout] 
[INFO] [stdout] 
[INFO] [stdout] error[E0277]: the trait bound `!: io::decode::Decode<'_>` is not satisfied
[INFO] [stdout]    --> /opt/rustwide/cargo-home/registry/src/index.crates.io-1949cf8c6b5b557f/sqlx-core-0.5.13/src/postgres/copy.rs:324:33
[INFO] [stdout]     |
[INFO] [stdout] 324 |                     conn.stream.recv_expect(MessageFormat::CommandComplete).await?;
[INFO] [stdout]     |                                 ^^^^^^^^^^^ the trait `io::decode::Decode<'_>` is not implemented for `!`
[INFO] [stdout]     |
[INFO] [stdout]     = help: the following other types implement trait `io::decode::Decode<'de, Context>`:
[INFO] [stdout]               ()
[INFO] [stdout]               Authentication
[INFO] [stdout]               AuthenticationSaslContinue
[INFO] [stdout]               AuthenticationSaslFinal
[INFO] [stdout]               BackendKeyData
[INFO] [stdout]               CommandComplete
[INFO] [stdout]               CopyData<bytes::Bytes>
[INFO] [stdout]               CopyDone
[INFO] [stdout]             and 10 others
[INFO] [stdout]     = note: this error might have been caused by changes to Rust's type-inference algorithm (see issue #148922 <https://github.com/rust-lang/rust/issues/148922> for more information)
[INFO] [stdout]     = help: you might have intended to use the type `()` here instead
[INFO] [stdout] note: required by a bound in `PgStream::recv_expect`
[INFO] [stdout]    --> /opt/rustwide/cargo-home/registry/src/index.crates.io-1949cf8c6b5b557f/sqlx-core-0.5.13/src/postgres/connection/stream.rs:64:45
[INFO] [stdout]     |
[INFO] [stdout]  38 | impl PgStream {
[INFO] [stdout] ...
[INFO] [stdout]  64 |     pub(crate) async fn recv_expect<'de, T: Decode<'de>>(
[INFO] [stdout]     |                                             ^^^^^^^^^^^ required by this bound in `PgStream::recv_expect`
[INFO] [stdout] 
[INFO] [stdout] 
[INFO] [stdout] error[E0277]: the trait bound `!: io::decode::Decode<'_>` is not satisfied
[INFO] [stdout]    --> /opt/rustwide/cargo-home/registry/src/index.crates.io-1949cf8c6b5b557f/sqlx-core-0.5.13/src/postgres/copy.rs:325:33
[INFO] [stdout]     |
[INFO] [stdout] 325 |                     conn.stream.recv_expect(MessageFormat::ReadyForQuery).await?;
[INFO] [stdout]     |                                 ^^^^^^^^^^^ the trait `io::decode::Decode<'_>` is not implemented for `!`
[INFO] [stdout]     |
[INFO] [stdout]     = help: the following other types implement trait `io::decode::Decode<'de, Context>`:
[INFO] [stdout]               ()
[INFO] [stdout]               Authentication
[INFO] [stdout]               AuthenticationSaslContinue
[INFO] [stdout]               AuthenticationSaslFinal
[INFO] [stdout]               BackendKeyData
[INFO] [stdout]               CommandComplete
[INFO] [stdout]               CopyData<bytes::Bytes>
[INFO] [stdout]               CopyDone
[INFO] [stdout]             and 10 others
[INFO] [stdout]     = note: this error might have been caused by changes to Rust's type-inference algorithm (see issue #148922 <https://github.com/rust-lang/rust/issues/148922> for more information)
[INFO] [stdout]     = help: you might have intended to use the type `()` here instead
[INFO] [stdout] note: required by a bound in `PgStream::recv_expect`
[INFO] [stdout]    --> /opt/rustwide/cargo-home/registry/src/index.crates.io-1949cf8c6b5b557f/sqlx-core-0.5.13/src/postgres/connection/stream.rs:64:45
[INFO] [stdout]     |
[INFO] [stdout]  38 | impl PgStream {
[INFO] [stdout] ...
[INFO] [stdout]  64 |     pub(crate) async fn recv_expect<'de, T: Decode<'de>>(
[INFO] [stdout]     |                                             ^^^^^^^^^^^ required by this bound in `PgStream::recv_expect`
[INFO] [stdout] 
[INFO] [stdout] 
[INFO] [stdout] error[E0277]: the trait bound `!: io::decode::Decode<'_>` is not satisfied
[INFO] [stdout]    --> /opt/rustwide/cargo-home/registry/src/index.crates.io-1949cf8c6b5b557f/sqlx-core-0.5.13/src/postgres/copy.rs:324:77
[INFO] [stdout]     |
[INFO] [stdout] 324 |                     conn.stream.recv_expect(MessageFormat::CommandComplete).await?;
[INFO] [stdout]     |                                                                             ^^^^^ the trait `io::decode::Decode<'_>` is not implemented for `!`
[INFO] [stdout]     |
[INFO] [stdout]     = help: the following other types implement trait `io::decode::Decode<'de, Context>`:
[INFO] [stdout]               ()
[INFO] [stdout]               Authentication
[INFO] [stdout]               AuthenticationSaslContinue
[INFO] [stdout]               AuthenticationSaslFinal
[INFO] [stdout]               BackendKeyData
[INFO] [stdout]               CommandComplete
[INFO] [stdout]               CopyData<bytes::Bytes>
[INFO] [stdout]               CopyDone
[INFO] [stdout]             and 10 others
[INFO] [stdout]     = note: this error might have been caused by changes to Rust's type-inference algorithm (see issue #148922 <https://github.com/rust-lang/rust/issues/148922> for more information)
[INFO] [stdout]     = help: you might have intended to use the type `()` here instead
[INFO] [stdout] note: required by a bound in `PgStream::recv_expect`
[INFO] [stdout]    --> /opt/rustwide/cargo-home/registry/src/index.crates.io-1949cf8c6b5b557f/sqlx-core-0.5.13/src/postgres/connection/stream.rs:64:45
[INFO] [stdout]     |
[INFO] [stdout]  38 | impl PgStream {
[INFO] [stdout] ...
[INFO] [stdout]  64 |     pub(crate) async fn recv_expect<'de, T: Decode<'de>>(
[INFO] [stdout]     |                                             ^^^^^^^^^^^ required by this bound in `PgStream::recv_expect`
[INFO] [stdout] 
[INFO] [stdout] 
[INFO] [stdout] error[E0277]: the trait bound `!: io::decode::Decode<'_>` is not satisfied
[INFO] [stdout]    --> /opt/rustwide/cargo-home/registry/src/index.crates.io-1949cf8c6b5b557f/sqlx-core-0.5.13/src/postgres/copy.rs:325:75
[INFO] [stdout]     |
[INFO] [stdout] 325 |                     conn.stream.recv_expect(MessageFormat::ReadyForQuery).await?;
[INFO] [stdout]     |                                                                           ^^^^^ the trait `io::decode::Decode<'_>` is not implemented for `!`
[INFO] [stdout]     |
[INFO] [stdout]     = help: the following other types implement trait `io::decode::Decode<'de, Context>`:
[INFO] [stdout]               ()
[INFO] [stdout]               Authentication
[INFO] [stdout]               AuthenticationSaslContinue
[INFO] [stdout]               AuthenticationSaslFinal
[INFO] [stdout]               BackendKeyData
[INFO] [stdout]               CommandComplete
[INFO] [stdout]               CopyData<bytes::Bytes>
[INFO] [stdout]               CopyDone
[INFO] [stdout]             and 10 others
[INFO] [stdout]     = note: this error might have been caused by changes to Rust's type-inference algorithm (see issue #148922 <https://github.com/rust-lang/rust/issues/148922> for more information)
[INFO] [stdout]     = help: you might have intended to use the type `()` here instead
[INFO] [stdout] note: required by a bound in `PgStream::recv_expect`
[INFO] [stdout]    --> /opt/rustwide/cargo-home/registry/src/index.crates.io-1949cf8c6b5b557f/sqlx-core-0.5.13/src/postgres/connection/stream.rs:64:45
[INFO] [stdout]     |
[INFO] [stdout]  38 | impl PgStream {
[INFO] [stdout] ...
[INFO] [stdout]  64 |     pub(crate) async fn recv_expect<'de, T: Decode<'de>>(
[INFO] [stdout]     |                                             ^^^^^^^^^^^ required by this bound in `PgStream::recv_expect`
[INFO] [stdout] 
[INFO] [stdout] 
[INFO] [stdout] error[E0277]: the trait bound `!: io::decode::Decode<'_>` is not satisfied
[INFO] [stdout]   --> /opt/rustwide/cargo-home/registry/src/index.crates.io-1949cf8c6b5b557f/sqlx-core-0.5.13/src/postgres/connection/executor.rs:67:10
[INFO] [stdout]    |
[INFO] [stdout] 67 |         .recv_expect(MessageFormat::ParseComplete)
[INFO] [stdout]    |          ^^^^^^^^^^^ the trait `io::decode::Decode<'_>` is not implemented for `!`
[INFO] [stdout]    |
[INFO] [stdout]    = help: the following other types implement trait `io::decode::Decode<'de, Context>`:
[INFO] [stdout]              ()
[INFO] [stdout]              Authentication
[INFO] [stdout]              AuthenticationSaslContinue
[INFO] [stdout]              AuthenticationSaslFinal
[INFO] [stdout]              BackendKeyData
[INFO] [stdout]              CommandComplete
[INFO] [stdout]              CopyData<bytes::Bytes>
[INFO] [stdout]              CopyDone
[INFO] [stdout]            and 10 others
[INFO] [stdout]    = note: this error might have been caused by changes to Rust's type-inference algorithm (see issue #148922 <https://github.com/rust-lang/rust/issues/148922> for more information)
[INFO] [stdout]    = help: you might have intended to use the type `()` here instead
[INFO] [stdout] note: required by a bound in `PgStream::recv_expect`
[INFO] [stdout]   --> /opt/rustwide/cargo-home/registry/src/index.crates.io-1949cf8c6b5b557f/sqlx-core-0.5.13/src/postgres/connection/stream.rs:64:45
[INFO] [stdout]    |
[INFO] [stdout] 38 | impl PgStream {
[INFO] [stdout] ...
[INFO] [stdout] 64 |     pub(crate) async fn recv_expect<'de, T: Decode<'de>>(
[INFO] [stdout]    |                                             ^^^^^^^^^^^ required by this bound in `PgStream::recv_expect`
[INFO] [stdout] 
[INFO] [stdout] 
[INFO] [stdout] error[E0277]: the trait bound `!: io::decode::Decode<'_>` is not satisfied
[INFO] [stdout]   --> /opt/rustwide/cargo-home/registry/src/index.crates.io-1949cf8c6b5b557f/sqlx-core-0.5.13/src/postgres/connection/executor.rs:68:10
[INFO] [stdout]    |
[INFO] [stdout] 68 |         .await?;
[INFO] [stdout]    |          ^^^^^ the trait `io::decode::Decode<'_>` is not implemented for `!`
[INFO] [stdout]    |
[INFO] [stdout]    = help: the following other types implement trait `io::decode::Decode<'de, Context>`:
[INFO] [stdout]              ()
[INFO] [stdout]              Authentication
[INFO] [stdout]              AuthenticationSaslContinue
[INFO] [stdout]              AuthenticationSaslFinal
[INFO] [stdout]              BackendKeyData
[INFO] [stdout]              CommandComplete
[INFO] [stdout]              CopyData<bytes::Bytes>
[INFO] [stdout]              CopyDone
[INFO] [stdout]            and 10 others
[INFO] [stdout]    = note: this error might have been caused by changes to Rust's type-inference algorithm (see issue #148922 <https://github.com/rust-lang/rust/issues/148922> for more information)
[INFO] [stdout]    = help: you might have intended to use the type `()` here instead
[INFO] [stdout] note: required by a bound in `PgStream::recv_expect`
[INFO] [stdout]   --> /opt/rustwide/cargo-home/registry/src/index.crates.io-1949cf8c6b5b557f/sqlx-core-0.5.13/src/postgres/connection/stream.rs:64:45
[INFO] [stdout]    |
[INFO] [stdout] 38 | impl PgStream {
[INFO] [stdout] ...
[INFO] [stdout] 64 |     pub(crate) async fn recv_expect<'de, T: Decode<'de>>(
[INFO] [stdout]    |                                             ^^^^^^^^^^^ required by this bound in `PgStream::recv_expect`
[INFO] [stdout] 
[INFO] [stdout] 
[INFO] [stdout] error[E0277]: the trait bound `!: io::decode::Decode<'_>` is not satisfied
[INFO] [stdout]    --> /opt/rustwide/cargo-home/registry/src/index.crates.io-1949cf8c6b5b557f/sqlx-core-0.5.13/src/postgres/copy.rs:261:30
[INFO] [stdout]     |
[INFO] [stdout] 261 | ...                   .recv_expect(MessageFormat::ReadyForQuery)
[INFO] [stdout]     |                        ^^^^^^^^^^^ the trait `io::decode::Decode<'_>` is not implemented for `!`
[INFO] [stdout]     |
[INFO] [stdout]     = help: the following other types implement trait `io::decode::Decode<'de, Context>`:
[INFO] [stdout]               ()
[INFO] [stdout]               Authentication
[INFO] [stdout]               AuthenticationSaslContinue
[INFO] [stdout]               AuthenticationSaslFinal
[INFO] [stdout]               BackendKeyData
[INFO] [stdout]               CommandComplete
[INFO] [stdout]               CopyData<bytes::Bytes>
[INFO] [stdout]               CopyDone
[INFO] [stdout]             and 10 others
[INFO] [stdout]     = note: this error might have been caused by changes to Rust's type-inference algorithm (see issue #148922 <https://github.com/rust-lang/rust/issues/148922> for more information)
[INFO] [stdout]     = help: you might have intended to use the type `()` here instead
[INFO] [stdout] note: required by a bound in `PgStream::recv_expect`
[INFO] [stdout]    --> /opt/rustwide/cargo-home/registry/src/index.crates.io-1949cf8c6b5b557f/sqlx-core-0.5.13/src/postgres/connection/stream.rs:64:45
[INFO] [stdout]     |
[INFO] [stdout]  38 | impl PgStream {
[INFO] [stdout] ...
[INFO] [stdout]  64 |     pub(crate) async fn recv_expect<'de, T: Decode<'de>>(
[INFO] [stdout]     |                                             ^^^^^^^^^^^ required by this bound in `PgStream::recv_expect`
[INFO] [stdout] 
[INFO] [stdout] 
[INFO] [stdout] error[E0277]: the trait bound `!: io::decode::Decode<'_>` is not satisfied
[INFO] [stdout]    --> /opt/rustwide/cargo-home/registry/src/index.crates.io-1949cf8c6b5b557f/sqlx-core-0.5.13/src/postgres/copy.rs:262:30
[INFO] [stdout]     |
[INFO] [stdout] 262 | ...                   .await?;
[INFO] [stdout]     |                        ^^^^^ the trait `io::decode::Decode<'_>` is not implemented for `!`
[INFO] [stdout]     |
[INFO] [stdout]     = help: the following other types implement trait `io::decode::Decode<'de, Context>`:
[INFO] [stdout]               ()
[INFO] [stdout]               Authentication
[INFO] [stdout]               AuthenticationSaslContinue
[INFO] [stdout]               AuthenticationSaslFinal
[INFO] [stdout]               BackendKeyData
[INFO] [stdout]               CommandComplete
[INFO] [stdout]               CopyData<bytes::Bytes>
[INFO] [stdout]               CopyDone
[INFO] [stdout]             and 10 others
[INFO] [stdout]     = note: this error might have been caused by changes to Rust's type-inference algorithm (see issue #148922 <https://github.com/rust-lang/rust/issues/148922> for more information)
[INFO] [stdout]     = help: you might have intended to use the type `()` here instead
[INFO] [stdout] note: required by a bound in `PgStream::recv_expect`
[INFO] [stdout]    --> /opt/rustwide/cargo-home/registry/src/index.crates.io-1949cf8c6b5b557f/sqlx-core-0.5.13/src/postgres/connection/stream.rs:64:45
[INFO] [stdout]     |
[INFO] [stdout]  38 | impl PgStream {
[INFO] [stdout] ...
[INFO] [stdout]  64 |     pub(crate) async fn recv_expect<'de, T: Decode<'de>>(
[INFO] [stdout]     |                                             ^^^^^^^^^^^ required by this bound in `PgStream::recv_expect`
[INFO] [stdout] 
[INFO] [stdout] 
[INFO] [stdout] error[E0277]: the trait bound `!: io::decode::Decode<'_>` is not satisfied
[INFO] [stdout]    --> /opt/rustwide/cargo-home/registry/src/index.crates.io-1949cf8c6b5b557f/sqlx-core-0.5.13/src/postgres/copy.rs:288:14
[INFO] [stdout]     |
[INFO] [stdout] 288 |             .recv_expect(MessageFormat::ReadyForQuery)
[INFO] [stdout]     |              ^^^^^^^^^^^ the trait `io::decode::Decode<'_>` is not implemented for `!`
[INFO] [stdout]     |
[INFO] [stdout]     = help: the following other types implement trait `io::decode::Decode<'de, Context>`:
[INFO] [stdout]               ()
[INFO] [stdout]               Authentication
[INFO] [stdout]               AuthenticationSaslContinue
[INFO] [stdout]               AuthenticationSaslFinal
[INFO] [stdout]               BackendKeyData
[INFO] [stdout]               CommandComplete
[INFO] [stdout]               CopyData<bytes::Bytes>
[INFO] [stdout]               CopyDone
[INFO] [stdout]             and 10 others
[INFO] [stdout]     = note: this error might have been caused by changes to Rust's type-inference algorithm (see issue #148922 <https://github.com/rust-lang/rust/issues/148922> for more information)
[INFO] [stdout]     = help: you might have intended to use the type `()` here instead
[INFO] [stdout] note: required by a bound in `PgStream::recv_expect`
[INFO] [stdout]    --> /opt/rustwide/cargo-home/registry/src/index.crates.io-1949cf8c6b5b557f/sqlx-core-0.5.13/src/postgres/connection/stream.rs:64:45
[INFO] [stdout]     |
[INFO] [stdout]  38 | impl PgStream {
[INFO] [stdout] ...
[INFO] [stdout]  64 |     pub(crate) async fn recv_expect<'de, T: Decode<'de>>(
[INFO] [stdout]     |                                             ^^^^^^^^^^^ required by this bound in `PgStream::recv_expect`
[INFO] [stdout] 
[INFO] [stdout] 
[INFO] [stdout] error[E0277]: the trait bound `!: io::decode::Decode<'_>` is not satisfied
[INFO] [stdout]    --> /opt/rustwide/cargo-home/registry/src/index.crates.io-1949cf8c6b5b557f/sqlx-core-0.5.13/src/postgres/copy.rs:289:14
[INFO] [stdout]     |
[INFO] [stdout] 289 |             .await?;
[INFO] [stdout]     |              ^^^^^ the trait `io::decode::Decode<'_>` is not implemented for `!`
[INFO] [stdout]     |
[INFO] [stdout]     = help: the following other types implement trait `io::decode::Decode<'de, Context>`:
[INFO] [stdout]               ()
[INFO] [stdout]               Authentication
[INFO] [stdout]               AuthenticationSaslContinue
[INFO] [stdout]               AuthenticationSaslFinal
[INFO] [stdout]               BackendKeyData
[INFO] [stdout]               CommandComplete
[INFO] [stdout]               CopyData<bytes::Bytes>
[INFO] [stdout]               CopyDone
[INFO] [stdout]             and 10 others
[INFO] [stdout]     = note: this error might have been caused by changes to Rust's type-inference algorithm (see issue #148922 <https://github.com/rust-lang/rust/issues/148922> for more information)
[INFO] [stdout]     = help: you might have intended to use the type `()` here instead
[INFO] [stdout] note: required by a bound in `PgStream::recv_expect`
[INFO] [stdout]    --> /opt/rustwide/cargo-home/registry/src/index.crates.io-1949cf8c6b5b557f/sqlx-core-0.5.13/src/postgres/connection/stream.rs:64:45
[INFO] [stdout]     |
[INFO] [stdout]  38 | impl PgStream {
[INFO] [stdout] ...
[INFO] [stdout]  64 |     pub(crate) async fn recv_expect<'de, T: Decode<'de>>(
[INFO] [stdout]     |                                             ^^^^^^^^^^^ required by this bound in `PgStream::recv_expect`
[INFO] [stdout] 
[INFO] [stdout] 
[INFO] [stdout] error[E0277]: the trait bound `!: io::decode::Decode<'_>` is not satisfied
[INFO] [stdout]    --> /opt/rustwide/cargo-home/registry/src/index.crates.io-1949cf8c6b5b557f/sqlx-core-0.5.13/src/postgres/copy.rs:324:33
[INFO] [stdout]     |
[INFO] [stdout] 324 |                     conn.stream.recv_expect(MessageFormat::CommandComplete).await?;
[INFO] [stdout]     |                                 ^^^^^^^^^^^ the trait `io::decode::Decode<'_>` is not implemented for `!`
[INFO] [stdout]     |
[INFO] [stdout]     = help: the following other types implement trait `io::decode::Decode<'de, Context>`:
[INFO] [stdout]               ()
[INFO] [stdout]               Authentication
[INFO] [stdout]               AuthenticationSaslContinue
[INFO] [stdout]               AuthenticationSaslFinal
[INFO] [stdout]               BackendKeyData
[INFO] [stdout]               CommandComplete
[INFO] [stdout]               CopyData<bytes::Bytes>
[INFO] [stdout]               CopyDone
[INFO] [stdout]             and 10 others
[INFO] [stdout]     = note: this error might have been caused by changes to Rust's type-inference algorithm (see issue #148922 <https://github.com/rust-lang/rust/issues/148922> for more information)
[INFO] [stdout]     = help: you might have intended to use the type `()` here instead
[INFO] [stdout] note: required by a bound in `PgStream::recv_expect`
[INFO] [stdout]    --> /opt/rustwide/cargo-home/registry/src/index.crates.io-1949cf8c6b5b557f/sqlx-core-0.5.13/src/postgres/connection/stream.rs:64:45
[INFO] [stdout]     |
[INFO] [stdout]  38 | impl PgStream {
[INFO] [stdout] ...
[INFO] [stdout]  64 |     pub(crate) async fn recv_expect<'de, T: Decode<'de>>(
[INFO] [stdout]     |                                             ^^^^^^^^^^^ required by this bound in `PgStream::recv_expect`
[INFO] [stdout] 
[INFO] [stdout] 
[INFO] [stdout] error[E0277]: the trait bound `!: io::decode::Decode<'_>` is not satisfied
[INFO] [stdout]    --> /opt/rustwide/cargo-home/registry/src/index.crates.io-1949cf8c6b5b557f/sqlx-core-0.5.13/src/postgres/copy.rs:325:33
[INFO] [stdout]     |
[INFO] [stdout] 325 |                     conn.stream.recv_expect(MessageFormat::ReadyForQuery).await?;
[INFO] [stdout]     |                                 ^^^^^^^^^^^ the trait `io::decode::Decode<'_>` is not implemented for `!`
[INFO] [stdout]     |
[INFO] [stdout]     = help: the following other types implement trait `io::decode::Decode<'de, Context>`:
[INFO] [stdout]               ()
[INFO] [stdout]               Authentication
[INFO] [stdout]               AuthenticationSaslContinue
[INFO] [stdout]               AuthenticationSaslFinal
[INFO] [stdout]               BackendKeyData
[INFO] [stdout]               CommandComplete
[INFO] [stdout]               CopyData<bytes::Bytes>
[INFO] [stdout]               CopyDone
[INFO] [stdout]             and 10 others
[INFO] [stdout]     = note: this error might have been caused by changes to Rust's type-inference algorithm (see issue #148922 <https://github.com/rust-lang/rust/issues/148922> for more information)
[INFO] [stdout]     = help: you might have intended to use the type `()` here instead
[INFO] [stdout] note: required by a bound in `PgStream::recv_expect`
[INFO] [stdout]    --> /opt/rustwide/cargo-home/registry/src/index.crates.io-1949cf8c6b5b557f/sqlx-core-0.5.13/src/postgres/connection/stream.rs:64:45
[INFO] [stdout]     |
[INFO] [stdout]  38 | impl PgStream {
[INFO] [stdout] ...
[INFO] [stdout]  64 |     pub(crate) async fn recv_expect<'de, T: Decode<'de>>(
[INFO] [stdout]     |                                             ^^^^^^^^^^^ required by this bound in `PgStream::recv_expect`
[INFO] [stdout] 
[INFO] [stdout] 
[INFO] [stdout] error[E0277]: the trait bound `!: io::decode::Decode<'_>` is not satisfied
[INFO] [stdout]    --> /opt/rustwide/cargo-home/registry/src/index.crates.io-1949cf8c6b5b557f/sqlx-core-0.5.13/src/postgres/copy.rs:324:77
[INFO] [stdout]     |
[INFO] [stdout] 324 |                     conn.stream.recv_expect(MessageFormat::CommandComplete).await?;
[INFO] [stdout]     |                                                                             ^^^^^ the trait `io::decode::Decode<'_>` is not implemented for `!`
[INFO] [stdout]     |
[INFO] [stdout]     = help: the following other types implement trait `io::decode::Decode<'de, Context>`:
[INFO] [stdout]               ()
[INFO] [stdout]               Authentication
[INFO] [stdout]               AuthenticationSaslContinue
[INFO] [stdout]               AuthenticationSaslFinal
[INFO] [stdout]               BackendKeyData
[INFO] [stdout]               CommandComplete
[INFO] [stdout]               CopyData<bytes::Bytes>
[INFO] [stdout]               CopyDone
[INFO] [stdout]             and 10 others
[INFO] [stdout]     = note: this error might have been caused by changes to Rust's type-inference algorithm (see issue #148922 <https://github.com/rust-lang/rust/issues/148922> for more information)
[INFO] [stdout]     = help: you might have intended to use the type `()` here instead
[INFO] [stdout] note: required by a bound in `PgStream::recv_expect`
[INFO] [stdout]    --> /opt/rustwide/cargo-home/registry/src/index.crates.io-1949cf8c6b5b557f/sqlx-core-0.5.13/src/postgres/connection/stream.rs:64:45
[INFO] [stdout]     |
[INFO] [stdout]  38 | impl PgStream {
[INFO] [stdout] ...
[INFO] [stdout]  64 |     pub(crate) async fn recv_expect<'de, T: Decode<'de>>(
[INFO] [stdout]     |                                             ^^^^^^^^^^^ required by this bound in `PgStream::recv_expect`
[INFO] [stdout] 
[INFO] [stdout] 
[INFO] [stdout] error[E0277]: the trait bound `!: io::decode::Decode<'_>` is not satisfied
[INFO] [stdout]    --> /opt/rustwide/cargo-home/registry/src/index.crates.io-1949cf8c6b5b557f/sqlx-core-0.5.13/src/postgres/copy.rs:325:75
[INFO] [stdout]     |
[INFO] [stdout] 325 |                     conn.stream.recv_expect(MessageFormat::ReadyForQuery).await?;
[INFO] [stdout]     |                                                                           ^^^^^ the trait `io::decode::Decode<'_>` is not implemented for `!`
[INFO] [stdout]     |
[INFO] [stdout]     = help: the following other types implement trait `io::decode::Decode<'de, Context>`:
[INFO] [stdout]               ()
[INFO] [stdout]               Authentication
[INFO] [stdout]               AuthenticationSaslContinue
[INFO] [stdout]               AuthenticationSaslFinal
[INFO] [stdout]               BackendKeyData
[INFO] [stdout]               CommandComplete
[INFO] [stdout]               CopyData<bytes::Bytes>
[INFO] [stdout]               CopyDone
[INFO] [stdout]             and 10 others
[INFO] [stdout]     = note: this error might have been caused by changes to Rust's type-inference algorithm (see issue #148922 <https://github.com/rust-lang/rust/issues/148922> for more information)
[INFO] [stdout]     = help: you might have intended to use the type `()` here instead
[INFO] [stdout] note: required by a bound in `PgStream::recv_expect`
[INFO] [stdout]    --> /opt/rustwide/cargo-home/registry/src/index.crates.io-1949cf8c6b5b557f/sqlx-core-0.5.13/src/postgres/connection/stream.rs:64:45
[INFO] [stdout]     |
[INFO] [stdout]  38 | impl PgStream {
[INFO] [stdout] ...
[INFO] [stdout]  64 |     pub(crate) async fn recv_expect<'de, T: Decode<'de>>(
[INFO] [stdout]     |                                             ^^^^^^^^^^^ required by this bound in `PgStream::recv_expect`
[INFO] [stdout] 
[INFO] [stdout] 
[INFO] [stdout] For more information about this error, try `rustc --explain E0277`.
[INFO] [stdout] 
[INFO] [stderr] error: could not compile `sqlx-core` (lib) due to 10 previous errors
[INFO] [stderr] warning: build failed, waiting for other jobs to finish...
[INFO] [stdout] For more information about this error, try `rustc --explain E0277`.
[INFO] [stdout] 
[INFO] [stderr] error: could not compile `sqlx-core` (lib) due to 10 previous errors
[INFO] running `Command { std: "docker" "inspect" "b4de6a8daa54676501301928bb90dedf17a0f4ff62834ec4299e5f7ce2df7bf5", kill_on_drop: false }`
[INFO] running `Command { std: "docker" "rm" "-f" "b4de6a8daa54676501301928bb90dedf17a0f4ff62834ec4299e5f7ce2df7bf5", kill_on_drop: false }`
[INFO] [stdout] b4de6a8daa54676501301928bb90dedf17a0f4ff62834ec4299e5f7ce2df7bf5
