[INFO] cloning repository https://github.com/solomon-os/raft-distributed-log-rs
[INFO] running `Command { std: "git" "-c" "credential.helper=" "-c" "credential.helper=/workspace/cargo-home/bin/git-credential-null" "clone" "--bare" "https://github.com/solomon-os/raft-distributed-log-rs" "/workspace/cache/git-repos/https%3A%2F%2Fgithub.com%2Fsolomon-os%2Fraft-distributed-log-rs", kill_on_drop: false }`
[INFO] [stderr] Cloning into bare repository '/workspace/cache/git-repos/https%3A%2F%2Fgithub.com%2Fsolomon-os%2Fraft-distributed-log-rs'...
[INFO] running `Command { std: "git" "rev-parse" "HEAD", kill_on_drop: false }`
[INFO] [stdout] 66d610b941ef951b15302e5c4b5913658a46aa64
[INFO] checking solomon-os/raft-distributed-log-rs against 3154cc1a3e6424e44f438a95007d043ed5ceaaf6+rustflags=-Znext-solver=coherence for pr-133502-30
[INFO] running `Command { std: "git" "clone" "/workspace/cache/git-repos/https%3A%2F%2Fgithub.com%2Fsolomon-os%2Fraft-distributed-log-rs" "/workspace/builds/worker-3-tc1/source", kill_on_drop: false }`
[INFO] [stderr] Cloning into '/workspace/builds/worker-3-tc1/source'...
[INFO] [stderr] done.
[INFO] started tweaking git repo https://github.com/solomon-os/raft-distributed-log-rs
[INFO] finished tweaking git repo https://github.com/solomon-os/raft-distributed-log-rs
[INFO] tweaked toml for git repo https://github.com/solomon-os/raft-distributed-log-rs written to /workspace/builds/worker-3-tc1/source/Cargo.toml
[INFO] validating manifest of git repo https://github.com/solomon-os/raft-distributed-log-rs on toolchain 3154cc1a3e6424e44f438a95007d043ed5ceaaf6
[INFO] running `Command { std: CARGO_HOME="/workspace/cargo-home" RUSTUP_HOME="/workspace/rustup-home" "/workspace/cargo-home/bin/cargo" "+3154cc1a3e6424e44f438a95007d043ed5ceaaf6" "metadata" "--manifest-path" "Cargo.toml" "--no-deps", kill_on_drop: false }`
[INFO] crate git repo https://github.com/solomon-os/raft-distributed-log-rs already has a lockfile, it will not be regenerated
[INFO] running `Command { std: CARGO_HOME="/workspace/cargo-home" RUSTUP_HOME="/workspace/rustup-home" "/workspace/cargo-home/bin/cargo" "+3154cc1a3e6424e44f438a95007d043ed5ceaaf6" "fetch" "--manifest-path" "Cargo.toml", kill_on_drop: false }`
[INFO] [stderr]     Updating crates.io index
[INFO] [stderr]  Downloading crates ...
[INFO] [stderr]   Downloaded derivit-core v0.1.5
[INFO] [stderr]   Downloaded serf v0.5.2
[INFO] [stderr]   Downloaded viewit v0.1.5
[INFO] [stderr]   Downloaded cheap-clone v0.3.1
[INFO] [stderr]   Downloaded agnostic-io v0.2.0
[INFO] [stderr]   Downloaded feature-extension-for-wasm-bindgen-futures v0.2.3
[INFO] [stderr]   Downloaded gloo-timers v0.4.0
[INFO] [stderr]   Downloaded feature-extension-for-smol v0.2.3
[INFO] [stderr]   Downloaded peekable v0.5.0
[INFO] [stderr]   Downloaded nodecraft v0.9.1
[INFO] [stderr]   Downloaded hostaddr v0.2.4
[INFO] [stderr]   Downloaded agnostic-process v0.3.0
[INFO] [stderr]   Downloaded memberlist-core v0.8.5
[INFO] [stderr]   Downloaded agnostic v0.9.0
[INFO] [stderr]   Downloaded varing v0.13.0
[INFO] [stderr]   Downloaded agnostic-net v0.3.1
[INFO] [stderr]   Downloaded agnostic-lite v0.6.2
[INFO] [stderr]   Downloaded agnostic-dns v0.4.0
[INFO] [stderr]   Downloaded atomic-time v0.2.1
[INFO] [stderr]   Downloaded memberlist-proto v0.3.4
[INFO] [stderr]   Downloaded serf-core v0.5.2
[INFO] [stderr]   Downloaded among v0.1.8
[INFO] [stderr]   Downloaded faststr v0.2.34
[INFO] [stderr]   Downloaded memberlist-quic v0.8.5
[INFO] [stderr]   Downloaded getifs v0.5.0
[INFO] [stderr]   Downloaded iprfc v0.2.3
[INFO] [stderr]   Downloaded memberlist-net v0.8.5
[INFO] [stderr]   Downloaded memberlist v0.8.5
[INFO] [stderr]   Downloaded object-pool v0.6.0
[INFO] running `Command { std: "docker" "create" "-v" "/var/lib/crater-agent-workspace/builds/worker-3-tc1/source:/opt/rustwide/workdir:ro,Z" "-v" "/var/lib/crater-agent-workspace/builds/worker-3-tc1/target:/opt/rustwide/target:rw,Z" "-v" "/var/lib/crater-agent-workspace/cargo-home:/opt/rustwide/cargo-home:ro,Z" "-v" "/var/lib/crater-agent-workspace/rustup-home:/opt/rustwide/rustup-home:ro,Z" "-m" "1610612736" "--network" "none" "ghcr.io/rust-lang/crates-build-env/linux@sha256:77db811e55d90add9212f6832c23229e3de5f1c1f9905e8cb07319ea15df73ac" "sleep" "infinity", kill_on_drop: false }`
[INFO] [stdout] 43c64a545da3f895e3580a900b6f1950f4e87551c1b2d5ebeea861131629d40a
[INFO] running `Command { std: "docker" "start" "43c64a545da3f895e3580a900b6f1950f4e87551c1b2d5ebeea861131629d40a", kill_on_drop: false }`
[INFO] running `Command { std: "docker" "inspect" "43c64a545da3f895e3580a900b6f1950f4e87551c1b2d5ebeea861131629d40a", kill_on_drop: false }`
[INFO] running `Command { std: "docker" "exec" "-e" "SOURCE_DIR=/opt/rustwide/workdir" "-e" "CARGO_HOME=/opt/rustwide/cargo-home" "-e" "RUSTUP_HOME=/opt/rustwide/rustup-home" "-e" "CARGO_TARGET_DIR=/opt/rustwide/target" "-w" "/opt/rustwide/workdir" "--user" "0:0" "43c64a545da3f895e3580a900b6f1950f4e87551c1b2d5ebeea861131629d40a" "/opt/rustwide/cargo-home/bin/cargo" "+3154cc1a3e6424e44f438a95007d043ed5ceaaf6" "metadata" "--no-deps" "--format-version=1", kill_on_drop: false }`
[INFO] running `Command { std: "docker" "inspect" "43c64a545da3f895e3580a900b6f1950f4e87551c1b2d5ebeea861131629d40a", kill_on_drop: false }`
[INFO] running `Command { std: "docker" "exec" "-e" "SOURCE_DIR=/opt/rustwide/workdir" "-e" "CARGO_HOME=/opt/rustwide/cargo-home" "-e" "RUSTUP_HOME=/opt/rustwide/rustup-home" "-e" "CARGO_TARGET_DIR=/opt/rustwide/target" "-e" "CARGO_INCREMENTAL=0" "-e" "RUST_BACKTRACE=full" "-e" "RUSTFLAGS=--cap-lints=forbid -Znext-solver=coherence" "-e" "RUSTDOCFLAGS=--cap-lints=forbid" "-w" "/opt/rustwide/workdir" "--user" "0:0" "43c64a545da3f895e3580a900b6f1950f4e87551c1b2d5ebeea861131629d40a" "/opt/rustwide/cargo-home/bin/cargo" "+3154cc1a3e6424e44f438a95007d043ed5ceaaf6" "check" "--frozen" "--all" "--all-targets" "--message-format=json", kill_on_drop: false }`
[INFO] [stderr]     Checking futures-core v0.3.34
[INFO] [stderr]    Compiling portable-atomic v1.15.0
[INFO] [stderr]     Checking futures-io v0.3.34
[INFO] [stderr]     Checking futures-task v0.3.34
[INFO] [stderr]    Compiling syn v3.0.4
[INFO] [stderr]     Checking rand_core v0.6.4
[INFO] [stderr]     Checking bitflags v2.13.1
[INFO] [stderr]    Compiling pin-project-internal v1.1.13
[INFO] [stderr]    Compiling rustix v1.1.4
[INFO] [stderr]    Compiling crossbeam-epoch v0.9.20
[INFO] [stderr]     Checking indexmap v2.14.1
[INFO] [stderr]    Compiling atomic-time v0.2.1
[INFO] [stderr]     Checking linux-raw-sys v0.12.1
[INFO] [stderr]    Compiling syn v1.0.109
[INFO] [stderr]    Compiling quinn-udp v0.5.15
[INFO] [stderr]     Checking uuid v1.26.0
[INFO] [stderr]    Compiling enum-as-inner v0.6.1
[INFO] [stderr]     Checking futures-channel v0.3.34
[INFO] [stderr]     Checking data-encoding v2.11.1
[INFO] [stderr]    Compiling quinn v0.11.11
[INFO] [stderr]     Checking smol_str v0.3.6
[INFO] [stderr]     Checking crypto-common v0.1.7
[INFO] [stderr]    Compiling prettyplease v0.1.25
[INFO] [stderr]     Checking lru-slab v0.1.2
[INFO] [stderr]     Checking resolv-conf v0.7.6
[INFO] [stderr]     Checking cipher v0.4.4
[INFO] [stderr]    Compiling derive_more-impl v2.1.1
[INFO] [stderr]     Checking universal-hash v0.5.1
[INFO] [stderr]     Checking cheap-clone v0.3.1
[INFO] [stderr]     Checking polyval v0.6.2
[INFO] [stderr]    Compiling peekable v0.5.0
[INFO] [stderr]    Compiling prost-derive v0.14.4
[INFO] [stderr]    Compiling memberlist-proto v0.3.4
[INFO] [stderr]     Checking ghash v0.5.1
[INFO] [stderr]     Checking aes v0.8.4
[INFO] [stderr]     Checking ctr v0.9.2
[INFO] [stderr]     Checking generic-array v1.4.5
[INFO] [stderr]     Checking concurrent-queue v2.5.0
[INFO] [stderr]    Compiling memberlist-core v0.8.5
[INFO] [stderr]    Compiling hardware-address v0.3.0
[INFO] [stderr]     Checking among v0.1.8
[INFO] [stderr]     Checking cbc v0.1.2
[INFO] [stderr]     Checking async-lock v3.4.2
[INFO] [stderr]     Checking crossbeam-skiplist v0.1.3
[INFO] [stderr]    Compiling auto_impl v1.3.0
[INFO] [stderr]     Checking async-channel v2.5.0
[INFO] [stderr]    Compiling getifs v0.5.0
[INFO] [stderr]     Checking once_cell v1.21.4
[INFO] [stderr]    Compiling getrandom v0.4.3
[INFO] [stderr]    Compiling prettyplease v0.2.37
[INFO] [stderr]     Checking tracing-core v0.1.36
[INFO] [stderr]    Compiling memberlist v0.8.5
[INFO] [stderr]     Checking serde_json v1.0.151
[INFO] [stderr]     Checking arc-swap v1.9.2
[INFO] [stderr]     Checking crossbeam-queue v0.3.13
[INFO] [stderr]     Checking tracing v0.1.44
[INFO] [stderr]     Checking yansi v1.0.1
[INFO] [stderr]     Checking diff v0.1.13
[INFO] [stderr]     Checking pin-project v1.1.13
[INFO] [stderr]     Checking pretty_assertions v1.4.1
[INFO] [stderr]    Compiling tonic-build v0.14.6
[INFO] [stderr]    Compiling petgraph v0.8.3
[INFO] [stderr]    Compiling prost v0.14.4
[INFO] [stderr]    Compiling prost-types v0.14.4
[INFO] [stderr]    Compiling tempfile v3.27.0
[INFO] [stderr]    Compiling darling_core v0.14.4
[INFO] [stderr]     Checking derive_more v2.1.1
[INFO] [stderr]    Compiling prost-build v0.14.4
[INFO] [stderr]    Compiling tonic-prost-build v0.14.6
[INFO] [stderr]    Compiling derive_utils v0.16.0
[INFO] [stderr]    Compiling raft-distributed-log v0.1.0 (/opt/rustwide/workdir)
[INFO] [stderr]    Compiling darling_macro v0.14.4
[INFO] [stderr]    Compiling serde_derive v1.0.229
[INFO] [stderr]    Compiling tokio-macros v2.7.2
[INFO] [stderr]    Compiling futures-macro v0.3.34
[INFO] [stderr]    Compiling zerovec-derive v0.11.6
[INFO] [stderr]    Compiling displaydoc v0.2.7
[INFO] [stderr]    Compiling thiserror-impl v2.0.20
[INFO] [stderr]    Compiling async-trait v0.1.92
[INFO] [stderr]    Compiling auto_enums v0.8.10
[INFO] [stderr]    Compiling darling v0.14.4
[INFO] [stderr]    Compiling derivit-core v0.1.5
[INFO] [stderr]     Checking iprobe v0.1.1
[INFO] [stderr]     Checking futures-util v0.3.34
[INFO] [stderr]    Compiling viewit v0.1.5
[INFO] [stderr]     Checking zerotrie v0.2.5
[INFO] [stderr]     Checking thiserror v2.0.20
[INFO] [stderr]     Checking varing v0.13.0
[INFO] [stderr]     Checking zerovec v0.11.8
[INFO] [stderr]     Checking tinystr v0.8.4
[INFO] [stderr]     Checking potential_utf v0.1.6
[INFO] [stderr]     Checking icu_locale_core v2.3.0
[INFO] [stderr]     Checking icu_collections v2.3.0
[INFO] [stderr]     Checking serde v1.0.229
[INFO] [stderr]     Checking icu_provider v2.3.1
[INFO] [stderr]     Checking icu_properties v2.3.0
[INFO] [stderr]     Checking futures-executor v0.3.34
[INFO] [stderr]     Checking futures v0.3.34
[INFO] [stderr]     Checking bytes v1.12.1
[INFO] [stderr]     Checking smallvec v1.16.0
[INFO] [stderr]     Checking ipnet v2.12.1
[INFO] [stderr]     Checking triomphe v0.1.16
[INFO] [stderr]     Checking either v1.18.0
[INFO] [stderr]     Checking humantime-serde v1.1.1
[INFO] [stderr]     Checking icu_normalizer v2.3.0
[INFO] [stderr]     Checking parking_lot_core v0.9.12
[INFO] [stderr]     Checking iprfc v0.2.3
[INFO] [stderr]     Checking parking_lot v0.12.5
[INFO] [stderr]     Checking smallvec-wrapper v0.4.1
[INFO] [stderr]     Checking tokio v1.53.1
[INFO] [stderr]     Checking quinn-proto v0.11.17
[INFO] [stderr]     Checking http v1.5.0
[INFO] [stderr]     Checking aead v0.5.2
[INFO] [stderr]     Checking aes-gcm v0.10.3
[INFO] [stderr]     Checking moka v0.12.16
[INFO] [stderr]     Checking object-pool v0.6.0
[INFO] [stderr]     Checking idna_adapter v1.2.2
[INFO] [stderr]     Checking idna v1.1.0
[INFO] [stderr]     Checking http-body v1.1.0
[INFO] [stderr]     Checking http-body-util v0.1.5
[INFO] [stderr]     Checking url v2.5.8
[INFO] [stderr]     Checking hostaddr v0.2.4
[INFO] [stderr]     Checking axum-core v0.5.6
[INFO] [stderr]     Checking hickory-proto v0.25.2
[INFO] [stderr]     Checking tokio-util v0.7.19
[INFO] [stderr]     Checking tokio-stream v0.1.19
[INFO] [stderr]     Checking agnostic-lite v0.6.2
[INFO] [stderr]     Checking agnostic-io v0.2.0
[INFO] [stderr]     Checking h2 v0.4.19
[INFO] [stderr]     Checking tower v0.5.3
[INFO] [stderr]     Checking agnostic-net v0.3.1
[INFO] [stderr]     Checking hickory-resolver v0.25.2
[INFO] [stderr]     Checking axum v0.8.9
[INFO] [stderr]     Checking agnostic-dns v0.4.0
[INFO] [stderr]     Checking agnostic v0.9.0
[INFO] [stderr]     Checking nodecraft v0.9.1
[INFO] [stderr]     Checking hyper v1.11.1
[INFO] [stderr]     Checking hyper-util v0.1.20
[INFO] [stderr]     Checking hyper-timeout v0.5.2
[INFO] [stderr]     Checking tonic v0.14.6
[INFO] [stderr]     Checking memberlist-quic v0.8.5
[INFO] [stderr]     Checking memberlist-net v0.8.5
[INFO] [stderr]     Checking serf-core v0.5.2
[INFO] [stderr]     Checking tonic-prost v0.14.6
[INFO] [stderr]     Checking serf v0.5.2
[INFO] [stdout] error[E0425]: cannot find type `PathBuf` in this scope
[INFO] [stdout]   --> src/log/store.rs:50:38
[INFO] [stdout]    |
[INFO] [stdout] 50 |     pub fn name(&self) -> io::Result<PathBuf> {
[INFO] [stdout]    |                                      ^^^^^^^ not found in this scope
[INFO] [stdout]    |
[INFO] [stdout] help: consider importing one of these structs
[INFO] [stdout]    |
[INFO] [stdout]  1 + use crate::log::PathBuf;
[INFO] [stdout]    |
[INFO] [stdout]  1 + use std::path::PathBuf;
[INFO] [stdout]    |
[INFO] [stdout] 
[INFO] [stdout] 
[INFO] [stdout] error[E0433]: cannot find module or crate `fs` in this scope
[INFO] [stdout]   --> src/log/store.rs:51:9
[INFO] [stdout]    |
[INFO] [stdout] 51 |         fs::read_link(format!("/proc/self/fd/{}", self.file.as_raw_fd()))
[INFO] [stdout]    |         ^^ use of unresolved module or unlinked crate `fs`
[INFO] [stdout]    |
[INFO] [stdout]    = help: if you wanted to use a crate named `fs`, use `cargo add fs` to add it to your `Cargo.toml`
[INFO] [stdout] help: consider importing one of these modules
[INFO] [stdout]    |
[INFO] [stdout]  1 + use crate::log::fs;
[INFO] [stdout]    |
[INFO] [stdout]  1 + use std::fs;
[INFO] [stdout]    |
[INFO] [stdout] 
[INFO] [stdout] 
[INFO] [stdout] warning: unused imports: `Request` and `transport::Server`
[INFO] [stdout]  --> src/grpc/client_transport.rs:5:13
[INFO] [stdout]   |
[INFO] [stdout] 5 | use tonic::{Request, Response, Status, transport::Server};
[INFO] [stdout]   |             ^^^^^^^                    ^^^^^^^^^^^^^^^^^
[INFO] [stdout]   |
[INFO] [stdout]   = note: `#[warn(unused_imports)]` (part of `#[warn(unused)]`) on by default
[INFO] [stdout] 
[INFO] [stdout] 
[INFO] [stdout] warning: unused imports: `thread` and `time::Duration`
[INFO] [stdout]  --> src/log.rs:1:34
[INFO] [stdout]   |
[INFO] [stdout] 1 | use std::{fs, io, path::PathBuf, thread, time::Duration};
[INFO] [stdout]   |                                  ^^^^^^  ^^^^^^^^^^^^^^
[INFO] [stdout] 
[INFO] [stdout] 
[INFO] [stdout] warning: unused import: `runtime::Runtime`
[INFO] [stdout]  --> src/raft/mod.rs:5:9
[INFO] [stdout]   |
[INFO] [stdout] 5 | pub use runtime::Runtime;
[INFO] [stdout]   |         ^^^^^^^^^^^^^^^^
[INFO] [stdout] 
[INFO] [stdout] 
[INFO] [stdout] warning: unused import: `BufWriter`
[INFO] [stdout]  --> src/raft/storage.rs:4:16
[INFO] [stdout]   |
[INFO] [stdout] 4 |     io::{self, BufWriter, Read, Write},
[INFO] [stdout]   |                ^^^^^^^^^
[INFO] [stdout] 
[INFO] [stdout] 
[INFO] [stdout] warning: unused import: `types::FSM`
[INFO] [stdout]  --> src/raft/mod.rs:9:9
[INFO] [stdout]   |
[INFO] [stdout] 9 | pub use types::FSM;
[INFO] [stdout]   |         ^^^^^^^^^^
[INFO] [stdout] 
[INFO] [stdout] 
[INFO] [stdout] warning: unused import: `types::NodeId`
[INFO] [stdout]   --> src/raft/mod.rs:10:9
[INFO] [stdout]    |
[INFO] [stdout] 10 | pub use types::NodeId;
[INFO] [stdout]    |         ^^^^^^^^^^^^^
[INFO] [stdout] 
[INFO] [stdout] 
[INFO] [stdout] error[E0425]: cannot find type `PathBuf` in this scope
[INFO] [stdout]   --> src/log/store.rs:50:38
[INFO] [stdout]    |
[INFO] [stdout] 50 |     pub fn name(&self) -> io::Result<PathBuf> {
[INFO] [stdout]    |                                      ^^^^^^^ not found in this scope
[INFO] [stdout]    |
[INFO] [stdout] help: consider importing one of these structs
[INFO] [stdout]    |
[INFO] [stdout]  1 + use crate::log::PathBuf;
[INFO] [stdout]    |
[INFO] [stdout]  1 + use std::path::PathBuf;
[INFO] [stdout]    |
[INFO] [stdout] 
[INFO] [stdout] 
[INFO] [stdout] error[E0433]: cannot find module or crate `fs` in this scope
[INFO] [stdout]   --> src/log/store.rs:51:9
[INFO] [stdout]    |
[INFO] [stdout] 51 |         fs::read_link(format!("/proc/self/fd/{}", self.file.as_raw_fd()))
[INFO] [stdout]    |         ^^ use of unresolved module or unlinked crate `fs`
[INFO] [stdout]    |
[INFO] [stdout]    = help: if you wanted to use a crate named `fs`, use `cargo add fs` to add it to your `Cargo.toml`
[INFO] [stdout] help: consider importing one of these modules
[INFO] [stdout]    |
[INFO] [stdout]  1 + use crate::log::fs;
[INFO] [stdout]    |
[INFO] [stdout]  1 + use std::fs;
[INFO] [stdout]    |
[INFO] [stdout] 
[INFO] [stdout] 
[INFO] [stdout] warning: unused imports: `Request` and `transport::Server`
[INFO] [stdout]  --> src/grpc/client_transport.rs:5:13
[INFO] [stdout]   |
[INFO] [stdout] 5 | use tonic::{Request, Response, Status, transport::Server};
[INFO] [stdout]   |             ^^^^^^^                    ^^^^^^^^^^^^^^^^^
[INFO] [stdout]   |
[INFO] [stdout]   = note: `#[warn(unused_imports)]` (part of `#[warn(unused)]`) on by default
[INFO] [stdout] 
[INFO] [stdout] 
[INFO] [stdout] warning: unused imports: `thread` and `time::Duration`
[INFO] [stdout]  --> src/log.rs:1:34
[INFO] [stdout]   |
[INFO] [stdout] 1 | use std::{fs, io, path::PathBuf, thread, time::Duration};
[INFO] [stdout]   |                                  ^^^^^^  ^^^^^^^^^^^^^^
[INFO] [stdout] 
[INFO] [stdout] 
[INFO] [stdout] warning: unused import: `runtime::Runtime`
[INFO] [stdout]  --> src/raft/mod.rs:5:9
[INFO] [stdout]   |
[INFO] [stdout] 5 | pub use runtime::Runtime;
[INFO] [stdout]   |         ^^^^^^^^^^^^^^^^
[INFO] [stdout] 
[INFO] [stdout] 
[INFO] [stdout] warning: unused import: `BufWriter`
[INFO] [stdout]  --> src/raft/storage.rs:4:16
[INFO] [stdout]   |
[INFO] [stdout] 4 |     io::{self, BufWriter, Read, Write},
[INFO] [stdout]   |                ^^^^^^^^^
[INFO] [stdout] 
[INFO] [stdout] 
[INFO] [stdout] warning: unused import: `types::FSM`
[INFO] [stdout]  --> src/raft/mod.rs:9:9
[INFO] [stdout]   |
[INFO] [stdout] 9 | pub use types::FSM;
[INFO] [stdout]   |         ^^^^^^^^^^
[INFO] [stdout] 
[INFO] [stdout] 
[INFO] [stdout] warning: unused import: `types::NodeId`
[INFO] [stdout]   --> src/raft/mod.rs:10:9
[INFO] [stdout]    |
[INFO] [stdout] 10 | pub use types::NodeId;
[INFO] [stdout]    |         ^^^^^^^^^^^^^
[INFO] [stdout] 
[INFO] [stdout] 
[INFO] [stdout] error[E0599]: no method named `as_raw_fd` found for struct `File` in the current scope
[INFO] [stdout]   --> src/log/store.rs:51:61
[INFO] [stdout]    |
[INFO] [stdout] 51 |         fs::read_link(format!("/proc/self/fd/{}", self.file.as_raw_fd()))
[INFO] [stdout]    |                                                             ^^^^^^^^^
[INFO] [stdout]    |
[INFO] [stdout]   --> /rustc/3154cc1a3e6424e44f438a95007d043ed5ceaaf6/library/std/src/os/fd/raw.rs:70:7
[INFO] [stdout]    |
[INFO] [stdout]    = note: the method is available for `File` here
[INFO] [stdout]    |
[INFO] [stdout]    = help: items from traits can only be used if the trait is in scope
[INFO] [stdout] help: trait `AsRawFd` which provides `as_raw_fd` is implemented but not in scope; perhaps you want to import it
[INFO] [stdout]    |
[INFO] [stdout]  1 + use std::os::fd::AsRawFd;
[INFO] [stdout]    |
[INFO] [stdout] help: there is a method `as_fd` with a similar name
[INFO] [stdout]    |
[INFO] [stdout] 51 -         fs::read_link(format!("/proc/self/fd/{}", self.file.as_raw_fd()))
[INFO] [stdout] 51 +         fs::read_link(format!("/proc/self/fd/{}", self.file.as_fd()))
[INFO] [stdout]    |
[INFO] [stdout] 
[INFO] [stdout] 
[INFO] [stdout] warning: unused import: `Write`
[INFO] [stdout]  --> src/raft/storage.rs:4:33
[INFO] [stdout]   |
[INFO] [stdout] 4 |     io::{self, BufWriter, Read, Write},
[INFO] [stdout]   |                                 ^^^^^
[INFO] [stdout] 
[INFO] [stdout] 
[INFO] [stdout] warning: unused import: `Read`
[INFO] [stdout]  --> src/raft/storage.rs:4:27
[INFO] [stdout]   |
[INFO] [stdout] 4 |     io::{self, BufWriter, Read, Write},
[INFO] [stdout]   |                           ^^^^
[INFO] [stdout] 
[INFO] [stdout] 
[INFO] [stdout] warning: unused variable: `serf`
[INFO] [stdout]    --> src/membership.rs:141:27
[INFO] [stdout]     |
[INFO] [stdout] 141 |     fn handle_member_reap(serf: &SerfHandle, members: &[Member<NodeId, SocketAddr>]) {
[INFO] [stdout]     |                           ^^^^ help: if this is intentional, prefix it with an underscore: `_serf`
[INFO] [stdout]     |
[INFO] [stdout]     = note: `#[warn(unused_variables)]` (part of `#[warn(unused)]`) on by default
[INFO] [stdout] 
[INFO] [stdout] 
[INFO] [stdout] warning: unused variable: `member`
[INFO] [stdout]    --> src/membership.rs:142:13
[INFO] [stdout]     |
[INFO] [stdout] 142 |         for member in members {
[INFO] [stdout]     |             ^^^^^^ help: if this is intentional, prefix it with an underscore: `_member`
[INFO] [stdout] 
[INFO] [stdout] 
[INFO] [stdout] warning: unused variable: `peers`
[INFO] [stdout]    --> src/raft/runtime.rs:139:17
[INFO] [stdout]     |
[INFO] [stdout] 139 |                 peers,
[INFO] [stdout]     |                 ^^^^^ help: try ignoring the field: `peers: _`
[INFO] [stdout] 
[INFO] [stdout] 
[INFO] [stdout] warning: unused variable: `request`
[INFO] [stdout]    --> src/raft/runtime.rs:140:17
[INFO] [stdout]     |
[INFO] [stdout] 140 |                 request,
[INFO] [stdout]     |                 ^^^^^^^ help: try ignoring the field: `request: _`
[INFO] [stdout] 
[INFO] [stdout] 
[INFO] [stdout] warning: unused variable: `operation_id`
[INFO] [stdout]    --> src/raft/runtime.rs:147:17
[INFO] [stdout]     |
[INFO] [stdout] 147 |                 operation_id,
[INFO] [stdout]     |                 ^^^^^^^^^^^^ help: try ignoring the field: `operation_id: _`
[INFO] [stdout] 
[INFO] [stdout] 
[INFO] [stdout] warning: unused variable: `target`
[INFO] [stdout]    --> src/raft/runtime.rs:150:21
[INFO] [stdout]     |
[INFO] [stdout] 150 |                 for target in targets {}
[INFO] [stdout]     |                     ^^^^^^ help: if this is intentional, prefix it with an underscore: `_target`
[INFO] [stdout] 
[INFO] [stdout] 
[INFO] [stdout] warning: unused variable: `peer`
[INFO] [stdout]    --> src/raft/runtime.rs:157:17
[INFO] [stdout]     |
[INFO] [stdout] 157 |                 peer,
[INFO] [stdout]     |                 ^^^^ help: try ignoring the field: `peer: _`
[INFO] [stdout] 
[INFO] [stdout] 
[INFO] [stdout] warning: unused variable: `response`
[INFO] [stdout]    --> src/raft/runtime.rs:158:17
[INFO] [stdout]     |
[INFO] [stdout] 158 |                 response,
[INFO] [stdout]     |                 ^^^^^^^^ help: try ignoring the field: `response: _`
[INFO] [stdout] 
[INFO] [stdout] 
[INFO] [stdout] warning: unused variable: `peers`
[INFO] [stdout]    --> src/raft/runtime.rs:166:37
[INFO] [stdout]     |
[INFO] [stdout] 166 |             Effect::SendHeartbeat { peers, request } => todo!(),
[INFO] [stdout]     |                                     ^^^^^ help: try ignoring the field: `peers: _`
[INFO] [stdout] 
[INFO] [stdout] 
[INFO] [stdout] warning: unused variable: `request`
[INFO] [stdout]    --> src/raft/runtime.rs:166:44
[INFO] [stdout]     |
[INFO] [stdout] 166 |             Effect::SendHeartbeat { peers, request } => todo!(),
[INFO] [stdout]     |                                            ^^^^^^^ help: try ignoring the field: `request: _`
[INFO] [stdout] 
[INFO] [stdout] 
[INFO] [stdout] warning: unused variable: `peer`
[INFO] [stdout]    --> src/raft/runtime.rs:169:17
[INFO] [stdout]     |
[INFO] [stdout] 169 |                 peer,
[INFO] [stdout]     |                 ^^^^ help: try ignoring the field: `peer: _`
[INFO] [stdout] 
[INFO] [stdout] 
[INFO] [stdout] warning: unused variable: `response`
[INFO] [stdout]    --> src/raft/runtime.rs:170:17
[INFO] [stdout]     |
[INFO] [stdout] 170 |                 response,
[INFO] [stdout]     |                 ^^^^^^^^ help: try ignoring the field: `response: _`
[INFO] [stdout] 
[INFO] [stdout] 
[INFO] [stdout] warning: unused variable: `reset_election_timer`
[INFO] [stdout]    --> src/raft/runtime.rs:171:17
[INFO] [stdout]     |
[INFO] [stdout] 171 |                 reset_election_timer,
[INFO] [stdout]     |                 ^^^^^^^^^^^^^^^^^^^^ help: try ignoring the field: `reset_election_timer: _`
[INFO] [stdout] 
[INFO] [stdout] 
[INFO] [stdout] warning: unused variable: `apply_through`
[INFO] [stdout]    --> src/raft/runtime.rs:172:17
[INFO] [stdout]     |
[INFO] [stdout] 172 |                 apply_through,
[INFO] [stdout]     |                 ^^^^^^^^^^^^^ help: try ignoring the field: `apply_through: _`
[INFO] [stdout] 
[INFO] [stdout] 
[INFO] [stdout] warning: unused variable: `operation_id`
[INFO] [stdout]    --> src/raft/runtime.rs:176:17
[INFO] [stdout]     |
[INFO] [stdout] 176 |                 operation_id,
[INFO] [stdout]     |                 ^^^^^^^^^^^^ help: try ignoring the field: `operation_id: _`
[INFO] [stdout] 
[INFO] [stdout] 
[INFO] [stdout] warning: unused variable: `peer`
[INFO] [stdout]    --> src/raft/runtime.rs:177:17
[INFO] [stdout]     |
[INFO] [stdout] 177 |                 peer,
[INFO] [stdout]     |                 ^^^^ help: try ignoring the field: `peer: _`
[INFO] [stdout] 
[INFO] [stdout] 
[INFO] [stdout] warning: unused variable: `response`
[INFO] [stdout]    --> src/raft/runtime.rs:178:17
[INFO] [stdout]     |
[INFO] [stdout] 178 |                 response,
[INFO] [stdout]     |                 ^^^^^^^^ help: try ignoring the field: `response: _`
[INFO] [stdout] 
[INFO] [stdout] 
[INFO] [stdout] warning: unused variable: `truncate_after`
[INFO] [stdout]    --> src/raft/runtime.rs:179:17
[INFO] [stdout]     |
[INFO] [stdout] 179 |                 truncate_after,
[INFO] [stdout]     |                 ^^^^^^^^^^^^^^ help: try ignoring the field: `truncate_after: _`
[INFO] [stdout] 
[INFO] [stdout] 
[INFO] [stdout] warning: unused variable: `leader_commit_index`
[INFO] [stdout]    --> src/raft/runtime.rs:180:17
[INFO] [stdout]     |
[INFO] [stdout] 180 |                 leader_commit_index,
[INFO] [stdout]     |                 ^^^^^^^^^^^^^^^^^^^ help: try ignoring the field: `leader_commit_index: _`
[INFO] [stdout] 
[INFO] [stdout] 
[INFO] [stdout] warning: unused variable: `peer`
[INFO] [stdout]    --> src/raft/runtime.rs:209:17
[INFO] [stdout]     |
[INFO] [stdout] 209 |                 peer,
[INFO] [stdout]     |                 ^^^^ help: try ignoring the field: `peer: _`
[INFO] [stdout] 
[INFO] [stdout] 
[INFO] [stdout] warning: unused variable: `last_log_index`
[INFO] [stdout]    --> src/raft/runtime.rs:227:17
[INFO] [stdout]     |
[INFO] [stdout] 227 |                 last_log_index,
[INFO] [stdout]     |                 ^^^^^^^^^^^^^^ help: try ignoring the field: `last_log_index: _`
[INFO] [stdout] 
[INFO] [stdout] 
[INFO] [stdout] error[E0599]: no method named `as_raw_fd` found for struct `std::fs::File` in the current scope
[INFO] [stdout]   --> src/log/store.rs:51:61
[INFO] [stdout]    |
[INFO] [stdout] 51 |         fs::read_link(format!("/proc/self/fd/{}", self.file.as_raw_fd()))
[INFO] [stdout]    |                                                             ^^^^^^^^^
[INFO] [stdout]    |
[INFO] [stdout]   --> /rustc/3154cc1a3e6424e44f438a95007d043ed5ceaaf6/library/std/src/os/fd/raw.rs:70:7
[INFO] [stdout]    |
[INFO] [stdout]    = note: the method is available for `std::fs::File` here
[INFO] [stdout]    |
[INFO] [stdout]    = help: items from traits can only be used if the trait is in scope
[INFO] [stdout] help: trait `AsRawFd` which provides `as_raw_fd` is implemented but not in scope; perhaps you want to import it
[INFO] [stdout]    |
[INFO] [stdout]  1 + use std::os::fd::AsRawFd;
[INFO] [stdout]    |
[INFO] [stdout] help: there is a method `as_fd` with a similar name
[INFO] [stdout]    |
[INFO] [stdout] 51 -         fs::read_link(format!("/proc/self/fd/{}", self.file.as_raw_fd()))
[INFO] [stdout] 51 +         fs::read_link(format!("/proc/self/fd/{}", self.file.as_fd()))
[INFO] [stdout]    |
[INFO] [stdout] 
[INFO] [stdout] 
[INFO] [stdout] Some errors have detailed explanations: E0425, E0433, E0599.
[INFO] [stdout] 
[INFO] [stdout] For more information about an error, try `rustc --explain E0425`.
[INFO] [stdout] 
[INFO] [stderr] error: could not compile `raft-distributed-log` (lib) due to 3 previous errors; 29 warnings emitted
[INFO] [stderr] warning: build failed, waiting for other jobs to finish...
[INFO] [stdout] warning: unused import: `Write`
[INFO] [stdout]  --> src/raft/storage.rs:4:33
[INFO] [stdout]   |
[INFO] [stdout] 4 |     io::{self, BufWriter, Read, Write},
[INFO] [stdout]   |                                 ^^^^^
[INFO] [stdout] 
[INFO] [stdout] 
[INFO] [stdout] warning: unused import: `Read`
[INFO] [stdout]  --> src/raft/storage.rs:4:27
[INFO] [stdout]   |
[INFO] [stdout] 4 |     io::{self, BufWriter, Read, Write},
[INFO] [stdout]   |                           ^^^^
[INFO] [stdout] 
[INFO] [stdout] 
[INFO] [stdout] warning: unused variable: `serf`
[INFO] [stdout]    --> src/membership.rs:141:27
[INFO] [stdout]     |
[INFO] [stdout] 141 |     fn handle_member_reap(serf: &SerfHandle, members: &[Member<NodeId, SocketAddr>]) {
[INFO] [stdout]     |                           ^^^^ help: if this is intentional, prefix it with an underscore: `_serf`
[INFO] [stdout]     |
[INFO] [stdout]     = note: `#[warn(unused_variables)]` (part of `#[warn(unused)]`) on by default
[INFO] [stdout] 
[INFO] [stdout] 
[INFO] [stdout] warning: unused variable: `member`
[INFO] [stdout]    --> src/membership.rs:142:13
[INFO] [stdout]     |
[INFO] [stdout] 142 |         for member in members {
[INFO] [stdout]     |             ^^^^^^ help: if this is intentional, prefix it with an underscore: `_member`
[INFO] [stdout] 
[INFO] [stdout] 
[INFO] [stdout] warning: unused variable: `peers`
[INFO] [stdout]    --> src/raft/runtime.rs:139:17
[INFO] [stdout]     |
[INFO] [stdout] 139 |                 peers,
[INFO] [stdout]     |                 ^^^^^ help: try ignoring the field: `peers: _`
[INFO] [stdout] 
[INFO] [stdout] 
[INFO] [stdout] warning: unused variable: `request`
[INFO] [stdout]    --> src/raft/runtime.rs:140:17
[INFO] [stdout]     |
[INFO] [stdout] 140 |                 request,
[INFO] [stdout]     |                 ^^^^^^^ help: try ignoring the field: `request: _`
[INFO] [stdout] 
[INFO] [stdout] 
[INFO] [stdout] warning: unused variable: `operation_id`
[INFO] [stdout]    --> src/raft/runtime.rs:147:17
[INFO] [stdout]     |
[INFO] [stdout] 147 |                 operation_id,
[INFO] [stdout]     |                 ^^^^^^^^^^^^ help: try ignoring the field: `operation_id: _`
[INFO] [stdout] 
[INFO] [stdout] 
[INFO] [stdout] warning: unused variable: `target`
[INFO] [stdout]    --> src/raft/runtime.rs:150:21
[INFO] [stdout]     |
[INFO] [stdout] 150 |                 for target in targets {}
[INFO] [stdout]     |                     ^^^^^^ help: if this is intentional, prefix it with an underscore: `_target`
[INFO] [stdout] 
[INFO] [stdout] 
[INFO] [stdout] warning: unused variable: `peer`
[INFO] [stdout]    --> src/raft/runtime.rs:157:17
[INFO] [stdout]     |
[INFO] [stdout] 157 |                 peer,
[INFO] [stdout]     |                 ^^^^ help: try ignoring the field: `peer: _`
[INFO] [stdout] 
[INFO] [stdout] 
[INFO] [stdout] warning: unused variable: `response`
[INFO] [stdout]    --> src/raft/runtime.rs:158:17
[INFO] [stdout]     |
[INFO] [stdout] 158 |                 response,
[INFO] [stdout]     |                 ^^^^^^^^ help: try ignoring the field: `response: _`
[INFO] [stdout] 
[INFO] [stdout] 
[INFO] [stdout] warning: unused variable: `peers`
[INFO] [stdout]    --> src/raft/runtime.rs:166:37
[INFO] [stdout]     |
[INFO] [stdout] 166 |             Effect::SendHeartbeat { peers, request } => todo!(),
[INFO] [stdout]     |                                     ^^^^^ help: try ignoring the field: `peers: _`
[INFO] [stdout] 
[INFO] [stdout] 
[INFO] [stdout] warning: unused variable: `request`
[INFO] [stdout]    --> src/raft/runtime.rs:166:44
[INFO] [stdout]     |
[INFO] [stdout] 166 |             Effect::SendHeartbeat { peers, request } => todo!(),
[INFO] [stdout]     |                                            ^^^^^^^ help: try ignoring the field: `request: _`
[INFO] [stdout] 
[INFO] [stdout] 
[INFO] [stdout] warning: unused variable: `peer`
[INFO] [stdout]    --> src/raft/runtime.rs:169:17
[INFO] [stdout]     |
[INFO] [stdout] 169 |                 peer,
[INFO] [stdout]     |                 ^^^^ help: try ignoring the field: `peer: _`
[INFO] [stdout] 
[INFO] [stdout] 
[INFO] [stdout] warning: unused variable: `response`
[INFO] [stdout]    --> src/raft/runtime.rs:170:17
[INFO] [stdout]     |
[INFO] [stdout] 170 |                 response,
[INFO] [stdout]     |                 ^^^^^^^^ help: try ignoring the field: `response: _`
[INFO] [stdout] 
[INFO] [stdout] 
[INFO] [stdout] warning: unused variable: `reset_election_timer`
[INFO] [stdout]    --> src/raft/runtime.rs:171:17
[INFO] [stdout]     |
[INFO] [stdout] 171 |                 reset_election_timer,
[INFO] [stdout]     |                 ^^^^^^^^^^^^^^^^^^^^ help: try ignoring the field: `reset_election_timer: _`
[INFO] [stdout] 
[INFO] [stdout] 
[INFO] [stdout] warning: unused variable: `apply_through`
[INFO] [stdout]    --> src/raft/runtime.rs:172:17
[INFO] [stdout]     |
[INFO] [stdout] 172 |                 apply_through,
[INFO] [stdout]     |                 ^^^^^^^^^^^^^ help: try ignoring the field: `apply_through: _`
[INFO] [stdout] 
[INFO] [stdout] 
[INFO] [stdout] warning: unused variable: `operation_id`
[INFO] [stdout]    --> src/raft/runtime.rs:176:17
[INFO] [stdout]     |
[INFO] [stdout] 176 |                 operation_id,
[INFO] [stdout]     |                 ^^^^^^^^^^^^ help: try ignoring the field: `operation_id: _`
[INFO] [stdout] 
[INFO] [stdout] 
[INFO] [stdout] warning: unused variable: `peer`
[INFO] [stdout]    --> src/raft/runtime.rs:177:17
[INFO] [stdout]     |
[INFO] [stdout] 177 |                 peer,
[INFO] [stdout]     |                 ^^^^ help: try ignoring the field: `peer: _`
[INFO] [stdout] 
[INFO] [stdout] 
[INFO] [stdout] warning: unused variable: `response`
[INFO] [stdout]    --> src/raft/runtime.rs:178:17
[INFO] [stdout]     |
[INFO] [stdout] 178 |                 response,
[INFO] [stdout]     |                 ^^^^^^^^ help: try ignoring the field: `response: _`
[INFO] [stdout] 
[INFO] [stdout] 
[INFO] [stdout] warning: unused variable: `truncate_after`
[INFO] [stdout]    --> src/raft/runtime.rs:179:17
[INFO] [stdout]     |
[INFO] [stdout] 179 |                 truncate_after,
[INFO] [stdout]     |                 ^^^^^^^^^^^^^^ help: try ignoring the field: `truncate_after: _`
[INFO] [stdout] 
[INFO] [stdout] 
[INFO] [stdout] warning: unused variable: `leader_commit_index`
[INFO] [stdout]    --> src/raft/runtime.rs:180:17
[INFO] [stdout]     |
[INFO] [stdout] 180 |                 leader_commit_index,
[INFO] [stdout]     |                 ^^^^^^^^^^^^^^^^^^^ help: try ignoring the field: `leader_commit_index: _`
[INFO] [stdout] 
[INFO] [stdout] 
[INFO] [stdout] warning: unused variable: `peer`
[INFO] [stdout]    --> src/raft/runtime.rs:209:17
[INFO] [stdout]     |
[INFO] [stdout] 209 |                 peer,
[INFO] [stdout]     |                 ^^^^ help: try ignoring the field: `peer: _`
[INFO] [stdout] 
[INFO] [stdout] 
[INFO] [stdout] warning: unused variable: `last_log_index`
[INFO] [stdout]    --> src/raft/runtime.rs:227:17
[INFO] [stdout]     |
[INFO] [stdout] 227 |                 last_log_index,
[INFO] [stdout]     |                 ^^^^^^^^^^^^^^ help: try ignoring the field: `last_log_index: _`
[INFO] [stdout] 
[INFO] [stdout] 
[INFO] [stdout] Some errors have detailed explanations: E0425, E0433, E0599.
[INFO] [stdout] 
[INFO] [stdout] For more information about an error, try `rustc --explain E0425`.
[INFO] [stdout] 
[INFO] [stderr] error: could not compile `raft-distributed-log` (lib test) due to 3 previous errors; 29 warnings emitted
[INFO] running `Command { std: "docker" "inspect" "43c64a545da3f895e3580a900b6f1950f4e87551c1b2d5ebeea861131629d40a", kill_on_drop: false }`
[INFO] running `Command { std: "docker" "rm" "-f" "43c64a545da3f895e3580a900b6f1950f4e87551c1b2d5ebeea861131629d40a", kill_on_drop: false }`
[INFO] [stdout] 43c64a545da3f895e3580a900b6f1950f4e87551c1b2d5ebeea861131629d40a
