[INFO] cloning repository https://github.com/snnh/nextapi
[INFO] running `Command { std: "git" "-c" "credential.helper=" "-c" "credential.helper=/workspace/cargo-home/bin/git-credential-null" "clone" "--bare" "https://github.com/snnh/nextapi" "/workspace/cache/git-repos/https%3A%2F%2Fgithub.com%2Fsnnh%2Fnextapi", kill_on_drop: false }`
[INFO] [stderr] Cloning into bare repository '/workspace/cache/git-repos/https%3A%2F%2Fgithub.com%2Fsnnh%2Fnextapi'...
[INFO] running `Command { std: "git" "rev-parse" "HEAD", kill_on_drop: false }`
[INFO] [stdout] e2a420dbb8e5b9e4c06296cf003d96ffc8ac5cff
[INFO] checking snnh/nextapi against 3154cc1a3e6424e44f438a95007d043ed5ceaaf6 for pr-133502-30
[INFO] running `Command { std: "git" "clone" "/workspace/cache/git-repos/https%3A%2F%2Fgithub.com%2Fsnnh%2Fnextapi" "/workspace/builds/worker-1-tc2/source", kill_on_drop: false }`
[INFO] [stderr] Cloning into '/workspace/builds/worker-1-tc2/source'...
[INFO] [stderr] done.
[INFO] started tweaking git repo https://github.com/snnh/nextapi
[INFO] finished tweaking git repo https://github.com/snnh/nextapi
[INFO] tweaked toml for git repo https://github.com/snnh/nextapi written to /workspace/builds/worker-1-tc2/source/Cargo.toml
[INFO] validating manifest of git repo https://github.com/snnh/nextapi on toolchain 3154cc1a3e6424e44f438a95007d043ed5ceaaf6
[INFO] running `Command { std: CARGO_HOME="/workspace/cargo-home" RUSTUP_HOME="/workspace/rustup-home" "/workspace/cargo-home/bin/cargo" "+3154cc1a3e6424e44f438a95007d043ed5ceaaf6" "metadata" "--manifest-path" "Cargo.toml" "--no-deps", kill_on_drop: false }`
[INFO] crate git repo https://github.com/snnh/nextapi already has a lockfile, it will not be regenerated
[INFO] running `Command { std: CARGO_HOME="/workspace/cargo-home" RUSTUP_HOME="/workspace/rustup-home" "/workspace/cargo-home/bin/cargo" "+3154cc1a3e6424e44f438a95007d043ed5ceaaf6" "fetch" "--manifest-path" "Cargo.toml", kill_on_drop: false }`
[INFO] [stderr]     Blocking waiting for file lock on package cache
[INFO] [stderr]     Blocking waiting for file lock on package cache
[INFO] running `Command { std: "docker" "create" "-v" "/var/lib/crater-agent-workspace/builds/worker-1-tc2/source:/opt/rustwide/workdir:ro,Z" "-v" "/var/lib/crater-agent-workspace/builds/worker-1-tc2/target:/opt/rustwide/target:rw,Z" "-v" "/var/lib/crater-agent-workspace/cargo-home:/opt/rustwide/cargo-home:ro,Z" "-v" "/var/lib/crater-agent-workspace/rustup-home:/opt/rustwide/rustup-home:ro,Z" "-m" "1610612736" "--network" "none" "ghcr.io/rust-lang/crates-build-env/linux@sha256:77db811e55d90add9212f6832c23229e3de5f1c1f9905e8cb07319ea15df73ac" "sleep" "infinity", kill_on_drop: false }`
[INFO] [stdout] 860caf16eb4171c17b1aa47401a25d710f4daadbae743ae79d4f72ff053f9a0c
[INFO] running `Command { std: "docker" "start" "860caf16eb4171c17b1aa47401a25d710f4daadbae743ae79d4f72ff053f9a0c", kill_on_drop: false }`
[INFO] running `Command { std: "docker" "inspect" "860caf16eb4171c17b1aa47401a25d710f4daadbae743ae79d4f72ff053f9a0c", kill_on_drop: false }`
[INFO] running `Command { std: "docker" "exec" "-e" "SOURCE_DIR=/opt/rustwide/workdir" "-e" "CARGO_HOME=/opt/rustwide/cargo-home" "-e" "RUSTUP_HOME=/opt/rustwide/rustup-home" "-e" "CARGO_TARGET_DIR=/opt/rustwide/target" "-w" "/opt/rustwide/workdir" "--user" "0:0" "860caf16eb4171c17b1aa47401a25d710f4daadbae743ae79d4f72ff053f9a0c" "/opt/rustwide/cargo-home/bin/cargo" "+3154cc1a3e6424e44f438a95007d043ed5ceaaf6" "metadata" "--no-deps" "--format-version=1", kill_on_drop: false }`
[INFO] running `Command { std: "docker" "inspect" "860caf16eb4171c17b1aa47401a25d710f4daadbae743ae79d4f72ff053f9a0c", kill_on_drop: false }`
[INFO] running `Command { std: "docker" "exec" "-e" "SOURCE_DIR=/opt/rustwide/workdir" "-e" "CARGO_HOME=/opt/rustwide/cargo-home" "-e" "RUSTUP_HOME=/opt/rustwide/rustup-home" "-e" "CARGO_TARGET_DIR=/opt/rustwide/target" "-e" "CARGO_INCREMENTAL=0" "-e" "RUST_BACKTRACE=full" "-e" "RUSTFLAGS=--cap-lints=forbid" "-e" "RUSTDOCFLAGS=--cap-lints=forbid" "-w" "/opt/rustwide/workdir" "--user" "0:0" "860caf16eb4171c17b1aa47401a25d710f4daadbae743ae79d4f72ff053f9a0c" "/opt/rustwide/cargo-home/bin/cargo" "+3154cc1a3e6424e44f438a95007d043ed5ceaaf6" "check" "--frozen" "--all" "--all-targets" "--message-format=json", kill_on_drop: false }`
[INFO] [stderr]    Compiling syn v3.0.4
[INFO] [stderr]    Compiling serde_core v1.0.229
[INFO] [stderr]     Checking mio v1.2.2
[INFO] [stderr]    Compiling ring v0.17.14
[INFO] [stderr]    Compiling generic-array v0.14.7
[INFO] [stderr]     Checking crypto-common v0.1.7
[INFO] [stderr]    Compiling zerofrom v0.1.8
[INFO] [stderr]     Checking tracing v0.1.44
[INFO] [stderr]    Compiling getrandom v0.2.17
[INFO] [stderr]    Compiling num-traits v0.2.19
[INFO] [stderr]    Compiling hybrid-array v0.4.14
[INFO] [stderr]    Compiling rust_decimal v1.42.1
[INFO] [stderr]    Compiling tokio v1.53.1
[INFO] [stderr]     Checking digest v0.10.7
[INFO] [stderr]    Compiling tinyvec v1.12.0
[INFO] [stderr]     Checking serde_json v1.0.151
[INFO] [stderr]    Compiling rand_core v0.6.4
[INFO] [stderr]    Compiling yoke v0.8.3
[INFO] [stderr]    Compiling ppv-lite86 v0.2.21
[INFO] [stderr]    Compiling arrayvec v0.7.8
[INFO] [stderr]    Compiling webpki-roots v0.26.11
[INFO] [stderr]    Compiling uuid v1.26.0
[INFO] [stderr]    Compiling const-oid v0.10.2
[INFO] [stderr]    Compiling block-buffer v0.10.4
[INFO] [stderr]    Compiling rand_chacha v0.3.1
[INFO] [stderr]    Compiling chrono v0.4.45
[INFO] [stderr]    Compiling unicode-normalization v0.1.25
[INFO] [stderr]    Compiling atoi v2.0.0
[INFO] [stderr]     Checking flate2 v1.1.10
[INFO] [stderr]     Checking inout v0.1.4
[INFO] [stderr]    Compiling inotify-sys v0.1.8
[INFO] [stderr]     Checking compression-core v0.4.32
[INFO] [stderr]     Checking cipher v0.4.4
[INFO] [stderr]     Checking digest v0.11.3
[INFO] [stderr]    Compiling block-buffer v0.12.1
[INFO] [stderr]    Compiling crypto-common v0.2.2
[INFO] [stderr]    Compiling rand v0.8.8
[INFO] [stderr]    Compiling hmac v0.12.1
[INFO] [stderr]    Compiling sha2 v0.10.9
[INFO] [stderr]    Compiling md-5 v0.10.6
[INFO] [stderr]     Checking compression-codecs v0.4.38
[INFO] [stderr]    Compiling hkdf v0.12.4
[INFO] [stderr]     Checking rand_chacha v0.9.0
[INFO] [stderr]    Compiling mime_guess v2.0.5
[INFO] [stderr]    Compiling stringprep v0.1.5
[INFO] [stderr]     Checking universal-hash v0.5.1
[INFO] [stderr]     Checking num-integer v0.1.47
[INFO] [stderr]    Compiling mime v0.3.17
[INFO] [stderr]     Checking time v0.3.55
[INFO] [stderr]     Checking sha2 v0.11.0
[INFO] [stderr]     Checking rand v0.9.5
[INFO] [stderr]     Checking polyval v0.6.2
[INFO] [stderr]     Checking num-bigint v0.4.8
[INFO] [stderr]     Checking sha1 v0.10.7
[INFO] [stderr]    Compiling prometheus-client v0.23.1
[INFO] [stderr]     Checking password-hash v0.5.0
[INFO] [stderr]     Checking inotify v0.11.5
[INFO] [stderr]     Checking ghash v0.5.1
[INFO] [stderr]     Checking axum-core v0.5.6
[INFO] [stderr]     Checking aes v0.8.4
[INFO] [stderr]     Checking rust-embed-utils v8.12.0
[INFO] [stderr]     Checking ctr v0.9.2
[INFO] [stderr]     Checking blake2 v0.10.6
[INFO] [stderr]     Checking aead v0.5.2
[INFO] [stderr]     Checking notify-types v2.1.0
[INFO] [stderr]    Compiling prometheus-client-derive-encode v0.4.2
[INFO] [stderr]     Checking serde_path_to_error v0.1.20
[INFO] [stderr]    Compiling rust-embed-impl v8.12.0
[INFO] [stderr]     Checking dtoa v1.0.11
[INFO] [stderr]     Checking argon2 v0.5.3
[INFO] [stderr]     Checking aes-gcm v0.10.3
[INFO] [stderr]     Checking notify v8.2.0
[INFO] [stderr]     Checking rust-embed v8.12.0
[INFO] [stderr]    Compiling rustls v0.23.43
[INFO] [stderr]    Compiling rustls-webpki v0.103.15
[INFO] [stderr]    Compiling serde_derive v1.0.229
[INFO] [stderr]    Compiling zerovec-derive v0.11.6
[INFO] [stderr]    Compiling displaydoc v0.2.7
[INFO] [stderr]    Compiling tokio-macros v2.7.2
[INFO] [stderr]    Compiling futures-macro v0.3.34
[INFO] [stderr]    Compiling thiserror-impl v2.0.20
[INFO] [stderr]     Checking zerotrie v0.2.5
[INFO] [stderr]     Checking futures-util v0.3.34
[INFO] [stderr]     Checking zerovec v0.11.8
[INFO] [stderr]    Compiling tokio-stream v0.1.19
[INFO] [stderr]     Checking thiserror v2.0.20
[INFO] [stderr]     Checking simple_asn1 v0.6.4
[INFO] [stderr]    Compiling tinystr v0.8.4
[INFO] [stderr]    Compiling potential_utf v0.1.6
[INFO] [stderr]    Compiling icu_collections v2.3.0
[INFO] [stderr]     Checking icu_locale_core v2.3.0
[INFO] [stderr]     Checking icu_provider v2.3.1
[INFO] [stderr]     Checking icu_properties v2.3.0
[INFO] [stderr]     Checking serde v1.0.229
[INFO] [stderr]     Checking tungstenite v0.29.0
[INFO] [stderr]     Checking smallvec v1.15.2
[INFO] [stderr]     Checking either v1.18.0
[INFO] [stderr]     Checking serde_urlencoded v0.7.1
[INFO] [stderr]     Checking quick-xml v0.36.2
[INFO] [stderr]     Checking jsonwebtoken v9.3.1
[INFO] [stderr]     Checking serde_yaml v0.9.34+deprecated
[INFO] [stderr]     Checking parking_lot_core v0.9.12
[INFO] [stderr]     Checking icu_normalizer v2.3.0
[INFO] [stderr]     Checking tracing-subscriber v0.3.23
[INFO] [stderr]     Checking parking_lot v0.12.5
[INFO] [stderr]     Checking futures-intrusive v0.5.0
[INFO] [stderr]     Checking idna_adapter v1.2.2
[INFO] [stderr]     Checking idna v1.1.0
[INFO] [stderr]     Checking url v2.5.8
[INFO] [stderr]     Checking multer v3.1.0
[INFO] [stderr]     Checking futures-executor v0.3.34
[INFO] [stderr]     Checking futures v0.3.34
[INFO] [stderr]     Checking chrono-tz v0.10.4
[INFO] [stderr]    Compiling sqlx-core v0.8.6
[INFO] [stderr]    Compiling sqlx-postgres v0.8.6
[INFO] [stderr]     Checking hyper v1.11.1
[INFO] [stderr]     Checking tower v0.5.3
[INFO] [stderr]     Checking tokio-rustls v0.26.4
[INFO] [stderr]     Checking async-compression v0.4.43
[INFO] [stderr]     Checking tokio-util v0.7.19
[INFO] [stderr]     Checking tokio-tungstenite v0.29.0
[INFO] [stderr]     Checking tower-http v0.6.11
[INFO] [stderr]     Checking hyper-util v0.1.20
[INFO] [stderr]     Checking hyper-rustls v0.27.9
[INFO] [stderr]     Checking axum v0.8.9
[INFO] [stderr]     Checking reqwest v0.12.28
[INFO] [stderr]    Compiling sqlx-macros-core v0.8.6
[INFO] [stderr]    Compiling sqlx-macros v0.8.6
[INFO] [stderr]     Checking sqlx v0.8.6
[INFO] [stderr]     Checking nextapi v0.3.12 (/opt/rustwide/workdir)
[INFO] [stdout] error: #[derive(RustEmbed)] folder '/opt/rustwide/workdir/web/dist' does not exist. cwd: '/opt/rustwide/workdir'
[INFO] [stdout]   --> src/embed.rs:18:1
[INFO] [stdout]    |
[INFO] [stdout] 18 | / #[folder = "web/dist"]
[INFO] [stdout] 19 | | struct Assets;
[INFO] [stdout]    | |______________^
[INFO] [stdout] 
[INFO] [stdout] 
[INFO] [stdout] error: #[derive(RustEmbed)] folder '/opt/rustwide/workdir/web/dist' does not exist. cwd: '/opt/rustwide/workdir'
[INFO] [stdout]   --> src/embed.rs:18:1
[INFO] [stdout]    |
[INFO] [stdout] 18 | / #[folder = "web/dist"]
[INFO] [stdout] 19 | | struct Assets;
[INFO] [stdout]    | |______________^
[INFO] [stdout] 
[INFO] [stdout] 
[INFO] [stdout] error[E0599]: no associated function or constant named `get` found for struct `Assets` in the current scope
[INFO] [stdout]    --> src/embed.rs:154:30
[INFO] [stdout]     |
[INFO] [stdout]  19 | struct Assets;
[INFO] [stdout]     | ------------- associated function or constant `get` not found for this struct
[INFO] [stdout] ...
[INFO] [stdout] 154 |     if let Some(f) = Assets::get(file) {
[INFO] [stdout]     |                              ^^^ associated function or constant not found in `Assets`
[INFO] [stdout]     |
[INFO] [stdout]     = help: items from traits can only be used if the trait is implemented and in scope
[INFO] [stdout]     = note: the following traits define an item `get`, perhaps you need to implement one of them:
[INFO] [stdout]             candidate #1: `Embed`
[INFO] [stdout]             candidate #2: `Row`
[INFO] [stdout]             candidate #3: `SliceIndex`
[INFO] [stdout]             candidate #4: `icu_collections::codepointtrie::cptrie::TypedCodePointTrie`
[INFO] [stdout]             candidate #5: `icu_properties::names::PropertyEnumToValueNameLookup`
[INFO] [stdout]             candidate #6: `icu_provider::baked::DataStore`
[INFO] [stdout]             candidate #7: `prometheus_client::metrics::counter::Atomic`
[INFO] [stdout]             candidate #8: `prometheus_client::metrics::gauge::Atomic`
[INFO] [stdout]             candidate #9: `rustls::server::server_conn::StoresServerSessions`
[INFO] [stdout] 
[INFO] [stdout] 
[INFO] [stdout] error[E0599]: no associated function or constant named `get` found for struct `Assets` in the current scope
[INFO] [stdout]    --> src/embed.rs:160:34
[INFO] [stdout]     |
[INFO] [stdout]  19 | struct Assets;
[INFO] [stdout]     | ------------- associated function or constant `get` not found for this struct
[INFO] [stdout] ...
[INFO] [stdout] 160 |         if let Some(f) = Assets::get(rest) {
[INFO] [stdout]     |                                  ^^^ associated function or constant not found in `Assets`
[INFO] [stdout]     |
[INFO] [stdout]     = help: items from traits can only be used if the trait is implemented and in scope
[INFO] [stdout]     = note: the following traits define an item `get`, perhaps you need to implement one of them:
[INFO] [stdout]             candidate #1: `Embed`
[INFO] [stdout]             candidate #2: `Row`
[INFO] [stdout]             candidate #3: `SliceIndex`
[INFO] [stdout]             candidate #4: `icu_collections::codepointtrie::cptrie::TypedCodePointTrie`
[INFO] [stdout]             candidate #5: `icu_properties::names::PropertyEnumToValueNameLookup`
[INFO] [stdout]             candidate #6: `icu_provider::baked::DataStore`
[INFO] [stdout]             candidate #7: `prometheus_client::metrics::counter::Atomic`
[INFO] [stdout]             candidate #8: `prometheus_client::metrics::gauge::Atomic`
[INFO] [stdout]             candidate #9: `rustls::server::server_conn::StoresServerSessions`
[INFO] [stdout] 
[INFO] [stdout] 
[INFO] [stdout] error[E0599]: no associated function or constant named `get` found for struct `embed::Assets` in the current scope
[INFO] [stdout]    --> src/embed.rs:154:30
[INFO] [stdout]     |
[INFO] [stdout]  19 | struct Assets;
[INFO] [stdout]     | ------------- associated function or constant `get` not found for this struct
[INFO] [stdout] ...
[INFO] [stdout] 154 |     if let Some(f) = Assets::get(file) {
[INFO] [stdout]     |                              ^^^ associated function or constant not found in `embed::Assets`
[INFO] [stdout]     |
[INFO] [stdout]     = help: items from traits can only be used if the trait is implemented and in scope
[INFO] [stdout]     = note: the following traits define an item `get`, perhaps you need to implement one of them:
[INFO] [stdout]             candidate #1: `Embed`
[INFO] [stdout]             candidate #2: `SliceIndex`
[INFO] [stdout]             candidate #3: `icu_collections::codepointtrie::cptrie::TypedCodePointTrie`
[INFO] [stdout]             candidate #4: `icu_properties::names::PropertyEnumToValueNameLookup`
[INFO] [stdout]             candidate #5: `icu_provider::baked::DataStore`
[INFO] [stdout]             candidate #6: `prometheus_client::metrics::counter::Atomic`
[INFO] [stdout]             candidate #7: `prometheus_client::metrics::gauge::Atomic`
[INFO] [stdout]             candidate #8: `rustls::server::server_conn::StoresServerSessions`
[INFO] [stdout]             candidate #9: `sqlx::Row`
[INFO] [stdout] 
[INFO] [stdout] 
[INFO] [stdout] error[E0599]: no associated function or constant named `get` found for struct `embed::Assets` in the current scope
[INFO] [stdout]    --> src/embed.rs:160:34
[INFO] [stdout]     |
[INFO] [stdout]  19 | struct Assets;
[INFO] [stdout]     | ------------- associated function or constant `get` not found for this struct
[INFO] [stdout] ...
[INFO] [stdout] 160 |         if let Some(f) = Assets::get(rest) {
[INFO] [stdout]     |                                  ^^^ associated function or constant not found in `embed::Assets`
[INFO] [stdout]     |
[INFO] [stdout]     = help: items from traits can only be used if the trait is implemented and in scope
[INFO] [stdout]     = note: the following traits define an item `get`, perhaps you need to implement one of them:
[INFO] [stdout]             candidate #1: `Embed`
[INFO] [stdout]             candidate #2: `SliceIndex`
[INFO] [stdout]             candidate #3: `icu_collections::codepointtrie::cptrie::TypedCodePointTrie`
[INFO] [stdout]             candidate #4: `icu_properties::names::PropertyEnumToValueNameLookup`
[INFO] [stdout]             candidate #5: `icu_provider::baked::DataStore`
[INFO] [stdout]             candidate #6: `prometheus_client::metrics::counter::Atomic`
[INFO] [stdout]             candidate #7: `prometheus_client::metrics::gauge::Atomic`
[INFO] [stdout]             candidate #8: `rustls::server::server_conn::StoresServerSessions`
[INFO] [stdout]             candidate #9: `sqlx::Row`
[INFO] [stdout] 
[INFO] [stdout] 
[INFO] [stdout] error[E0599]: no associated function or constant named `get` found for struct `Assets` in the current scope
[INFO] [stdout]    --> src/embed.rs:104:27
[INFO] [stdout]     |
[INFO] [stdout]  19 | struct Assets;
[INFO] [stdout]     | ------------- associated function or constant `get` not found for this struct
[INFO] [stdout] ...
[INFO] [stdout] 104 |     let Some(f) = Assets::get("index.html") else {
[INFO] [stdout]     |                           ^^^ associated function or constant not found in `Assets`
[INFO] [stdout]     |
[INFO] [stdout]     = help: items from traits can only be used if the trait is implemented and in scope
[INFO] [stdout]     = note: the following traits define an item `get`, perhaps you need to implement one of them:
[INFO] [stdout]             candidate #1: `Embed`
[INFO] [stdout]             candidate #2: `Row`
[INFO] [stdout]             candidate #3: `SliceIndex`
[INFO] [stdout]             candidate #4: `icu_collections::codepointtrie::cptrie::TypedCodePointTrie`
[INFO] [stdout]             candidate #5: `icu_properties::names::PropertyEnumToValueNameLookup`
[INFO] [stdout]             candidate #6: `icu_provider::baked::DataStore`
[INFO] [stdout]             candidate #7: `prometheus_client::metrics::counter::Atomic`
[INFO] [stdout]             candidate #8: `prometheus_client::metrics::gauge::Atomic`
[INFO] [stdout]             candidate #9: `rustls::server::server_conn::StoresServerSessions`
[INFO] [stdout] 
[INFO] [stdout] 
[INFO] [stdout] error[E0599]: no associated function or constant named `get` found for struct `embed::Assets` in the current scope
[INFO] [stdout]    --> src/embed.rs:104:27
[INFO] [stdout]     |
[INFO] [stdout]  19 | struct Assets;
[INFO] [stdout]     | ------------- associated function or constant `get` not found for this struct
[INFO] [stdout] ...
[INFO] [stdout] 104 |     let Some(f) = Assets::get("index.html") else {
[INFO] [stdout]     |                           ^^^ associated function or constant not found in `embed::Assets`
[INFO] [stdout]     |
[INFO] [stdout]     = help: items from traits can only be used if the trait is implemented and in scope
[INFO] [stdout]     = note: the following traits define an item `get`, perhaps you need to implement one of them:
[INFO] [stdout]             candidate #1: `Embed`
[INFO] [stdout]             candidate #2: `SliceIndex`
[INFO] [stdout]             candidate #3: `icu_collections::codepointtrie::cptrie::TypedCodePointTrie`
[INFO] [stdout]             candidate #4: `icu_properties::names::PropertyEnumToValueNameLookup`
[INFO] [stdout]             candidate #5: `icu_provider::baked::DataStore`
[INFO] [stdout]             candidate #6: `prometheus_client::metrics::counter::Atomic`
[INFO] [stdout]             candidate #7: `prometheus_client::metrics::gauge::Atomic`
[INFO] [stdout]             candidate #8: `rustls::server::server_conn::StoresServerSessions`
[INFO] [stdout]             candidate #9: `sqlx::Row`
[INFO] [stdout] 
[INFO] [stdout] 
[INFO] [stdout] error[E0599]: no associated function or constant named `iter` found for struct `embed::Assets` in the current scope
[INFO] [stdout]    --> src/embed.rs:363:26
[INFO] [stdout]     |
[INFO] [stdout]  19 | struct Assets;
[INFO] [stdout]     | ------------- associated function or constant `iter` not found for this struct
[INFO] [stdout] ...
[INFO] [stdout] 363 |         let js = Assets::iter()
[INFO] [stdout]     |                          ^^^^ associated function or constant not found in `embed::Assets`
[INFO] [stdout]     |
[INFO] [stdout]     = help: items from traits can only be used if the trait is implemented and in scope
[INFO] [stdout]     = note: the following traits define an item `iter`, perhaps you need to implement one of them:
[INFO] [stdout]             candidate #1: `Embed`
[INFO] [stdout]             candidate #2: `bitflags::traits::Flags`
[INFO] [stdout] 
[INFO] [stdout] 
[INFO] [stdout] For more information about this error, try `rustc --explain E0599`.
[INFO] [stdout] 
[INFO] [stderr] error: could not compile `nextapi` (bin "nextapi") due to 4 previous errors
[INFO] [stderr] warning: build failed, waiting for other jobs to finish...
[INFO] [stdout] For more information about this error, try `rustc --explain E0599`.
[INFO] [stdout] 
[INFO] [stderr] error: could not compile `nextapi` (bin "nextapi" test) due to 5 previous errors
[INFO] running `Command { std: "docker" "inspect" "860caf16eb4171c17b1aa47401a25d710f4daadbae743ae79d4f72ff053f9a0c", kill_on_drop: false }`
[INFO] running `Command { std: "docker" "rm" "-f" "860caf16eb4171c17b1aa47401a25d710f4daadbae743ae79d4f72ff053f9a0c", kill_on_drop: false }`
[INFO] [stdout] 860caf16eb4171c17b1aa47401a25d710f4daadbae743ae79d4f72ff053f9a0c
