[INFO] cloning repository https://github.com/snitilf/Juno
[INFO] running `Command { std: "git" "-c" "credential.helper=" "-c" "credential.helper=/workspace/cargo-home/bin/git-credential-null" "clone" "--bare" "https://github.com/snitilf/Juno" "/workspace/cache/git-repos/https%3A%2F%2Fgithub.com%2Fsnitilf%2FJuno", kill_on_drop: false }`
[INFO] [stderr] Cloning into bare repository '/workspace/cache/git-repos/https%3A%2F%2Fgithub.com%2Fsnitilf%2FJuno'...
[INFO] running `Command { std: "git" "rev-parse" "HEAD", kill_on_drop: false }`
[INFO] [stdout] 4aa457df34aec23b1d20f783b212c64cbce24515
[INFO] checking snitilf/Juno against 3154cc1a3e6424e44f438a95007d043ed5ceaaf6+rustflags=-Znext-solver=coherence for pr-133502-30
[INFO] running `Command { std: "git" "clone" "/workspace/cache/git-repos/https%3A%2F%2Fgithub.com%2Fsnitilf%2FJuno" "/workspace/builds/worker-1-tc1/source", kill_on_drop: false }`
[INFO] [stderr] Cloning into '/workspace/builds/worker-1-tc1/source'...
[INFO] [stderr] done.
[INFO] started tweaking git repo https://github.com/snitilf/Juno
[INFO] finished tweaking git repo https://github.com/snitilf/Juno
[INFO] tweaked toml for git repo https://github.com/snitilf/Juno written to /workspace/builds/worker-1-tc1/source/Cargo.toml
[INFO] validating manifest of git repo https://github.com/snitilf/Juno on toolchain 3154cc1a3e6424e44f438a95007d043ed5ceaaf6
[INFO] running `Command { std: CARGO_HOME="/workspace/cargo-home" RUSTUP_HOME="/workspace/rustup-home" "/workspace/cargo-home/bin/cargo" "+3154cc1a3e6424e44f438a95007d043ed5ceaaf6" "metadata" "--manifest-path" "Cargo.toml" "--no-deps", kill_on_drop: false }`
[INFO] crate git repo https://github.com/snitilf/Juno already has a lockfile, it will not be regenerated
[INFO] running `Command { std: CARGO_HOME="/workspace/cargo-home" RUSTUP_HOME="/workspace/rustup-home" "/workspace/cargo-home/bin/cargo" "+3154cc1a3e6424e44f438a95007d043ed5ceaaf6" "fetch" "--manifest-path" "Cargo.toml", kill_on_drop: false }`
[INFO] [stderr]     Blocking waiting for file lock on package cache
[INFO] [stderr]     Blocking waiting for file lock on package cache
[INFO] running `Command { std: "docker" "create" "-v" "/var/lib/crater-agent-workspace/builds/worker-1-tc1/source:/opt/rustwide/workdir:ro,Z" "-v" "/var/lib/crater-agent-workspace/builds/worker-1-tc1/target:/opt/rustwide/target:rw,Z" "-v" "/var/lib/crater-agent-workspace/cargo-home:/opt/rustwide/cargo-home:ro,Z" "-v" "/var/lib/crater-agent-workspace/rustup-home:/opt/rustwide/rustup-home:ro,Z" "-m" "1610612736" "--network" "none" "ghcr.io/rust-lang/crates-build-env/linux@sha256:77db811e55d90add9212f6832c23229e3de5f1c1f9905e8cb07319ea15df73ac" "sleep" "infinity", kill_on_drop: false }`
[INFO] [stdout] f820b2604e614b17327be1447609c0eabdc688d029d4e7b4a9be4d1fca068f2f
[INFO] running `Command { std: "docker" "start" "f820b2604e614b17327be1447609c0eabdc688d029d4e7b4a9be4d1fca068f2f", kill_on_drop: false }`
[INFO] running `Command { std: "docker" "inspect" "f820b2604e614b17327be1447609c0eabdc688d029d4e7b4a9be4d1fca068f2f", kill_on_drop: false }`
[INFO] running `Command { std: "docker" "exec" "-e" "SOURCE_DIR=/opt/rustwide/workdir" "-e" "CARGO_HOME=/opt/rustwide/cargo-home" "-e" "RUSTUP_HOME=/opt/rustwide/rustup-home" "-e" "CARGO_TARGET_DIR=/opt/rustwide/target" "-w" "/opt/rustwide/workdir" "--user" "0:0" "f820b2604e614b17327be1447609c0eabdc688d029d4e7b4a9be4d1fca068f2f" "/opt/rustwide/cargo-home/bin/cargo" "+3154cc1a3e6424e44f438a95007d043ed5ceaaf6" "metadata" "--no-deps" "--format-version=1", kill_on_drop: false }`
[INFO] running `Command { std: "docker" "inspect" "f820b2604e614b17327be1447609c0eabdc688d029d4e7b4a9be4d1fca068f2f", kill_on_drop: false }`
[INFO] running `Command { std: "docker" "exec" "-e" "SOURCE_DIR=/opt/rustwide/workdir" "-e" "CARGO_HOME=/opt/rustwide/cargo-home" "-e" "RUSTUP_HOME=/opt/rustwide/rustup-home" "-e" "CARGO_TARGET_DIR=/opt/rustwide/target" "-e" "CARGO_INCREMENTAL=0" "-e" "RUST_BACKTRACE=full" "-e" "RUSTFLAGS=--cap-lints=forbid -Znext-solver=coherence" "-e" "RUSTDOCFLAGS=--cap-lints=forbid" "-w" "/opt/rustwide/workdir" "--user" "0:0" "f820b2604e614b17327be1447609c0eabdc688d029d4e7b4a9be4d1fca068f2f" "/opt/rustwide/cargo-home/bin/cargo" "+3154cc1a3e6424e44f438a95007d043ed5ceaaf6" "check" "--frozen" "--all" "--all-targets" "--message-format=json", kill_on_drop: false }`
[INFO] [stderr]    Compiling proc-macro2 v1.0.106
[INFO] [stderr]    Compiling quote v1.0.46
[INFO] [stderr]    Compiling serde_json v1.0.150
[INFO] [stderr]     Checking toml_writer v1.1.1+spec-1.1.0
[INFO] [stderr]     Checking memchr v2.8.3
[INFO] [stderr]    Compiling serde v1.0.228
[INFO] [stderr]     Checking toml_parser v1.1.2+spec-1.1.0
[INFO] [stderr]     Checking once_cell v1.21.4
[INFO] [stderr]     Checking serde_spanned v1.1.1
[INFO] [stderr]     Checking toml_datetime v1.1.1+spec-1.1.0
[INFO] [stderr]     Checking rustix v1.1.4
[INFO] [stderr]     Checking getrandom v0.4.3
[INFO] [stderr]     Checking toml v1.1.2+spec-1.1.0
[INFO] [stderr]    Compiling syn v2.0.118
[INFO] [stderr]     Checking tempfile v3.27.0
[INFO] [stderr]    Compiling serde_derive v1.0.228
[INFO] [stderr]     Checking juno v1.0.0-rc (/opt/rustwide/workdir)
[INFO] [stdout] error[E0425]: cannot find value `O_NOFOLLOW_ANY` in crate `libc`
[INFO] [stdout]    --> src/compatibility.rs:295:29
[INFO] [stdout]     |
[INFO] [stdout] 295 |         .custom_flags(libc::O_NOFOLLOW_ANY)
[INFO] [stdout]     |                             ^^^^^^^^^^^^^^ not found in `libc`
[INFO] [stdout]     |
[INFO] [stdout] note: similarly named constant `O_NOFOLLOW` defined here
[INFO] [stdout]    --> /opt/rustwide/cargo-home/registry/src/index.crates.io-1949cf8c6b5b557f/libc-0.2.186/src/unix/linux_like/linux/gnu/b64/x86_64/mod.rs:529:1
[INFO] [stdout]     |
[INFO] [stdout] 529 | pub const O_NOFOLLOW: c_int = 0x20000;
[INFO] [stdout]     | ^^^^^^^^^^^^^^^^^^^^^^^^^^^
[INFO] [stdout] help: a constant with a similar name exists
[INFO] [stdout]     |
[INFO] [stdout] 295 -         .custom_flags(libc::O_NOFOLLOW_ANY)
[INFO] [stdout] 295 +         .custom_flags(libc::O_NOFOLLOW)
[INFO] [stdout]     |
[INFO] [stdout] 
[INFO] [stdout] 
[INFO] [stdout] error[E0425]: cannot find value `O_NOFOLLOW_ANY` in crate `libc`
[INFO] [stdout]     --> src/gates.rs:1112:29
[INFO] [stdout]      |
[INFO] [stdout] 1112 |         .custom_flags(libc::O_NOFOLLOW_ANY)
[INFO] [stdout]      |                             ^^^^^^^^^^^^^^ not found in `libc`
[INFO] [stdout]      |
[INFO] [stdout] note: similarly named constant `O_NOFOLLOW` defined here
[INFO] [stdout]     --> /opt/rustwide/cargo-home/registry/src/index.crates.io-1949cf8c6b5b557f/libc-0.2.186/src/unix/linux_like/linux/gnu/b64/x86_64/mod.rs:529:1
[INFO] [stdout]      |
[INFO] [stdout]  529 | pub const O_NOFOLLOW: c_int = 0x20000;
[INFO] [stdout]      | ^^^^^^^^^^^^^^^^^^^^^^^^^^^
[INFO] [stdout] help: a constant with a similar name exists
[INFO] [stdout]      |
[INFO] [stdout] 1112 -         .custom_flags(libc::O_NOFOLLOW_ANY)
[INFO] [stdout] 1112 +         .custom_flags(libc::O_NOFOLLOW)
[INFO] [stdout]      |
[INFO] [stdout] 
[INFO] [stdout] 
[INFO] [stdout] error[E0425]: cannot find value `O_NOFOLLOW_ANY` in crate `libc`
[INFO] [stdout]     --> src/lifecycle.rs:2178:43
[INFO] [stdout]      |
[INFO] [stdout] 2178 |     options.read(true).custom_flags(libc::O_NOFOLLOW_ANY);
[INFO] [stdout]      |                                           ^^^^^^^^^^^^^^ not found in `libc`
[INFO] [stdout]      |
[INFO] [stdout] note: similarly named constant `O_NOFOLLOW` defined here
[INFO] [stdout]     --> /opt/rustwide/cargo-home/registry/src/index.crates.io-1949cf8c6b5b557f/libc-0.2.186/src/unix/linux_like/linux/gnu/b64/x86_64/mod.rs:529:1
[INFO] [stdout]      |
[INFO] [stdout]  529 | pub const O_NOFOLLOW: c_int = 0x20000;
[INFO] [stdout]      | ^^^^^^^^^^^^^^^^^^^^^^^^^^^
[INFO] [stdout] help: a constant with a similar name exists
[INFO] [stdout]      |
[INFO] [stdout] 2178 -     options.read(true).custom_flags(libc::O_NOFOLLOW_ANY);
[INFO] [stdout] 2178 +     options.read(true).custom_flags(libc::O_NOFOLLOW);
[INFO] [stdout]      |
[INFO] [stdout] 
[INFO] [stdout] 
[INFO] [stdout] error[E0425]: cannot find value `O_NOFOLLOW_ANY` in crate `libc`
[INFO] [stdout]     --> src/lifecycle.rs:2194:43
[INFO] [stdout]      |
[INFO] [stdout] 2194 |     options.read(true).custom_flags(libc::O_NOFOLLOW_ANY);
[INFO] [stdout]      |                                           ^^^^^^^^^^^^^^ not found in `libc`
[INFO] [stdout]      |
[INFO] [stdout] note: similarly named constant `O_NOFOLLOW` defined here
[INFO] [stdout]     --> /opt/rustwide/cargo-home/registry/src/index.crates.io-1949cf8c6b5b557f/libc-0.2.186/src/unix/linux_like/linux/gnu/b64/x86_64/mod.rs:529:1
[INFO] [stdout]      |
[INFO] [stdout]  529 | pub const O_NOFOLLOW: c_int = 0x20000;
[INFO] [stdout]      | ^^^^^^^^^^^^^^^^^^^^^^^^^^^
[INFO] [stdout] help: a constant with a similar name exists
[INFO] [stdout]      |
[INFO] [stdout] 2194 -     options.read(true).custom_flags(libc::O_NOFOLLOW_ANY);
[INFO] [stdout] 2194 +     options.read(true).custom_flags(libc::O_NOFOLLOW);
[INFO] [stdout]      |
[INFO] [stdout] 
[INFO] [stdout] 
[INFO] [stdout] error[E0425]: cannot find function `renameatx_np` in crate `libc`
[INFO] [stdout]     --> src/secure_fs.rs:586:15
[INFO] [stdout]      |
[INFO] [stdout]  586 |         libc::renameatx_np(
[INFO] [stdout]      |               ^^^^^^^^^^^^ not found in `libc`
[INFO] [stdout]      |
[INFO] [stdout] note: similarly named function `renameat` defined here
[INFO] [stdout]     --> /opt/rustwide/cargo-home/registry/src/index.crates.io-1949cf8c6b5b557f/libc-0.2.186/src/unix/mod.rs:1022:5
[INFO] [stdout]      |
[INFO] [stdout] 1022 | /     pub fn renameat(
[INFO] [stdout] 1023 | |         olddirfd: c_int,
[INFO] [stdout] 1024 | |         oldpath: *const c_char,
[INFO] [stdout] 1025 | |         newdirfd: c_int,
[INFO] [stdout] 1026 | |         newpath: *const c_char,
[INFO] [stdout] 1027 | |     ) -> c_int;
[INFO] [stdout]      | |_______________^
[INFO] [stdout] help: a function with a similar name exists
[INFO] [stdout]      |
[INFO] [stdout]  586 -         libc::renameatx_np(
[INFO] [stdout]  586 +         libc::renameat(
[INFO] [stdout]      |
[INFO] [stdout] 
[INFO] [stdout] 
[INFO] [stdout] error[E0425]: cannot find value `RENAME_SWAP` in crate `libc`
[INFO] [stdout]    --> src/secure_fs.rs:591:19
[INFO] [stdout]     |
[INFO] [stdout] 591 |             libc::RENAME_SWAP,
[INFO] [stdout]     |                   ^^^^^^^^^^^ not found in `libc`
[INFO] [stdout] 
[INFO] [stdout] 
[INFO] [stdout] error[E0425]: cannot find function `renameatx_np` in crate `libc`
[INFO] [stdout]     --> src/secure_fs.rs:606:15
[INFO] [stdout]      |
[INFO] [stdout]  606 |         libc::renameatx_np(
[INFO] [stdout]      |               ^^^^^^^^^^^^ not found in `libc`
[INFO] [stdout]      |
[INFO] [stdout] note: similarly named function `renameat` defined here
[INFO] [stdout]     --> /opt/rustwide/cargo-home/registry/src/index.crates.io-1949cf8c6b5b557f/libc-0.2.186/src/unix/mod.rs:1022:5
[INFO] [stdout]      |
[INFO] [stdout] 1022 | /     pub fn renameat(
[INFO] [stdout] 1023 | |         olddirfd: c_int,
[INFO] [stdout] 1024 | |         oldpath: *const c_char,
[INFO] [stdout] 1025 | |         newdirfd: c_int,
[INFO] [stdout] 1026 | |         newpath: *const c_char,
[INFO] [stdout] 1027 | |     ) -> c_int;
[INFO] [stdout]      | |_______________^
[INFO] [stdout] help: a function with a similar name exists
[INFO] [stdout]      |
[INFO] [stdout]  606 -         libc::renameatx_np(
[INFO] [stdout]  606 +         libc::renameat(
[INFO] [stdout]      |
[INFO] [stdout] 
[INFO] [stdout] 
[INFO] [stdout] error[E0425]: cannot find value `O_NOFOLLOW_ANY` in crate `libc`
[INFO] [stdout]    --> src/compatibility.rs:295:29
[INFO] [stdout]     |
[INFO] [stdout] 295 |         .custom_flags(libc::O_NOFOLLOW_ANY)
[INFO] [stdout]     |                             ^^^^^^^^^^^^^^ not found in `libc`
[INFO] [stdout]     |
[INFO] [stdout] note: similarly named constant `O_NOFOLLOW` defined here
[INFO] [stdout]    --> /opt/rustwide/cargo-home/registry/src/index.crates.io-1949cf8c6b5b557f/libc-0.2.186/src/unix/linux_like/linux/gnu/b64/x86_64/mod.rs:529:1
[INFO] [stdout]     |
[INFO] [stdout] 529 | pub const O_NOFOLLOW: c_int = 0x20000;
[INFO] [stdout]     | ^^^^^^^^^^^^^^^^^^^^^^^^^^^
[INFO] [stdout] help: a constant with a similar name exists
[INFO] [stdout]     |
[INFO] [stdout] 295 -         .custom_flags(libc::O_NOFOLLOW_ANY)
[INFO] [stdout] 295 +         .custom_flags(libc::O_NOFOLLOW)
[INFO] [stdout]     |
[INFO] [stdout] 
[INFO] [stdout] 
[INFO] [stdout] error[E0425]: cannot find value `RENAME_EXCL` in crate `libc`
[INFO] [stdout]    --> src/secure_fs.rs:611:19
[INFO] [stdout]     |
[INFO] [stdout] 611 |             libc::RENAME_EXCL,
[INFO] [stdout]     |                   ^^^^^^^^^^^ not found in `libc`
[INFO] [stdout] 
[INFO] [stdout] 
[INFO] [stdout] error[E0425]: cannot find value `O_NOFOLLOW_ANY` in crate `libc`
[INFO] [stdout]     --> src/gates.rs:1112:29
[INFO] [stdout]      |
[INFO] [stdout] 1112 |         .custom_flags(libc::O_NOFOLLOW_ANY)
[INFO] [stdout]      |                             ^^^^^^^^^^^^^^ not found in `libc`
[INFO] [stdout]      |
[INFO] [stdout] note: similarly named constant `O_NOFOLLOW` defined here
[INFO] [stdout]     --> /opt/rustwide/cargo-home/registry/src/index.crates.io-1949cf8c6b5b557f/libc-0.2.186/src/unix/linux_like/linux/gnu/b64/x86_64/mod.rs:529:1
[INFO] [stdout]      |
[INFO] [stdout]  529 | pub const O_NOFOLLOW: c_int = 0x20000;
[INFO] [stdout]      | ^^^^^^^^^^^^^^^^^^^^^^^^^^^
[INFO] [stdout] help: a constant with a similar name exists
[INFO] [stdout]      |
[INFO] [stdout] 1112 -         .custom_flags(libc::O_NOFOLLOW_ANY)
[INFO] [stdout] 1112 +         .custom_flags(libc::O_NOFOLLOW)
[INFO] [stdout]      |
[INFO] [stdout] 
[INFO] [stdout] 
[INFO] [stdout] error[E0425]: cannot find value `O_NOFOLLOW_ANY` in crate `libc`
[INFO] [stdout]    --> src/snapshot.rs:464:29
[INFO] [stdout]     |
[INFO] [stdout] 464 |         .custom_flags(libc::O_NOFOLLOW_ANY)
[INFO] [stdout]     |                             ^^^^^^^^^^^^^^ not found in `libc`
[INFO] [stdout]     |
[INFO] [stdout] note: similarly named constant `O_NOFOLLOW` defined here
[INFO] [stdout]    --> /opt/rustwide/cargo-home/registry/src/index.crates.io-1949cf8c6b5b557f/libc-0.2.186/src/unix/linux_like/linux/gnu/b64/x86_64/mod.rs:529:1
[INFO] [stdout]     |
[INFO] [stdout] 529 | pub const O_NOFOLLOW: c_int = 0x20000;
[INFO] [stdout]     | ^^^^^^^^^^^^^^^^^^^^^^^^^^^
[INFO] [stdout] help: a constant with a similar name exists
[INFO] [stdout]     |
[INFO] [stdout] 464 -         .custom_flags(libc::O_NOFOLLOW_ANY)
[INFO] [stdout] 464 +         .custom_flags(libc::O_NOFOLLOW)
[INFO] [stdout]     |
[INFO] [stdout] 
[INFO] [stdout] 
[INFO] [stdout] error[E0425]: cannot find value `O_NOFOLLOW_ANY` in crate `libc`
[INFO] [stdout]     --> src/lifecycle.rs:2178:43
[INFO] [stdout]      |
[INFO] [stdout] 2178 |     options.read(true).custom_flags(libc::O_NOFOLLOW_ANY);
[INFO] [stdout]      |                                           ^^^^^^^^^^^^^^ not found in `libc`
[INFO] [stdout]      |
[INFO] [stdout] note: similarly named constant `O_NOFOLLOW` defined here
[INFO] [stdout]     --> /opt/rustwide/cargo-home/registry/src/index.crates.io-1949cf8c6b5b557f/libc-0.2.186/src/unix/linux_like/linux/gnu/b64/x86_64/mod.rs:529:1
[INFO] [stdout]      |
[INFO] [stdout]  529 | pub const O_NOFOLLOW: c_int = 0x20000;
[INFO] [stdout]      | ^^^^^^^^^^^^^^^^^^^^^^^^^^^
[INFO] [stdout] help: a constant with a similar name exists
[INFO] [stdout]      |
[INFO] [stdout] 2178 -     options.read(true).custom_flags(libc::O_NOFOLLOW_ANY);
[INFO] [stdout] 2178 +     options.read(true).custom_flags(libc::O_NOFOLLOW);
[INFO] [stdout]      |
[INFO] [stdout] 
[INFO] [stdout] 
[INFO] [stdout] error[E0425]: cannot find value `O_NOFOLLOW_ANY` in crate `libc`
[INFO] [stdout]    --> src/snapshot.rs:502:29
[INFO] [stdout]     |
[INFO] [stdout] 502 |         .custom_flags(libc::O_NOFOLLOW_ANY)
[INFO] [stdout]     |                             ^^^^^^^^^^^^^^ not found in `libc`
[INFO] [stdout]     |
[INFO] [stdout] note: similarly named constant `O_NOFOLLOW` defined here
[INFO] [stdout]    --> /opt/rustwide/cargo-home/registry/src/index.crates.io-1949cf8c6b5b557f/libc-0.2.186/src/unix/linux_like/linux/gnu/b64/x86_64/mod.rs:529:1
[INFO] [stdout]     |
[INFO] [stdout] 529 | pub const O_NOFOLLOW: c_int = 0x20000;
[INFO] [stdout]     | ^^^^^^^^^^^^^^^^^^^^^^^^^^^
[INFO] [stdout] help: a constant with a similar name exists
[INFO] [stdout]     |
[INFO] [stdout] 502 -         .custom_flags(libc::O_NOFOLLOW_ANY)
[INFO] [stdout] 502 +         .custom_flags(libc::O_NOFOLLOW)
[INFO] [stdout]     |
[INFO] [stdout] 
[INFO] [stdout] 
[INFO] [stdout] error[E0425]: cannot find value `O_NOFOLLOW_ANY` in crate `libc`
[INFO] [stdout]    --> src/verifier.rs:954:29
[INFO] [stdout]     |
[INFO] [stdout] 954 |         .custom_flags(libc::O_NOFOLLOW_ANY)
[INFO] [stdout]     |                             ^^^^^^^^^^^^^^ not found in `libc`
[INFO] [stdout]     |
[INFO] [stdout] note: similarly named constant `O_NOFOLLOW` defined here
[INFO] [stdout]    --> /opt/rustwide/cargo-home/registry/src/index.crates.io-1949cf8c6b5b557f/libc-0.2.186/src/unix/linux_like/linux/gnu/b64/x86_64/mod.rs:529:1
[INFO] [stdout]     |
[INFO] [stdout] 529 | pub const O_NOFOLLOW: c_int = 0x20000;
[INFO] [stdout]     | ^^^^^^^^^^^^^^^^^^^^^^^^^^^
[INFO] [stdout] help: a constant with a similar name exists
[INFO] [stdout]     |
[INFO] [stdout] 954 -         .custom_flags(libc::O_NOFOLLOW_ANY)
[INFO] [stdout] 954 +         .custom_flags(libc::O_NOFOLLOW)
[INFO] [stdout]     |
[INFO] [stdout] 
[INFO] [stdout] 
[INFO] [stdout] error[E0425]: cannot find value `O_NOFOLLOW_ANY` in crate `libc`
[INFO] [stdout]     --> src/lifecycle.rs:2194:43
[INFO] [stdout]      |
[INFO] [stdout] 2194 |     options.read(true).custom_flags(libc::O_NOFOLLOW_ANY);
[INFO] [stdout]      |                                           ^^^^^^^^^^^^^^ not found in `libc`
[INFO] [stdout]      |
[INFO] [stdout] note: similarly named constant `O_NOFOLLOW` defined here
[INFO] [stdout]     --> /opt/rustwide/cargo-home/registry/src/index.crates.io-1949cf8c6b5b557f/libc-0.2.186/src/unix/linux_like/linux/gnu/b64/x86_64/mod.rs:529:1
[INFO] [stdout]      |
[INFO] [stdout]  529 | pub const O_NOFOLLOW: c_int = 0x20000;
[INFO] [stdout]      | ^^^^^^^^^^^^^^^^^^^^^^^^^^^
[INFO] [stdout] help: a constant with a similar name exists
[INFO] [stdout]      |
[INFO] [stdout] 2194 -     options.read(true).custom_flags(libc::O_NOFOLLOW_ANY);
[INFO] [stdout] 2194 +     options.read(true).custom_flags(libc::O_NOFOLLOW);
[INFO] [stdout]      |
[INFO] [stdout] 
[INFO] [stdout] 
[INFO] [stdout] error[E0425]: cannot find value `O_NOFOLLOW_ANY` in crate `libc`
[INFO] [stdout]    --> src/verifier.rs:976:29
[INFO] [stdout]     |
[INFO] [stdout] 976 |         .custom_flags(libc::O_NOFOLLOW_ANY)
[INFO] [stdout]     |                             ^^^^^^^^^^^^^^ not found in `libc`
[INFO] [stdout]     |
[INFO] [stdout] note: similarly named constant `O_NOFOLLOW` defined here
[INFO] [stdout]    --> /opt/rustwide/cargo-home/registry/src/index.crates.io-1949cf8c6b5b557f/libc-0.2.186/src/unix/linux_like/linux/gnu/b64/x86_64/mod.rs:529:1
[INFO] [stdout]     |
[INFO] [stdout] 529 | pub const O_NOFOLLOW: c_int = 0x20000;
[INFO] [stdout]     | ^^^^^^^^^^^^^^^^^^^^^^^^^^^
[INFO] [stdout] help: a constant with a similar name exists
[INFO] [stdout]     |
[INFO] [stdout] 976 -         .custom_flags(libc::O_NOFOLLOW_ANY)
[INFO] [stdout] 976 +         .custom_flags(libc::O_NOFOLLOW)
[INFO] [stdout]     |
[INFO] [stdout] 
[INFO] [stdout] 
[INFO] [stdout] error[E0425]: cannot find function `renameatx_np` in crate `libc`
[INFO] [stdout]     --> src/secure_fs.rs:586:15
[INFO] [stdout]      |
[INFO] [stdout]  586 |         libc::renameatx_np(
[INFO] [stdout]      |               ^^^^^^^^^^^^ not found in `libc`
[INFO] [stdout]      |
[INFO] [stdout] note: similarly named function `renameat` defined here
[INFO] [stdout]     --> /opt/rustwide/cargo-home/registry/src/index.crates.io-1949cf8c6b5b557f/libc-0.2.186/src/unix/mod.rs:1022:5
[INFO] [stdout]      |
[INFO] [stdout] 1022 | /     pub fn renameat(
[INFO] [stdout] 1023 | |         olddirfd: c_int,
[INFO] [stdout] 1024 | |         oldpath: *const c_char,
[INFO] [stdout] 1025 | |         newdirfd: c_int,
[INFO] [stdout] 1026 | |         newpath: *const c_char,
[INFO] [stdout] 1027 | |     ) -> c_int;
[INFO] [stdout]      | |_______________^
[INFO] [stdout] help: a function with a similar name exists
[INFO] [stdout]      |
[INFO] [stdout]  586 -         libc::renameatx_np(
[INFO] [stdout]  586 +         libc::renameat(
[INFO] [stdout]      |
[INFO] [stdout] 
[INFO] [stdout] 
[INFO] [stdout] error[E0425]: cannot find value `RENAME_SWAP` in crate `libc`
[INFO] [stdout]    --> src/secure_fs.rs:591:19
[INFO] [stdout]     |
[INFO] [stdout] 591 |             libc::RENAME_SWAP,
[INFO] [stdout]     |                   ^^^^^^^^^^^ not found in `libc`
[INFO] [stdout] 
[INFO] [stdout] 
[INFO] [stdout] error[E0425]: cannot find value `O_NOFOLLOW_ANY` in crate `libc`
[INFO] [stdout]     --> src/verifier.rs:1008:29
[INFO] [stdout]      |
[INFO] [stdout] 1008 |         .custom_flags(libc::O_NOFOLLOW_ANY)
[INFO] [stdout]      |                             ^^^^^^^^^^^^^^ not found in `libc`
[INFO] [stdout]      |
[INFO] [stdout] note: similarly named constant `O_NOFOLLOW` defined here
[INFO] [stdout]     --> /opt/rustwide/cargo-home/registry/src/index.crates.io-1949cf8c6b5b557f/libc-0.2.186/src/unix/linux_like/linux/gnu/b64/x86_64/mod.rs:529:1
[INFO] [stdout]      |
[INFO] [stdout]  529 | pub const O_NOFOLLOW: c_int = 0x20000;
[INFO] [stdout]      | ^^^^^^^^^^^^^^^^^^^^^^^^^^^
[INFO] [stdout] help: a constant with a similar name exists
[INFO] [stdout]      |
[INFO] [stdout] 1008 -         .custom_flags(libc::O_NOFOLLOW_ANY)
[INFO] [stdout] 1008 +         .custom_flags(libc::O_NOFOLLOW)
[INFO] [stdout]      |
[INFO] [stdout] 
[INFO] [stdout] 
[INFO] [stdout] error[E0425]: cannot find function `renameatx_np` in crate `libc`
[INFO] [stdout]     --> src/secure_fs.rs:606:15
[INFO] [stdout]      |
[INFO] [stdout]  606 |         libc::renameatx_np(
[INFO] [stdout]      |               ^^^^^^^^^^^^ not found in `libc`
[INFO] [stdout]      |
[INFO] [stdout] note: similarly named function `renameat` defined here
[INFO] [stdout]     --> /opt/rustwide/cargo-home/registry/src/index.crates.io-1949cf8c6b5b557f/libc-0.2.186/src/unix/mod.rs:1022:5
[INFO] [stdout]      |
[INFO] [stdout] 1022 | /     pub fn renameat(
[INFO] [stdout] 1023 | |         olddirfd: c_int,
[INFO] [stdout] 1024 | |         oldpath: *const c_char,
[INFO] [stdout] 1025 | |         newdirfd: c_int,
[INFO] [stdout] 1026 | |         newpath: *const c_char,
[INFO] [stdout] 1027 | |     ) -> c_int;
[INFO] [stdout]      | |_______________^
[INFO] [stdout] help: a function with a similar name exists
[INFO] [stdout]      |
[INFO] [stdout]  606 -         libc::renameatx_np(
[INFO] [stdout]  606 +         libc::renameat(
[INFO] [stdout]      |
[INFO] [stdout] 
[INFO] [stdout] 
[INFO] [stdout] error[E0425]: cannot find value `RENAME_EXCL` in crate `libc`
[INFO] [stdout]    --> src/secure_fs.rs:611:19
[INFO] [stdout]     |
[INFO] [stdout] 611 |             libc::RENAME_EXCL,
[INFO] [stdout]     |                   ^^^^^^^^^^^ not found in `libc`
[INFO] [stdout] 
[INFO] [stdout] 
[INFO] [stdout] error[E0425]: cannot find value `O_NOFOLLOW_ANY` in crate `libc`
[INFO] [stdout]    --> src/snapshot.rs:464:29
[INFO] [stdout]     |
[INFO] [stdout] 464 |         .custom_flags(libc::O_NOFOLLOW_ANY)
[INFO] [stdout]     |                             ^^^^^^^^^^^^^^ not found in `libc`
[INFO] [stdout]     |
[INFO] [stdout] note: similarly named constant `O_NOFOLLOW` defined here
[INFO] [stdout]    --> /opt/rustwide/cargo-home/registry/src/index.crates.io-1949cf8c6b5b557f/libc-0.2.186/src/unix/linux_like/linux/gnu/b64/x86_64/mod.rs:529:1
[INFO] [stdout]     |
[INFO] [stdout] 529 | pub const O_NOFOLLOW: c_int = 0x20000;
[INFO] [stdout]     | ^^^^^^^^^^^^^^^^^^^^^^^^^^^
[INFO] [stdout] help: a constant with a similar name exists
[INFO] [stdout]     |
[INFO] [stdout] 464 -         .custom_flags(libc::O_NOFOLLOW_ANY)
[INFO] [stdout] 464 +         .custom_flags(libc::O_NOFOLLOW)
[INFO] [stdout]     |
[INFO] [stdout] 
[INFO] [stdout] 
[INFO] [stdout] error[E0425]: cannot find value `O_NOFOLLOW_ANY` in crate `libc`
[INFO] [stdout]    --> src/snapshot.rs:502:29
[INFO] [stdout]     |
[INFO] [stdout] 502 |         .custom_flags(libc::O_NOFOLLOW_ANY)
[INFO] [stdout]     |                             ^^^^^^^^^^^^^^ not found in `libc`
[INFO] [stdout]     |
[INFO] [stdout] note: similarly named constant `O_NOFOLLOW` defined here
[INFO] [stdout]    --> /opt/rustwide/cargo-home/registry/src/index.crates.io-1949cf8c6b5b557f/libc-0.2.186/src/unix/linux_like/linux/gnu/b64/x86_64/mod.rs:529:1
[INFO] [stdout]     |
[INFO] [stdout] 529 | pub const O_NOFOLLOW: c_int = 0x20000;
[INFO] [stdout]     | ^^^^^^^^^^^^^^^^^^^^^^^^^^^
[INFO] [stdout] help: a constant with a similar name exists
[INFO] [stdout]     |
[INFO] [stdout] 502 -         .custom_flags(libc::O_NOFOLLOW_ANY)
[INFO] [stdout] 502 +         .custom_flags(libc::O_NOFOLLOW)
[INFO] [stdout]     |
[INFO] [stdout] 
[INFO] [stdout] 
[INFO] [stdout] error[E0425]: cannot find value `O_NOFOLLOW_ANY` in crate `libc`
[INFO] [stdout]    --> src/verifier.rs:954:29
[INFO] [stdout]     |
[INFO] [stdout] 954 |         .custom_flags(libc::O_NOFOLLOW_ANY)
[INFO] [stdout]     |                             ^^^^^^^^^^^^^^ not found in `libc`
[INFO] [stdout]     |
[INFO] [stdout] note: similarly named constant `O_NOFOLLOW` defined here
[INFO] [stdout]    --> /opt/rustwide/cargo-home/registry/src/index.crates.io-1949cf8c6b5b557f/libc-0.2.186/src/unix/linux_like/linux/gnu/b64/x86_64/mod.rs:529:1
[INFO] [stdout]     |
[INFO] [stdout] 529 | pub const O_NOFOLLOW: c_int = 0x20000;
[INFO] [stdout]     | ^^^^^^^^^^^^^^^^^^^^^^^^^^^
[INFO] [stdout] help: a constant with a similar name exists
[INFO] [stdout]     |
[INFO] [stdout] 954 -         .custom_flags(libc::O_NOFOLLOW_ANY)
[INFO] [stdout] 954 +         .custom_flags(libc::O_NOFOLLOW)
[INFO] [stdout]     |
[INFO] [stdout] 
[INFO] [stdout] 
[INFO] [stdout] error[E0425]: cannot find value `O_NOFOLLOW_ANY` in crate `libc`
[INFO] [stdout]    --> src/verifier.rs:976:29
[INFO] [stdout]     |
[INFO] [stdout] 976 |         .custom_flags(libc::O_NOFOLLOW_ANY)
[INFO] [stdout]     |                             ^^^^^^^^^^^^^^ not found in `libc`
[INFO] [stdout]     |
[INFO] [stdout] note: similarly named constant `O_NOFOLLOW` defined here
[INFO] [stdout]    --> /opt/rustwide/cargo-home/registry/src/index.crates.io-1949cf8c6b5b557f/libc-0.2.186/src/unix/linux_like/linux/gnu/b64/x86_64/mod.rs:529:1
[INFO] [stdout]     |
[INFO] [stdout] 529 | pub const O_NOFOLLOW: c_int = 0x20000;
[INFO] [stdout]     | ^^^^^^^^^^^^^^^^^^^^^^^^^^^
[INFO] [stdout] help: a constant with a similar name exists
[INFO] [stdout]     |
[INFO] [stdout] 976 -         .custom_flags(libc::O_NOFOLLOW_ANY)
[INFO] [stdout] 976 +         .custom_flags(libc::O_NOFOLLOW)
[INFO] [stdout]     |
[INFO] [stdout] 
[INFO] [stdout] 
[INFO] [stdout] error[E0425]: cannot find value `O_NOFOLLOW_ANY` in crate `libc`
[INFO] [stdout]     --> src/verifier.rs:1008:29
[INFO] [stdout]      |
[INFO] [stdout] 1008 |         .custom_flags(libc::O_NOFOLLOW_ANY)
[INFO] [stdout]      |                             ^^^^^^^^^^^^^^ not found in `libc`
[INFO] [stdout]      |
[INFO] [stdout] note: similarly named constant `O_NOFOLLOW` defined here
[INFO] [stdout]     --> /opt/rustwide/cargo-home/registry/src/index.crates.io-1949cf8c6b5b557f/libc-0.2.186/src/unix/linux_like/linux/gnu/b64/x86_64/mod.rs:529:1
[INFO] [stdout]      |
[INFO] [stdout]  529 | pub const O_NOFOLLOW: c_int = 0x20000;
[INFO] [stdout]      | ^^^^^^^^^^^^^^^^^^^^^^^^^^^
[INFO] [stdout] help: a constant with a similar name exists
[INFO] [stdout]      |
[INFO] [stdout] 1008 -         .custom_flags(libc::O_NOFOLLOW_ANY)
[INFO] [stdout] 1008 +         .custom_flags(libc::O_NOFOLLOW)
[INFO] [stdout]      |
[INFO] [stdout] 
[INFO] [stdout] 
[INFO] [stdout] For more information about this error, try `rustc --explain E0425`.
[INFO] [stdout] 
[INFO] [stderr] error: could not compile `juno` (lib) due to 13 previous errors
[INFO] [stderr] warning: build failed, waiting for other jobs to finish...
[INFO] [stdout] For more information about this error, try `rustc --explain E0425`.
[INFO] [stdout] 
[INFO] [stderr] error: could not compile `juno` (lib test) due to 13 previous errors
[INFO] running `Command { std: "docker" "inspect" "f820b2604e614b17327be1447609c0eabdc688d029d4e7b4a9be4d1fca068f2f", kill_on_drop: false }`
[INFO] running `Command { std: "docker" "rm" "-f" "f820b2604e614b17327be1447609c0eabdc688d029d4e7b4a9be4d1fca068f2f", kill_on_drop: false }`
[INFO] [stdout] f820b2604e614b17327be1447609c0eabdc688d029d4e7b4a9be4d1fca068f2f
