[INFO] cloning repository https://github.com/smrn001/macmon
[INFO] running `Command { std: "git" "-c" "credential.helper=" "-c" "credential.helper=/workspace/cargo-home/bin/git-credential-null" "clone" "--bare" "https://github.com/smrn001/macmon" "/workspace/cache/git-repos/https%3A%2F%2Fgithub.com%2Fsmrn001%2Fmacmon", kill_on_drop: false }`
[INFO] [stderr] Cloning into bare repository '/workspace/cache/git-repos/https%3A%2F%2Fgithub.com%2Fsmrn001%2Fmacmon'...
[INFO] running `Command { std: "git" "rev-parse" "HEAD", kill_on_drop: false }`
[INFO] [stdout] d0a7f9dfbe0f919a097dceb74a977823143ef5dd
[INFO] checking smrn001/macmon against 3154cc1a3e6424e44f438a95007d043ed5ceaaf6 for pr-133502-30
[INFO] running `Command { std: "git" "clone" "/workspace/cache/git-repos/https%3A%2F%2Fgithub.com%2Fsmrn001%2Fmacmon" "/workspace/builds/worker-4-tc2/source", kill_on_drop: false }`
[INFO] [stderr] Cloning into '/workspace/builds/worker-4-tc2/source'...
[INFO] [stderr] done.
[INFO] started tweaking git repo https://github.com/smrn001/macmon
[INFO] finished tweaking git repo https://github.com/smrn001/macmon
[INFO] tweaked toml for git repo https://github.com/smrn001/macmon written to /workspace/builds/worker-4-tc2/source/Cargo.toml
[INFO] validating manifest of git repo https://github.com/smrn001/macmon on toolchain 3154cc1a3e6424e44f438a95007d043ed5ceaaf6
[INFO] running `Command { std: CARGO_HOME="/workspace/cargo-home" RUSTUP_HOME="/workspace/rustup-home" "/workspace/cargo-home/bin/cargo" "+3154cc1a3e6424e44f438a95007d043ed5ceaaf6" "metadata" "--manifest-path" "Cargo.toml" "--no-deps", kill_on_drop: false }`
[INFO] crate git repo https://github.com/smrn001/macmon already has a lockfile, it will not be regenerated
[INFO] running `Command { std: CARGO_HOME="/workspace/cargo-home" RUSTUP_HOME="/workspace/rustup-home" "/workspace/cargo-home/bin/cargo" "+3154cc1a3e6424e44f438a95007d043ed5ceaaf6" "fetch" "--manifest-path" "Cargo.toml", kill_on_drop: false }`
[INFO] [stderr] warning: `package.homepage` is redundant with `package.repository`
[INFO] [stderr]   --> Cargo.toml:11:12
[INFO] [stderr]    |
[INFO] [stderr] 11 | homepage = "https://github.com/smrn001/macmon"
[INFO] [stderr]    |            ^^^^^^^^^^^^^^^^^^^^^^^^^^^^^^^^^^^
[INFO] [stderr] ...
[INFO] [stderr] 15 | repository = "https://github.com/smrn001/macmon"
[INFO] [stderr]    |              -----------------------------------
[INFO] [stderr]    |
[INFO] [stderr]    = note: `cargo::redundant_homepage` is set to `warn` by default
[INFO] [stderr] help: consider removing `package.homepage`
[INFO] [stderr] warning: `macmon` (manifest) generated 1 warning
[INFO] running `Command { std: "docker" "create" "-v" "/var/lib/crater-agent-workspace/builds/worker-4-tc2/source:/opt/rustwide/workdir:ro,Z" "-v" "/var/lib/crater-agent-workspace/builds/worker-4-tc2/target:/opt/rustwide/target:rw,Z" "-v" "/var/lib/crater-agent-workspace/cargo-home:/opt/rustwide/cargo-home:ro,Z" "-v" "/var/lib/crater-agent-workspace/rustup-home:/opt/rustwide/rustup-home:ro,Z" "-m" "1610612736" "--network" "none" "ghcr.io/rust-lang/crates-build-env/linux@sha256:77db811e55d90add9212f6832c23229e3de5f1c1f9905e8cb07319ea15df73ac" "sleep" "infinity", kill_on_drop: false }`
[INFO] [stdout] 8a5cece949f814f442fda7abf39b90362578ace61445713c3054983c835f5f3a
[INFO] running `Command { std: "docker" "start" "8a5cece949f814f442fda7abf39b90362578ace61445713c3054983c835f5f3a", kill_on_drop: false }`
[INFO] running `Command { std: "docker" "inspect" "8a5cece949f814f442fda7abf39b90362578ace61445713c3054983c835f5f3a", kill_on_drop: false }`
[INFO] running `Command { std: "docker" "exec" "-e" "SOURCE_DIR=/opt/rustwide/workdir" "-e" "CARGO_HOME=/opt/rustwide/cargo-home" "-e" "RUSTUP_HOME=/opt/rustwide/rustup-home" "-e" "CARGO_TARGET_DIR=/opt/rustwide/target" "-w" "/opt/rustwide/workdir" "--user" "0:0" "8a5cece949f814f442fda7abf39b90362578ace61445713c3054983c835f5f3a" "/opt/rustwide/cargo-home/bin/cargo" "+3154cc1a3e6424e44f438a95007d043ed5ceaaf6" "metadata" "--no-deps" "--format-version=1", kill_on_drop: false }`
[INFO] running `Command { std: "docker" "inspect" "8a5cece949f814f442fda7abf39b90362578ace61445713c3054983c835f5f3a", kill_on_drop: false }`
[INFO] running `Command { std: "docker" "exec" "-e" "SOURCE_DIR=/opt/rustwide/workdir" "-e" "CARGO_HOME=/opt/rustwide/cargo-home" "-e" "RUSTUP_HOME=/opt/rustwide/rustup-home" "-e" "CARGO_TARGET_DIR=/opt/rustwide/target" "-e" "CARGO_INCREMENTAL=0" "-e" "RUST_BACKTRACE=full" "-e" "RUSTFLAGS=--cap-lints=forbid" "-e" "RUSTDOCFLAGS=--cap-lints=forbid" "-w" "/opt/rustwide/workdir" "--user" "0:0" "8a5cece949f814f442fda7abf39b90362578ace61445713c3054983c835f5f3a" "/opt/rustwide/cargo-home/bin/cargo" "+3154cc1a3e6424e44f438a95007d043ed5ceaaf6" "check" "--frozen" "--all" "--all-targets" "--message-format=json", kill_on_drop: false }`
[INFO] [stderr] warning: `package.homepage` is redundant with `package.repository`
[INFO] [stderr]   --> Cargo.toml:11:12
[INFO] [stderr]    |
[INFO] [stderr] 11 | homepage = "https://github.com/smrn001/macmon"
[INFO] [stderr]    |            ^^^^^^^^^^^^^^^^^^^^^^^^^^^^^^^^^^^
[INFO] [stderr] ...
[INFO] [stderr] 15 | repository = "https://github.com/smrn001/macmon"
[INFO] [stderr]    |              -----------------------------------
[INFO] [stderr]    |
[INFO] [stderr]    = note: `cargo::redundant_homepage` is set to `warn` by default
[INFO] [stderr] help: consider removing `package.homepage`
[INFO] [stderr] warning: `macmon` (manifest) generated 1 warning
[INFO] [stderr]    Compiling unicode-ident v1.0.24
[INFO] [stderr]    Compiling libc v0.2.189
[INFO] [stderr]     Checking cfg-if v1.0.4
[INFO] [stderr]    Compiling rustversion v1.0.23
[INFO] [stderr]    Compiling thiserror v2.0.20
[INFO] [stderr]     Checking bitflags v2.13.1
[INFO] [stderr]    Compiling ident_case v1.0.1
[INFO] [stderr]    Compiling strsim v0.11.1
[INFO] [stderr]    Compiling heck v0.5.0
[INFO] [stderr]     Checking either v1.17.0
[INFO] [stderr]     Checking hashbrown v0.17.1
[INFO] [stderr]    Compiling unicode-segmentation v1.13.3
[INFO] [stderr]     Checking itoa v1.0.18
[INFO] [stderr]    Compiling instability v0.3.13
[INFO] [stderr]    Compiling signal-hook v0.3.18
[INFO] [stderr]     Checking ryu v1.0.23
[INFO] [stderr]    Compiling proc-macro2 v1.0.107
[INFO] [stderr]    Compiling rustix v1.1.4
[INFO] [stderr]     Checking smallvec v1.15.2
[INFO] [stderr]    Compiling indoc v2.0.7
[INFO] [stderr]     Checking log v0.4.33
[INFO] [stderr]     Checking critical-section v1.2.0
[INFO] [stderr]     Checking num-conv v0.2.2
[INFO] [stderr]    Compiling litrs v1.0.0
[INFO] [stderr]     Checking itertools v0.14.0
[INFO] [stderr]     Checking time-core v0.1.9
[INFO] [stderr]     Checking num_threads v0.1.7
[INFO] [stderr]     Checking deranged v0.5.8
[INFO] [stderr]     Checking powerfmt v0.2.0
[INFO] [stderr]     Checking linux-raw-sys v0.12.1
[INFO] [stderr]     Checking line-clipping v0.3.8
[INFO] [stderr]    Compiling convert_case v0.10.0
[INFO] [stderr]     Checking castaway v0.2.4
[INFO] [stderr]    Compiling quote v1.0.47
[INFO] [stderr]     Checking compact_str v0.9.1
[INFO] [stderr]    Compiling document-features v0.2.12
[INFO] [stderr]    Compiling syn v3.0.3
[INFO] [stderr]    Compiling syn v2.0.119
[INFO] [stderr]     Checking lru v0.18.2
[INFO] [stderr]     Checking unicode-truncate v2.0.1
[INFO] [stderr]     Checking errno v0.3.14
[INFO] [stderr]     Checking mio v1.2.2
[INFO] [stderr]     Checking parking_lot_core v0.9.12
[INFO] [stderr]     Checking time v0.3.55
[INFO] [stderr]     Checking signal-hook-registry v1.4.8
[INFO] [stderr]     Checking parking_lot v0.12.5
[INFO] [stderr]     Checking signal-hook-mio v0.2.5
[INFO] [stderr]    Compiling strum_macros v0.28.0
[INFO] [stderr]    Compiling derive_more-impl v2.1.1
[INFO] [stderr]     Checking derive_more v2.1.1
[INFO] [stderr]     Checking crossterm v0.29.0
[INFO] [stderr]     Checking strum v0.28.0
[INFO] [stderr]    Compiling darling_core v0.24.0
[INFO] [stderr]    Compiling thiserror-impl v2.0.20
[INFO] [stderr]     Checking kasuari v0.4.12
[INFO] [stderr]     Checking ratatui-core v0.1.2
[INFO] [stderr]    Compiling darling_macro v0.24.0
[INFO] [stderr]    Compiling darling v0.24.0
[INFO] [stderr]     Checking ratatui-widgets v0.3.2
[INFO] [stderr]     Checking ratatui-crossterm v0.1.2
[INFO] [stderr]     Checking ratatui-macros v0.7.2
[INFO] [stderr]     Checking ratatui v0.30.2
[INFO] [stderr]     Checking macmon v0.1.0 (/opt/rustwide/workdir)
[INFO] [stdout] error[E0432]: unresolved imports `libc::CPU_STATE_IDLE`, `libc::CPU_STATE_MAX`, `libc::CPU_STATE_NICE`, `libc::CPU_STATE_SYSTEM`, `libc::CPU_STATE_USER`, `libc::KERN_SUCCESS`, `libc::PROCESSOR_CPU_LOAD_INFO`, `libc::host_processor_info`, `libc::mach_host_self`, `libc::mach_msg_type_number_t`, `libc::mach_task_self`, `libc::natural_t`, `libc::vm_deallocate`, `libc::vm_size_t`
[INFO] [stdout]  --> src/system/cpu.rs:5:5
[INFO] [stdout]   |
[INFO] [stdout] 5 |     CPU_STATE_IDLE, CPU_STATE_MAX, CPU_STATE_NICE, CPU_STATE_SYSTEM, CPU_STATE_USER, KERN_SUCCESS,
[INFO] [stdout]   |     ^^^^^^^^^^^^^^  ^^^^^^^^^^^^^  ^^^^^^^^^^^^^^  ^^^^^^^^^^^^^^^^  ^^^^^^^^^^^^^^  ^^^^^^^^^^^^ no `KERN_SUCCESS` in the root
[INFO] [stdout]   |     |               |              |               |                 |
[INFO] [stdout]   |     |               |              |               |                 no `CPU_STATE_USER` in the root
[INFO] [stdout]   |     |               |              |               no `CPU_STATE_SYSTEM` in the root
[INFO] [stdout]   |     |               |              no `CPU_STATE_NICE` in the root
[INFO] [stdout]   |     |               no `CPU_STATE_MAX` in the root
[INFO] [stdout]   |     no `CPU_STATE_IDLE` in the root
[INFO] [stdout] 6 |     PROCESSOR_CPU_LOAD_INFO, host_processor_info, mach_host_self, mach_msg_type_number_t,
[INFO] [stdout]   |     ^^^^^^^^^^^^^^^^^^^^^^^  ^^^^^^^^^^^^^^^^^^^  ^^^^^^^^^^^^^^  ^^^^^^^^^^^^^^^^^^^^^^ no `mach_msg_type_number_t` in the root
[INFO] [stdout]   |     |                        |                    |
[INFO] [stdout]   |     |                        |                    no `mach_host_self` in the root
[INFO] [stdout]   |     |                        no `host_processor_info` in the root
[INFO] [stdout]   |     no `PROCESSOR_CPU_LOAD_INFO` in the root
[INFO] [stdout] 7 |     mach_task_self, natural_t, vm_deallocate, vm_size_t,
[INFO] [stdout]   |     ^^^^^^^^^^^^^^  ^^^^^^^^^  ^^^^^^^^^^^^^  ^^^^^^^^^
[INFO] [stdout]   |
[INFO] [stdout] help: a similar name exists in the module
[INFO] [stdout]   |
[INFO] [stdout] 5 -     CPU_STATE_IDLE, CPU_STATE_MAX, CPU_STATE_NICE, CPU_STATE_SYSTEM, CPU_STATE_USER, KERN_SUCCESS,
[INFO] [stdout] 5 +     CPU_STATE_IDLE, CPU_STATE_MAX, CPU_STATE_NICE, CPU_STATE_SYSTEM, TP_STATUS_USER, KERN_SUCCESS,
[INFO] [stdout]   |
[INFO] [stdout] help: a similar name exists in the module
[INFO] [stdout]   |
[INFO] [stdout] 5 -     CPU_STATE_IDLE, CPU_STATE_MAX, CPU_STATE_NICE, CPU_STATE_SYSTEM, CPU_STATE_USER, KERN_SUCCESS,
[INFO] [stdout] 5 +     CPU_STATE_IDLE, CPU_STATE_MAX, CPU_STATE_NICE, CPU_STATE_SYSTEM, CPU_STATE_USER, EXIT_SUCCESS,
[INFO] [stdout]   |
[INFO] [stdout] 
[INFO] [stdout] 
[INFO] [stdout] error[E0432]: unresolved imports `libc::CPU_STATE_IDLE`, `libc::CPU_STATE_MAX`, `libc::CPU_STATE_NICE`, `libc::CPU_STATE_SYSTEM`, `libc::CPU_STATE_USER`, `libc::KERN_SUCCESS`, `libc::PROCESSOR_CPU_LOAD_INFO`, `libc::host_processor_info`, `libc::mach_host_self`, `libc::mach_msg_type_number_t`, `libc::mach_task_self`, `libc::natural_t`, `libc::vm_deallocate`, `libc::vm_size_t`
[INFO] [stdout]  --> src/system/cpu.rs:5:5
[INFO] [stdout]   |
[INFO] [stdout] 5 |     CPU_STATE_IDLE, CPU_STATE_MAX, CPU_STATE_NICE, CPU_STATE_SYSTEM, CPU_STATE_USER, KERN_SUCCESS,
[INFO] [stdout]   |     ^^^^^^^^^^^^^^  ^^^^^^^^^^^^^  ^^^^^^^^^^^^^^  ^^^^^^^^^^^^^^^^  ^^^^^^^^^^^^^^  ^^^^^^^^^^^^ no `KERN_SUCCESS` in the root
[INFO] [stdout]   |     |               |              |               |                 |
[INFO] [stdout]   |     |               |              |               |                 no `CPU_STATE_USER` in the root
[INFO] [stdout]   |     |               |              |               no `CPU_STATE_SYSTEM` in the root
[INFO] [stdout]   |     |               |              no `CPU_STATE_NICE` in the root
[INFO] [stdout]   |     |               no `CPU_STATE_MAX` in the root
[INFO] [stdout]   |     no `CPU_STATE_IDLE` in the root
[INFO] [stdout] 6 |     PROCESSOR_CPU_LOAD_INFO, host_processor_info, mach_host_self, mach_msg_type_number_t,
[INFO] [stdout]   |     ^^^^^^^^^^^^^^^^^^^^^^^  ^^^^^^^^^^^^^^^^^^^  ^^^^^^^^^^^^^^  ^^^^^^^^^^^^^^^^^^^^^^ no `mach_msg_type_number_t` in the root
[INFO] [stdout]   |     |                        |                    |
[INFO] [stdout]   |     |                        |                    no `mach_host_self` in the root
[INFO] [stdout]   |     |                        no `host_processor_info` in the root
[INFO] [stdout]   |     no `PROCESSOR_CPU_LOAD_INFO` in the root
[INFO] [stdout] 7 |     mach_task_self, natural_t, vm_deallocate, vm_size_t,
[INFO] [stdout]   |     ^^^^^^^^^^^^^^  ^^^^^^^^^  ^^^^^^^^^^^^^  ^^^^^^^^^
[INFO] [stdout]   |
[INFO] [stdout] help: a similar name exists in the module
[INFO] [stdout]   |
[INFO] [stdout] 5 -     CPU_STATE_IDLE, CPU_STATE_MAX, CPU_STATE_NICE, CPU_STATE_SYSTEM, CPU_STATE_USER, KERN_SUCCESS,
[INFO] [stdout] 5 +     CPU_STATE_IDLE, CPU_STATE_MAX, CPU_STATE_NICE, CPU_STATE_SYSTEM, TP_STATUS_USER, KERN_SUCCESS,
[INFO] [stdout]   |
[INFO] [stdout] help: a similar name exists in the module
[INFO] [stdout]   |
[INFO] [stdout] 5 -     CPU_STATE_IDLE, CPU_STATE_MAX, CPU_STATE_NICE, CPU_STATE_SYSTEM, CPU_STATE_USER, KERN_SUCCESS,
[INFO] [stdout] 5 +     CPU_STATE_IDLE, CPU_STATE_MAX, CPU_STATE_NICE, CPU_STATE_SYSTEM, CPU_STATE_USER, EXIT_SUCCESS,
[INFO] [stdout]   |
[INFO] [stdout] 
[INFO] [stdout] 
[INFO] [stdout] error[E0432]: unresolved imports `libc::HOST_VM_INFO64`, `libc::HOST_VM_INFO64_COUNT`, `libc::KERN_SUCCESS`, `libc::sysctlbyname`, `libc::vm_statistics64`, `libc::xsw_usage`
[INFO] [stdout]  --> src/system/memory.rs:6:5
[INFO] [stdout]   |
[INFO] [stdout] 6 |     HOST_VM_INFO64, HOST_VM_INFO64_COUNT, KERN_SUCCESS, sysctlbyname, vm_statistics64, xsw_usage,
[INFO] [stdout]   |     ^^^^^^^^^^^^^^  ^^^^^^^^^^^^^^^^^^^^  ^^^^^^^^^^^^  ^^^^^^^^^^^^  ^^^^^^^^^^^^^^^  ^^^^^^^^^ no `xsw_usage` in the root
[INFO] [stdout]   |     |               |                     |             |             |
[INFO] [stdout]   |     |               |                     |             |             no `vm_statistics64` in the root
[INFO] [stdout]   |     |               |                     |             no `sysctlbyname` in the root
[INFO] [stdout]   |     |               |                     no `KERN_SUCCESS` in the root
[INFO] [stdout]   |     |               no `HOST_VM_INFO64_COUNT` in the root
[INFO] [stdout]   |     no `HOST_VM_INFO64` in the root
[INFO] [stdout]   |
[INFO] [stdout] help: a similar name exists in the module
[INFO] [stdout]   |
[INFO] [stdout] 6 -     HOST_VM_INFO64, HOST_VM_INFO64_COUNT, KERN_SUCCESS, sysctlbyname, vm_statistics64, xsw_usage,
[INFO] [stdout] 6 +     HOST_VM_INFO64, HOST_VM_INFO64_COUNT, EXIT_SUCCESS, sysctlbyname, vm_statistics64, xsw_usage,
[INFO] [stdout]   |
[INFO] [stdout] help: a similar name exists in the module
[INFO] [stdout]   |
[INFO] [stdout] 6 -     HOST_VM_INFO64, HOST_VM_INFO64_COUNT, KERN_SUCCESS, sysctlbyname, vm_statistics64, xsw_usage,
[INFO] [stdout] 6 +     HOST_VM_INFO64, HOST_VM_INFO64_COUNT, KERN_SUCCESS, sysctlbyname, iw_statistics, xsw_usage,
[INFO] [stdout]   |
[INFO] [stdout] 
[INFO] [stdout] 
[INFO] [stdout] error[E0432]: unresolved imports `libc::HOST_VM_INFO64`, `libc::HOST_VM_INFO64_COUNT`, `libc::KERN_SUCCESS`, `libc::sysctlbyname`, `libc::vm_statistics64`, `libc::xsw_usage`
[INFO] [stdout]  --> src/system/memory.rs:6:5
[INFO] [stdout]   |
[INFO] [stdout] 6 |     HOST_VM_INFO64, HOST_VM_INFO64_COUNT, KERN_SUCCESS, sysctlbyname, vm_statistics64, xsw_usage,
[INFO] [stdout]   |     ^^^^^^^^^^^^^^  ^^^^^^^^^^^^^^^^^^^^  ^^^^^^^^^^^^  ^^^^^^^^^^^^  ^^^^^^^^^^^^^^^  ^^^^^^^^^ no `xsw_usage` in the root
[INFO] [stdout]   |     |               |                     |             |             |
[INFO] [stdout]   |     |               |                     |             |             no `vm_statistics64` in the root
[INFO] [stdout]   |     |               |                     |             no `sysctlbyname` in the root
[INFO] [stdout]   |     |               |                     no `KERN_SUCCESS` in the root
[INFO] [stdout]   |     |               no `HOST_VM_INFO64_COUNT` in the root
[INFO] [stdout]   |     no `HOST_VM_INFO64` in the root
[INFO] [stdout]   |
[INFO] [stdout] help: a similar name exists in the module
[INFO] [stdout]   |
[INFO] [stdout] 6 -     HOST_VM_INFO64, HOST_VM_INFO64_COUNT, KERN_SUCCESS, sysctlbyname, vm_statistics64, xsw_usage,
[INFO] [stdout] 6 +     HOST_VM_INFO64, HOST_VM_INFO64_COUNT, EXIT_SUCCESS, sysctlbyname, vm_statistics64, xsw_usage,
[INFO] [stdout]   |
[INFO] [stdout] help: a similar name exists in the module
[INFO] [stdout]   |
[INFO] [stdout] 6 -     HOST_VM_INFO64, HOST_VM_INFO64_COUNT, KERN_SUCCESS, sysctlbyname, vm_statistics64, xsw_usage,
[INFO] [stdout] 6 +     HOST_VM_INFO64, HOST_VM_INFO64_COUNT, KERN_SUCCESS, sysctlbyname, iw_statistics, xsw_usage,
[INFO] [stdout]   |
[INFO] [stdout] 
[INFO] [stdout] 
[INFO] [stdout] error[E0432]: unresolved imports `libc::AF_LINK`, `libc::if_data`
[INFO] [stdout]  --> src/system/network.rs:4:12
[INFO] [stdout]   |
[INFO] [stdout] 4 | use libc::{AF_LINK, IFF_LOOPBACK, freeifaddrs, getifaddrs, if_data, ifaddrs};
[INFO] [stdout]   |            ^^^^^^^ no `AF_LINK` in the root                ^^^^^^^ no `if_data` in the root
[INFO] [stdout] 
[INFO] [stdout] 
[INFO] [stdout] error[E0432]: unresolved imports `libc::AF_LINK`, `libc::if_data`
[INFO] [stdout]  --> src/system/network.rs:4:12
[INFO] [stdout]   |
[INFO] [stdout] 4 | use libc::{AF_LINK, IFF_LOOPBACK, freeifaddrs, getifaddrs, if_data, ifaddrs};
[INFO] [stdout]   |            ^^^^^^^ no `AF_LINK` in the root                ^^^^^^^ no `if_data` in the root
[INFO] [stdout] 
[INFO] [stdout] 
[INFO] [stdout] error[E0432]: unresolved imports `libc::PROC_PIDTASKALLINFO`, `libc::proc_listpids`, `libc::proc_pidinfo`, `libc::proc_pidpath`, `libc::proc_taskallinfo`
[INFO] [stdout]  --> src/system/processes.rs:5:12
[INFO] [stdout]   |
[INFO] [stdout] 5 | use libc::{PROC_PIDTASKALLINFO, proc_listpids, proc_pidinfo, proc_pidpath, proc_taskallinfo};
[INFO] [stdout]   |            ^^^^^^^^^^^^^^^^^^^  ^^^^^^^^^^^^^  ^^^^^^^^^^^^  ^^^^^^^^^^^^  ^^^^^^^^^^^^^^^^ no `proc_taskallinfo` in the root
[INFO] [stdout]   |            |                    |              |             |
[INFO] [stdout]   |            |                    |              |             no `proc_pidpath` in the root
[INFO] [stdout]   |            |                    |              no `proc_pidinfo` in the root
[INFO] [stdout]   |            |                    no `proc_listpids` in the root
[INFO] [stdout]   |            no `PROC_PIDTASKALLINFO` in the root
[INFO] [stdout] 
[INFO] [stdout] 
[INFO] [stdout] error[E0432]: unresolved imports `libc::PROC_PIDTASKALLINFO`, `libc::proc_listpids`, `libc::proc_pidinfo`, `libc::proc_pidpath`, `libc::proc_taskallinfo`
[INFO] [stdout]  --> src/system/processes.rs:5:12
[INFO] [stdout]   |
[INFO] [stdout] 5 | use libc::{PROC_PIDTASKALLINFO, proc_listpids, proc_pidinfo, proc_pidpath, proc_taskallinfo};
[INFO] [stdout]   |            ^^^^^^^^^^^^^^^^^^^  ^^^^^^^^^^^^^  ^^^^^^^^^^^^  ^^^^^^^^^^^^  ^^^^^^^^^^^^^^^^ no `proc_taskallinfo` in the root
[INFO] [stdout]   |            |                    |              |             |
[INFO] [stdout]   |            |                    |              |             no `proc_pidpath` in the root
[INFO] [stdout]   |            |                    |              no `proc_pidinfo` in the root
[INFO] [stdout]   |            |                    no `proc_listpids` in the root
[INFO] [stdout]   |            no `PROC_PIDTASKALLINFO` in the root
[INFO] [stdout] 
[INFO] [stdout] 
[INFO] [stdout] error[E0425]: cannot find type `mach_msg_type_number_t` in crate `libc`
[INFO] [stdout]   --> src/system/memory.rs:36:55
[INFO] [stdout]    |
[INFO] [stdout] 36 |         let mut count = HOST_VM_INFO64_COUNT as libc::mach_msg_type_number_t;
[INFO] [stdout]    |                                                       ^^^^^^^^^^^^^^^^^^^^^^ not found in `libc`
[INFO] [stdout] 
[INFO] [stdout] 
[INFO] [stdout] error[E0425]: cannot find type `mach_msg_type_number_t` in crate `libc`
[INFO] [stdout]   --> src/system/memory.rs:36:55
[INFO] [stdout]    |
[INFO] [stdout] 36 |         let mut count = HOST_VM_INFO64_COUNT as libc::mach_msg_type_number_t;
[INFO] [stdout]    |                                                       ^^^^^^^^^^^^^^^^^^^^^^ not found in `libc`
[INFO] [stdout] 
[INFO] [stdout] 
[INFO] [stdout] error[E0425]: cannot find function `mach_host_self` in crate `libc`
[INFO] [stdout]   --> src/system/memory.rs:37:26
[INFO] [stdout]    |
[INFO] [stdout] 37 |         let host = libc::mach_host_self();
[INFO] [stdout]    |                          ^^^^^^^^^^^^^^ not found in `libc`
[INFO] [stdout] 
[INFO] [stdout] 
[INFO] [stdout] error[E0425]: cannot find function `host_statistics64` in crate `libc`
[INFO] [stdout]   --> src/system/memory.rs:38:28
[INFO] [stdout]    |
[INFO] [stdout] 38 |         let result = libc::host_statistics64(
[INFO] [stdout]    |                            ^^^^^^^^^^^^^^^^^ not found in `libc`
[INFO] [stdout] 
[INFO] [stdout] 
[INFO] [stdout] error[E0425]: cannot find function `mach_host_self` in crate `libc`
[INFO] [stdout]   --> src/system/memory.rs:37:26
[INFO] [stdout]    |
[INFO] [stdout] 37 |         let host = libc::mach_host_self();
[INFO] [stdout]    |                          ^^^^^^^^^^^^^^ not found in `libc`
[INFO] [stdout] 
[INFO] [stdout] 
[INFO] [stdout] error[E0425]: cannot find function `host_statistics64` in crate `libc`
[INFO] [stdout]   --> src/system/memory.rs:38:28
[INFO] [stdout]    |
[INFO] [stdout] 38 |         let result = libc::host_statistics64(
[INFO] [stdout]    |                            ^^^^^^^^^^^^^^^^^ not found in `libc`
[INFO] [stdout] 
[INFO] [stdout] 
[INFO] [stdout] error[E0455]: link kind `framework` is only supported on Apple targets
[INFO] [stdout]   --> src/system/disk.rs:84:31
[INFO] [stdout]    |
[INFO] [stdout] 84 | #[link(name = "IOKit", kind = "framework")]
[INFO] [stdout]    |                               ^^^^^^^^^^^
[INFO] [stdout] 
[INFO] [stdout] 
[INFO] [stdout] error[E0455]: link kind `framework` is only supported on Apple targets
[INFO] [stdout]   --> src/system/disk.rs:84:31
[INFO] [stdout]    |
[INFO] [stdout] 84 | #[link(name = "IOKit", kind = "framework")]
[INFO] [stdout]    |                               ^^^^^^^^^^^
[INFO] [stdout] 
[INFO] [stdout] 
[INFO] [stdout] error[E0455]: link kind `framework` is only supported on Apple targets
[INFO] [stdout]    --> src/system/disk.rs:102:40
[INFO] [stdout]     |
[INFO] [stdout] 102 | #[link(name = "CoreFoundation", kind = "framework")]
[INFO] [stdout]     |                                        ^^^^^^^^^^^
[INFO] [stdout] 
[INFO] [stdout] 
[INFO] [stdout] error[E0455]: link kind `framework` is only supported on Apple targets
[INFO] [stdout]    --> src/system/disk.rs:102:40
[INFO] [stdout]     |
[INFO] [stdout] 102 | #[link(name = "CoreFoundation", kind = "framework")]
[INFO] [stdout]     |                                        ^^^^^^^^^^^
[INFO] [stdout] 
[INFO] [stdout] 
[INFO] [stdout] Some errors have detailed explanations: E0425, E0432, E0455.
[INFO] [stdout] 
[INFO] [stdout] For more information about an error, try `rustc --explain E0425`.
[INFO] [stdout] 
[INFO] [stderr] error: could not compile `macmon` (bin "macmon" test) due to 9 previous errors
[INFO] [stderr] warning: build failed, waiting for other jobs to finish...
[INFO] [stdout] Some errors have detailed explanations: E0425, E0432, E0455.
[INFO] [stdout] 
[INFO] [stdout] For more information about an error, try `rustc --explain E0425`.
[INFO] [stdout] 
[INFO] [stderr] error: could not compile `macmon` (bin "macmon") due to 9 previous errors
[INFO] running `Command { std: "docker" "inspect" "8a5cece949f814f442fda7abf39b90362578ace61445713c3054983c835f5f3a", kill_on_drop: false }`
[INFO] running `Command { std: "docker" "rm" "-f" "8a5cece949f814f442fda7abf39b90362578ace61445713c3054983c835f5f3a", kill_on_drop: false }`
[INFO] [stdout] 8a5cece949f814f442fda7abf39b90362578ace61445713c3054983c835f5f3a
