[INFO] cloning repository https://github.com/smoketurner/quack
[INFO] running `Command { std: "git" "-c" "credential.helper=" "-c" "credential.helper=/workspace/cargo-home/bin/git-credential-null" "clone" "--bare" "https://github.com/smoketurner/quack" "/workspace/cache/git-repos/https%3A%2F%2Fgithub.com%2Fsmoketurner%2Fquack", kill_on_drop: false }`
[INFO] [stderr] Cloning into bare repository '/workspace/cache/git-repos/https%3A%2F%2Fgithub.com%2Fsmoketurner%2Fquack'...
[INFO] running `Command { std: "git" "rev-parse" "HEAD", kill_on_drop: false }`
[INFO] [stdout] 9e6834b553f175acc3329ba3a9bd3353380df96e
[INFO] checking smoketurner/quack/9e6834b553f175acc3329ba3a9bd3353380df96e against 3154cc1a3e6424e44f438a95007d043ed5ceaaf6+rustflags=-Znext-solver=coherence for pr-133502-30
[INFO] running `Command { std: "git" "clone" "/workspace/cache/git-repos/https%3A%2F%2Fgithub.com%2Fsmoketurner%2Fquack" "/workspace/builds/worker-1-tc1/source", kill_on_drop: false }`
[INFO] [stderr] Cloning into '/workspace/builds/worker-1-tc1/source'...
[INFO] [stderr] done.
[INFO] removed /workspace/builds/worker-1-tc1/source/rust-toolchain.toml
[INFO] started tweaking git repo https://github.com/smoketurner/quack
[INFO] finished tweaking git repo https://github.com/smoketurner/quack
[INFO] tweaked toml for git repo https://github.com/smoketurner/quack written to /workspace/builds/worker-1-tc1/source/Cargo.toml
[INFO] validating manifest of git repo https://github.com/smoketurner/quack on toolchain 3154cc1a3e6424e44f438a95007d043ed5ceaaf6
[INFO] running `Command { std: CARGO_HOME="/workspace/cargo-home" RUSTUP_HOME="/workspace/rustup-home" "/workspace/cargo-home/bin/cargo" "+3154cc1a3e6424e44f438a95007d043ed5ceaaf6" "metadata" "--manifest-path" "Cargo.toml" "--no-deps", kill_on_drop: false }`
[INFO] crate git repo https://github.com/smoketurner/quack already has a lockfile, it will not be regenerated
[INFO] running `Command { std: CARGO_HOME="/workspace/cargo-home" RUSTUP_HOME="/workspace/rustup-home" "/workspace/cargo-home/bin/cargo" "+3154cc1a3e6424e44f438a95007d043ed5ceaaf6" "fetch" "--manifest-path" "Cargo.toml", kill_on_drop: false }`
[INFO] [stderr] warning: unused workspace dependency `axum-server`
[INFO] [stderr]   --> Cargo.toml:82:25
[INFO] [stderr]    |
[INFO] [stderr] 82 | [workspace.dependencies.axum-server]
[INFO] [stderr]    |                         ^^^^^^^^^^^
[INFO] [stderr]    |
[INFO] [stderr]    = note: `cargo::unused_workspace_dependencies` is set to `warn` by default
[INFO] [stderr] help: consider removing the workspace dependency `axum-server`
[INFO] [stderr] warning: unused workspace dependency `fluent-bundle`
[INFO] [stderr]    --> Cargo.toml:130:25
[INFO] [stderr]     |
[INFO] [stderr] 130 | [workspace.dependencies.fluent-bundle]
[INFO] [stderr]     |                         ^^^^^^^^^^^^^
[INFO] [stderr]     |
[INFO] [stderr] help: consider removing the workspace dependency `fluent-bundle`
[INFO] [stderr] warning: unused workspace dependency `i18n-embed`
[INFO] [stderr]    --> Cargo.toml:154:25
[INFO] [stderr]     |
[INFO] [stderr] 154 | [workspace.dependencies.i18n-embed]
[INFO] [stderr]     |                         ^^^^^^^^^^
[INFO] [stderr]     |
[INFO] [stderr] help: consider removing the workspace dependency `i18n-embed`
[INFO] [stderr] warning: unused workspace dependency `i18n-embed-fl`
[INFO] [stderr]    --> Cargo.toml:158:25
[INFO] [stderr]     |
[INFO] [stderr] 158 | [workspace.dependencies.i18n-embed-fl]
[INFO] [stderr]     |                         ^^^^^^^^^^^^^
[INFO] [stderr]     |
[INFO] [stderr] help: consider removing the workspace dependency `i18n-embed-fl`
[INFO] [stderr] warning: unused workspace dependency `tokio-rustls`
[INFO] [stderr]    --> Cargo.toml:334:25
[INFO] [stderr]     |
[INFO] [stderr] 334 | [workspace.dependencies.tokio-rustls]
[INFO] [stderr]     |                         ^^^^^^^^^^^^
[INFO] [stderr]     |
[INFO] [stderr] help: consider removing the workspace dependency `tokio-rustls`
[INFO] [stderr] warning: unused workspace dependency `unic-langid`
[INFO] [stderr]    --> Cargo.toml:370:25
[INFO] [stderr]     |
[INFO] [stderr] 370 | [workspace.dependencies.unic-langid]
[INFO] [stderr]     |                         ^^^^^^^^^^^
[INFO] [stderr]     |
[INFO] [stderr] help: consider removing the workspace dependency `unic-langid`
[INFO] [stderr] warning: unused workspace dependency `webpki-roots`
[INFO] [stderr]    --> Cargo.toml:382:25
[INFO] [stderr]     |
[INFO] [stderr] 382 | [workspace.dependencies.webpki-roots]
[INFO] [stderr]     |                         ^^^^^^^^^^^^
[INFO] [stderr]     |
[INFO] [stderr] help: consider removing the workspace dependency `webpki-roots`
[INFO] [stderr] warning: unused field `publish` in `workspace.package`
[INFO] [stderr]    --> Cargo.toml:542:1
[INFO] [stderr]     |
[INFO] [stderr] 542 | publish = false
[INFO] [stderr]     | ^^^^^^^
[INFO] [stderr]     |
[INFO] [stderr]     = note: `cargo::unused_workspace_package_fields` is set to `warn` by default
[INFO] [stderr] help: consider removing the field `workspace.package.publish`
[INFO] [stderr] warning: unused field `repository` in `workspace.package`
[INFO] [stderr]    --> Cargo.toml:543:1
[INFO] [stderr]     |
[INFO] [stderr] 543 | repository = "https://github.com/smoketurner/quack"
[INFO] [stderr]     | ^^^^^^^^^^
[INFO] [stderr]     |
[INFO] [stderr] help: consider removing the field `workspace.package.repository`
[INFO] [stderr] warning: workspace (manifest) generated 9 warnings
[INFO] [stderr]     Updating crates.io index
[INFO] [stderr]  Downloading crates ...
[INFO] [stderr]   Downloaded winsplit v0.1.0
[INFO] [stderr]   Downloaded indoc v2.0.8
[INFO] [stderr]   Downloaded subtp v0.2.0
[INFO] [stderr]   Downloaded scraper v0.27.0
[INFO] [stderr]   Downloaded ego-tree v0.11.0
[INFO] [stderr]   Downloaded whatlang v0.18.0
[INFO] [stderr]   Downloaded selectors v0.38.0
[INFO] [stderr]   Downloaded ratatui-textarea v0.9.3
[INFO] [stderr]   Downloaded rtf-parser v0.4.3
[INFO] [stderr]   Downloaded rig-reqwest v0.44.0
[INFO] [stderr]   Downloaded rig-http v0.44.0
[INFO] [stderr]   Downloaded rig-typesafeai v0.44.0
[INFO] [stderr]   Downloaded sqlparser v0.63.0
[INFO] [stderr]   Downloaded rig v0.44.0
[INFO] [stderr]   Downloaded rig-derive v0.44.0
[INFO] [stderr]   Downloaded rig-memory v0.44.0
[INFO] [stderr]   Downloaded aws-smithy-eventstream v0.60.21
[INFO] [stderr]   Downloaded rig-bedrock v0.44.0
[INFO] [stderr]   Downloaded rig-cassette v0.44.0
[INFO] [stderr]   Downloaded aws-sdk-ssooidc v1.116.0
[INFO] [stderr]   Downloaded aws-sdk-bedrockruntime v1.148.0
[INFO] [stderr]   Downloaded aws-sdk-sso v1.114.0
[INFO] [stderr]   Downloaded rig-core v0.44.0
[INFO] [stderr]   Downloaded rig-agent v0.44.0
[INFO] [stderr]   Downloaded subsetter v0.2.6
[INFO] [stderr]   Downloaded aws-sdk-sts v1.119.0
[INFO] [stderr]   Downloaded office_oxide v0.1.11
[INFO] [stderr]   Downloaded tiktoken v4.1.2
[INFO] [stderr]   Downloaded jiff-static v0.2.38
[INFO] [stderr]   Downloaded fax v0.3.0
[INFO] [stderr]   Downloaded jiff-tzdb v0.1.9
[INFO] [stderr]   Downloaded linux-keyutils-keyring-store v1.0.0
[INFO] [stderr]   Downloaded hashify v0.2.9
[INFO] [stderr]   Downloaded jsonwebtoken v11.1.0
[INFO] [stderr]   Downloaded mail-parser v0.11.9
[INFO] [stderr]   Downloaded jiff v0.2.38
[INFO] [stderr]   Downloaded file-format v0.29.0
[INFO] [stderr]   Downloaded aws-lc-fips-sys v0.14.2
[INFO] [stderr]   Downloaded comfy-table v7.1.4
[INFO] [stderr]   Downloaded pdf_oxide v0.3.78
[INFO] [stderr]   Downloaded duckdb v1.10506.0
[INFO] [stderr]   Downloaded libduckdb-sys v1.10506.0
[INFO] [stderr]   Downloaded codepage v0.1.3
[INFO] [stderr]   Downloaded sse-stream v0.2.6
[INFO] [stderr]   Downloaded rmcp-macros v3.5.1
[INFO] [stderr]   Downloaded askama v0.16.1
[INFO] [stderr]   Downloaded askama_macros v0.16.1
[INFO] [stderr]   Downloaded askama_parser v0.16.1
[INFO] [stderr]   Downloaded rmcp v3.5.1
[INFO] [stderr]   Downloaded askama_derive v0.16.1
[INFO] running `Command { std: "docker" "create" "-v" "/var/lib/crater-agent-workspace/builds/worker-1-tc1/source:/opt/rustwide/workdir:ro,Z" "-v" "/var/lib/crater-agent-workspace/builds/worker-1-tc1/target:/opt/rustwide/target:rw,Z" "-v" "/var/lib/crater-agent-workspace/cargo-home:/opt/rustwide/cargo-home:ro,Z" "-v" "/var/lib/crater-agent-workspace/rustup-home:/opt/rustwide/rustup-home:ro,Z" "-m" "1610612736" "--network" "none" "ghcr.io/rust-lang/crates-build-env/linux@sha256:77db811e55d90add9212f6832c23229e3de5f1c1f9905e8cb07319ea15df73ac" "sleep" "infinity", kill_on_drop: false }`
[INFO] [stdout] 13476004faf63fdfa8c0d313721a272fb0684297943e6eb0b40f259f18566a31
[INFO] running `Command { std: "docker" "start" "13476004faf63fdfa8c0d313721a272fb0684297943e6eb0b40f259f18566a31", kill_on_drop: false }`
[INFO] running `Command { std: "docker" "inspect" "13476004faf63fdfa8c0d313721a272fb0684297943e6eb0b40f259f18566a31", kill_on_drop: false }`
[INFO] running `Command { std: "docker" "exec" "-e" "SOURCE_DIR=/opt/rustwide/workdir" "-e" "CARGO_HOME=/opt/rustwide/cargo-home" "-e" "RUSTUP_HOME=/opt/rustwide/rustup-home" "-e" "CARGO_TARGET_DIR=/opt/rustwide/target" "-w" "/opt/rustwide/workdir" "--user" "0:0" "13476004faf63fdfa8c0d313721a272fb0684297943e6eb0b40f259f18566a31" "/opt/rustwide/cargo-home/bin/cargo" "+3154cc1a3e6424e44f438a95007d043ed5ceaaf6" "metadata" "--no-deps" "--format-version=1", kill_on_drop: false }`
[INFO] running `Command { std: "docker" "inspect" "13476004faf63fdfa8c0d313721a272fb0684297943e6eb0b40f259f18566a31", kill_on_drop: false }`
[INFO] running `Command { std: "docker" "exec" "-e" "SOURCE_DIR=/opt/rustwide/workdir" "-e" "CARGO_HOME=/opt/rustwide/cargo-home" "-e" "RUSTUP_HOME=/opt/rustwide/rustup-home" "-e" "CARGO_TARGET_DIR=/opt/rustwide/target" "-e" "CARGO_INCREMENTAL=0" "-e" "RUST_BACKTRACE=full" "-e" "RUSTFLAGS=--cap-lints=forbid -Znext-solver=coherence" "-e" "RUSTDOCFLAGS=--cap-lints=forbid" "-w" "/opt/rustwide/workdir" "--user" "0:0" "13476004faf63fdfa8c0d313721a272fb0684297943e6eb0b40f259f18566a31" "/opt/rustwide/cargo-home/bin/cargo" "+3154cc1a3e6424e44f438a95007d043ed5ceaaf6" "check" "--frozen" "--all" "--all-targets" "--message-format=json", kill_on_drop: false }`
[INFO] [stderr] warning: unused workspace dependency `axum-server`
[INFO] [stderr]   --> Cargo.toml:82:25
[INFO] [stderr]    |
[INFO] [stderr] 82 | [workspace.dependencies.axum-server]
[INFO] [stderr]    |                         ^^^^^^^^^^^
[INFO] [stderr]    |
[INFO] [stderr]    = note: `cargo::unused_workspace_dependencies` is set to `warn` by default
[INFO] [stderr] help: consider removing the workspace dependency `axum-server`
[INFO] [stderr] warning: unused workspace dependency `fluent-bundle`
[INFO] [stderr]    --> Cargo.toml:130:25
[INFO] [stderr]     |
[INFO] [stderr] 130 | [workspace.dependencies.fluent-bundle]
[INFO] [stderr]     |                         ^^^^^^^^^^^^^
[INFO] [stderr]     |
[INFO] [stderr] help: consider removing the workspace dependency `fluent-bundle`
[INFO] [stderr] warning: unused workspace dependency `i18n-embed`
[INFO] [stderr]    --> Cargo.toml:154:25
[INFO] [stderr]     |
[INFO] [stderr] 154 | [workspace.dependencies.i18n-embed]
[INFO] [stderr]     |                         ^^^^^^^^^^
[INFO] [stderr]     |
[INFO] [stderr] help: consider removing the workspace dependency `i18n-embed`
[INFO] [stderr] warning: unused workspace dependency `i18n-embed-fl`
[INFO] [stderr]    --> Cargo.toml:158:25
[INFO] [stderr]     |
[INFO] [stderr] 158 | [workspace.dependencies.i18n-embed-fl]
[INFO] [stderr]     |                         ^^^^^^^^^^^^^
[INFO] [stderr]     |
[INFO] [stderr] help: consider removing the workspace dependency `i18n-embed-fl`
[INFO] [stderr] warning: unused workspace dependency `tokio-rustls`
[INFO] [stderr]    --> Cargo.toml:334:25
[INFO] [stderr]     |
[INFO] [stderr] 334 | [workspace.dependencies.tokio-rustls]
[INFO] [stderr]     |                         ^^^^^^^^^^^^
[INFO] [stderr]     |
[INFO] [stderr] help: consider removing the workspace dependency `tokio-rustls`
[INFO] [stderr] warning: unused workspace dependency `unic-langid`
[INFO] [stderr]    --> Cargo.toml:370:25
[INFO] [stderr]     |
[INFO] [stderr] 370 | [workspace.dependencies.unic-langid]
[INFO] [stderr]     |                         ^^^^^^^^^^^
[INFO] [stderr]     |
[INFO] [stderr] help: consider removing the workspace dependency `unic-langid`
[INFO] [stderr] warning: unused workspace dependency `webpki-roots`
[INFO] [stderr]    --> Cargo.toml:382:25
[INFO] [stderr]     |
[INFO] [stderr] 382 | [workspace.dependencies.webpki-roots]
[INFO] [stderr]     |                         ^^^^^^^^^^^^
[INFO] [stderr]     |
[INFO] [stderr] help: consider removing the workspace dependency `webpki-roots`
[INFO] [stderr] warning: unused field `publish` in `workspace.package`
[INFO] [stderr]    --> Cargo.toml:542:1
[INFO] [stderr]     |
[INFO] [stderr] 542 | publish = false
[INFO] [stderr]     | ^^^^^^^
[INFO] [stderr]     |
[INFO] [stderr]     = note: `cargo::unused_workspace_package_fields` is set to `warn` by default
[INFO] [stderr] help: consider removing the field `workspace.package.publish`
[INFO] [stderr] warning: unused field `repository` in `workspace.package`
[INFO] [stderr]    --> Cargo.toml:543:1
[INFO] [stderr]     |
[INFO] [stderr] 543 | repository = "https://github.com/smoketurner/quack"
[INFO] [stderr]     | ^^^^^^^^^^
[INFO] [stderr]     |
[INFO] [stderr] help: consider removing the field `workspace.package.repository`
[INFO] [stderr] warning: workspace (manifest) generated 9 warnings
[INFO] [stderr]    Compiling proc-macro2 v1.0.107
[INFO] [stderr]    Compiling unicode-ident v1.0.26
[INFO] [stderr]    Compiling quote v1.0.47
[INFO] [stderr]    Compiling libc v0.2.190
[INFO] [stderr]     Checking cfg-if v1.0.5
[INFO] [stderr]    Compiling serde v1.0.229
[INFO] [stderr]    Compiling serde_core v1.0.229
[INFO] [stderr]     Checking smallvec v1.16.3
[INFO] [stderr]     Checking scopeguard v1.2.0
[INFO] [stderr]     Checking memchr v2.8.3
[INFO] [stderr]     Checking log v0.4.34
[INFO] [stderr]    Compiling parking_lot_core v0.9.12
[INFO] [stderr]     Checking lock_api v0.4.14
[INFO] [stderr]     Checking itoa v1.0.18
[INFO] [stderr]     Checking allocator-api2 v0.2.21
[INFO] [stderr]     Checking equivalent v1.0.2
[INFO] [stderr]     Checking bytes v1.12.1
[INFO] [stderr]    Compiling autocfg v1.5.1
[INFO] [stderr]     Checking futures-core v0.3.34
[INFO] [stderr]     Checking foldhash v0.2.0
[INFO] [stderr]     Checking once_cell v1.21.4
[INFO] [stderr]    Compiling shlex v2.0.1
[INFO] [stderr]    Compiling find-msvc-tools v0.1.14
[INFO] [stderr]    Compiling libm v0.2.16
[INFO] [stderr]     Checking pin-project-lite v0.2.17
[INFO] [stderr]     Checking hashbrown v0.17.1
[INFO] [stderr]    Compiling syn v3.0.7
[INFO] [stderr]    Compiling syn v2.0.119
[INFO] [stderr]    Compiling num-traits v0.2.19
[INFO] [stderr]     Checking slab v0.4.12
[INFO] [stderr]    Compiling version_check v0.9.5
[INFO] [stderr]    Compiling jobserver v0.1.35
[INFO] [stderr]     Checking errno v0.3.14
[INFO] [stderr]     Checking mio v1.2.4
[INFO] [stderr]     Checking signal-hook-registry v1.4.8
[INFO] [stderr]     Checking parking_lot v0.12.5
[INFO] [stderr]    Compiling cc v1.7.0
[INFO] [stderr]     Checking futures-sink v0.3.34
[INFO] [stderr]     Checking futures-channel v0.3.34
[INFO] [stderr]     Checking bitflags v2.13.2
[INFO] [stderr]     Checking futures-io v0.3.34
[INFO] [stderr]     Checking futures-task v0.3.34
[INFO] [stderr]     Checking socket2 v0.6.5
[INFO] [stderr]     Checking http v1.5.0
[INFO] [stderr]     Checking tracing-core v0.1.36
[INFO] [stderr]    Compiling pkg-config v0.3.34
[INFO] [stderr]     Checking indexmap v2.14.2
[INFO] [stderr]     Checking typenum v1.20.1
[INFO] [stderr]     Checking ryu v1.0.23
[INFO] [stderr]    Compiling rustversion v1.0.23
[INFO] [stderr]     Checking http-body v1.1.0
[INFO] [stderr]     Checking http-body-util v0.1.5
[INFO] [stderr]     Checking num-integer v0.1.47
[INFO] [stderr]    Compiling glob v0.3.4
[INFO] [stderr]     Checking percent-encoding v2.3.2
[INFO] [stderr]    Compiling zmij v1.0.23
[INFO] [stderr]    Compiling aho-corasick v1.1.5
[INFO] [stderr]    Compiling crc32fast v1.5.2
[INFO] [stderr]    Compiling synstructure v0.14.0
[INFO] [stderr]    Compiling regex-syntax v0.8.11
[INFO] [stderr]    Compiling rustc-hash v2.1.3
[INFO] [stderr]    Compiling zerocopy v0.8.62
[INFO] [stderr]    Compiling clang-sys v1.9.1
[INFO] [stderr]    Compiling prettyplease v0.2.37
[INFO] [stderr]    Compiling cmake v0.1.58
[INFO] [stderr]    Compiling num-conv v0.2.2
[INFO] [stderr]    Compiling minimal-lexical v0.2.1
[INFO] [stderr]    Compiling fs_extra v1.3.0
[INFO] [stderr]     Checking stable_deref_trait v1.2.1
[INFO] [stderr]    Compiling dunce v1.0.5
[INFO] [stderr]    Compiling time-core v0.1.9
[INFO] [stderr]    Compiling regex-automata v0.4.18
[INFO] [stderr]    Compiling time-macros v0.2.32
[INFO] [stderr]    Compiling regex v1.13.1
[INFO] [stderr]    Compiling nom v7.1.3
[INFO] [stderr]    Compiling libloading v0.8.9
[INFO] [stderr]    Compiling bindgen v0.72.1
[INFO] [stderr]    Compiling icu_normalizer_data v2.3.0
[INFO] [stderr]    Compiling icu_properties_data v2.3.0
[INFO] [stderr]     Checking deranged v0.5.8
[INFO] [stderr]     Checking num_threads v0.1.7
[INFO] [stderr]     Checking powerfmt v0.2.1
[INFO] [stderr]    Compiling shlex v1.3.0
[INFO] [stderr]     Checking time v0.3.55
[INFO] [stderr]    Compiling cexpr v0.6.0
[INFO] [stderr]    Compiling aws-lc-sys v0.45.0
[INFO] [stderr]     Checking form_urlencoded v1.2.2
[INFO] [stderr]    Compiling generic-array v0.14.9
[INFO] [stderr]     Checking hybrid-array v0.4.15
[INFO] [stderr]     Checking tower-service v0.3.3
[INFO] [stderr]     Checking outref v0.5.2
[INFO] [stderr]    Compiling aws-lc-rs v1.18.1
[INFO] [stderr]    Compiling httparse v1.10.1
[INFO] [stderr]     Checking vsimd v0.8.0
[INFO] [stderr]     Checking base64-simd v0.8.0
[INFO] [stderr]     Checking pin-utils v0.1.1
[INFO] [stderr]    Compiling thiserror v2.0.21
[INFO] [stderr]     Checking fnv v1.0.7
[INFO] [stderr]    Compiling serde_json v1.0.152
[INFO] [stderr]     Checking try-lock v0.2.5
[INFO] [stderr]    Compiling getrandom v0.3.4
[INFO] [stderr]     Checking untrusted v0.7.1
[INFO] [stderr]     Checking atomic-waker v1.1.2
[INFO] [stderr]     Checking tower-layer v0.3.3
[INFO] [stderr]     Checking base64 v0.23.1
[INFO] [stderr]     Checking want v0.3.2
[INFO] [stderr]     Checking crypto-common v0.2.2
[INFO] [stderr]     Checking sync_wrapper v1.0.2
[INFO] [stderr]     Checking writeable v0.6.4
[INFO] [stderr]    Compiling getrandom v0.4.3
[INFO] [stderr]     Checking httpdate v1.0.3
[INFO] [stderr]     Checking litemap v0.8.3
[INFO] [stderr]    Compiling siphasher v1.0.4
[INFO] [stderr]     Checking cmov v0.5.4
[INFO] [stderr]     Checking rand_core v0.10.1
[INFO] [stderr]     Checking ctutils v0.4.3
[INFO] [stderr]     Checking utf8_iter v1.0.4
[INFO] [stderr]    Compiling rustls v0.23.45
[INFO] [stderr]    Compiling crossbeam-utils v0.8.23
[INFO] [stderr]     Checking untrusted v0.9.0
[INFO] [stderr]     Checking base64 v0.22.1
[INFO] [stderr]    Compiling fastrand v2.5.0
[INFO] [stderr]     Checking iana-time-zone v0.1.65
[INFO] [stderr]     Checking subtle v2.6.1
[INFO] [stderr]     Checking block-buffer v0.12.1
[INFO] [stderr]     Checking cpufeatures v0.3.1
[INFO] [stderr]     Checking const-oid v0.10.2
[INFO] [stderr]     Checking openssl-probe v0.2.1
[INFO] [stderr]     Checking digest v0.11.3
[INFO] [stderr]    Compiling unicode-segmentation v1.13.3
[INFO] [stderr]    Compiling heck v0.5.0
[INFO] [stderr]    Compiling phf_shared v0.13.1
[INFO] [stderr]    Compiling ident_case v1.0.1
[INFO] [stderr]    Compiling vcpkg v0.2.15
[INFO] [stderr]    Compiling phf_generator v0.13.1
[INFO] [stderr]     Checking uuid v1.28.0
[INFO] [stderr]     Checking hashbrown v0.16.1
[INFO] [stderr]     Checking mime v0.3.17
[INFO] [stderr]     Checking crypto-common v0.1.6
[INFO] [stderr]     Checking block-buffer v0.10.4
[INFO] [stderr]    Compiling encoding_rs v0.8.42
[INFO] [stderr]    Compiling winnow v1.0.4
[INFO] [stderr]     Checking unicode-width v0.2.2
[INFO] [stderr]    Compiling unicase v2.10.0
[INFO] [stderr]    Compiling mime_guess v2.0.5
[INFO] [stderr]     Checking digest v0.10.7
[INFO] [stderr]     Checking sha2 v0.11.0
[INFO] [stderr]    Compiling semver v1.0.28
[INFO] [stderr]     Checking simdutf8 v0.1.5
[INFO] [stderr]     Checking simd-adler32 v0.3.10
[INFO] [stderr]    Compiling multiversion_no_op v1.0.0
[INFO] [stderr]     Checking core_detect v1.0.0
[INFO] [stderr]     Checking cpufeatures v0.2.17
[INFO] [stderr]    Compiling rustc_version v0.4.1
[INFO] [stderr]     Checking num-bigint v0.4.8
[INFO] [stderr]    Compiling ahash v0.8.12
[INFO] [stderr]    Compiling rustix v1.1.5
[INFO] [stderr]    Compiling aws-types v1.6.0
[INFO] [stderr]    Compiling ring v0.17.14
[INFO] [stderr]     Checking arrow-schema v58.4.0
[INFO] [stderr]     Checking adler2 v2.0.1
[INFO] [stderr]     Checking linux-raw-sys v0.12.1
[INFO] [stderr]     Checking sha2 v0.10.9
[INFO] [stderr]    Compiling phf_codegen v0.13.1
[INFO] [stderr]    Compiling convert_case v0.10.0
[INFO] [stderr]     Checking hmac v0.13.0
[INFO] [stderr]     Checking rand_core v0.9.5
[INFO] [stderr]     Checking num-complex v0.4.6
[INFO] [stderr]    Compiling crossbeam-epoch v0.9.21
[INFO] [stderr]     Checking hex v0.4.3
[INFO] [stderr]     Checking futures-timer v3.0.4
[INFO] [stderr]    Compiling ref-cast v1.0.27
[INFO] [stderr]    Compiling zeroize v1.9.1
[INFO] [stderr]    Compiling rustls-pki-types v1.15.1
[INFO] [stderr]     Checking miniz_oxide v0.9.1
[INFO] [stderr]    Compiling tracing-attributes v0.1.31
[INFO] [stderr]    Compiling zeroize_derive v1.5.0
[INFO] [stderr]    Compiling zerocopy-derive v0.8.62
[INFO] [stderr]    Compiling aws-smithy-runtime-api-macros v1.1.0
[INFO] [stderr]    Compiling serde_derive v1.0.229
[INFO] [stderr]    Compiling futures-macro v0.3.34
[INFO] [stderr]    Compiling tokio-macros v2.7.2
[INFO] [stderr]    Compiling zerofrom-derive v0.1.8
[INFO] [stderr]    Compiling yoke-derive v0.8.4
[INFO] [stderr]     Checking tokio v1.53.2
[INFO] [stderr]     Checking futures-util v0.3.34
[INFO] [stderr]     Checking tracing v0.1.44
[INFO] [stderr]    Compiling zerovec-derive v0.11.6
[INFO] [stderr]    Compiling displaydoc v0.2.7
[INFO] [stderr]     Checking tokio-util v0.7.20
[INFO] [stderr]    Compiling thiserror-impl v2.0.21
[INFO] [stderr]     Checking h2 v0.4.20
[INFO] [stderr]     Checking zerofrom v0.1.8
[INFO] [stderr]     Checking aws-smithy-async v1.3.0
[INFO] [stderr]     Checking tower v0.5.3
[INFO] [stderr]     Checking rustls-native-certs v0.8.4
[INFO] [stderr]     Checking yoke v0.8.3
[INFO] [stderr]     Checking zerovec v0.11.8
[INFO] [stderr]     Checking zerotrie v0.2.5
[INFO] [stderr]     Checking futures-executor v0.3.34
[INFO] [stderr]     Checking tinystr v0.8.4
[INFO] [stderr]     Checking potential_utf v0.1.6
[INFO] [stderr]     Checking icu_locale_core v2.3.0
[INFO] [stderr]     Checking icu_collections v2.3.0
[INFO] [stderr]     Checking icu_provider v2.3.1
[INFO] [stderr]     Checking either v1.19.0
[INFO] [stderr]     Checking ipnet v2.12.2
[INFO] [stderr]     Checking bytes-utils v0.1.4
[INFO] [stderr]     Checking chrono v0.4.45
[INFO] [stderr]    Compiling itertools v0.13.0
[INFO] [stderr]     Checking aws-smithy-types v1.8.1
[INFO] [stderr]     Checking icu_normalizer v2.3.0
[INFO] [stderr]     Checking aws-smithy-runtime-api v1.19.0
[INFO] [stderr]     Checking half v2.7.1
[INFO] [stderr]     Checking icu_properties v2.3.0
[INFO] [stderr]     Checking aws-smithy-eventstream v0.61.4
[INFO] [stderr]     Checking hyper v1.12.0
[INFO] [stderr]     Checking arrow-buffer v58.4.0
[INFO] [stderr]     Checking aws-smithy-schema v0.2.1
[INFO] [stderr]     Checking aws-credential-types v1.3.0
[INFO] [stderr]     Checking aws-smithy-http v0.64.1
[INFO] [stderr]     Checking ppv-lite86 v0.2.21
[INFO] [stderr]     Checking idna_adapter v1.2.2
[INFO] [stderr]     Checking idna v1.1.0
[INFO] [stderr]     Checking arrow-data v58.4.0
[INFO] [stderr]     Checking hyper-util v0.1.21
[INFO] [stderr]     Checking url v2.5.8
[INFO] [stderr]     Checking aws-smithy-observability v0.3.0
[INFO] [stderr]     Checking futures v0.3.34
[INFO] [stderr]     Checking arrow-array v58.4.0
[INFO] [stderr]     Checking aws-sigv4 v1.6.0
[INFO] [stderr]    Compiling ref-cast-impl v1.0.27
[INFO] [stderr]    Compiling bytemuck_derive v1.12.1
[INFO] [stderr]    Compiling derive_more-impl v2.1.1
[INFO] [stderr]    Compiling toml_parser v1.1.5+spec-1.1.0
[INFO] [stderr]    Compiling serde_derive_internals v0.30.0
[INFO] [stderr]    Compiling getrandom v0.2.17
[INFO] [stderr]     Checking zlib-rs v0.6.8
[INFO] [stderr]     Checking dyn-clone v1.0.20
[INFO] [stderr]     Checking lexical-util v1.0.7
[INFO] [stderr]    Compiling toml_datetime v1.1.2+spec-1.1.0
[INFO] [stderr]     Checking anstyle v1.0.14
[INFO] [stderr]    Compiling toml_edit v0.25.17+spec-1.1.0
[INFO] [stderr]     Checking flate2 v1.1.10
[INFO] [stderr]     Checking tower-http v0.6.11
[INFO] [stderr]     Checking aws-smithy-json v0.63.1
[INFO] [stderr]    Compiling phf_macros v0.13.1
[INFO] [stderr]     Checking bytemuck v1.25.2
[INFO] [stderr]     Checking derive_more v2.1.1
[INFO] [stderr]     Checking arc-swap v1.9.2
[INFO] [stderr]     Checking spin v0.9.9
[INFO] [stderr]     Checking lazy_static v1.5.1
[INFO] [stderr]     Checking new_debug_unreachable v1.0.6
[INFO] [stderr]    Compiling rustix v0.38.44
[INFO] [stderr]     Checking regex-lite v0.1.9
[INFO] [stderr]    Compiling schemars_derive v1.2.2
[INFO] [stderr]     Checking phf v0.13.1
[INFO] [stderr]     Checking sharded-slab v0.1.7
[INFO] [stderr]    Compiling rustls-webpki v0.103.15
[INFO] [stderr]    Compiling proc-macro-crate v3.5.0
[INFO] [stderr]     Checking rig-http v0.44.0
[INFO] [stderr]     Checking rand_chacha v0.9.0
[INFO] [stderr]     Checking tracing-serde v0.2.0
[INFO] [stderr]    Compiling async-stream-impl v0.3.6
[INFO] [stderr]     Checking matchers v0.2.0
[INFO] [stderr]    Compiling libsqlite3-sys v0.37.0
[INFO] [stderr]    Compiling string_cache_codegen v0.6.1
[INFO] [stderr]    Compiling convert_case v0.11.0
[INFO] [stderr]     Checking tracing-log v0.2.0
[INFO] [stderr]     Checking thread_local v1.1.10
[INFO] [stderr]     Checking nu-ansi-term v0.50.3
[INFO] [stderr]     Checking xmlparser v0.13.6
[INFO] [stderr]     Checking linux-raw-sys v0.4.15
[INFO] [stderr]    Compiling thiserror v1.0.69
[INFO] [stderr]    Compiling bumpalo v3.20.3
[INFO] [stderr]    Compiling crc-catalog v2.5.0
[INFO] [stderr]     Checking arrayvec v0.7.8
[INFO] [stderr]    Compiling parking v2.2.1
[INFO] [stderr]    Compiling crossbeam-deque v0.8.8
[INFO] [stderr]     Checking precomputed-hash v0.1.1
[INFO] [stderr]    Compiling event-listener v5.4.2
[INFO] [stderr]    Compiling zopfli v0.8.3
[INFO] [stderr]    Compiling crc v3.4.0
[INFO] [stderr]    Compiling ureq-proto v0.6.4
[INFO] [stderr]    Compiling web_atoms v0.2.6
[INFO] [stderr]     Checking schemars v1.2.2
[INFO] [stderr]     Checking aws-smithy-xml v0.62.1
[INFO] [stderr]     Checking tracing-subscriber v0.3.23
[INFO] [stderr]    Compiling rig-derive v0.44.0
[INFO] [stderr]     Checking async-stream v0.3.6
[INFO] [stderr]    Compiling tokio-stream v0.1.19
[INFO] [stderr]     Checking rand v0.9.5
[INFO] [stderr]    Compiling crossbeam-queue v0.3.14
[INFO] [stderr]    Compiling xattr v1.6.1
[INFO] [stderr]    Compiling futures-intrusive v0.5.0
[INFO] [stderr]    Compiling hashlink v0.11.1
[INFO] [stderr]     Checking font-types v0.11.3
[INFO] [stderr]     Checking lexical-write-integer v1.0.6
[INFO] [stderr]     Checking lexical-parse-integer v1.0.6
[INFO] [stderr]     Checking arrow-select v58.4.0
[INFO] [stderr]    Compiling webpki-roots v1.0.9
[INFO] [stderr]    Compiling pin-project-internal v1.1.13
[INFO] [stderr]    Compiling thiserror-impl v1.0.69
[INFO] [stderr]     Checking block-padding v0.4.2
[INFO] [stderr]     Checking ordered-float v5.5.0
[INFO] [stderr]     Checking atoi v2.0.0
[INFO] [stderr]     Checking raw-cpuid v11.6.0
[INFO] [stderr]    Compiling aws-lc-fips-sys v0.14.2
[INFO] [stderr]    Compiling filetime v0.2.29
[INFO] [stderr]     Checking urlencoding v2.1.3
[INFO] [stderr]    Compiling utf8-zero v0.8.1
[INFO] [stderr]    Compiling rayon-core v1.13.0
[INFO] [stderr]    Compiling sqlx-core v0.9.0
[INFO] [stderr]    Compiling ureq v3.4.2
[INFO] [stderr]    Compiling darling_core v0.20.11
[INFO] [stderr]     Checking pin-project v1.1.13
[INFO] [stderr]     Checking quanta v0.12.6
[INFO] [stderr]     Checking aws-smithy-query v0.62.1
[INFO] [stderr]    Compiling tar v0.4.46
[INFO] [stderr]     Checking inout v0.2.2
[INFO] [stderr]    Compiling flume v0.12.0
[INFO] [stderr]     Checking lexical-parse-float v1.0.6
[INFO] [stderr]     Checking lexical-write-float v1.0.6
[INFO] [stderr]     Checking read-fonts v0.39.2
[INFO] [stderr]    Compiling zip v6.0.0
[INFO] [stderr]     Checking crossterm v0.28.1
[INFO] [stderr]     Checking string_cache v0.9.0
[INFO] [stderr]     Checking polycool v0.4.0
[INFO] [stderr]    Compiling phf_shared v0.14.0
[INFO] [stderr]    Compiling slotmap v1.1.1
[INFO] [stderr]     Checking serde_path_to_error v0.1.20
[INFO] [stderr]     Checking zune-core v0.5.3
[INFO] [stderr]     Checking alloc-no-stdlib v3.0.0
[INFO] [stderr]     Checking typed-path v0.12.3
[INFO] [stderr]     Checking dtoa v1.0.11
[INFO] [stderr]     Checking foldhash v0.1.5
[INFO] [stderr]     Checking utf8parse v0.2.2
[INFO] [stderr]     Checking debug_unsafe v0.1.4
[INFO] [stderr]     Checking atoi_simd v0.18.1
[INFO] [stderr]     Checking anstyle-parse v1.0.0
[INFO] [stderr]     Checking hashbrown v0.15.5
[INFO] [stderr]     Checking dtoa-short v0.3.5
[INFO] [stderr]     Checking alloc-stdlib v0.3.0
[INFO] [stderr]     Checking zune-jpeg v0.5.15
[INFO] [stderr]     Checking rand_core v0.6.4
[INFO] [stderr]     Checking zip v8.6.0
[INFO] [stderr]    Compiling libduckdb-sys v1.10506.0
[INFO] [stderr]    Compiling phf_generator v0.14.0
[INFO] [stderr]     Checking kurbo v0.13.1
[INFO] [stderr]     Checking comfy-table v7.1.4
[INFO] [stderr]     Checking lexical-core v1.0.6
[INFO] [stderr]     Checking cipher v0.5.2
[INFO] [stderr]     Checking arrow-ord v58.4.0
[INFO] [stderr]     Checking tendril v0.5.1
[INFO] [stderr]     Checking quick-xml v0.41.0
[INFO] [stderr]    Compiling cssparser-macros v0.7.1
[INFO] [stderr]    Compiling selectors v0.38.0
[INFO] [stderr]     Checking miniz_oxide v0.8.9
[INFO] [stderr]     Checking sha1 v0.10.7
[INFO] [stderr]     Checking fdeflate v0.3.7
[INFO] [stderr]     Checking rapidhash v4.5.1
[INFO] [stderr]    Compiling dotenvy v0.15.7
[INFO] [stderr]     Checking base64ct v1.8.3
[INFO] [stderr]     Checking quick-error v2.0.1
[INFO] [stderr]     Checking is_terminal_polyfill v1.70.2
[INFO] [stderr]     Checking fax v0.2.7
[INFO] [stderr]    Compiling peg-runtime v0.8.6
[INFO] [stderr]     Checking tinyvec v1.13.3
[INFO] [stderr]     Checking anstyle-query v1.1.5
[INFO] [stderr]     Checking cast v0.3.0
[INFO] [stderr]     Checking colorchoice v1.0.5
[INFO] [stderr]     Checking pxfm v0.1.30
[INFO] [stderr]     Checking fast-float2 v0.2.4
[INFO] [stderr]     Checking jiff-core v0.1.1
[INFO] [stderr]     Checking weezl v0.1.12
[INFO] [stderr]     Checking tiff v0.11.3
[INFO] [stderr]     Checking jiff v0.2.38
[INFO] [stderr]    Compiling peg-macros v0.8.6
[INFO] [stderr]     Checking unicode-normalization v0.1.25
[INFO] [stderr]     Checking anstream v1.0.0
[INFO] [stderr]     Checking phc v0.6.1
[INFO] [stderr]     Checking moxcms v0.8.1
[INFO] [stderr]    Compiling darling_macro v0.20.11
[INFO] [stderr]    Compiling darling v0.20.11
[INFO] [stderr]     Checking metrics v0.24.6
[INFO] [stderr]     Checking cssparser v0.37.0
[INFO] [stderr]     Checking png v0.18.1
[INFO] [stderr]     Checking arrow-cast v58.4.0
[INFO] [stderr]     Checking markup5ever v0.39.0
[INFO] [stderr]     Checking rayon v1.12.0
[INFO] [stderr]     Checking write-fonts v0.48.1
[INFO] [stderr]     Checking skrifa v0.42.1
[INFO] [stderr]    Compiling phf_macros v0.14.0
[INFO] [stderr]    Compiling sqlx-sqlite v0.9.0
[INFO] [stderr]     Checking rand_chacha v0.3.1
[INFO] [stderr]     Checking brotli-decompressor v6.0.1
[INFO] [stderr]     Checking tracing-futures v0.2.5
[INFO] [stderr]     Checking arrow-string v58.4.0
[INFO] [stderr]     Checking env_filter v2.0.0
[INFO] [stderr]     Checking arrow-row v58.4.0
[INFO] [stderr]     Checking arrow-arith v58.4.0
[INFO] [stderr]    Compiling sqlx-macros-core v0.9.0
[INFO] [stderr]     Checking aws-smithy-eventstream v0.60.21
[INFO] [stderr]    Compiling strum_macros v0.27.2
[INFO] [stderr]     Checking rand_xoshiro v0.7.0
[INFO] [stderr]     Checking left-right v0.11.8
[INFO] [stderr]     Checking servo_arc v0.4.3
[INFO] [stderr] warning: libsqlite3-sys@0.37.0: cc: fatal error: Killed signal terminated program cc1
[INFO] [stderr] warning: libsqlite3-sys@0.37.0: compilation terminated.
[INFO] [stderr] error: failed to run custom build command for `libsqlite3-sys v0.37.0`
[INFO] [stderr] note: To improve backtraces for build dependencies, set the CARGO_PROFILE_DEV_BUILD_OVERRIDE_DEBUG=true environment variable to enable debug information generation.
[INFO] [stderr] 
[INFO] [stderr] Caused by:
[INFO] [stderr]   process didn't exit successfully: `/opt/rustwide/target/debug/build/libsqlite3-sys/06a287c3f9dd283d/out/build_script_build` (exit status: 1)
[INFO] [stderr]   --- stdout
[INFO] [stderr]   cargo:rerun-if-env-changed=LIBSQLITE3_SYS_USE_PKG_CONFIG
[INFO] [stderr]   cargo:include=/opt/rustwide/cargo-home/registry/src/index.crates.io-1949cf8c6b5b557f/libsqlite3-sys-0.37.0/sqlite3
[INFO] [stderr]   cargo:rerun-if-changed=sqlite3/sqlite3.c
[INFO] [stderr]   cargo:rerun-if-changed=sqlite3/wasm32-wasi-vfs.c
[INFO] [stderr]   cargo:rerun-if-env-changed=SQLITE_MAX_VARIABLE_NUMBER
[INFO] [stderr]   cargo:rerun-if-env-changed=SQLITE_MAX_EXPR_DEPTH
[INFO] [stderr]   cargo:rerun-if-env-changed=SQLITE_MAX_COLUMN
[INFO] [stderr]   cargo:rerun-if-env-changed=LIBSQLITE3_FLAGS
[INFO] [stderr]   cargo:rerun-if-env-changed=CC_FORCE_DISABLE
[INFO] [stderr]   CC_FORCE_DISABLE = None
[INFO] [stderr]   cargo:rerun-if-env-changed=CC_x86_64-unknown-linux-gnu
[INFO] [stderr]   CC_x86_64-unknown-linux-gnu = None
[INFO] [stderr]   cargo:rerun-if-env-changed=CC_x86_64_unknown_linux_gnu
[INFO] [stderr]   CC_x86_64_unknown_linux_gnu = None
[INFO] [stderr]   cargo:rerun-if-env-changed=HOST_CC
[INFO] [stderr]   HOST_CC = None
[INFO] [stderr]   cargo:rerun-if-env-changed=CC
[INFO] [stderr]   CC = None
[INFO] [stderr]   cargo:rerun-if-env-changed=CC_ENABLE_DEBUG_OUTPUT
[INFO] [stderr]   cargo:rerun-if-env-changed=CRATE_CC_NO_DEFAULTS
[INFO] [stderr]   CRATE_CC_NO_DEFAULTS = None
[INFO] [stderr]   cargo:rerun-if-env-changed=CRATE_CC_NO_DEFAULTS
[INFO] [stderr]   CRATE_CC_NO_DEFAULTS = None
[INFO] [stderr]   cargo:rerun-if-env-changed=CFLAGS
[INFO] [stderr]   CFLAGS = None
[INFO] [stderr]   cargo:rerun-if-env-changed=HOST_CFLAGS
[INFO] [stderr]   HOST_CFLAGS = None
[INFO] [stderr]   cargo:rerun-if-env-changed=CFLAGS_x86_64_unknown_linux_gnu
[INFO] [stderr]   CFLAGS_x86_64_unknown_linux_gnu = None
[INFO] [stderr]   cargo:rerun-if-env-changed=CFLAGS_x86_64-unknown-linux-gnu
[INFO] [stderr]   CFLAGS_x86_64-unknown-linux-gnu = None
[INFO] [stderr]   cargo:rerun-if-env-changed=CFLAGS
[INFO] [stderr]   CFLAGS = None
[INFO] [stderr]   cargo:rerun-if-env-changed=HOST_CFLAGS
[INFO] [stderr]   HOST_CFLAGS = None
[INFO] [stderr]   cargo:rerun-if-env-changed=CFLAGS_x86_64_unknown_linux_gnu
[INFO] [stderr]   CFLAGS_x86_64_unknown_linux_gnu = None
[INFO] [stderr]   cargo:rerun-if-env-changed=CFLAGS_x86_64-unknown-linux-gnu
[INFO] [stderr]   CFLAGS_x86_64-unknown-linux-gnu = None
[INFO] [stderr]   cargo:warning=cc: fatal error: Killed signal terminated program cc1
[INFO] [stderr]   cargo:warning=compilation terminated.
[INFO] [stderr] 
[INFO] [stderr]   --- stderr
[INFO] [stderr] 
[INFO] [stderr] 
[INFO] [stderr]   error occurred in cc-rs: command did not execute successfully (status code exit status: 1): "cc" "-O1" "-ffunction-sections" "-fdata-sections" "-fPIC" "-g" "-gdwarf-4" "-fno-omit-frame-pointer" "-mno-omit-leaf-frame-pointer" "-m64" "-w" "-DSQLITE_CORE" "-DSQLITE_DEFAULT_FOREIGN_KEYS=1" "-DSQLITE_ENABLE_API_ARMOR" "-DSQLITE_ENABLE_COLUMN_METADATA" "-DSQLITE_ENABLE_DBSTAT_VTAB" "-DSQLITE_ENABLE_FTS3" "-DSQLITE_ENABLE_FTS3_PARENTHESIS" "-DSQLITE_ENABLE_FTS5" "-DSQLITE_ENABLE_JSON1" "-DSQLITE_ENABLE_LOAD_EXTENSION=1" "-DSQLITE_ENABLE_MEMORY_MANAGEMENT" "-DSQLITE_ENABLE_RTREE" "-DSQLITE_ENABLE_STAT4" "-DSQLITE_SOUNDEX" "-DSQLITE_THREADSAFE=1" "-DSQLITE_USE_URI" "-DHAVE_USLEEP=1" "-DHAVE_ISNAN" "-D_POSIX_THREAD_SAFE_FUNCTIONS" "-DHAVE_LOCALTIME_R" "-DSQLITE_ENABLE_UNLOCK_NOTIFY" "-o" "/opt/rustwide/target/debug/build/libsqlite3-sys/cb540ea662427b97/out/c877a2978823c39d-sqlite3.o" "-c" "sqlite3/sqlite3.c"
[INFO] [stderr] 
[INFO] [stderr] 
[INFO] [stderr] warning: build failed, waiting for other jobs to finish...
[ERROR] error running command: command timed out after 900 seconds
[INFO] running `Command { std: "docker" "inspect" "13476004faf63fdfa8c0d313721a272fb0684297943e6eb0b40f259f18566a31", kill_on_drop: false }`
[INFO] running `Command { std: "docker" "rm" "-f" "13476004faf63fdfa8c0d313721a272fb0684297943e6eb0b40f259f18566a31", kill_on_drop: false }`
[INFO] [stdout] 13476004faf63fdfa8c0d313721a272fb0684297943e6eb0b40f259f18566a31
