[INFO] cloning repository https://github.com/smog123/archguard-contract
[INFO] running `Command { std: "git" "-c" "credential.helper=" "-c" "credential.helper=/workspace/cargo-home/bin/git-credential-null" "clone" "--bare" "https://github.com/smog123/archguard-contract" "/workspace/cache/git-repos/https%3A%2F%2Fgithub.com%2Fsmog123%2Farchguard-contract", kill_on_drop: false }`
[INFO] [stderr] Cloning into bare repository '/workspace/cache/git-repos/https%3A%2F%2Fgithub.com%2Fsmog123%2Farchguard-contract'...
[INFO] running `Command { std: "git" "rev-parse" "HEAD", kill_on_drop: false }`
[INFO] [stdout] 0c0ad59601df2e0adf5c872c1f5bb02d68978b88
[INFO] checking smog123/archguard-contract against 3154cc1a3e6424e44f438a95007d043ed5ceaaf6+rustflags=-Znext-solver=coherence for pr-133502-30
[INFO] running `Command { std: "git" "clone" "/workspace/cache/git-repos/https%3A%2F%2Fgithub.com%2Fsmog123%2Farchguard-contract" "/workspace/builds/worker-6-tc1/source", kill_on_drop: false }`
[INFO] [stderr] Cloning into '/workspace/builds/worker-6-tc1/source'...
[INFO] [stderr] done.
[INFO] started tweaking git repo https://github.com/smog123/archguard-contract
[INFO] finished tweaking git repo https://github.com/smog123/archguard-contract
[INFO] tweaked toml for git repo https://github.com/smog123/archguard-contract written to /workspace/builds/worker-6-tc1/source/Cargo.toml
[INFO] validating manifest of git repo https://github.com/smog123/archguard-contract on toolchain 3154cc1a3e6424e44f438a95007d043ed5ceaaf6
[INFO] running `Command { std: CARGO_HOME="/workspace/cargo-home" RUSTUP_HOME="/workspace/rustup-home" "/workspace/cargo-home/bin/cargo" "+3154cc1a3e6424e44f438a95007d043ed5ceaaf6" "metadata" "--manifest-path" "Cargo.toml" "--no-deps", kill_on_drop: false }`
[INFO] crate git repo https://github.com/smog123/archguard-contract already has a lockfile, it will not be regenerated
[INFO] running `Command { std: CARGO_HOME="/workspace/cargo-home" RUSTUP_HOME="/workspace/rustup-home" "/workspace/cargo-home/bin/cargo" "+3154cc1a3e6424e44f438a95007d043ed5ceaaf6" "fetch" "--manifest-path" "Cargo.toml", kill_on_drop: false }`
[INFO] running `Command { std: "docker" "create" "-v" "/var/lib/crater-agent-workspace/builds/worker-6-tc1/source:/opt/rustwide/workdir:ro,Z" "-v" "/var/lib/crater-agent-workspace/builds/worker-6-tc1/target:/opt/rustwide/target:rw,Z" "-v" "/var/lib/crater-agent-workspace/cargo-home:/opt/rustwide/cargo-home:ro,Z" "-v" "/var/lib/crater-agent-workspace/rustup-home:/opt/rustwide/rustup-home:ro,Z" "-m" "1610612736" "--network" "none" "ghcr.io/rust-lang/crates-build-env/linux@sha256:77db811e55d90add9212f6832c23229e3de5f1c1f9905e8cb07319ea15df73ac" "sleep" "infinity", kill_on_drop: false }`
[INFO] [stdout] e2fcc2155bf329b0b65ee783e3ea8df906d70f6f8ee7a3fd738198d3827d09de
[INFO] running `Command { std: "docker" "start" "e2fcc2155bf329b0b65ee783e3ea8df906d70f6f8ee7a3fd738198d3827d09de", kill_on_drop: false }`
[INFO] running `Command { std: "docker" "inspect" "e2fcc2155bf329b0b65ee783e3ea8df906d70f6f8ee7a3fd738198d3827d09de", kill_on_drop: false }`
[INFO] running `Command { std: "docker" "exec" "-e" "SOURCE_DIR=/opt/rustwide/workdir" "-e" "CARGO_HOME=/opt/rustwide/cargo-home" "-e" "RUSTUP_HOME=/opt/rustwide/rustup-home" "-e" "CARGO_TARGET_DIR=/opt/rustwide/target" "-w" "/opt/rustwide/workdir" "--user" "0:0" "e2fcc2155bf329b0b65ee783e3ea8df906d70f6f8ee7a3fd738198d3827d09de" "/opt/rustwide/cargo-home/bin/cargo" "+3154cc1a3e6424e44f438a95007d043ed5ceaaf6" "metadata" "--no-deps" "--format-version=1", kill_on_drop: false }`
[INFO] running `Command { std: "docker" "inspect" "e2fcc2155bf329b0b65ee783e3ea8df906d70f6f8ee7a3fd738198d3827d09de", kill_on_drop: false }`
[INFO] running `Command { std: "docker" "exec" "-e" "SOURCE_DIR=/opt/rustwide/workdir" "-e" "CARGO_HOME=/opt/rustwide/cargo-home" "-e" "RUSTUP_HOME=/opt/rustwide/rustup-home" "-e" "CARGO_TARGET_DIR=/opt/rustwide/target" "-e" "CARGO_INCREMENTAL=0" "-e" "RUST_BACKTRACE=full" "-e" "RUSTFLAGS=--cap-lints=forbid -Znext-solver=coherence" "-e" "RUSTDOCFLAGS=--cap-lints=forbid" "-w" "/opt/rustwide/workdir" "--user" "0:0" "e2fcc2155bf329b0b65ee783e3ea8df906d70f6f8ee7a3fd738198d3827d09de" "/opt/rustwide/cargo-home/bin/cargo" "+3154cc1a3e6424e44f438a95007d043ed5ceaaf6" "check" "--frozen" "--all" "--all-targets" "--message-format=json", kill_on_drop: false }`
[INFO] [stderr]    Compiling serde_json v1.0.151
[INFO] [stderr]    Compiling syn v2.0.119
[INFO] [stderr]    Compiling serde_derive v1.0.229
[INFO] [stderr]     Checking getrandom v0.2.17
[INFO] [stderr]    Compiling generic-array v0.14.9
[INFO] [stderr]    Compiling schemars v0.8.22
[INFO] [stderr]    Compiling data-encoding v2.11.1
[INFO] [stderr]    Compiling num-bigint v0.4.8
[INFO] [stderr]     Checking rand_core v0.6.4
[INFO] [stderr]     Checking num-integer v0.1.46
[INFO] [stderr]     Checking rand_chacha v0.3.1
[INFO] [stderr]    Compiling enum-ordinalize-derive v4.4.2
[INFO] [stderr]     Checking rand v0.8.7
[INFO] [stderr]    Compiling crypto-common v0.1.6
[INFO] [stderr]    Compiling block-buffer v0.10.4
[INFO] [stderr]    Compiling ethnum v1.5.3
[INFO] [stderr]    Compiling enum-ordinalize v4.4.2
[INFO] [stderr]    Compiling digest v0.10.7
[INFO] [stderr]    Compiling sha2 v0.10.9
[INFO] [stderr]     Checking ark-std v0.5.0
[INFO] [stderr]     Checking ff v0.13.1
[INFO] [stderr]     Checking itertools v0.13.0
[INFO] [stderr]     Checking group v0.13.0
[INFO] [stderr]     Checking once_cell v1.21.4
[INFO] [stderr]     Checking hashbrown v0.15.5
[INFO] [stderr]     Checking ahash v0.8.12
[INFO] [stderr]    Compiling thiserror v1.0.69
[INFO] [stderr]    Compiling prettyplease v0.2.37
[INFO] [stderr]     Checking wasmi_core v0.13.0
[INFO] [stderr]    Compiling wasmparser v0.116.1
[INFO] [stderr]    Compiling curve25519-dalek v5.0.0
[INFO] [stderr]     Checking byteorder v1.5.0
[INFO] [stderr]     Checking smallvec v1.15.2
[INFO] [stderr]     Checking spin v0.9.9
[INFO] [stderr]     Checking soroban-wasmi v0.31.1-soroban.20.0.1
[INFO] [stderr]     Checking hash32 v0.3.1
[INFO] [stderr]     Checking digest v0.11.3
[INFO] [stderr]    Compiling soroban-env-host v27.0.1
[INFO] [stderr]     Checking heapless v0.8.0
[INFO] [stderr]     Checking hex-literal v0.4.1
[INFO] [stderr]    Compiling serde v1.0.229
[INFO] [stderr]    Compiling crate-git-revision v0.0.6
[INFO] [stderr]    Compiling hex v0.4.3
[INFO] [stderr]    Compiling crate-git-revision v0.0.9
[INFO] [stderr]    Compiling stellar-strkey v0.0.13
[INFO] [stderr]    Compiling darling_core v0.23.0
[INFO] [stderr]    Compiling stellar-xdr v27.0.0
[INFO] [stderr]    Compiling soroban-env-common v27.0.1
[INFO] [stderr]    Compiling darling_core v0.20.11
[INFO] [stderr]    Compiling stellar-strkey v0.0.16
[INFO] [stderr]    Compiling soroban-sdk v27.0.5
[INFO] [stderr]    Compiling macro-string v0.1.4
[INFO] [stderr]    Compiling zeroize_derive v1.5.0
[INFO] [stderr]    Compiling cfg_eval v0.1.2
[INFO] [stderr]    Compiling ark-serialize-derive v0.5.0
[INFO] [stderr]    Compiling educe v0.6.0
[INFO] [stderr]    Compiling ark-ff-macros v0.5.0
[INFO] [stderr]    Compiling ark-ff-asm v0.5.0
[INFO] [stderr]    Compiling thiserror-impl v1.0.69
[INFO] [stderr]     Checking zeroize v1.9.0
[INFO] [stderr]    Compiling darling_macro v0.23.0
[INFO] [stderr]     Checking der v0.7.10
[INFO] [stderr]    Compiling darling v0.23.0
[INFO] [stderr]    Compiling serde_with_macros v3.21.0
[INFO] [stderr]     Checking crypto-bigint v0.5.5
[INFO] [stderr]     Checking sec1 v0.7.3
[INFO] [stderr]     Checking signature v2.2.0
[INFO] [stderr]     Checking ark-serialize v0.5.0
[INFO] [stderr]     Checking hmac v0.12.1
[INFO] [stderr]     Checking rfc6979 v0.4.0
[INFO] [stderr]    Compiling num-derive v0.4.2
[INFO] [stderr]    Compiling curve25519-dalek-derive v0.1.1
[INFO] [stderr]    Compiling darling_macro v0.20.11
[INFO] [stderr]    Compiling serde_with v3.21.0
[INFO] [stderr]     Checking ed25519 v2.2.3
[INFO] [stderr]    Compiling darling v0.20.11
[INFO] [stderr]     Checking curve25519-dalek v4.1.3
[INFO] [stderr]     Checking sha3 v0.10.9
[INFO] [stderr]     Checking elliptic-curve v0.13.8
[INFO] [stderr]    Compiling soroban-builtin-sdk-macros v27.0.1
[INFO] [stderr]    Compiling bytes-lit v0.0.6
[INFO] [stderr]     Checking ecdsa v0.16.9
[INFO] [stderr]     Checking ark-ff v0.5.0
[INFO] [stderr]     Checking primeorder v0.13.6
[INFO] [stderr]    Compiling visibility v0.1.1
[INFO] [stderr]     Checking ed25519-dalek v2.2.0
[INFO] [stderr]     Checking k256 v0.13.4
[INFO] [stderr]     Checking p256 v0.13.2
[INFO] [stderr]     Checking ark-poly v0.5.0
[INFO] [stderr]     Checking ark-ec v0.5.0
[INFO] [stderr]     Checking ark-bn254 v0.5.0
[INFO] [stderr]     Checking ark-bls12-381 v0.5.0
[INFO] [stderr]    Compiling soroban-spec v27.0.5
[INFO] [stderr]    Compiling soroban-spec-rust v27.0.5
[INFO] [stderr]    Compiling soroban-env-macros v27.0.1
[INFO] [stderr]    Compiling soroban-sdk-macros v27.0.5
[INFO] [stderr]     Checking archguard-registry v0.1.0 (/opt/rustwide/workdir/contracts/registry)
[INFO] [stderr]     Checking archguard-extender v0.1.0 (/opt/rustwide/workdir/contracts/extender)
[INFO] [stdout] error[E0432]: unresolved import `soroban_sdk::testutils`
[INFO] [stdout]     --> contracts/extender/src/test.rs:8:19
[INFO] [stdout]      |
[INFO] [stdout]    8 |     symbol_short, testutils::{Address as _, Events}, token::{StellarAssetClient, TokenClient},
[INFO] [stdout]      |                   ^^^^^^^^^ could not find `testutils` in `soroban_sdk`
[INFO] [stdout]      |
[INFO] [stdout] note: found an item that was configured out
[INFO] [stdout]     --> /opt/rustwide/cargo-home/registry/src/index.crates.io-1949cf8c6b5b557f/soroban-sdk-27.0.5/src/lib.rs:1282:9
[INFO] [stdout]      |
[INFO] [stdout] 1282 | pub mod testutils;
[INFO] [stdout]      |         ^^^^^^^^^
[INFO] [stdout]      |
[INFO] [stdout]     ::: /opt/rustwide/cargo-home/registry/src/index.crates.io-1949cf8c6b5b557f/soroban-sdk-27.0.5/src/testutils.rs:1:11
[INFO] [stdout]      |
[INFO] [stdout]    1 | #![cfg(any(test, feature = "testutils"))]
[INFO] [stdout]      |           ----------------------------- the item is gated here
[INFO] [stdout] 
[INFO] [stdout] 
[INFO] [stdout] error[E0432]: unresolved import `soroban_sdk::testutils`
[INFO] [stdout]     --> contracts/registry/src/test.rs:8:19
[INFO] [stdout]      |
[INFO] [stdout]    8 |     symbol_short, testutils::{Address as _, Events}, vec, xdr, Address, BytesN, Env, IntoVal,
[INFO] [stdout]      |                   ^^^^^^^^^ could not find `testutils` in `soroban_sdk`
[INFO] [stdout]      |
[INFO] [stdout] note: found an item that was configured out
[INFO] [stdout]     --> /opt/rustwide/cargo-home/registry/src/index.crates.io-1949cf8c6b5b557f/soroban-sdk-27.0.5/src/lib.rs:1282:9
[INFO] [stdout]      |
[INFO] [stdout] 1282 | pub mod testutils;
[INFO] [stdout]      |         ^^^^^^^^^
[INFO] [stdout]      |
[INFO] [stdout]     ::: /opt/rustwide/cargo-home/registry/src/index.crates.io-1949cf8c6b5b557f/soroban-sdk-27.0.5/src/testutils.rs:1:11
[INFO] [stdout]      |
[INFO] [stdout]    1 | #![cfg(any(test, feature = "testutils"))]
[INFO] [stdout]      |           ----------------------------- the item is gated here
[INFO] [stdout] 
[INFO] [stdout] 
[INFO] [stdout] error[E0599]: no method named `mock_all_auths` found for struct `Env` in the current scope
[INFO] [stdout]   --> contracts/extender/src/test.rs:18:9
[INFO] [stdout]    |
[INFO] [stdout] 18 |     env.mock_all_auths();
[INFO] [stdout]    |         ^^^^^^^^^^^^^^ method not found in `Env`
[INFO] [stdout] 
[INFO] [stdout] 
[INFO] [stdout] error[E0599]: no method named `register` found for struct `Env` in the current scope
[INFO] [stdout]   --> contracts/extender/src/test.rs:19:27
[INFO] [stdout]    |
[INFO] [stdout] 19 |     let contract_id = env.register(ExtenderContract, ());
[INFO] [stdout]    |                           ^^^^^^^^ method not found in `Env`
[INFO] [stdout] 
[INFO] [stdout] 
[INFO] [stdout] error[E0599]: no associated function or constant named `generate` found for struct `soroban_sdk::Address` in the current scope
[INFO] [stdout]    --> contracts/extender/src/test.rs:20:29
[INFO] [stdout]     |
[INFO] [stdout]  20 |     let operator = Address::generate(&env);
[INFO] [stdout]     |                             ^^^^^^^^ associated function or constant not found in `soroban_sdk::Address`
[INFO] [stdout]     |
[INFO] [stdout] note: if you're trying to build a new `soroban_sdk::Address` consider using one of the following associated functions:
[INFO] [stdout]       soroban_sdk::Address::from_str
[INFO] [stdout]       soroban_sdk::Address::from_string
[INFO] [stdout]       soroban_sdk::Address::from_string_bytes
[INFO] [stdout]    --> /opt/rustwide/cargo-home/registry/src/index.crates.io-1949cf8c6b5b557f/soroban-sdk-27.0.5/src/address.rs:280:5
[INFO] [stdout]     |
[INFO] [stdout] 280 |     pub fn from_str(env: &Env, strkey: &str) -> Address {
[INFO] [stdout]     |     ^^^^^^^^^^^^^^^^^^^^^^^^^^^^^^^^^^^^^^^^^^^^^^^^^^^
[INFO] [stdout] ...
[INFO] [stdout] 292 |     pub fn from_string(strkey: &String) -> Self {
[INFO] [stdout]     |     ^^^^^^^^^^^^^^^^^^^^^^^^^^^^^^^^^^^^^^^^^^^
[INFO] [stdout] ...
[INFO] [stdout] 314 |     pub fn from_string_bytes(strkey: &Bytes) -> Self {
[INFO] [stdout]     |     ^^^^^^^^^^^^^^^^^^^^^^^^^^^^^^^^^^^^^^^^^^^^^^^^
[INFO] [stdout] 
[INFO] [stdout] 
[INFO] [stdout] error[E0599]: no associated function or constant named `generate` found for struct `soroban_sdk::Address` in the current scope
[INFO] [stdout]    --> contracts/extender/src/test.rs:21:24
[INFO] [stdout]     |
[INFO] [stdout]  21 |     let org = Address::generate(&env);
[INFO] [stdout]     |                        ^^^^^^^^ associated function or constant not found in `soroban_sdk::Address`
[INFO] [stdout]     |
[INFO] [stdout] note: if you're trying to build a new `soroban_sdk::Address` consider using one of the following associated functions:
[INFO] [stdout]       soroban_sdk::Address::from_str
[INFO] [stdout]       soroban_sdk::Address::from_string
[INFO] [stdout]       soroban_sdk::Address::from_string_bytes
[INFO] [stdout]    --> /opt/rustwide/cargo-home/registry/src/index.crates.io-1949cf8c6b5b557f/soroban-sdk-27.0.5/src/address.rs:280:5
[INFO] [stdout]     |
[INFO] [stdout] 280 |     pub fn from_str(env: &Env, strkey: &str) -> Address {
[INFO] [stdout]     |     ^^^^^^^^^^^^^^^^^^^^^^^^^^^^^^^^^^^^^^^^^^^^^^^^^^^
[INFO] [stdout] ...
[INFO] [stdout] 292 |     pub fn from_string(strkey: &String) -> Self {
[INFO] [stdout]     |     ^^^^^^^^^^^^^^^^^^^^^^^^^^^^^^^^^^^^^^^^^^^
[INFO] [stdout] ...
[INFO] [stdout] 314 |     pub fn from_string_bytes(strkey: &Bytes) -> Self {
[INFO] [stdout]     |     ^^^^^^^^^^^^^^^^^^^^^^^^^^^^^^^^^^^^^^^^^^^^^^^^
[INFO] [stdout] 
[INFO] [stdout] 
[INFO] [stdout] error[E0599]: no method named `register_stellar_asset_contract_v2` found for struct `Env` in the current scope
[INFO] [stdout]   --> contracts/extender/src/test.rs:22:22
[INFO] [stdout]    |
[INFO] [stdout] 22 |     let native = env.register_stellar_asset_contract_v2(Address::generate(&env)).address();
[INFO] [stdout]    |                      ^^^^^^^^^^^^^^^^^^^^^^^^^^^^^^^^^^
[INFO] [stdout]    |
[INFO] [stdout] help: there is a method `get_asset_contract_id` with a similar name
[INFO] [stdout]    |
[INFO] [stdout] 22 -     let native = env.register_stellar_asset_contract_v2(Address::generate(&env)).address();
[INFO] [stdout] 22 +     let native = env.get_asset_contract_id(Address::generate(&env)).address();
[INFO] [stdout]    |
[INFO] [stdout] 
[INFO] [stdout] 
[INFO] [stdout] error[E0599]: no associated function or constant named `generate` found for struct `soroban_sdk::Address` in the current scope
[INFO] [stdout]    --> contracts/extender/src/test.rs:22:66
[INFO] [stdout]     |
[INFO] [stdout]  22 |     let native = env.register_stellar_asset_contract_v2(Address::generate(&env)).address();
[INFO] [stdout]     |                                                                  ^^^^^^^^ associated function or constant not found in `soroban_sdk::Address`
[INFO] [stdout]     |
[INFO] [stdout] note: if you're trying to build a new `soroban_sdk::Address` consider using one of the following associated functions:
[INFO] [stdout]       soroban_sdk::Address::from_str
[INFO] [stdout]       soroban_sdk::Address::from_string
[INFO] [stdout]       soroban_sdk::Address::from_string_bytes
[INFO] [stdout]    --> /opt/rustwide/cargo-home/registry/src/index.crates.io-1949cf8c6b5b557f/soroban-sdk-27.0.5/src/address.rs:280:5
[INFO] [stdout]     |
[INFO] [stdout] 280 |     pub fn from_str(env: &Env, strkey: &str) -> Address {
[INFO] [stdout]     |     ^^^^^^^^^^^^^^^^^^^^^^^^^^^^^^^^^^^^^^^^^^^^^^^^^^^
[INFO] [stdout] ...
[INFO] [stdout] 292 |     pub fn from_string(strkey: &String) -> Self {
[INFO] [stdout]     |     ^^^^^^^^^^^^^^^^^^^^^^^^^^^^^^^^^^^^^^^^^^^
[INFO] [stdout] ...
[INFO] [stdout] 314 |     pub fn from_string_bytes(strkey: &Bytes) -> Self {
[INFO] [stdout]     |     ^^^^^^^^^^^^^^^^^^^^^^^^^^^^^^^^^^^^^^^^^^^^^^^^
[INFO] [stdout] 
[INFO] [stdout] 
[INFO] [stdout] error[E0599]: no method named `all` found for struct `soroban_sdk::events::Events` in the current scope
[INFO] [stdout]   --> contracts/extender/src/test.rs:42:31
[INFO] [stdout]    |
[INFO] [stdout] 42 |     let events = env.events().all().filter_by_contract(contract);
[INFO] [stdout]    |                               ^^^ method not found in `soroban_sdk::events::Events`
[INFO] [stdout] 
[INFO] [stdout] 
[INFO] [stdout] error[E0599]: no method named `register` found for struct `Env` in the current scope
[INFO] [stdout]   --> contracts/extender/src/test.rs:61:27
[INFO] [stdout]    |
[INFO] [stdout] 61 |     let contract_id = env.register(ExtenderContract, ());
[INFO] [stdout]    |                           ^^^^^^^^ method not found in `Env`
[INFO] [stdout] 
[INFO] [stdout] 
[INFO] [stdout] error[E0599]: no associated function or constant named `generate` found for struct `soroban_sdk::Address` in the current scope
[INFO] [stdout]    --> contracts/extender/src/test.rs:64:29
[INFO] [stdout]     |
[INFO] [stdout]  64 |     let operator = Address::generate(&env);
[INFO] [stdout]     |                             ^^^^^^^^ associated function or constant not found in `soroban_sdk::Address`
[INFO] [stdout]     |
[INFO] [stdout] note: if you're trying to build a new `soroban_sdk::Address` consider using one of the following associated functions:
[INFO] [stdout]       soroban_sdk::Address::from_str
[INFO] [stdout]       soroban_sdk::Address::from_string
[INFO] [stdout]       soroban_sdk::Address::from_string_bytes
[INFO] [stdout]    --> /opt/rustwide/cargo-home/registry/src/index.crates.io-1949cf8c6b5b557f/soroban-sdk-27.0.5/src/address.rs:280:5
[INFO] [stdout]     |
[INFO] [stdout] 280 |     pub fn from_str(env: &Env, strkey: &str) -> Address {
[INFO] [stdout]     |     ^^^^^^^^^^^^^^^^^^^^^^^^^^^^^^^^^^^^^^^^^^^^^^^^^^^
[INFO] [stdout] ...
[INFO] [stdout] 292 |     pub fn from_string(strkey: &String) -> Self {
[INFO] [stdout]     |     ^^^^^^^^^^^^^^^^^^^^^^^^^^^^^^^^^^^^^^^^^^^
[INFO] [stdout] ...
[INFO] [stdout] 314 |     pub fn from_string_bytes(strkey: &Bytes) -> Self {
[INFO] [stdout]     |     ^^^^^^^^^^^^^^^^^^^^^^^^^^^^^^^^^^^^^^^^^^^^^^^^
[INFO] [stdout] 
[INFO] [stdout] 
[INFO] [stdout] error[E0599]: no method named `register_stellar_asset_contract_v2` found for struct `Env` in the current scope
[INFO] [stdout]   --> contracts/extender/src/test.rs:65:22
[INFO] [stdout]    |
[INFO] [stdout] 65 |     let native = env.register_stellar_asset_contract_v2(Address::generate(&env)).address();
[INFO] [stdout]    |                      ^^^^^^^^^^^^^^^^^^^^^^^^^^^^^^^^^^
[INFO] [stdout]    |
[INFO] [stdout] help: there is a method `get_asset_contract_id` with a similar name
[INFO] [stdout]    |
[INFO] [stdout] 65 -     let native = env.register_stellar_asset_contract_v2(Address::generate(&env)).address();
[INFO] [stdout] 65 +     let native = env.get_asset_contract_id(Address::generate(&env)).address();
[INFO] [stdout]    |
[INFO] [stdout] 
[INFO] [stdout] 
[INFO] [stdout] error[E0599]: no associated function or constant named `generate` found for struct `soroban_sdk::Address` in the current scope
[INFO] [stdout]    --> contracts/extender/src/test.rs:65:66
[INFO] [stdout]     |
[INFO] [stdout]  65 |     let native = env.register_stellar_asset_contract_v2(Address::generate(&env)).address();
[INFO] [stdout]     |                                                                  ^^^^^^^^ associated function or constant not found in `soroban_sdk::Address`
[INFO] [stdout]     |
[INFO] [stdout] note: if you're trying to build a new `soroban_sdk::Address` consider using one of the following associated functions:
[INFO] [stdout]       soroban_sdk::Address::from_str
[INFO] [stdout]       soroban_sdk::Address::from_string
[INFO] [stdout]       soroban_sdk::Address::from_string_bytes
[INFO] [stdout]    --> /opt/rustwide/cargo-home/registry/src/index.crates.io-1949cf8c6b5b557f/soroban-sdk-27.0.5/src/address.rs:280:5
[INFO] [stdout]     |
[INFO] [stdout] 280 |     pub fn from_str(env: &Env, strkey: &str) -> Address {
[INFO] [stdout]     |     ^^^^^^^^^^^^^^^^^^^^^^^^^^^^^^^^^^^^^^^^^^^^^^^^^^^
[INFO] [stdout] ...
[INFO] [stdout] 292 |     pub fn from_string(strkey: &String) -> Self {
[INFO] [stdout]     |     ^^^^^^^^^^^^^^^^^^^^^^^^^^^^^^^^^^^^^^^^^^^
[INFO] [stdout] ...
[INFO] [stdout] 314 |     pub fn from_string_bytes(strkey: &Bytes) -> Self {
[INFO] [stdout]     |     ^^^^^^^^^^^^^^^^^^^^^^^^^^^^^^^^^^^^^^^^^^^^^^^^
[INFO] [stdout] 
[INFO] [stdout] 
[INFO] [stdout] error[E0599]: no method named `all` found for struct `soroban_sdk::events::Events` in the current scope
[INFO] [stdout]   --> contracts/extender/src/test.rs:69:29
[INFO] [stdout]    |
[INFO] [stdout] 69 |     assert_eq!(env.events().all().events().len(), 0);
[INFO] [stdout]    |                             ^^^ method not found in `soroban_sdk::events::Events`
[INFO] [stdout] 
[INFO] [stdout] 
[INFO] [stdout] error[E0599]: no associated function or constant named `generate` found for struct `soroban_sdk::Address` in the current scope
[INFO] [stdout]    --> contracts/extender/src/test.rs:70:45
[INFO] [stdout]     |
[INFO] [stdout]  70 |     assert_eq!(client.get_balance(&Address::generate(&env)), 0);
[INFO] [stdout]     |                                             ^^^^^^^^ associated function or constant not found in `soroban_sdk::Address`
[INFO] [stdout]     |
[INFO] [stdout] note: if you're trying to build a new `soroban_sdk::Address` consider using one of the following associated functions:
[INFO] [stdout]       soroban_sdk::Address::from_str
[INFO] [stdout]       soroban_sdk::Address::from_string
[INFO] [stdout]       soroban_sdk::Address::from_string_bytes
[INFO] [stdout]    --> /opt/rustwide/cargo-home/registry/src/index.crates.io-1949cf8c6b5b557f/soroban-sdk-27.0.5/src/address.rs:280:5
[INFO] [stdout]     |
[INFO] [stdout] 280 |     pub fn from_str(env: &Env, strkey: &str) -> Address {
[INFO] [stdout]     |     ^^^^^^^^^^^^^^^^^^^^^^^^^^^^^^^^^^^^^^^^^^^^^^^^^^^
[INFO] [stdout] ...
[INFO] [stdout] 292 |     pub fn from_string(strkey: &String) -> Self {
[INFO] [stdout]     |     ^^^^^^^^^^^^^^^^^^^^^^^^^^^^^^^^^^^^^^^^^^^
[INFO] [stdout] ...
[INFO] [stdout] 314 |     pub fn from_string_bytes(strkey: &Bytes) -> Self {
[INFO] [stdout]     |     ^^^^^^^^^^^^^^^^^^^^^^^^^^^^^^^^^^^^^^^^^^^^^^^^
[INFO] [stdout] 
[INFO] [stdout] 
[INFO] [stdout] error[E0599]: no method named `mock_all_auths` found for struct `Env` in the current scope
[INFO] [stdout]   --> contracts/registry/src/test.rs:16:9
[INFO] [stdout]    |
[INFO] [stdout] 16 |     env.mock_all_auths();
[INFO] [stdout]    |         ^^^^^^^^^^^^^^ method not found in `Env`
[INFO] [stdout] 
[INFO] [stdout] 
[INFO] [stdout] error[E0599]: no method named `register` found for struct `Env` in the current scope
[INFO] [stdout]   --> contracts/extender/src/test.rs:77:27
[INFO] [stdout]    |
[INFO] [stdout] 77 |     let contract_id = env.register(ExtenderContract, ());
[INFO] [stdout]    |                           ^^^^^^^^ method not found in `Env`
[INFO] [stdout] 
[INFO] [stdout] 
[INFO] [stdout] error[E0599]: no method named `register_stellar_asset_contract_v2` found for struct `Env` in the current scope
[INFO] [stdout]   --> contracts/extender/src/test.rs:80:22
[INFO] [stdout]    |
[INFO] [stdout] 80 |     let native = env.register_stellar_asset_contract_v2(Address::generate(&env)).address();
[INFO] [stdout]    |                      ^^^^^^^^^^^^^^^^^^^^^^^^^^^^^^^^^^
[INFO] [stdout]    |
[INFO] [stdout] help: there is a method `get_asset_contract_id` with a similar name
[INFO] [stdout]    |
[INFO] [stdout] 80 -     let native = env.register_stellar_asset_contract_v2(Address::generate(&env)).address();
[INFO] [stdout] 80 +     let native = env.get_asset_contract_id(Address::generate(&env)).address();
[INFO] [stdout]    |
[INFO] [stdout] 
[INFO] [stdout] 
[INFO] [stdout] error[E0599]: no associated function or constant named `generate` found for struct `soroban_sdk::Address` in the current scope
[INFO] [stdout]    --> contracts/extender/src/test.rs:80:66
[INFO] [stdout]     |
[INFO] [stdout]  80 |     let native = env.register_stellar_asset_contract_v2(Address::generate(&env)).address();
[INFO] [stdout]     |                                                                  ^^^^^^^^ associated function or constant not found in `soroban_sdk::Address`
[INFO] [stdout]     |
[INFO] [stdout] note: if you're trying to build a new `soroban_sdk::Address` consider using one of the following associated functions:
[INFO] [stdout]       soroban_sdk::Address::from_str
[INFO] [stdout]       soroban_sdk::Address::from_string
[INFO] [stdout]       soroban_sdk::Address::from_string_bytes
[INFO] [stdout]    --> /opt/rustwide/cargo-home/registry/src/index.crates.io-1949cf8c6b5b557f/soroban-sdk-27.0.5/src/address.rs:280:5
[INFO] [stdout]     |
[INFO] [stdout] 280 |     pub fn from_str(env: &Env, strkey: &str) -> Address {
[INFO] [stdout]     |     ^^^^^^^^^^^^^^^^^^^^^^^^^^^^^^^^^^^^^^^^^^^^^^^^^^^
[INFO] [stdout] ...
[INFO] [stdout] 292 |     pub fn from_string(strkey: &String) -> Self {
[INFO] [stdout]     |     ^^^^^^^^^^^^^^^^^^^^^^^^^^^^^^^^^^^^^^^^^^^
[INFO] [stdout] ...
[INFO] [stdout] 314 |     pub fn from_string_bytes(strkey: &Bytes) -> Self {
[INFO] [stdout]     |     ^^^^^^^^^^^^^^^^^^^^^^^^^^^^^^^^^^^^^^^^^^^^^^^^
[INFO] [stdout] 
[INFO] [stdout] 
[INFO] [stdout] error[E0599]: no method named `register` found for struct `Env` in the current scope
[INFO] [stdout]   --> contracts/registry/src/test.rs:17:27
[INFO] [stdout]    |
[INFO] [stdout] 17 |     let contract_id = env.register(RegistryContract, ());
[INFO] [stdout]    |                           ^^^^^^^^ method not found in `Env`
[INFO] [stdout] 
[INFO] [stdout] 
[INFO] [stdout] error[E0599]: no associated function or constant named `generate` found for struct `soroban_sdk::Address` in the current scope
[INFO] [stdout]    --> contracts/extender/src/test.rs:81:27
[INFO] [stdout]     |
[INFO] [stdout]  81 |     client.init(&Address::generate(&env), &native);
[INFO] [stdout]     |                           ^^^^^^^^ associated function or constant not found in `soroban_sdk::Address`
[INFO] [stdout]     |
[INFO] [stdout] note: if you're trying to build a new `soroban_sdk::Address` consider using one of the following associated functions:
[INFO] [stdout]       soroban_sdk::Address::from_str
[INFO] [stdout]       soroban_sdk::Address::from_string
[INFO] [stdout]       soroban_sdk::Address::from_string_bytes
[INFO] [stdout]    --> /opt/rustwide/cargo-home/registry/src/index.crates.io-1949cf8c6b5b557f/soroban-sdk-27.0.5/src/address.rs:280:5
[INFO] [stdout]     |
[INFO] [stdout] 280 |     pub fn from_str(env: &Env, strkey: &str) -> Address {
[INFO] [stdout]     |     ^^^^^^^^^^^^^^^^^^^^^^^^^^^^^^^^^^^^^^^^^^^^^^^^^^^
[INFO] [stdout] ...
[INFO] [stdout] 292 |     pub fn from_string(strkey: &String) -> Self {
[INFO] [stdout]     |     ^^^^^^^^^^^^^^^^^^^^^^^^^^^^^^^^^^^^^^^^^^^
[INFO] [stdout] ...
[INFO] [stdout] 314 |     pub fn from_string_bytes(strkey: &Bytes) -> Self {
[INFO] [stdout]     |     ^^^^^^^^^^^^^^^^^^^^^^^^^^^^^^^^^^^^^^^^^^^^^^^^
[INFO] [stdout] 
[INFO] [stdout] 
[INFO] [stdout] error[E0599]: no associated function or constant named `generate` found for struct `soroban_sdk::Address` in the current scope
[INFO] [stdout]    --> contracts/extender/src/test.rs:82:27
[INFO] [stdout]     |
[INFO] [stdout]  82 |     client.init(&Address::generate(&env), &native);
[INFO] [stdout]     |                           ^^^^^^^^ associated function or constant not found in `soroban_sdk::Address`
[INFO] [stdout]     |
[INFO] [stdout] note: if you're trying to build a new `soroban_sdk::Address` consider using one of the following associated functions:
[INFO] [stdout]       soroban_sdk::Address::from_str
[INFO] [stdout]       soroban_sdk::Address::from_string
[INFO] [stdout]       soroban_sdk::Address::from_string_bytes
[INFO] [stdout]    --> /opt/rustwide/cargo-home/registry/src/index.crates.io-1949cf8c6b5b557f/soroban-sdk-27.0.5/src/address.rs:280:5
[INFO] [stdout]     |
[INFO] [stdout] 280 |     pub fn from_str(env: &Env, strkey: &str) -> Address {
[INFO] [stdout]     |     ^^^^^^^^^^^^^^^^^^^^^^^^^^^^^^^^^^^^^^^^^^^^^^^^^^^
[INFO] [stdout] ...
[INFO] [stdout] 292 |     pub fn from_string(strkey: &String) -> Self {
[INFO] [stdout]     |     ^^^^^^^^^^^^^^^^^^^^^^^^^^^^^^^^^^^^^^^^^^^
[INFO] [stdout] ...
[INFO] [stdout] 314 |     pub fn from_string_bytes(strkey: &Bytes) -> Self {
[INFO] [stdout]     |     ^^^^^^^^^^^^^^^^^^^^^^^^^^^^^^^^^^^^^^^^^^^^^^^^
[INFO] [stdout] 
[INFO] [stdout] 
[INFO] [stdout] error[E0599]: no method named `mock_all_auths` found for struct `Env` in the current scope
[INFO] [stdout]    --> contracts/extender/src/test.rs:121:9
[INFO] [stdout]     |
[INFO] [stdout] 121 |     env.mock_all_auths();
[INFO] [stdout]     |         ^^^^^^^^^^^^^^ method not found in `Env`
[INFO] [stdout] 
[INFO] [stdout] 
[INFO] [stdout] error[E0599]: no associated function or constant named `generate` found for struct `soroban_sdk::Address` in the current scope
[INFO] [stdout]    --> contracts/registry/src/test.rs:18:24
[INFO] [stdout]     |
[INFO] [stdout]  18 |     let org = Address::generate(&env);
[INFO] [stdout]     |                        ^^^^^^^^ associated function or constant not found in `soroban_sdk::Address`
[INFO] [stdout]     |
[INFO] [stdout] note: if you're trying to build a new `soroban_sdk::Address` consider using one of the following associated functions:
[INFO] [stdout]       soroban_sdk::Address::from_str
[INFO] [stdout]       soroban_sdk::Address::from_string
[INFO] [stdout]       soroban_sdk::Address::from_string_bytes
[INFO] [stdout]    --> /opt/rustwide/cargo-home/registry/src/index.crates.io-1949cf8c6b5b557f/soroban-sdk-27.0.5/src/address.rs:280:5
[INFO] [stdout]     |
[INFO] [stdout] 280 |     pub fn from_str(env: &Env, strkey: &str) -> Address {
[INFO] [stdout]     |     ^^^^^^^^^^^^^^^^^^^^^^^^^^^^^^^^^^^^^^^^^^^^^^^^^^^
[INFO] [stdout] ...
[INFO] [stdout] 292 |     pub fn from_string(strkey: &String) -> Self {
[INFO] [stdout]     |     ^^^^^^^^^^^^^^^^^^^^^^^^^^^^^^^^^^^^^^^^^^^
[INFO] [stdout] ...
[INFO] [stdout] 314 |     pub fn from_string_bytes(strkey: &Bytes) -> Self {
[INFO] [stdout]     |     ^^^^^^^^^^^^^^^^^^^^^^^^^^^^^^^^^^^^^^^^^^^^^^^^
[INFO] [stdout] 
[INFO] [stdout] 
[INFO] [stdout] error[E0599]: no method named `register` found for struct `Env` in the current scope
[INFO] [stdout]    --> contracts/extender/src/test.rs:122:27
[INFO] [stdout]     |
[INFO] [stdout] 122 |     let contract_id = env.register(ExtenderContract, ());
[INFO] [stdout]     |                           ^^^^^^^^ method not found in `Env`
[INFO] [stdout] 
[INFO] [stdout] 
[INFO] [stdout] error[E0599]: no associated function or constant named `generate` found for struct `soroban_sdk::Address` in the current scope
[INFO] [stdout]    --> contracts/registry/src/test.rs:19:26
[INFO] [stdout]     |
[INFO] [stdout]  19 |     let admin = Address::generate(&env);
[INFO] [stdout]     |                          ^^^^^^^^ associated function or constant not found in `soroban_sdk::Address`
[INFO] [stdout]     |
[INFO] [stdout] note: if you're trying to build a new `soroban_sdk::Address` consider using one of the following associated functions:
[INFO] [stdout]       soroban_sdk::Address::from_str
[INFO] [stdout]       soroban_sdk::Address::from_string
[INFO] [stdout]       soroban_sdk::Address::from_string_bytes
[INFO] [stdout]    --> /opt/rustwide/cargo-home/registry/src/index.crates.io-1949cf8c6b5b557f/soroban-sdk-27.0.5/src/address.rs:280:5
[INFO] [stdout]     |
[INFO] [stdout] 280 |     pub fn from_str(env: &Env, strkey: &str) -> Address {
[INFO] [stdout]     |     ^^^^^^^^^^^^^^^^^^^^^^^^^^^^^^^^^^^^^^^^^^^^^^^^^^^
[INFO] [stdout] ...
[INFO] [stdout] 292 |     pub fn from_string(strkey: &String) -> Self {
[INFO] [stdout]     |     ^^^^^^^^^^^^^^^^^^^^^^^^^^^^^^^^^^^^^^^^^^^
[INFO] [stdout] ...
[INFO] [stdout] 314 |     pub fn from_string_bytes(strkey: &Bytes) -> Self {
[INFO] [stdout]     |     ^^^^^^^^^^^^^^^^^^^^^^^^^^^^^^^^^^^^^^^^^^^^^^^^
[INFO] [stdout] 
[INFO] [stdout] 
[INFO] [stdout] error[E0599]: no associated function or constant named `generate` found for struct `soroban_sdk::Address` in the current scope
[INFO] [stdout]    --> contracts/extender/src/test.rs:126:38
[INFO] [stdout]     |
[INFO] [stdout] 126 |         client.try_deposit(&Address::generate(&env), &100),
[INFO] [stdout]     |                                      ^^^^^^^^ associated function or constant not found in `soroban_sdk::Address`
[INFO] [stdout]     |
[INFO] [stdout] note: if you're trying to build a new `soroban_sdk::Address` consider using one of the following associated functions:
[INFO] [stdout]       soroban_sdk::Address::from_str
[INFO] [stdout]       soroban_sdk::Address::from_string
[INFO] [stdout]       soroban_sdk::Address::from_string_bytes
[INFO] [stdout]    --> /opt/rustwide/cargo-home/registry/src/index.crates.io-1949cf8c6b5b557f/soroban-sdk-27.0.5/src/address.rs:280:5
[INFO] [stdout]     |
[INFO] [stdout] 280 |     pub fn from_str(env: &Env, strkey: &str) -> Address {
[INFO] [stdout]     |     ^^^^^^^^^^^^^^^^^^^^^^^^^^^^^^^^^^^^^^^^^^^^^^^^^^^
[INFO] [stdout] ...
[INFO] [stdout] 292 |     pub fn from_string(strkey: &String) -> Self {
[INFO] [stdout]     |     ^^^^^^^^^^^^^^^^^^^^^^^^^^^^^^^^^^^^^^^^^^^
[INFO] [stdout] ...
[INFO] [stdout] 314 |     pub fn from_string_bytes(strkey: &Bytes) -> Self {
[INFO] [stdout]     |     ^^^^^^^^^^^^^^^^^^^^^^^^^^^^^^^^^^^^^^^^^^^^^^^^
[INFO] [stdout] 
[INFO] [stdout] 
[INFO] [stdout] error[E0599]: no method named `all` found for struct `soroban_sdk::events::Events` in the current scope
[INFO] [stdout]   --> contracts/registry/src/test.rs:30:31
[INFO] [stdout]    |
[INFO] [stdout] 30 |     let events = env.events().all().filter_by_contract(contract);
[INFO] [stdout]    |                               ^^^ method not found in `soroban_sdk::events::Events`
[INFO] [stdout] 
[INFO] [stdout] 
[INFO] [stdout] error[E0599]: no method named `register` found for struct `Env` in the current scope
[INFO] [stdout]    --> contracts/extender/src/test.rs:135:27
[INFO] [stdout]     |
[INFO] [stdout] 135 |     let contract_id = env.register(ExtenderContract, ());
[INFO] [stdout]     |                           ^^^^^^^^ method not found in `Env`
[INFO] [stdout] 
[INFO] [stdout] 
[INFO] [stdout] error[E0599]: no associated function or constant named `generate` found for struct `soroban_sdk::Address` in the current scope
[INFO] [stdout]    --> contracts/extender/src/test.rs:138:19
[INFO] [stdout]     |
[INFO] [stdout] 138 |         &Address::generate(&env),
[INFO] [stdout]     |                   ^^^^^^^^ associated function or constant not found in `soroban_sdk::Address`
[INFO] [stdout]     |
[INFO] [stdout] note: if you're trying to build a new `soroban_sdk::Address` consider using one of the following associated functions:
[INFO] [stdout]       soroban_sdk::Address::from_str
[INFO] [stdout]       soroban_sdk::Address::from_string
[INFO] [stdout]       soroban_sdk::Address::from_string_bytes
[INFO] [stdout]    --> /opt/rustwide/cargo-home/registry/src/index.crates.io-1949cf8c6b5b557f/soroban-sdk-27.0.5/src/address.rs:280:5
[INFO] [stdout]     |
[INFO] [stdout] 280 |     pub fn from_str(env: &Env, strkey: &str) -> Address {
[INFO] [stdout]     |     ^^^^^^^^^^^^^^^^^^^^^^^^^^^^^^^^^^^^^^^^^^^^^^^^^^^
[INFO] [stdout] ...
[INFO] [stdout] 292 |     pub fn from_string(strkey: &String) -> Self {
[INFO] [stdout]     |     ^^^^^^^^^^^^^^^^^^^^^^^^^^^^^^^^^^^^^^^^^^^
[INFO] [stdout] ...
[INFO] [stdout] 314 |     pub fn from_string_bytes(strkey: &Bytes) -> Self {
[INFO] [stdout]     |     ^^^^^^^^^^^^^^^^^^^^^^^^^^^^^^^^^^^^^^^^^^^^^^^^
[INFO] [stdout] 
[INFO] [stdout] 
[INFO] [stdout] error[E0599]: no method named `register` found for struct `Env` in the current scope
[INFO] [stdout]   --> contracts/registry/src/test.rs:49:27
[INFO] [stdout]    |
[INFO] [stdout] 49 |     let contract_id = env.register(RegistryContract, ());
[INFO] [stdout]    |                           ^^^^^^^^ method not found in `Env`
[INFO] [stdout] 
[INFO] [stdout] 
[INFO] [stdout] error[E0599]: no method named `all` found for struct `soroban_sdk::events::Events` in the current scope
[INFO] [stdout]   --> contracts/registry/src/test.rs:53:29
[INFO] [stdout]    |
[INFO] [stdout] 53 |     assert_eq!(env.events().all().events().len(), 0);
[INFO] [stdout]    |                             ^^^ method not found in `soroban_sdk::events::Events`
[INFO] [stdout] 
[INFO] [stdout] 
[INFO] [stdout] error[E0599]: no method named `register_stellar_asset_contract_v2` found for struct `Env` in the current scope
[INFO] [stdout]    --> contracts/extender/src/test.rs:139:14
[INFO] [stdout]     |
[INFO] [stdout] 139 |         &env.register_stellar_asset_contract_v2(Address::generate(&env)).address(),
[INFO] [stdout]     |              ^^^^^^^^^^^^^^^^^^^^^^^^^^^^^^^^^^
[INFO] [stdout]     |
[INFO] [stdout] help: there is a method `get_asset_contract_id` with a similar name
[INFO] [stdout]     |
[INFO] [stdout] 139 -         &env.register_stellar_asset_contract_v2(Address::generate(&env)).address(),
[INFO] [stdout] 139 +         &env.get_asset_contract_id(Address::generate(&env)).address(),
[INFO] [stdout]     |
[INFO] [stdout] 
[INFO] [stdout] 
[INFO] [stdout] error[E0599]: no associated function or constant named `generate` found for struct `soroban_sdk::Address` in the current scope
[INFO] [stdout]    --> contracts/extender/src/test.rs:139:58
[INFO] [stdout]     |
[INFO] [stdout] 139 |         &env.register_stellar_asset_contract_v2(Address::generate(&env)).address(),
[INFO] [stdout]     |                                                          ^^^^^^^^ associated function or constant not found in `soroban_sdk::Address`
[INFO] [stdout]     |
[INFO] [stdout] note: if you're trying to build a new `soroban_sdk::Address` consider using one of the following associated functions:
[INFO] [stdout]       soroban_sdk::Address::from_str
[INFO] [stdout]       soroban_sdk::Address::from_string
[INFO] [stdout]       soroban_sdk::Address::from_string_bytes
[INFO] [stdout]    --> /opt/rustwide/cargo-home/registry/src/index.crates.io-1949cf8c6b5b557f/soroban-sdk-27.0.5/src/address.rs:280:5
[INFO] [stdout]     |
[INFO] [stdout] 280 |     pub fn from_str(env: &Env, strkey: &str) -> Address {
[INFO] [stdout]     |     ^^^^^^^^^^^^^^^^^^^^^^^^^^^^^^^^^^^^^^^^^^^^^^^^^^^
[INFO] [stdout] ...
[INFO] [stdout] 292 |     pub fn from_string(strkey: &String) -> Self {
[INFO] [stdout]     |     ^^^^^^^^^^^^^^^^^^^^^^^^^^^^^^^^^^^^^^^^^^^
[INFO] [stdout] ...
[INFO] [stdout] 314 |     pub fn from_string_bytes(strkey: &Bytes) -> Self {
[INFO] [stdout]     |     ^^^^^^^^^^^^^^^^^^^^^^^^^^^^^^^^^^^^^^^^^^^^^^^^
[INFO] [stdout] 
[INFO] [stdout] 
[INFO] [stdout] error[E0599]: no method named `register` found for struct `Env` in the current scope
[INFO] [stdout]   --> contracts/registry/src/test.rs:60:27
[INFO] [stdout]    |
[INFO] [stdout] 60 |     let contract_id = env.register(RegistryContract, ());
[INFO] [stdout]    |                           ^^^^^^^^ method not found in `Env`
[INFO] [stdout] 
[INFO] [stdout] 
[INFO] [stdout] error[E0599]: no associated function or constant named `generate` found for struct `soroban_sdk::Address` in the current scope
[INFO] [stdout]    --> contracts/extender/src/test.rs:142:30
[INFO] [stdout]     |
[INFO] [stdout] 142 |     client.deposit(&Address::generate(&env), &100);
[INFO] [stdout]     |                              ^^^^^^^^ associated function or constant not found in `soroban_sdk::Address`
[INFO] [stdout]     |
[INFO] [stdout] note: if you're trying to build a new `soroban_sdk::Address` consider using one of the following associated functions:
[INFO] [stdout]       soroban_sdk::Address::from_str
[INFO] [stdout]       soroban_sdk::Address::from_string
[INFO] [stdout]       soroban_sdk::Address::from_string_bytes
[INFO] [stdout]    --> /opt/rustwide/cargo-home/registry/src/index.crates.io-1949cf8c6b5b557f/soroban-sdk-27.0.5/src/address.rs:280:5
[INFO] [stdout]     |
[INFO] [stdout] 280 |     pub fn from_str(env: &Env, strkey: &str) -> Address {
[INFO] [stdout]     |     ^^^^^^^^^^^^^^^^^^^^^^^^^^^^^^^^^^^^^^^^^^^^^^^^^^^
[INFO] [stdout] ...
[INFO] [stdout] 292 |     pub fn from_string(strkey: &String) -> Self {
[INFO] [stdout]     |     ^^^^^^^^^^^^^^^^^^^^^^^^^^^^^^^^^^^^^^^^^^^
[INFO] [stdout] ...
[INFO] [stdout] 314 |     pub fn from_string_bytes(strkey: &Bytes) -> Self {
[INFO] [stdout]     |     ^^^^^^^^^^^^^^^^^^^^^^^^^^^^^^^^^^^^^^^^^^^^^^^^
[INFO] [stdout] 
[INFO] [stdout] 
[INFO] [stdout] error[E0599]: no associated function or constant named `generate` found for struct `soroban_sdk::Address` in the current scope
[INFO] [stdout]    --> contracts/registry/src/test.rs:96:41
[INFO] [stdout]     |
[INFO] [stdout]  96 |     client.register_org(&org, &Address::generate(&env), &BytesN::from_array(&env, &[9u8; 32]));
[INFO] [stdout]     |                                         ^^^^^^^^ associated function or constant not found in `soroban_sdk::Address`
[INFO] [stdout]     |
[INFO] [stdout] note: if you're trying to build a new `soroban_sdk::Address` consider using one of the following associated functions:
[INFO] [stdout]       soroban_sdk::Address::from_str
[INFO] [stdout]       soroban_sdk::Address::from_string
[INFO] [stdout]       soroban_sdk::Address::from_string_bytes
[INFO] [stdout]    --> /opt/rustwide/cargo-home/registry/src/index.crates.io-1949cf8c6b5b557f/soroban-sdk-27.0.5/src/address.rs:280:5
[INFO] [stdout]     |
[INFO] [stdout] 280 |     pub fn from_str(env: &Env, strkey: &str) -> Address {
[INFO] [stdout]     |     ^^^^^^^^^^^^^^^^^^^^^^^^^^^^^^^^^^^^^^^^^^^^^^^^^^^
[INFO] [stdout] ...
[INFO] [stdout] 292 |     pub fn from_string(strkey: &String) -> Self {
[INFO] [stdout]     |     ^^^^^^^^^^^^^^^^^^^^^^^^^^^^^^^^^^^^^^^^^^^
[INFO] [stdout] ...
[INFO] [stdout] 314 |     pub fn from_string_bytes(strkey: &Bytes) -> Self {
[INFO] [stdout]     |     ^^^^^^^^^^^^^^^^^^^^^^^^^^^^^^^^^^^^^^^^^^^^^^^^
[INFO] [stdout] 
[INFO] [stdout] 
[INFO] [stdout] error[E0599]: no associated function or constant named `generate` found for struct `soroban_sdk::Address` in the current scope
[INFO] [stdout]    --> contracts/extender/src/test.rs:183:39
[INFO] [stdout]     |
[INFO] [stdout] 183 |         client.try_withdraw(&Address::generate(&env), &1),
[INFO] [stdout]     |                                       ^^^^^^^^ associated function or constant not found in `soroban_sdk::Address`
[INFO] [stdout]     |
[INFO] [stdout] note: if you're trying to build a new `soroban_sdk::Address` consider using one of the following associated functions:
[INFO] [stdout]       soroban_sdk::Address::from_str
[INFO] [stdout]       soroban_sdk::Address::from_string
[INFO] [stdout]       soroban_sdk::Address::from_string_bytes
[INFO] [stdout]    --> /opt/rustwide/cargo-home/registry/src/index.crates.io-1949cf8c6b5b557f/soroban-sdk-27.0.5/src/address.rs:280:5
[INFO] [stdout]     |
[INFO] [stdout] 280 |     pub fn from_str(env: &Env, strkey: &str) -> Address {
[INFO] [stdout]     |     ^^^^^^^^^^^^^^^^^^^^^^^^^^^^^^^^^^^^^^^^^^^^^^^^^^^
[INFO] [stdout] ...
[INFO] [stdout] 292 |     pub fn from_string(strkey: &String) -> Self {
[INFO] [stdout]     |     ^^^^^^^^^^^^^^^^^^^^^^^^^^^^^^^^^^^^^^^^^^^
[INFO] [stdout] ...
[INFO] [stdout] 314 |     pub fn from_string_bytes(strkey: &Bytes) -> Self {
[INFO] [stdout]     |     ^^^^^^^^^^^^^^^^^^^^^^^^^^^^^^^^^^^^^^^^^^^^^^^^
[INFO] [stdout] 
[INFO] [stdout] 
[INFO] [stdout] error[E0599]: no method named `register` found for struct `Env` in the current scope
[INFO] [stdout]    --> contracts/registry/src/test.rs:103:27
[INFO] [stdout]     |
[INFO] [stdout] 103 |     let contract_id = env.register(RegistryContract, ());
[INFO] [stdout]     |                           ^^^^^^^^ method not found in `Env`
[INFO] [stdout] 
[INFO] [stdout] 
[INFO] [stdout] error[E0599]: no method named `register` found for struct `Env` in the current scope
[INFO] [stdout]    --> contracts/extender/src/test.rs:200:27
[INFO] [stdout]     |
[INFO] [stdout] 200 |     let contract_id = env.register(ExtenderContract, ());
[INFO] [stdout]     |                           ^^^^^^^^ method not found in `Env`
[INFO] [stdout] 
[INFO] [stdout] 
[INFO] [stdout] error[E0599]: no associated function or constant named `generate` found for struct `soroban_sdk::Address` in the current scope
[INFO] [stdout]    --> contracts/registry/src/test.rs:108:19
[INFO] [stdout]     |
[INFO] [stdout] 108 |         &Address::generate(&env),
[INFO] [stdout]     |                   ^^^^^^^^ associated function or constant not found in `soroban_sdk::Address`
[INFO] [stdout]     |
[INFO] [stdout] note: if you're trying to build a new `soroban_sdk::Address` consider using one of the following associated functions:
[INFO] [stdout]       soroban_sdk::Address::from_str
[INFO] [stdout]       soroban_sdk::Address::from_string
[INFO] [stdout]       soroban_sdk::Address::from_string_bytes
[INFO] [stdout]    --> /opt/rustwide/cargo-home/registry/src/index.crates.io-1949cf8c6b5b557f/soroban-sdk-27.0.5/src/address.rs:280:5
[INFO] [stdout]     |
[INFO] [stdout] 280 |     pub fn from_str(env: &Env, strkey: &str) -> Address {
[INFO] [stdout]     |     ^^^^^^^^^^^^^^^^^^^^^^^^^^^^^^^^^^^^^^^^^^^^^^^^^^^
[INFO] [stdout] ...
[INFO] [stdout] 292 |     pub fn from_string(strkey: &String) -> Self {
[INFO] [stdout]     |     ^^^^^^^^^^^^^^^^^^^^^^^^^^^^^^^^^^^^^^^^^^^
[INFO] [stdout] ...
[INFO] [stdout] 314 |     pub fn from_string_bytes(strkey: &Bytes) -> Self {
[INFO] [stdout]     |     ^^^^^^^^^^^^^^^^^^^^^^^^^^^^^^^^^^^^^^^^^^^^^^^^
[INFO] [stdout] 
[INFO] [stdout] 
[INFO] [stdout] error[E0599]: no associated function or constant named `generate` found for struct `soroban_sdk::Address` in the current scope
[INFO] [stdout]    --> contracts/registry/src/test.rs:109:19
[INFO] [stdout]     |
[INFO] [stdout] 109 |         &Address::generate(&env),
[INFO] [stdout]     |                   ^^^^^^^^ associated function or constant not found in `soroban_sdk::Address`
[INFO] [stdout]     |
[INFO] [stdout] note: if you're trying to build a new `soroban_sdk::Address` consider using one of the following associated functions:
[INFO] [stdout]       soroban_sdk::Address::from_str
[INFO] [stdout]       soroban_sdk::Address::from_string
[INFO] [stdout]       soroban_sdk::Address::from_string_bytes
[INFO] [stdout]    --> /opt/rustwide/cargo-home/registry/src/index.crates.io-1949cf8c6b5b557f/soroban-sdk-27.0.5/src/address.rs:280:5
[INFO] [stdout]     |
[INFO] [stdout] 280 |     pub fn from_str(env: &Env, strkey: &str) -> Address {
[INFO] [stdout]     |     ^^^^^^^^^^^^^^^^^^^^^^^^^^^^^^^^^^^^^^^^^^^^^^^^^^^
[INFO] [stdout] ...
[INFO] [stdout] 292 |     pub fn from_string(strkey: &String) -> Self {
[INFO] [stdout]     |     ^^^^^^^^^^^^^^^^^^^^^^^^^^^^^^^^^^^^^^^^^^^
[INFO] [stdout] ...
[INFO] [stdout] 314 |     pub fn from_string_bytes(strkey: &Bytes) -> Self {
[INFO] [stdout]     |     ^^^^^^^^^^^^^^^^^^^^^^^^^^^^^^^^^^^^^^^^^^^^^^^^
[INFO] [stdout] 
[INFO] [stdout] 
[INFO] [stdout] error[E0599]: no associated function or constant named `generate` found for struct `soroban_sdk::Address` in the current scope
[INFO] [stdout]    --> contracts/extender/src/test.rs:203:19
[INFO] [stdout]     |
[INFO] [stdout] 203 |         &Address::generate(&env),
[INFO] [stdout]     |                   ^^^^^^^^ associated function or constant not found in `soroban_sdk::Address`
[INFO] [stdout]     |
[INFO] [stdout] note: if you're trying to build a new `soroban_sdk::Address` consider using one of the following associated functions:
[INFO] [stdout]       soroban_sdk::Address::from_str
[INFO] [stdout]       soroban_sdk::Address::from_string
[INFO] [stdout]       soroban_sdk::Address::from_string_bytes
[INFO] [stdout]    --> /opt/rustwide/cargo-home/registry/src/index.crates.io-1949cf8c6b5b557f/soroban-sdk-27.0.5/src/address.rs:280:5
[INFO] [stdout]     |
[INFO] [stdout] 280 |     pub fn from_str(env: &Env, strkey: &str) -> Address {
[INFO] [stdout]     |     ^^^^^^^^^^^^^^^^^^^^^^^^^^^^^^^^^^^^^^^^^^^^^^^^^^^
[INFO] [stdout] ...
[INFO] [stdout] 292 |     pub fn from_string(strkey: &String) -> Self {
[INFO] [stdout]     |     ^^^^^^^^^^^^^^^^^^^^^^^^^^^^^^^^^^^^^^^^^^^
[INFO] [stdout] ...
[INFO] [stdout] 314 |     pub fn from_string_bytes(strkey: &Bytes) -> Self {
[INFO] [stdout]     |     ^^^^^^^^^^^^^^^^^^^^^^^^^^^^^^^^^^^^^^^^^^^^^^^^
[INFO] [stdout] 
[INFO] [stdout] 
[INFO] [stdout] error[E0599]: no associated function or constant named `generate` found for struct `soroban_sdk::Address` in the current scope
[INFO] [stdout]    --> contracts/registry/src/test.rs:117:28
[INFO] [stdout]     |
[INFO] [stdout] 117 |     let watched = Address::generate(&env);
[INFO] [stdout]     |                            ^^^^^^^^ associated function or constant not found in `soroban_sdk::Address`
[INFO] [stdout]     |
[INFO] [stdout] note: if you're trying to build a new `soroban_sdk::Address` consider using one of the following associated functions:
[INFO] [stdout]       soroban_sdk::Address::from_str
[INFO] [stdout]       soroban_sdk::Address::from_string
[INFO] [stdout]       soroban_sdk::Address::from_string_bytes
[INFO] [stdout]    --> /opt/rustwide/cargo-home/registry/src/index.crates.io-1949cf8c6b5b557f/soroban-sdk-27.0.5/src/address.rs:280:5
[INFO] [stdout]     |
[INFO] [stdout] 280 |     pub fn from_str(env: &Env, strkey: &str) -> Address {
[INFO] [stdout]     |     ^^^^^^^^^^^^^^^^^^^^^^^^^^^^^^^^^^^^^^^^^^^^^^^^^^^
[INFO] [stdout] ...
[INFO] [stdout] 292 |     pub fn from_string(strkey: &String) -> Self {
[INFO] [stdout]     |     ^^^^^^^^^^^^^^^^^^^^^^^^^^^^^^^^^^^^^^^^^^^
[INFO] [stdout] ...
[INFO] [stdout] 314 |     pub fn from_string_bytes(strkey: &Bytes) -> Self {
[INFO] [stdout]     |     ^^^^^^^^^^^^^^^^^^^^^^^^^^^^^^^^^^^^^^^^^^^^^^^^
[INFO] [stdout] 
[INFO] [stdout] 
[INFO] [stdout] error[E0599]: no method named `register_stellar_asset_contract_v2` found for struct `Env` in the current scope
[INFO] [stdout]    --> contracts/extender/src/test.rs:204:14
[INFO] [stdout]     |
[INFO] [stdout] 204 |         &env.register_stellar_asset_contract_v2(Address::generate(&env)).address(),
[INFO] [stdout]     |              ^^^^^^^^^^^^^^^^^^^^^^^^^^^^^^^^^^
[INFO] [stdout]     |
[INFO] [stdout] help: there is a method `get_asset_contract_id` with a similar name
[INFO] [stdout]     |
[INFO] [stdout] 204 -         &env.register_stellar_asset_contract_v2(Address::generate(&env)).address(),
[INFO] [stdout] 204 +         &env.get_asset_contract_id(Address::generate(&env)).address(),
[INFO] [stdout]     |
[INFO] [stdout] 
[INFO] [stdout] 
[INFO] [stdout] error[E0599]: no associated function or constant named `generate` found for struct `soroban_sdk::Address` in the current scope
[INFO] [stdout]    --> contracts/registry/src/test.rs:167:29
[INFO] [stdout]     |
[INFO] [stdout] 167 |     let stranger = Address::generate(&env);
[INFO] [stdout]     |                             ^^^^^^^^ associated function or constant not found in `soroban_sdk::Address`
[INFO] [stdout]     |
[INFO] [stdout] note: if you're trying to build a new `soroban_sdk::Address` consider using one of the following associated functions:
[INFO] [stdout]       soroban_sdk::Address::from_str
[INFO] [stdout]       soroban_sdk::Address::from_string
[INFO] [stdout]       soroban_sdk::Address::from_string_bytes
[INFO] [stdout]    --> /opt/rustwide/cargo-home/registry/src/index.crates.io-1949cf8c6b5b557f/soroban-sdk-27.0.5/src/address.rs:280:5
[INFO] [stdout]     |
[INFO] [stdout] 280 |     pub fn from_str(env: &Env, strkey: &str) -> Address {
[INFO] [stdout]     |     ^^^^^^^^^^^^^^^^^^^^^^^^^^^^^^^^^^^^^^^^^^^^^^^^^^^
[INFO] [stdout] ...
[INFO] [stdout] 292 |     pub fn from_string(strkey: &String) -> Self {
[INFO] [stdout]     |     ^^^^^^^^^^^^^^^^^^^^^^^^^^^^^^^^^^^^^^^^^^^
[INFO] [stdout] ...
[INFO] [stdout] 314 |     pub fn from_string_bytes(strkey: &Bytes) -> Self {
[INFO] [stdout]     |     ^^^^^^^^^^^^^^^^^^^^^^^^^^^^^^^^^^^^^^^^^^^^^^^^
[INFO] [stdout] 
[INFO] [stdout] 
[INFO] [stdout] error[E0599]: no associated function or constant named `generate` found for struct `soroban_sdk::Address` in the current scope
[INFO] [stdout]    --> contracts/extender/src/test.rs:204:58
[INFO] [stdout]     |
[INFO] [stdout] 204 |         &env.register_stellar_asset_contract_v2(Address::generate(&env)).address(),
[INFO] [stdout]     |                                                          ^^^^^^^^ associated function or constant not found in `soroban_sdk::Address`
[INFO] [stdout]     |
[INFO] [stdout] note: if you're trying to build a new `soroban_sdk::Address` consider using one of the following associated functions:
[INFO] [stdout]       soroban_sdk::Address::from_str
[INFO] [stdout]       soroban_sdk::Address::from_string
[INFO] [stdout]       soroban_sdk::Address::from_string_bytes
[INFO] [stdout]    --> /opt/rustwide/cargo-home/registry/src/index.crates.io-1949cf8c6b5b557f/soroban-sdk-27.0.5/src/address.rs:280:5
[INFO] [stdout]     |
[INFO] [stdout] 280 |     pub fn from_str(env: &Env, strkey: &str) -> Address {
[INFO] [stdout]     |     ^^^^^^^^^^^^^^^^^^^^^^^^^^^^^^^^^^^^^^^^^^^^^^^^^^^
[INFO] [stdout] ...
[INFO] [stdout] 292 |     pub fn from_string(strkey: &String) -> Self {
[INFO] [stdout]     |     ^^^^^^^^^^^^^^^^^^^^^^^^^^^^^^^^^^^^^^^^^^^
[INFO] [stdout] ...
[INFO] [stdout] 314 |     pub fn from_string_bytes(strkey: &Bytes) -> Self {
[INFO] [stdout]     |     ^^^^^^^^^^^^^^^^^^^^^^^^^^^^^^^^^^^^^^^^^^^^^^^^
[INFO] [stdout] 
[INFO] [stdout] 
[INFO] [stdout] error[E0599]: no associated function or constant named `generate` found for struct `soroban_sdk::Address` in the current scope
[INFO] [stdout]    --> contracts/registry/src/test.rs:171:19
[INFO] [stdout]     |
[INFO] [stdout] 171 |         &Address::generate(&env),
[INFO] [stdout]     |                   ^^^^^^^^ associated function or constant not found in `soroban_sdk::Address`
[INFO] [stdout]     |
[INFO] [stdout] note: if you're trying to build a new `soroban_sdk::Address` consider using one of the following associated functions:
[INFO] [stdout]       soroban_sdk::Address::from_str
[INFO] [stdout]       soroban_sdk::Address::from_string
[INFO] [stdout]       soroban_sdk::Address::from_string_bytes
[INFO] [stdout]    --> /opt/rustwide/cargo-home/registry/src/index.crates.io-1949cf8c6b5b557f/soroban-sdk-27.0.5/src/address.rs:280:5
[INFO] [stdout]     |
[INFO] [stdout] 280 |     pub fn from_str(env: &Env, strkey: &str) -> Address {
[INFO] [stdout]     |     ^^^^^^^^^^^^^^^^^^^^^^^^^^^^^^^^^^^^^^^^^^^^^^^^^^^
[INFO] [stdout] ...
[INFO] [stdout] 292 |     pub fn from_string(strkey: &String) -> Self {
[INFO] [stdout]     |     ^^^^^^^^^^^^^^^^^^^^^^^^^^^^^^^^^^^^^^^^^^^
[INFO] [stdout] ...
[INFO] [stdout] 314 |     pub fn from_string_bytes(strkey: &Bytes) -> Self {
[INFO] [stdout]     |     ^^^^^^^^^^^^^^^^^^^^^^^^^^^^^^^^^^^^^^^^^^^^^^^^
[INFO] [stdout] 
[INFO] [stdout] 
[INFO] [stdout] error[E0599]: no associated function or constant named `generate` found for struct `soroban_sdk::Address` in the current scope
[INFO] [stdout]    --> contracts/extender/src/test.rs:206:31
[INFO] [stdout]     |
[INFO] [stdout] 206 |     client.withdraw(&Address::generate(&env), &100);
[INFO] [stdout]     |                               ^^^^^^^^ associated function or constant not found in `soroban_sdk::Address`
[INFO] [stdout]     |
[INFO] [stdout] note: if you're trying to build a new `soroban_sdk::Address` consider using one of the following associated functions:
[INFO] [stdout]       soroban_sdk::Address::from_str
[INFO] [stdout]       soroban_sdk::Address::from_string
[INFO] [stdout]       soroban_sdk::Address::from_string_bytes
[INFO] [stdout]    --> /opt/rustwide/cargo-home/registry/src/index.crates.io-1949cf8c6b5b557f/soroban-sdk-27.0.5/src/address.rs:280:5
[INFO] [stdout]     |
[INFO] [stdout] 280 |     pub fn from_str(env: &Env, strkey: &str) -> Address {
[INFO] [stdout]     |     ^^^^^^^^^^^^^^^^^^^^^^^^^^^^^^^^^^^^^^^^^^^^^^^^^^^
[INFO] [stdout] ...
[INFO] [stdout] 292 |     pub fn from_string(strkey: &String) -> Self {
[INFO] [stdout]     |     ^^^^^^^^^^^^^^^^^^^^^^^^^^^^^^^^^^^^^^^^^^^
[INFO] [stdout] ...
[INFO] [stdout] 314 |     pub fn from_string_bytes(strkey: &Bytes) -> Self {
[INFO] [stdout]     |     ^^^^^^^^^^^^^^^^^^^^^^^^^^^^^^^^^^^^^^^^^^^^^^^^
[INFO] [stdout] 
[INFO] [stdout] 
[INFO] [stdout] error[E0599]: no associated function or constant named `generate` found for struct `soroban_sdk::Address` in the current scope
[INFO] [stdout]    --> contracts/registry/src/test.rs:188:19
[INFO] [stdout]     |
[INFO] [stdout] 188 |         &Address::generate(&env),
[INFO] [stdout]     |                   ^^^^^^^^ associated function or constant not found in `soroban_sdk::Address`
[INFO] [stdout]     |
[INFO] [stdout] note: if you're trying to build a new `soroban_sdk::Address` consider using one of the following associated functions:
[INFO] [stdout]       soroban_sdk::Address::from_str
[INFO] [stdout]       soroban_sdk::Address::from_string
[INFO] [stdout]       soroban_sdk::Address::from_string_bytes
[INFO] [stdout]    --> /opt/rustwide/cargo-home/registry/src/index.crates.io-1949cf8c6b5b557f/soroban-sdk-27.0.5/src/address.rs:280:5
[INFO] [stdout]     |
[INFO] [stdout] 280 |     pub fn from_str(env: &Env, strkey: &str) -> Address {
[INFO] [stdout]     |     ^^^^^^^^^^^^^^^^^^^^^^^^^^^^^^^^^^^^^^^^^^^^^^^^^^^
[INFO] [stdout] ...
[INFO] [stdout] 292 |     pub fn from_string(strkey: &String) -> Self {
[INFO] [stdout]     |     ^^^^^^^^^^^^^^^^^^^^^^^^^^^^^^^^^^^^^^^^^^^
[INFO] [stdout] ...
[INFO] [stdout] 314 |     pub fn from_string_bytes(strkey: &Bytes) -> Self {
[INFO] [stdout]     |     ^^^^^^^^^^^^^^^^^^^^^^^^^^^^^^^^^^^^^^^^^^^^^^^^
[INFO] [stdout] 
[INFO] [stdout] 
[INFO] [stdout] error[E0599]: no associated function or constant named `generate` found for struct `soroban_sdk::Address` in the current scope
[INFO] [stdout]    --> contracts/registry/src/test.rs:206:19
[INFO] [stdout]     |
[INFO] [stdout] 206 |         &Address::generate(&env),
[INFO] [stdout]     |                   ^^^^^^^^ associated function or constant not found in `soroban_sdk::Address`
[INFO] [stdout]     |
[INFO] [stdout] note: if you're trying to build a new `soroban_sdk::Address` consider using one of the following associated functions:
[INFO] [stdout]       soroban_sdk::Address::from_str
[INFO] [stdout]       soroban_sdk::Address::from_string
[INFO] [stdout]       soroban_sdk::Address::from_string_bytes
[INFO] [stdout]    --> /opt/rustwide/cargo-home/registry/src/index.crates.io-1949cf8c6b5b557f/soroban-sdk-27.0.5/src/address.rs:280:5
[INFO] [stdout]     |
[INFO] [stdout] 280 |     pub fn from_str(env: &Env, strkey: &str) -> Address {
[INFO] [stdout]     |     ^^^^^^^^^^^^^^^^^^^^^^^^^^^^^^^^^^^^^^^^^^^^^^^^^^^
[INFO] [stdout] ...
[INFO] [stdout] 292 |     pub fn from_string(strkey: &String) -> Self {
[INFO] [stdout]     |     ^^^^^^^^^^^^^^^^^^^^^^^^^^^^^^^^^^^^^^^^^^^
[INFO] [stdout] ...
[INFO] [stdout] 314 |     pub fn from_string_bytes(strkey: &Bytes) -> Self {
[INFO] [stdout]     |     ^^^^^^^^^^^^^^^^^^^^^^^^^^^^^^^^^^^^^^^^^^^^^^^^
[INFO] [stdout] 
[INFO] [stdout] 
[INFO] [stdout] error[E0599]: no method named `mock_all_auths` found for struct `Env` in the current scope
[INFO] [stdout]    --> contracts/extender/src/test.rs:269:9
[INFO] [stdout]     |
[INFO] [stdout] 269 |     env.mock_all_auths();
[INFO] [stdout]     |         ^^^^^^^^^^^^^^ method not found in `Env`
[INFO] [stdout] 
[INFO] [stdout] 
[INFO] [stdout] error[E0599]: no associated function or constant named `generate` found for struct `soroban_sdk::Address` in the current scope
[INFO] [stdout]    --> contracts/registry/src/test.rs:218:19
[INFO] [stdout]     |
[INFO] [stdout] 218 |         &Address::generate(&env),
[INFO] [stdout]     |                   ^^^^^^^^ associated function or constant not found in `soroban_sdk::Address`
[INFO] [stdout]     |
[INFO] [stdout] note: if you're trying to build a new `soroban_sdk::Address` consider using one of the following associated functions:
[INFO] [stdout]       soroban_sdk::Address::from_str
[INFO] [stdout]       soroban_sdk::Address::from_string
[INFO] [stdout]       soroban_sdk::Address::from_string_bytes
[INFO] [stdout]    --> /opt/rustwide/cargo-home/registry/src/index.crates.io-1949cf8c6b5b557f/soroban-sdk-27.0.5/src/address.rs:280:5
[INFO] [stdout]     |
[INFO] [stdout] 280 |     pub fn from_str(env: &Env, strkey: &str) -> Address {
[INFO] [stdout]     |     ^^^^^^^^^^^^^^^^^^^^^^^^^^^^^^^^^^^^^^^^^^^^^^^^^^^
[INFO] [stdout] ...
[INFO] [stdout] 292 |     pub fn from_string(strkey: &String) -> Self {
[INFO] [stdout]     |     ^^^^^^^^^^^^^^^^^^^^^^^^^^^^^^^^^^^^^^^^^^^
[INFO] [stdout] ...
[INFO] [stdout] 314 |     pub fn from_string_bytes(strkey: &Bytes) -> Self {
[INFO] [stdout]     |     ^^^^^^^^^^^^^^^^^^^^^^^^^^^^^^^^^^^^^^^^^^^^^^^^
[INFO] [stdout] 
[INFO] [stdout] 
[INFO] [stdout] error[E0599]: no method named `register` found for struct `Env` in the current scope
[INFO] [stdout]    --> contracts/extender/src/test.rs:270:27
[INFO] [stdout]     |
[INFO] [stdout] 270 |     let contract_id = env.register(ExtenderContract, ());
[INFO] [stdout]     |                           ^^^^^^^^ method not found in `Env`
[INFO] [stdout] 
[INFO] [stdout] 
[INFO] [stdout] error[E0599]: no associated function or constant named `generate` found for struct `soroban_sdk::Address` in the current scope
[INFO] [stdout]    --> contracts/extender/src/test.rs:273:52
[INFO] [stdout]     |
[INFO] [stdout] 273 |         client.try_record_extension_cost(&Address::generate(&env), &100),
[INFO] [stdout]     |                                                    ^^^^^^^^ associated function or constant not found in `soroban_sdk::Address`
[INFO] [stdout]     |
[INFO] [stdout] note: if you're trying to build a new `soroban_sdk::Address` consider using one of the following associated functions:
[INFO] [stdout]       soroban_sdk::Address::from_str
[INFO] [stdout]       soroban_sdk::Address::from_string
[INFO] [stdout]       soroban_sdk::Address::from_string_bytes
[INFO] [stdout]    --> /opt/rustwide/cargo-home/registry/src/index.crates.io-1949cf8c6b5b557f/soroban-sdk-27.0.5/src/address.rs:280:5
[INFO] [stdout]     |
[INFO] [stdout] 280 |     pub fn from_str(env: &Env, strkey: &str) -> Address {
[INFO] [stdout]     |     ^^^^^^^^^^^^^^^^^^^^^^^^^^^^^^^^^^^^^^^^^^^^^^^^^^^
[INFO] [stdout] ...
[INFO] [stdout] 292 |     pub fn from_string(strkey: &String) -> Self {
[INFO] [stdout]     |     ^^^^^^^^^^^^^^^^^^^^^^^^^^^^^^^^^^^^^^^^^^^
[INFO] [stdout] ...
[INFO] [stdout] 314 |     pub fn from_string_bytes(strkey: &Bytes) -> Self {
[INFO] [stdout]     |     ^^^^^^^^^^^^^^^^^^^^^^^^^^^^^^^^^^^^^^^^^^^^^^^^
[INFO] [stdout] 
[INFO] [stdout] 
[INFO] [stdout] error[E0599]: no method named `register` found for struct `Env` in the current scope
[INFO] [stdout]    --> contracts/registry/src/test.rs:232:27
[INFO] [stdout]     |
[INFO] [stdout] 232 |     let contract_id = env.register(RegistryContract, ());
[INFO] [stdout]     |                           ^^^^^^^^ method not found in `Env`
[INFO] [stdout] 
[INFO] [stdout] 
[INFO] [stdout] error[E0599]: no associated function or constant named `generate` found for struct `soroban_sdk::Address` in the current scope
[INFO] [stdout]    --> contracts/registry/src/test.rs:237:19
[INFO] [stdout]     |
[INFO] [stdout] 237 |         &Address::generate(&env),
[INFO] [stdout]     |                   ^^^^^^^^ associated function or constant not found in `soroban_sdk::Address`
[INFO] [stdout]     |
[INFO] [stdout] note: if you're trying to build a new `soroban_sdk::Address` consider using one of the following associated functions:
[INFO] [stdout]       soroban_sdk::Address::from_str
[INFO] [stdout]       soroban_sdk::Address::from_string
[INFO] [stdout]       soroban_sdk::Address::from_string_bytes
[INFO] [stdout]    --> /opt/rustwide/cargo-home/registry/src/index.crates.io-1949cf8c6b5b557f/soroban-sdk-27.0.5/src/address.rs:280:5
[INFO] [stdout]     |
[INFO] [stdout] 280 |     pub fn from_str(env: &Env, strkey: &str) -> Address {
[INFO] [stdout]     |     ^^^^^^^^^^^^^^^^^^^^^^^^^^^^^^^^^^^^^^^^^^^^^^^^^^^
[INFO] [stdout] ...
[INFO] [stdout] 292 |     pub fn from_string(strkey: &String) -> Self {
[INFO] [stdout]     |     ^^^^^^^^^^^^^^^^^^^^^^^^^^^^^^^^^^^^^^^^^^^
[INFO] [stdout] ...
[INFO] [stdout] 314 |     pub fn from_string_bytes(strkey: &Bytes) -> Self {
[INFO] [stdout]     |     ^^^^^^^^^^^^^^^^^^^^^^^^^^^^^^^^^^^^^^^^^^^^^^^^
[INFO] [stdout] 
[INFO] [stdout] 
[INFO] [stdout] error[E0599]: no associated function or constant named `generate` found for struct `soroban_sdk::Address` in the current scope
[INFO] [stdout]    --> contracts/registry/src/test.rs:238:19
[INFO] [stdout]     |
[INFO] [stdout] 238 |         &Address::generate(&env),
[INFO] [stdout]     |                   ^^^^^^^^ associated function or constant not found in `soroban_sdk::Address`
[INFO] [stdout]     |
[INFO] [stdout] note: if you're trying to build a new `soroban_sdk::Address` consider using one of the following associated functions:
[INFO] [stdout]       soroban_sdk::Address::from_str
[INFO] [stdout]       soroban_sdk::Address::from_string
[INFO] [stdout]       soroban_sdk::Address::from_string_bytes
[INFO] [stdout]    --> /opt/rustwide/cargo-home/registry/src/index.crates.io-1949cf8c6b5b557f/soroban-sdk-27.0.5/src/address.rs:280:5
[INFO] [stdout]     |
[INFO] [stdout] 280 |     pub fn from_str(env: &Env, strkey: &str) -> Address {
[INFO] [stdout]     |     ^^^^^^^^^^^^^^^^^^^^^^^^^^^^^^^^^^^^^^^^^^^^^^^^^^^
[INFO] [stdout] ...
[INFO] [stdout] 292 |     pub fn from_string(strkey: &String) -> Self {
[INFO] [stdout]     |     ^^^^^^^^^^^^^^^^^^^^^^^^^^^^^^^^^^^^^^^^^^^
[INFO] [stdout] ...
[INFO] [stdout] 314 |     pub fn from_string_bytes(strkey: &Bytes) -> Self {
[INFO] [stdout]     |     ^^^^^^^^^^^^^^^^^^^^^^^^^^^^^^^^^^^^^^^^^^^^^^^^
[INFO] [stdout] 
[INFO] [stdout] 
[INFO] [stdout] error[E0599]: no method named `register` found for struct `Env` in the current scope
[INFO] [stdout]    --> contracts/extender/src/test.rs:285:27
[INFO] [stdout]     |
[INFO] [stdout] 285 |     let contract_id = env.register(ExtenderContract, ());
[INFO] [stdout]     |                           ^^^^^^^^ method not found in `Env`
[INFO] [stdout] 
[INFO] [stdout] 
[INFO] [stdout] error[E0599]: no associated function or constant named `generate` found for struct `soroban_sdk::Address` in the current scope
[INFO] [stdout]    --> contracts/registry/src/test.rs:252:25
[INFO] [stdout]     |
[INFO] [stdout] 252 |         &org, &Address::generate(&env), &Durability::Persistent, &None::<Bytes>, &1_000, &10_000,
[INFO] [stdout]     |                         ^^^^^^^^ associated function or constant not found in `soroban_sdk::Address`
[INFO] [stdout]     |
[INFO] [stdout] note: if you're trying to build a new `soroban_sdk::Address` consider using one of the following associated functions:
[INFO] [stdout]       soroban_sdk::Address::from_str
[INFO] [stdout]       soroban_sdk::Address::from_string
[INFO] [stdout]       soroban_sdk::Address::from_string_bytes
[INFO] [stdout]    --> /opt/rustwide/cargo-home/registry/src/index.crates.io-1949cf8c6b5b557f/soroban-sdk-27.0.5/src/address.rs:280:5
[INFO] [stdout]     |
[INFO] [stdout] 280 |     pub fn from_str(env: &Env, strkey: &str) -> Address {
[INFO] [stdout]     |     ^^^^^^^^^^^^^^^^^^^^^^^^^^^^^^^^^^^^^^^^^^^^^^^^^^^
[INFO] [stdout] ...
[INFO] [stdout] 292 |     pub fn from_string(strkey: &String) -> Self {
[INFO] [stdout]     |     ^^^^^^^^^^^^^^^^^^^^^^^^^^^^^^^^^^^^^^^^^^^
[INFO] [stdout] ...
[INFO] [stdout] 314 |     pub fn from_string_bytes(strkey: &Bytes) -> Self {
[INFO] [stdout]     |     ^^^^^^^^^^^^^^^^^^^^^^^^^^^^^^^^^^^^^^^^^^^^^^^^
[INFO] [stdout] 
[INFO] [stdout] 
[INFO] [stdout] error[E0599]: no associated function or constant named `generate` found for struct `soroban_sdk::Address` in the current scope
[INFO] [stdout]    --> contracts/extender/src/test.rs:288:19
[INFO] [stdout]     |
[INFO] [stdout] 288 |         &Address::generate(&env),
[INFO] [stdout]     |                   ^^^^^^^^ associated function or constant not found in `soroban_sdk::Address`
[INFO] [stdout]     |
[INFO] [stdout] note: if you're trying to build a new `soroban_sdk::Address` consider using one of the following associated functions:
[INFO] [stdout]       soroban_sdk::Address::from_str
[INFO] [stdout]       soroban_sdk::Address::from_string
[INFO] [stdout]       soroban_sdk::Address::from_string_bytes
[INFO] [stdout]    --> /opt/rustwide/cargo-home/registry/src/index.crates.io-1949cf8c6b5b557f/soroban-sdk-27.0.5/src/address.rs:280:5
[INFO] [stdout]     |
[INFO] [stdout] 280 |     pub fn from_str(env: &Env, strkey: &str) -> Address {
[INFO] [stdout]     |     ^^^^^^^^^^^^^^^^^^^^^^^^^^^^^^^^^^^^^^^^^^^^^^^^^^^
[INFO] [stdout] ...
[INFO] [stdout] 292 |     pub fn from_string(strkey: &String) -> Self {
[INFO] [stdout]     |     ^^^^^^^^^^^^^^^^^^^^^^^^^^^^^^^^^^^^^^^^^^^
[INFO] [stdout] ...
[INFO] [stdout] 314 |     pub fn from_string_bytes(strkey: &Bytes) -> Self {
[INFO] [stdout]     |     ^^^^^^^^^^^^^^^^^^^^^^^^^^^^^^^^^^^^^^^^^^^^^^^^
[INFO] [stdout] 
[INFO] [stdout] 
[INFO] [stdout] error[E0599]: no associated function or constant named `generate` found for struct `soroban_sdk::Address` in the current scope
[INFO] [stdout]    --> contracts/registry/src/test.rs:274:26
[INFO] [stdout]     |
[INFO] [stdout] 274 |     let other = Address::generate(&env);
[INFO] [stdout]     |                          ^^^^^^^^ associated function or constant not found in `soroban_sdk::Address`
[INFO] [stdout]     |
[INFO] [stdout] note: if you're trying to build a new `soroban_sdk::Address` consider using one of the following associated functions:
[INFO] [stdout]       soroban_sdk::Address::from_str
[INFO] [stdout]       soroban_sdk::Address::from_string
[INFO] [stdout]       soroban_sdk::Address::from_string_bytes
[INFO] [stdout]    --> /opt/rustwide/cargo-home/registry/src/index.crates.io-1949cf8c6b5b557f/soroban-sdk-27.0.5/src/address.rs:280:5
[INFO] [stdout]     |
[INFO] [stdout] 280 |     pub fn from_str(env: &Env, strkey: &str) -> Address {
[INFO] [stdout]     |     ^^^^^^^^^^^^^^^^^^^^^^^^^^^^^^^^^^^^^^^^^^^^^^^^^^^
[INFO] [stdout] ...
[INFO] [stdout] 292 |     pub fn from_string(strkey: &String) -> Self {
[INFO] [stdout]     |     ^^^^^^^^^^^^^^^^^^^^^^^^^^^^^^^^^^^^^^^^^^^
[INFO] [stdout] ...
[INFO] [stdout] 314 |     pub fn from_string_bytes(strkey: &Bytes) -> Self {
[INFO] [stdout]     |     ^^^^^^^^^^^^^^^^^^^^^^^^^^^^^^^^^^^^^^^^^^^^^^^^
[INFO] [stdout] 
[INFO] [stdout] 
[INFO] [stdout] error[E0599]: no associated function or constant named `generate` found for struct `soroban_sdk::Address` in the current scope
[INFO] [stdout]    --> contracts/registry/src/test.rs:276:43
[INFO] [stdout]     |
[INFO] [stdout] 276 |     client.register_org(&other, &Address::generate(&env), &BytesN::from_array(&env, &[2u8; 32]));
[INFO] [stdout]     |                                           ^^^^^^^^ associated function or constant not found in `soroban_sdk::Address`
[INFO] [stdout]     |
[INFO] [stdout] note: if you're trying to build a new `soroban_sdk::Address` consider using one of the following associated functions:
[INFO] [stdout]       soroban_sdk::Address::from_str
[INFO] [stdout]       soroban_sdk::Address::from_string
[INFO] [stdout]       soroban_sdk::Address::from_string_bytes
[INFO] [stdout]    --> /opt/rustwide/cargo-home/registry/src/index.crates.io-1949cf8c6b5b557f/soroban-sdk-27.0.5/src/address.rs:280:5
[INFO] [stdout]     |
[INFO] [stdout] 280 |     pub fn from_str(env: &Env, strkey: &str) -> Address {
[INFO] [stdout]     |     ^^^^^^^^^^^^^^^^^^^^^^^^^^^^^^^^^^^^^^^^^^^^^^^^^^^
[INFO] [stdout] ...
[INFO] [stdout] 292 |     pub fn from_string(strkey: &String) -> Self {
[INFO] [stdout]     |     ^^^^^^^^^^^^^^^^^^^^^^^^^^^^^^^^^^^^^^^^^^^
[INFO] [stdout] ...
[INFO] [stdout] 314 |     pub fn from_string_bytes(strkey: &Bytes) -> Self {
[INFO] [stdout]     |     ^^^^^^^^^^^^^^^^^^^^^^^^^^^^^^^^^^^^^^^^^^^^^^^^
[INFO] [stdout] 
[INFO] [stdout] 
[INFO] [stdout] error[E0599]: no associated function or constant named `generate` found for struct `soroban_sdk::Address` in the current scope
[INFO] [stdout]    --> contracts/registry/src/test.rs:278:25
[INFO] [stdout]     |
[INFO] [stdout] 278 |         &org, &Address::generate(&env), &Durability::Persistent, &None::<Bytes>, &1_000, &10_000,
[INFO] [stdout]     |                         ^^^^^^^^ associated function or constant not found in `soroban_sdk::Address`
[INFO] [stdout]     |
[INFO] [stdout] note: if you're trying to build a new `soroban_sdk::Address` consider using one of the following associated functions:
[INFO] [stdout]       soroban_sdk::Address::from_str
[INFO] [stdout]       soroban_sdk::Address::from_string
[INFO] [stdout]       soroban_sdk::Address::from_string_bytes
[INFO] [stdout]    --> /opt/rustwide/cargo-home/registry/src/index.crates.io-1949cf8c6b5b557f/soroban-sdk-27.0.5/src/address.rs:280:5
[INFO] [stdout]     |
[INFO] [stdout] 280 |     pub fn from_str(env: &Env, strkey: &str) -> Address {
[INFO] [stdout]     |     ^^^^^^^^^^^^^^^^^^^^^^^^^^^^^^^^^^^^^^^^^^^^^^^^^^^
[INFO] [stdout] ...
[INFO] [stdout] 292 |     pub fn from_string(strkey: &String) -> Self {
[INFO] [stdout]     |     ^^^^^^^^^^^^^^^^^^^^^^^^^^^^^^^^^^^^^^^^^^^
[INFO] [stdout] ...
[INFO] [stdout] 314 |     pub fn from_string_bytes(strkey: &Bytes) -> Self {
[INFO] [stdout]     |     ^^^^^^^^^^^^^^^^^^^^^^^^^^^^^^^^^^^^^^^^^^^^^^^^
[INFO] [stdout] 
[INFO] [stdout] 
[INFO] [stdout] error[E0599]: no method named `register_stellar_asset_contract_v2` found for struct `Env` in the current scope
[INFO] [stdout]    --> contracts/extender/src/test.rs:289:14
[INFO] [stdout]     |
[INFO] [stdout] 289 |         &env.register_stellar_asset_contract_v2(Address::generate(&env)).address(),
[INFO] [stdout]     |              ^^^^^^^^^^^^^^^^^^^^^^^^^^^^^^^^^^
[INFO] [stdout]     |
[INFO] [stdout] help: there is a method `get_asset_contract_id` with a similar name
[INFO] [stdout]     |
[INFO] [stdout] 289 -         &env.register_stellar_asset_contract_v2(Address::generate(&env)).address(),
[INFO] [stdout] 289 +         &env.get_asset_contract_id(Address::generate(&env)).address(),
[INFO] [stdout]     |
[INFO] [stdout] 
[INFO] [stdout] 
[INFO] [stdout] error[E0599]: no method named `register` found for struct `Env` in the current scope
[INFO] [stdout]    --> contracts/registry/src/test.rs:301:27
[INFO] [stdout]     |
[INFO] [stdout] 301 |     let contract_id = env.register(RegistryContract, ());
[INFO] [stdout]     |                           ^^^^^^^^ method not found in `Env`
[INFO] [stdout] 
[INFO] [stdout] 
[INFO] [stdout] error[E0599]: no associated function or constant named `generate` found for struct `soroban_sdk::Address` in the current scope
[INFO] [stdout]    --> contracts/extender/src/test.rs:289:58
[INFO] [stdout]     |
[INFO] [stdout] 289 |         &env.register_stellar_asset_contract_v2(Address::generate(&env)).address(),
[INFO] [stdout]     |                                                          ^^^^^^^^ associated function or constant not found in `soroban_sdk::Address`
[INFO] [stdout]     |
[INFO] [stdout] note: if you're trying to build a new `soroban_sdk::Address` consider using one of the following associated functions:
[INFO] [stdout]       soroban_sdk::Address::from_str
[INFO] [stdout]       soroban_sdk::Address::from_string
[INFO] [stdout]       soroban_sdk::Address::from_string_bytes
[INFO] [stdout]    --> /opt/rustwide/cargo-home/registry/src/index.crates.io-1949cf8c6b5b557f/soroban-sdk-27.0.5/src/address.rs:280:5
[INFO] [stdout]     |
[INFO] [stdout] 280 |     pub fn from_str(env: &Env, strkey: &str) -> Address {
[INFO] [stdout]     |     ^^^^^^^^^^^^^^^^^^^^^^^^^^^^^^^^^^^^^^^^^^^^^^^^^^^
[INFO] [stdout] ...
[INFO] [stdout] 292 |     pub fn from_string(strkey: &String) -> Self {
[INFO] [stdout]     |     ^^^^^^^^^^^^^^^^^^^^^^^^^^^^^^^^^^^^^^^^^^^
[INFO] [stdout] ...
[INFO] [stdout] 314 |     pub fn from_string_bytes(strkey: &Bytes) -> Self {
[INFO] [stdout]     |     ^^^^^^^^^^^^^^^^^^^^^^^^^^^^^^^^^^^^^^^^^^^^^^^^
[INFO] [stdout] 
[INFO] [stdout] 
[INFO] [stdout] error[E0599]: no associated function or constant named `generate` found for struct `soroban_sdk::Address` in the current scope
[INFO] [stdout]    --> contracts/registry/src/test.rs:304:43
[INFO] [stdout]     |
[INFO] [stdout] 304 |     client.remove_watched_entry(&Address::generate(&env), &1);
[INFO] [stdout]     |                                           ^^^^^^^^ associated function or constant not found in `soroban_sdk::Address`
[INFO] [stdout]     |
[INFO] [stdout] note: if you're trying to build a new `soroban_sdk::Address` consider using one of the following associated functions:
[INFO] [stdout]       soroban_sdk::Address::from_str
[INFO] [stdout]       soroban_sdk::Address::from_string
[INFO] [stdout]       soroban_sdk::Address::from_string_bytes
[INFO] [stdout]    --> /opt/rustwide/cargo-home/registry/src/index.crates.io-1949cf8c6b5b557f/soroban-sdk-27.0.5/src/address.rs:280:5
[INFO] [stdout]     |
[INFO] [stdout] 280 |     pub fn from_str(env: &Env, strkey: &str) -> Address {
[INFO] [stdout]     |     ^^^^^^^^^^^^^^^^^^^^^^^^^^^^^^^^^^^^^^^^^^^^^^^^^^^
[INFO] [stdout] ...
[INFO] [stdout] 292 |     pub fn from_string(strkey: &String) -> Self {
[INFO] [stdout]     |     ^^^^^^^^^^^^^^^^^^^^^^^^^^^^^^^^^^^^^^^^^^^
[INFO] [stdout] ...
[INFO] [stdout] 314 |     pub fn from_string_bytes(strkey: &Bytes) -> Self {
[INFO] [stdout]     |     ^^^^^^^^^^^^^^^^^^^^^^^^^^^^^^^^^^^^^^^^^^^^^^^^
[INFO] [stdout] 
[INFO] [stdout] 
[INFO] [stdout] error[E0599]: no associated function or constant named `generate` found for struct `soroban_sdk::Address` in the current scope
[INFO] [stdout]    --> contracts/extender/src/test.rs:291:44
[INFO] [stdout]     |
[INFO] [stdout] 291 |     client.record_extension_cost(&Address::generate(&env), &10_000);
[INFO] [stdout]     |                                            ^^^^^^^^ associated function or constant not found in `soroban_sdk::Address`
[INFO] [stdout]     |
[INFO] [stdout] note: if you're trying to build a new `soroban_sdk::Address` consider using one of the following associated functions:
[INFO] [stdout]       soroban_sdk::Address::from_str
[INFO] [stdout]       soroban_sdk::Address::from_string
[INFO] [stdout]       soroban_sdk::Address::from_string_bytes
[INFO] [stdout]    --> /opt/rustwide/cargo-home/registry/src/index.crates.io-1949cf8c6b5b557f/soroban-sdk-27.0.5/src/address.rs:280:5
[INFO] [stdout]     |
[INFO] [stdout] 280 |     pub fn from_str(env: &Env, strkey: &str) -> Address {
[INFO] [stdout]     |     ^^^^^^^^^^^^^^^^^^^^^^^^^^^^^^^^^^^^^^^^^^^^^^^^^^^
[INFO] [stdout] ...
[INFO] [stdout] 292 |     pub fn from_string(strkey: &String) -> Self {
[INFO] [stdout]     |     ^^^^^^^^^^^^^^^^^^^^^^^^^^^^^^^^^^^^^^^^^^^
[INFO] [stdout] ...
[INFO] [stdout] 314 |     pub fn from_string_bytes(strkey: &Bytes) -> Self {
[INFO] [stdout]     |     ^^^^^^^^^^^^^^^^^^^^^^^^^^^^^^^^^^^^^^^^^^^^^^^^
[INFO] [stdout] 
[INFO] [stdout] 
[INFO] [stdout] error[E0599]: no associated function or constant named `generate` found for struct `soroban_sdk::Address` in the current scope
[INFO] [stdout]    --> contracts/registry/src/test.rs:312:25
[INFO] [stdout]     |
[INFO] [stdout] 312 |         &org, &Address::generate(&env), &Durability::Persistent, &None::<Bytes>, &1_000, &10_000,
[INFO] [stdout]     |                         ^^^^^^^^ associated function or constant not found in `soroban_sdk::Address`
[INFO] [stdout]     |
[INFO] [stdout] note: if you're trying to build a new `soroban_sdk::Address` consider using one of the following associated functions:
[INFO] [stdout]       soroban_sdk::Address::from_str
[INFO] [stdout]       soroban_sdk::Address::from_string
[INFO] [stdout]       soroban_sdk::Address::from_string_bytes
[INFO] [stdout]    --> /opt/rustwide/cargo-home/registry/src/index.crates.io-1949cf8c6b5b557f/soroban-sdk-27.0.5/src/address.rs:280:5
[INFO] [stdout]     |
[INFO] [stdout] 280 |     pub fn from_str(env: &Env, strkey: &str) -> Address {
[INFO] [stdout]     |     ^^^^^^^^^^^^^^^^^^^^^^^^^^^^^^^^^^^^^^^^^^^^^^^^^^^
[INFO] [stdout] ...
[INFO] [stdout] 292 |     pub fn from_string(strkey: &String) -> Self {
[INFO] [stdout]     |     ^^^^^^^^^^^^^^^^^^^^^^^^^^^^^^^^^^^^^^^^^^^
[INFO] [stdout] ...
[INFO] [stdout] 314 |     pub fn from_string_bytes(strkey: &Bytes) -> Self {
[INFO] [stdout]     |     ^^^^^^^^^^^^^^^^^^^^^^^^^^^^^^^^^^^^^^^^^^^^^^^^
[INFO] [stdout] 
[INFO] [stdout] 
[INFO] [stdout] error[E0599]: no associated function or constant named `generate` found for struct `soroban_sdk::Address` in the current scope
[INFO] [stdout]    --> contracts/extender/src/test.rs:299:45
[INFO] [stdout]     |
[INFO] [stdout] 299 |     assert_eq!(client.get_balance(&Address::generate(&env)), 0);
[INFO] [stdout]     |                                             ^^^^^^^^ associated function or constant not found in `soroban_sdk::Address`
[INFO] [stdout]     |
[INFO] [stdout] note: if you're trying to build a new `soroban_sdk::Address` consider using one of the following associated functions:
[INFO] [stdout]       soroban_sdk::Address::from_str
[INFO] [stdout]       soroban_sdk::Address::from_string
[INFO] [stdout]       soroban_sdk::Address::from_string_bytes
[INFO] [stdout]    --> /opt/rustwide/cargo-home/registry/src/index.crates.io-1949cf8c6b5b557f/soroban-sdk-27.0.5/src/address.rs:280:5
[INFO] [stdout]     |
[INFO] [stdout] 280 |     pub fn from_str(env: &Env, strkey: &str) -> Address {
[INFO] [stdout]     |     ^^^^^^^^^^^^^^^^^^^^^^^^^^^^^^^^^^^^^^^^^^^^^^^^^^^
[INFO] [stdout] ...
[INFO] [stdout] 292 |     pub fn from_string(strkey: &String) -> Self {
[INFO] [stdout]     |     ^^^^^^^^^^^^^^^^^^^^^^^^^^^^^^^^^^^^^^^^^^^
[INFO] [stdout] ...
[INFO] [stdout] 314 |     pub fn from_string_bytes(strkey: &Bytes) -> Self {
[INFO] [stdout]     |     ^^^^^^^^^^^^^^^^^^^^^^^^^^^^^^^^^^^^^^^^^^^^^^^^
[INFO] [stdout] 
[INFO] [stdout] 
[INFO] [stdout] error[E0599]: no associated function or constant named `generate` found for struct `soroban_sdk::Address` in the current scope
[INFO] [stdout]    --> contracts/registry/src/test.rs:342:25
[INFO] [stdout]     |
[INFO] [stdout] 342 |         &org, &Address::generate(&env), &Durability::Persistent, &None::<Bytes>, &1_000, &10_000,
[INFO] [stdout]     |                         ^^^^^^^^ associated function or constant not found in `soroban_sdk::Address`
[INFO] [stdout]     |
[INFO] [stdout] note: if you're trying to build a new `soroban_sdk::Address` consider using one of the following associated functions:
[INFO] [stdout]       soroban_sdk::Address::from_str
[INFO] [stdout]       soroban_sdk::Address::from_string
[INFO] [stdout]       soroban_sdk::Address::from_string_bytes
[INFO] [stdout]    --> /opt/rustwide/cargo-home/registry/src/index.crates.io-1949cf8c6b5b557f/soroban-sdk-27.0.5/src/address.rs:280:5
[INFO] [stdout]     |
[INFO] [stdout] 280 |     pub fn from_str(env: &Env, strkey: &str) -> Address {
[INFO] [stdout]     |     ^^^^^^^^^^^^^^^^^^^^^^^^^^^^^^^^^^^^^^^^^^^^^^^^^^^
[INFO] [stdout] ...
[INFO] [stdout] 292 |     pub fn from_string(strkey: &String) -> Self {
[INFO] [stdout]     |     ^^^^^^^^^^^^^^^^^^^^^^^^^^^^^^^^^^^^^^^^^^^
[INFO] [stdout] ...
[INFO] [stdout] 314 |     pub fn from_string_bytes(strkey: &Bytes) -> Self {
[INFO] [stdout]     |     ^^^^^^^^^^^^^^^^^^^^^^^^^^^^^^^^^^^^^^^^^^^^^^^^
[INFO] [stdout] 
[INFO] [stdout] 
[INFO] [stdout] error[E0599]: no associated function or constant named `generate` found for struct `soroban_sdk::Address` in the current scope
[INFO] [stdout]    --> contracts/registry/src/test.rs:364:26
[INFO] [stdout]     |
[INFO] [stdout] 364 |     let other = Address::generate(&env);
[INFO] [stdout]     |                          ^^^^^^^^ associated function or constant not found in `soroban_sdk::Address`
[INFO] [stdout]     |
[INFO] [stdout] note: if you're trying to build a new `soroban_sdk::Address` consider using one of the following associated functions:
[INFO] [stdout]       soroban_sdk::Address::from_str
[INFO] [stdout]       soroban_sdk::Address::from_string
[INFO] [stdout]       soroban_sdk::Address::from_string_bytes
[INFO] [stdout]    --> /opt/rustwide/cargo-home/registry/src/index.crates.io-1949cf8c6b5b557f/soroban-sdk-27.0.5/src/address.rs:280:5
[INFO] [stdout]     |
[INFO] [stdout] 280 |     pub fn from_str(env: &Env, strkey: &str) -> Address {
[INFO] [stdout]     |     ^^^^^^^^^^^^^^^^^^^^^^^^^^^^^^^^^^^^^^^^^^^^^^^^^^^
[INFO] [stdout] ...
[INFO] [stdout] 292 |     pub fn from_string(strkey: &String) -> Self {
[INFO] [stdout]     |     ^^^^^^^^^^^^^^^^^^^^^^^^^^^^^^^^^^^^^^^^^^^
[INFO] [stdout] ...
[INFO] [stdout] 314 |     pub fn from_string_bytes(strkey: &Bytes) -> Self {
[INFO] [stdout]     |     ^^^^^^^^^^^^^^^^^^^^^^^^^^^^^^^^^^^^^^^^^^^^^^^^
[INFO] [stdout] 
[INFO] [stdout] 
[INFO] [stdout] error[E0599]: no associated function or constant named `generate` found for struct `soroban_sdk::Address` in the current scope
[INFO] [stdout]    --> contracts/registry/src/test.rs:366:43
[INFO] [stdout]     |
[INFO] [stdout] 366 |     client.register_org(&other, &Address::generate(&env), &BytesN::from_array(&env, &[2u8; 32]));
[INFO] [stdout]     |                                           ^^^^^^^^ associated function or constant not found in `soroban_sdk::Address`
[INFO] [stdout]     |
[INFO] [stdout] note: if you're trying to build a new `soroban_sdk::Address` consider using one of the following associated functions:
[INFO] [stdout]       soroban_sdk::Address::from_str
[INFO] [stdout]       soroban_sdk::Address::from_string
[INFO] [stdout]       soroban_sdk::Address::from_string_bytes
[INFO] [stdout]    --> /opt/rustwide/cargo-home/registry/src/index.crates.io-1949cf8c6b5b557f/soroban-sdk-27.0.5/src/address.rs:280:5
[INFO] [stdout]     |
[INFO] [stdout] 280 |     pub fn from_str(env: &Env, strkey: &str) -> Address {
[INFO] [stdout]     |     ^^^^^^^^^^^^^^^^^^^^^^^^^^^^^^^^^^^^^^^^^^^^^^^^^^^
[INFO] [stdout] ...
[INFO] [stdout] 292 |     pub fn from_string(strkey: &String) -> Self {
[INFO] [stdout]     |     ^^^^^^^^^^^^^^^^^^^^^^^^^^^^^^^^^^^^^^^^^^^
[INFO] [stdout] ...
[INFO] [stdout] 314 |     pub fn from_string_bytes(strkey: &Bytes) -> Self {
[INFO] [stdout]     |     ^^^^^^^^^^^^^^^^^^^^^^^^^^^^^^^^^^^^^^^^^^^^^^^^
[INFO] [stdout] 
[INFO] [stdout] 
[INFO] [stdout] error[E0599]: no method named `as_contract` found for struct `Env` in the current scope
[INFO] [stdout]    --> contracts/extender/src/test.rs:307:32
[INFO] [stdout]     |
[INFO] [stdout] 307 |     let before: Operator = env.as_contract(&contract_id, || {
[INFO] [stdout]     |                                ^^^^^^^^^^^
[INFO] [stdout]     |
[INFO] [stdout] help: there is a method `has_contract_data` with a similar name
[INFO] [stdout]     |
[INFO] [stdout] 307 -     let before: Operator = env.as_contract(&contract_id, || {
[INFO] [stdout] 307 +     let before: Operator = env.has_contract_data(&contract_id, || {
[INFO] [stdout]     |
[INFO] [stdout] 
[INFO] [stdout] 
[INFO] [stdout] error[E0599]: no associated function or constant named `generate` found for struct `soroban_sdk::Address` in the current scope
[INFO] [stdout]    --> contracts/registry/src/test.rs:368:25
[INFO] [stdout]     |
[INFO] [stdout] 368 |         &org, &Address::generate(&env), &Durability::Persistent, &None::<Bytes>, &1_000, &10_000,
[INFO] [stdout]     |                         ^^^^^^^^ associated function or constant not found in `soroban_sdk::Address`
[INFO] [stdout]     |
[INFO] [stdout] note: if you're trying to build a new `soroban_sdk::Address` consider using one of the following associated functions:
[INFO] [stdout]       soroban_sdk::Address::from_str
[INFO] [stdout]       soroban_sdk::Address::from_string
[INFO] [stdout]       soroban_sdk::Address::from_string_bytes
[INFO] [stdout]    --> /opt/rustwide/cargo-home/registry/src/index.crates.io-1949cf8c6b5b557f/soroban-sdk-27.0.5/src/address.rs:280:5
[INFO] [stdout]     |
[INFO] [stdout] 280 |     pub fn from_str(env: &Env, strkey: &str) -> Address {
[INFO] [stdout]     |     ^^^^^^^^^^^^^^^^^^^^^^^^^^^^^^^^^^^^^^^^^^^^^^^^^^^
[INFO] [stdout] ...
[INFO] [stdout] 292 |     pub fn from_string(strkey: &String) -> Self {
[INFO] [stdout]     |     ^^^^^^^^^^^^^^^^^^^^^^^^^^^^^^^^^^^^^^^^^^^
[INFO] [stdout] ...
[INFO] [stdout] 314 |     pub fn from_string_bytes(strkey: &Bytes) -> Self {
[INFO] [stdout]     |     ^^^^^^^^^^^^^^^^^^^^^^^^^^^^^^^^^^^^^^^^^^^^^^^^
[INFO] [stdout] 
[INFO] [stdout] 
[INFO] [stdout] error[E0599]: no associated function or constant named `generate` found for struct `soroban_sdk::Address` in the current scope
[INFO] [stdout]    --> contracts/extender/src/test.rs:310:33
[INFO] [stdout]     |
[INFO] [stdout] 310 |     let new_operator = Address::generate(&env);
[INFO] [stdout]     |                                 ^^^^^^^^ associated function or constant not found in `soroban_sdk::Address`
[INFO] [stdout]     |
[INFO] [stdout] note: if you're trying to build a new `soroban_sdk::Address` consider using one of the following associated functions:
[INFO] [stdout]       soroban_sdk::Address::from_str
[INFO] [stdout]       soroban_sdk::Address::from_string
[INFO] [stdout]       soroban_sdk::Address::from_string_bytes
[INFO] [stdout]    --> /opt/rustwide/cargo-home/registry/src/index.crates.io-1949cf8c6b5b557f/soroban-sdk-27.0.5/src/address.rs:280:5
[INFO] [stdout]     |
[INFO] [stdout] 280 |     pub fn from_str(env: &Env, strkey: &str) -> Address {
[INFO] [stdout]     |     ^^^^^^^^^^^^^^^^^^^^^^^^^^^^^^^^^^^^^^^^^^^^^^^^^^^
[INFO] [stdout] ...
[INFO] [stdout] 292 |     pub fn from_string(strkey: &String) -> Self {
[INFO] [stdout]     |     ^^^^^^^^^^^^^^^^^^^^^^^^^^^^^^^^^^^^^^^^^^^
[INFO] [stdout] ...
[INFO] [stdout] 314 |     pub fn from_string_bytes(strkey: &Bytes) -> Self {
[INFO] [stdout]     |     ^^^^^^^^^^^^^^^^^^^^^^^^^^^^^^^^^^^^^^^^^^^^^^^^
[INFO] [stdout] 
[INFO] [stdout] 
[INFO] [stdout] error[E0599]: no method named `register` found for struct `Env` in the current scope
[INFO] [stdout]    --> contracts/registry/src/test.rs:381:27
[INFO] [stdout]     |
[INFO] [stdout] 381 |     let contract_id = env.register(RegistryContract, ());
[INFO] [stdout]     |                           ^^^^^^^^ method not found in `Env`
[INFO] [stdout] 
[INFO] [stdout] 
[INFO] [stdout] error[E0599]: no associated function or constant named `generate` found for struct `soroban_sdk::Address` in the current scope
[INFO] [stdout]    --> contracts/registry/src/test.rs:384:42
[INFO] [stdout]     |
[INFO] [stdout] 384 |     client.update_entry_policy(&Address::generate(&env), &1, &1_000, &10_000, &true);
[INFO] [stdout]     |                                          ^^^^^^^^ associated function or constant not found in `soroban_sdk::Address`
[INFO] [stdout]     |
[INFO] [stdout] note: if you're trying to build a new `soroban_sdk::Address` consider using one of the following associated functions:
[INFO] [stdout]       soroban_sdk::Address::from_str
[INFO] [stdout]       soroban_sdk::Address::from_string
[INFO] [stdout]       soroban_sdk::Address::from_string_bytes
[INFO] [stdout]    --> /opt/rustwide/cargo-home/registry/src/index.crates.io-1949cf8c6b5b557f/soroban-sdk-27.0.5/src/address.rs:280:5
[INFO] [stdout]     |
[INFO] [stdout] 280 |     pub fn from_str(env: &Env, strkey: &str) -> Address {
[INFO] [stdout]     |     ^^^^^^^^^^^^^^^^^^^^^^^^^^^^^^^^^^^^^^^^^^^^^^^^^^^
[INFO] [stdout] ...
[INFO] [stdout] 292 |     pub fn from_string(strkey: &String) -> Self {
[INFO] [stdout]     |     ^^^^^^^^^^^^^^^^^^^^^^^^^^^^^^^^^^^^^^^^^^^
[INFO] [stdout] ...
[INFO] [stdout] 314 |     pub fn from_string_bytes(strkey: &Bytes) -> Self {
[INFO] [stdout]     |     ^^^^^^^^^^^^^^^^^^^^^^^^^^^^^^^^^^^^^^^^^^^^^^^^
[INFO] [stdout] 
[INFO] [stdout] 
[INFO] [stdout] error[E0599]: no method named `as_contract` found for struct `Env` in the current scope
[INFO] [stdout]    --> contracts/extender/src/test.rs:314:31
[INFO] [stdout]     |
[INFO] [stdout] 314 |     let after: Operator = env.as_contract(&contract_id, || {
[INFO] [stdout]     |                               ^^^^^^^^^^^
[INFO] [stdout]     |
[INFO] [stdout] help: there is a method `has_contract_data` with a similar name
[INFO] [stdout]     |
[INFO] [stdout] 314 -     let after: Operator = env.as_contract(&contract_id, || {
[INFO] [stdout] 314 +     let after: Operator = env.has_contract_data(&contract_id, || {
[INFO] [stdout]     |
[INFO] [stdout] 
[INFO] [stdout] 
[INFO] [stdout] error[E0599]: no associated function or constant named `generate` found for struct `soroban_sdk::Address` in the current scope
[INFO] [stdout]    --> contracts/registry/src/test.rs:408:29
[INFO] [stdout]     |
[INFO] [stdout] 408 |     let stranger = Address::generate(&env);
[INFO] [stdout]     |                             ^^^^^^^^ associated function or constant not found in `soroban_sdk::Address`
[INFO] [stdout]     |
[INFO] [stdout] note: if you're trying to build a new `soroban_sdk::Address` consider using one of the following associated functions:
[INFO] [stdout]       soroban_sdk::Address::from_str
[INFO] [stdout]       soroban_sdk::Address::from_string
[INFO] [stdout]       soroban_sdk::Address::from_string_bytes
[INFO] [stdout]    --> /opt/rustwide/cargo-home/registry/src/index.crates.io-1949cf8c6b5b557f/soroban-sdk-27.0.5/src/address.rs:280:5
[INFO] [stdout]     |
[INFO] [stdout] 280 |     pub fn from_str(env: &Env, strkey: &str) -> Address {
[INFO] [stdout]     |     ^^^^^^^^^^^^^^^^^^^^^^^^^^^^^^^^^^^^^^^^^^^^^^^^^^^
[INFO] [stdout] ...
[INFO] [stdout] 292 |     pub fn from_string(strkey: &String) -> Self {
[INFO] [stdout]     |     ^^^^^^^^^^^^^^^^^^^^^^^^^^^^^^^^^^^^^^^^^^^
[INFO] [stdout] ...
[INFO] [stdout] 314 |     pub fn from_string_bytes(strkey: &Bytes) -> Self {
[INFO] [stdout]     |     ^^^^^^^^^^^^^^^^^^^^^^^^^^^^^^^^^^^^^^^^^^^^^^^^
[INFO] [stdout] 
[INFO] [stdout] 
[INFO] [stdout] error[E0599]: no method named `mock_all_auths` found for struct `Env` in the current scope
[INFO] [stdout]    --> contracts/extender/src/test.rs:324:9
[INFO] [stdout]     |
[INFO] [stdout] 324 |     env.mock_all_auths();
[INFO] [stdout]     |         ^^^^^^^^^^^^^^ method not found in `Env`
[INFO] [stdout] 
[INFO] [stdout] 
[INFO] [stdout] error[E0599]: no method named `register` found for struct `Env` in the current scope
[INFO] [stdout]    --> contracts/registry/src/test.rs:420:27
[INFO] [stdout]     |
[INFO] [stdout] 420 |     let contract_id = env.register(RegistryContract, ());
[INFO] [stdout]     |                           ^^^^^^^^ method not found in `Env`
[INFO] [stdout] 
[INFO] [stdout] 
[INFO] [stdout] error[E0599]: no method named `register` found for struct `Env` in the current scope
[INFO] [stdout]    --> contracts/extender/src/test.rs:325:27
[INFO] [stdout]     |
[INFO] [stdout] 325 |     let contract_id = env.register(ExtenderContract, ());
[INFO] [stdout]     |                           ^^^^^^^^ method not found in `Env`
[INFO] [stdout] 
[INFO] [stdout] 
[INFO] [stdout] error[E0599]: no associated function or constant named `generate` found for struct `soroban_sdk::Address` in the current scope
[INFO] [stdout]    --> contracts/registry/src/test.rs:423:37
[INFO] [stdout]     |
[INFO] [stdout] 423 |     client.deactivate_org(&Address::generate(&env));
[INFO] [stdout]     |                                     ^^^^^^^^ associated function or constant not found in `soroban_sdk::Address`
[INFO] [stdout]     |
[INFO] [stdout] note: if you're trying to build a new `soroban_sdk::Address` consider using one of the following associated functions:
[INFO] [stdout]       soroban_sdk::Address::from_str
[INFO] [stdout]       soroban_sdk::Address::from_string
[INFO] [stdout]       soroban_sdk::Address::from_string_bytes
[INFO] [stdout]    --> /opt/rustwide/cargo-home/registry/src/index.crates.io-1949cf8c6b5b557f/soroban-sdk-27.0.5/src/address.rs:280:5
[INFO] [stdout]     |
[INFO] [stdout] 280 |     pub fn from_str(env: &Env, strkey: &str) -> Address {
[INFO] [stdout]     |     ^^^^^^^^^^^^^^^^^^^^^^^^^^^^^^^^^^^^^^^^^^^^^^^^^^^
[INFO] [stdout] ...
[INFO] [stdout] 292 |     pub fn from_string(strkey: &String) -> Self {
[INFO] [stdout]     |     ^^^^^^^^^^^^^^^^^^^^^^^^^^^^^^^^^^^^^^^^^^^
[INFO] [stdout] ...
[INFO] [stdout] 314 |     pub fn from_string_bytes(strkey: &Bytes) -> Self {
[INFO] [stdout]     |     ^^^^^^^^^^^^^^^^^^^^^^^^^^^^^^^^^^^^^^^^^^^^^^^^
[INFO] [stdout] 
[INFO] [stdout] 
[INFO] [stdout] error[E0599]: no associated function or constant named `generate` found for struct `soroban_sdk::Address` in the current scope
[INFO] [stdout]    --> contracts/extender/src/test.rs:329:43
[INFO] [stdout]     |
[INFO] [stdout] 329 |         client.try_set_operator(&Address::generate(&env)),
[INFO] [stdout]     |                                           ^^^^^^^^ associated function or constant not found in `soroban_sdk::Address`
[INFO] [stdout]     |
[INFO] [stdout] note: if you're trying to build a new `soroban_sdk::Address` consider using one of the following associated functions:
[INFO] [stdout]       soroban_sdk::Address::from_str
[INFO] [stdout]       soroban_sdk::Address::from_string
[INFO] [stdout]       soroban_sdk::Address::from_string_bytes
[INFO] [stdout]    --> /opt/rustwide/cargo-home/registry/src/index.crates.io-1949cf8c6b5b557f/soroban-sdk-27.0.5/src/address.rs:280:5
[INFO] [stdout]     |
[INFO] [stdout] 280 |     pub fn from_str(env: &Env, strkey: &str) -> Address {
[INFO] [stdout]     |     ^^^^^^^^^^^^^^^^^^^^^^^^^^^^^^^^^^^^^^^^^^^^^^^^^^^
[INFO] [stdout] ...
[INFO] [stdout] 292 |     pub fn from_string(strkey: &String) -> Self {
[INFO] [stdout]     |     ^^^^^^^^^^^^^^^^^^^^^^^^^^^^^^^^^^^^^^^^^^^
[INFO] [stdout] ...
[INFO] [stdout] 314 |     pub fn from_string_bytes(strkey: &Bytes) -> Self {
[INFO] [stdout]     |     ^^^^^^^^^^^^^^^^^^^^^^^^^^^^^^^^^^^^^^^^^^^^^^^^
[INFO] [stdout] 
[INFO] [stdout] 
[INFO] [stdout] error[E0599]: no associated function or constant named `generate` found for struct `soroban_sdk::Address` in the current scope
[INFO] [stdout]    --> contracts/registry/src/test.rs:431:23
[INFO] [stdout]     |
[INFO] [stdout] 431 |     let w1 = Address::generate(&env);
[INFO] [stdout]     |                       ^^^^^^^^ associated function or constant not found in `soroban_sdk::Address`
[INFO] [stdout]     |
[INFO] [stdout] note: if you're trying to build a new `soroban_sdk::Address` consider using one of the following associated functions:
[INFO] [stdout]       soroban_sdk::Address::from_str
[INFO] [stdout]       soroban_sdk::Address::from_string
[INFO] [stdout]       soroban_sdk::Address::from_string_bytes
[INFO] [stdout]    --> /opt/rustwide/cargo-home/registry/src/index.crates.io-1949cf8c6b5b557f/soroban-sdk-27.0.5/src/address.rs:280:5
[INFO] [stdout]     |
[INFO] [stdout] 280 |     pub fn from_str(env: &Env, strkey: &str) -> Address {
[INFO] [stdout]     |     ^^^^^^^^^^^^^^^^^^^^^^^^^^^^^^^^^^^^^^^^^^^^^^^^^^^
[INFO] [stdout] ...
[INFO] [stdout] 292 |     pub fn from_string(strkey: &String) -> Self {
[INFO] [stdout]     |     ^^^^^^^^^^^^^^^^^^^^^^^^^^^^^^^^^^^^^^^^^^^
[INFO] [stdout] ...
[INFO] [stdout] 314 |     pub fn from_string_bytes(strkey: &Bytes) -> Self {
[INFO] [stdout]     |     ^^^^^^^^^^^^^^^^^^^^^^^^^^^^^^^^^^^^^^^^^^^^^^^^
[INFO] [stdout] 
[INFO] [stdout] 
[INFO] [stdout] error[E0599]: no associated function or constant named `generate` found for struct `soroban_sdk::Address` in the current scope
[INFO] [stdout]    --> contracts/registry/src/test.rs:432:23
[INFO] [stdout]     |
[INFO] [stdout] 432 |     let w2 = Address::generate(&env);
[INFO] [stdout]     |                       ^^^^^^^^ associated function or constant not found in `soroban_sdk::Address`
[INFO] [stdout]     |
[INFO] [stdout] note: if you're trying to build a new `soroban_sdk::Address` consider using one of the following associated functions:
[INFO] [stdout]       soroban_sdk::Address::from_str
[INFO] [stdout]       soroban_sdk::Address::from_string
[INFO] [stdout]       soroban_sdk::Address::from_string_bytes
[INFO] [stdout]    --> /opt/rustwide/cargo-home/registry/src/index.crates.io-1949cf8c6b5b557f/soroban-sdk-27.0.5/src/address.rs:280:5
[INFO] [stdout]     |
[INFO] [stdout] 280 |     pub fn from_str(env: &Env, strkey: &str) -> Address {
[INFO] [stdout]     |     ^^^^^^^^^^^^^^^^^^^^^^^^^^^^^^^^^^^^^^^^^^^^^^^^^^^
[INFO] [stdout] ...
[INFO] [stdout] 292 |     pub fn from_string(strkey: &String) -> Self {
[INFO] [stdout]     |     ^^^^^^^^^^^^^^^^^^^^^^^^^^^^^^^^^^^^^^^^^^^
[INFO] [stdout] ...
[INFO] [stdout] 314 |     pub fn from_string_bytes(strkey: &Bytes) -> Self {
[INFO] [stdout]     |     ^^^^^^^^^^^^^^^^^^^^^^^^^^^^^^^^^^^^^^^^^^^^^^^^
[INFO] [stdout] 
[INFO] [stdout] 
[INFO] [stdout] error[E0599]: no method named `register` found for struct `Env` in the current scope
[INFO] [stdout]    --> contracts/extender/src/test.rs:338:27
[INFO] [stdout]     |
[INFO] [stdout] 338 |     let contract_id = env.register(ExtenderContract, ());
[INFO] [stdout]     |                           ^^^^^^^^ method not found in `Env`
[INFO] [stdout] 
[INFO] [stdout] 
[INFO] [stdout] error[E0599]: no associated function or constant named `generate` found for struct `soroban_sdk::Address` in the current scope
[INFO] [stdout]    --> contracts/registry/src/test.rs:458:46
[INFO] [stdout]     |
[INFO] [stdout] 458 |         client.try_get_org_entries(&Address::generate(&env)),
[INFO] [stdout]     |                                              ^^^^^^^^ associated function or constant not found in `soroban_sdk::Address`
[INFO] [stdout]     |
[INFO] [stdout] note: if you're trying to build a new `soroban_sdk::Address` consider using one of the following associated functions:
[INFO] [stdout]       soroban_sdk::Address::from_str
[INFO] [stdout]       soroban_sdk::Address::from_string
[INFO] [stdout]       soroban_sdk::Address::from_string_bytes
[INFO] [stdout]    --> /opt/rustwide/cargo-home/registry/src/index.crates.io-1949cf8c6b5b557f/soroban-sdk-27.0.5/src/address.rs:280:5
[INFO] [stdout]     |
[INFO] [stdout] 280 |     pub fn from_str(env: &Env, strkey: &str) -> Address {
[INFO] [stdout]     |     ^^^^^^^^^^^^^^^^^^^^^^^^^^^^^^^^^^^^^^^^^^^^^^^^^^^
[INFO] [stdout] ...
[INFO] [stdout] 292 |     pub fn from_string(strkey: &String) -> Self {
[INFO] [stdout]     |     ^^^^^^^^^^^^^^^^^^^^^^^^^^^^^^^^^^^^^^^^^^^
[INFO] [stdout] ...
[INFO] [stdout] 314 |     pub fn from_string_bytes(strkey: &Bytes) -> Self {
[INFO] [stdout]     |     ^^^^^^^^^^^^^^^^^^^^^^^^^^^^^^^^^^^^^^^^^^^^^^^^
[INFO] [stdout] 
[INFO] [stdout] 
[INFO] [stdout] error[E0599]: no associated function or constant named `generate` found for struct `soroban_sdk::Address` in the current scope
[INFO] [stdout]    --> contracts/extender/src/test.rs:341:19
[INFO] [stdout]     |
[INFO] [stdout] 341 |         &Address::generate(&env),
[INFO] [stdout]     |                   ^^^^^^^^ associated function or constant not found in `soroban_sdk::Address`
[INFO] [stdout]     |
[INFO] [stdout] note: if you're trying to build a new `soroban_sdk::Address` consider using one of the following associated functions:
[INFO] [stdout]       soroban_sdk::Address::from_str
[INFO] [stdout]       soroban_sdk::Address::from_string
[INFO] [stdout]       soroban_sdk::Address::from_string_bytes
[INFO] [stdout]    --> /opt/rustwide/cargo-home/registry/src/index.crates.io-1949cf8c6b5b557f/soroban-sdk-27.0.5/src/address.rs:280:5
[INFO] [stdout]     |
[INFO] [stdout] 280 |     pub fn from_str(env: &Env, strkey: &str) -> Address {
[INFO] [stdout]     |     ^^^^^^^^^^^^^^^^^^^^^^^^^^^^^^^^^^^^^^^^^^^^^^^^^^^
[INFO] [stdout] ...
[INFO] [stdout] 292 |     pub fn from_string(strkey: &String) -> Self {
[INFO] [stdout]     |     ^^^^^^^^^^^^^^^^^^^^^^^^^^^^^^^^^^^^^^^^^^^
[INFO] [stdout] ...
[INFO] [stdout] 314 |     pub fn from_string_bytes(strkey: &Bytes) -> Self {
[INFO] [stdout]     |     ^^^^^^^^^^^^^^^^^^^^^^^^^^^^^^^^^^^^^^^^^^^^^^^^
[INFO] [stdout] 
[INFO] [stdout] 
[INFO] [stdout] error[E0599]: no method named `register` found for struct `Env` in the current scope
[INFO] [stdout]    --> contracts/registry/src/test.rs:467:27
[INFO] [stdout]     |
[INFO] [stdout] 467 |     let contract_id = env.register(RegistryContract, ());
[INFO] [stdout]     |                           ^^^^^^^^ method not found in `Env`
[INFO] [stdout] 
[INFO] [stdout] 
[INFO] [stdout] error[E0599]: no associated function or constant named `generate` found for struct `soroban_sdk::Address` in the current scope
[INFO] [stdout]    --> contracts/registry/src/test.rs:472:46
[INFO] [stdout]     |
[INFO] [stdout] 472 |         client.try_get_org_entries(&Address::generate(&env)),
[INFO] [stdout]     |                                              ^^^^^^^^ associated function or constant not found in `soroban_sdk::Address`
[INFO] [stdout]     |
[INFO] [stdout] note: if you're trying to build a new `soroban_sdk::Address` consider using one of the following associated functions:
[INFO] [stdout]       soroban_sdk::Address::from_str
[INFO] [stdout]       soroban_sdk::Address::from_string
[INFO] [stdout]       soroban_sdk::Address::from_string_bytes
[INFO] [stdout]    --> /opt/rustwide/cargo-home/registry/src/index.crates.io-1949cf8c6b5b557f/soroban-sdk-27.0.5/src/address.rs:280:5
[INFO] [stdout]     |
[INFO] [stdout] 280 |     pub fn from_str(env: &Env, strkey: &str) -> Address {
[INFO] [stdout]     |     ^^^^^^^^^^^^^^^^^^^^^^^^^^^^^^^^^^^^^^^^^^^^^^^^^^^
[INFO] [stdout] ...
[INFO] [stdout] 292 |     pub fn from_string(strkey: &String) -> Self {
[INFO] [stdout]     |     ^^^^^^^^^^^^^^^^^^^^^^^^^^^^^^^^^^^^^^^^^^^
[INFO] [stdout] ...
[INFO] [stdout] 314 |     pub fn from_string_bytes(strkey: &Bytes) -> Self {
[INFO] [stdout]     |     ^^^^^^^^^^^^^^^^^^^^^^^^^^^^^^^^^^^^^^^^^^^^^^^^
[INFO] [stdout] 
[INFO] [stdout] 
[INFO] [stdout] error[E0599]: no method named `register_stellar_asset_contract_v2` found for struct `Env` in the current scope
[INFO] [stdout]    --> contracts/extender/src/test.rs:342:14
[INFO] [stdout]     |
[INFO] [stdout] 342 |         &env.register_stellar_asset_contract_v2(Address::generate(&env)).address(),
[INFO] [stdout]     |              ^^^^^^^^^^^^^^^^^^^^^^^^^^^^^^^^^^
[INFO] [stdout]     |
[INFO] [stdout] help: there is a method `get_asset_contract_id` with a similar name
[INFO] [stdout]     |
[INFO] [stdout] 342 -         &env.register_stellar_asset_contract_v2(Address::generate(&env)).address(),
[INFO] [stdout] 342 +         &env.get_asset_contract_id(Address::generate(&env)).address(),
[INFO] [stdout]     |
[INFO] [stdout] 
[INFO] [stdout] 
[INFO] [stdout] error[E0599]: no associated function or constant named `generate` found for struct `soroban_sdk::Address` in the current scope
[INFO] [stdout]    --> contracts/extender/src/test.rs:342:58
[INFO] [stdout]     |
[INFO] [stdout] 342 |         &env.register_stellar_asset_contract_v2(Address::generate(&env)).address(),
[INFO] [stdout]     |                                                          ^^^^^^^^ associated function or constant not found in `soroban_sdk::Address`
[INFO] [stdout]     |
[INFO] [stdout] note: if you're trying to build a new `soroban_sdk::Address` consider using one of the following associated functions:
[INFO] [stdout]       soroban_sdk::Address::from_str
[INFO] [stdout]       soroban_sdk::Address::from_string
[INFO] [stdout]       soroban_sdk::Address::from_string_bytes
[INFO] [stdout]    --> /opt/rustwide/cargo-home/registry/src/index.crates.io-1949cf8c6b5b557f/soroban-sdk-27.0.5/src/address.rs:280:5
[INFO] [stdout]     |
[INFO] [stdout] 280 |     pub fn from_str(env: &Env, strkey: &str) -> Address {
[INFO] [stdout]     |     ^^^^^^^^^^^^^^^^^^^^^^^^^^^^^^^^^^^^^^^^^^^^^^^^^^^
[INFO] [stdout] ...
[INFO] [stdout] 292 |     pub fn from_string(strkey: &String) -> Self {
[INFO] [stdout]     |     ^^^^^^^^^^^^^^^^^^^^^^^^^^^^^^^^^^^^^^^^^^^
[INFO] [stdout] ...
[INFO] [stdout] 314 |     pub fn from_string_bytes(strkey: &Bytes) -> Self {
[INFO] [stdout]     |     ^^^^^^^^^^^^^^^^^^^^^^^^^^^^^^^^^^^^^^^^^^^^^^^^
[INFO] [stdout] 
[INFO] [stdout] 
[INFO] [stdout] error[E0599]: no associated function or constant named `generate` found for struct `soroban_sdk::Address` in the current scope
[INFO] [stdout]    --> contracts/extender/src/test.rs:345:35
[INFO] [stdout]     |
[INFO] [stdout] 345 |     client.set_operator(&Address::generate(&env));
[INFO] [stdout]     |                                   ^^^^^^^^ associated function or constant not found in `soroban_sdk::Address`
[INFO] [stdout]     |
[INFO] [stdout] note: if you're trying to build a new `soroban_sdk::Address` consider using one of the following associated functions:
[INFO] [stdout]       soroban_sdk::Address::from_str
[INFO] [stdout]       soroban_sdk::Address::from_string
[INFO] [stdout]       soroban_sdk::Address::from_string_bytes
[INFO] [stdout]    --> /opt/rustwide/cargo-home/registry/src/index.crates.io-1949cf8c6b5b557f/soroban-sdk-27.0.5/src/address.rs:280:5
[INFO] [stdout]     |
[INFO] [stdout] 280 |     pub fn from_str(env: &Env, strkey: &str) -> Address {
[INFO] [stdout]     |     ^^^^^^^^^^^^^^^^^^^^^^^^^^^^^^^^^^^^^^^^^^^^^^^^^^^
[INFO] [stdout] ...
[INFO] [stdout] 292 |     pub fn from_string(strkey: &String) -> Self {
[INFO] [stdout]     |     ^^^^^^^^^^^^^^^^^^^^^^^^^^^^^^^^^^^^^^^^^^^
[INFO] [stdout] ...
[INFO] [stdout] 314 |     pub fn from_string_bytes(strkey: &Bytes) -> Self {
[INFO] [stdout]     |     ^^^^^^^^^^^^^^^^^^^^^^^^^^^^^^^^^^^^^^^^^^^^^^^^
[INFO] [stdout] 
[INFO] [stdout] 
[INFO] [stdout] Some errors have detailed explanations: E0432, E0599.
[INFO] [stdout] 
[INFO] [stdout] For more information about an error, try `rustc --explain E0432`.
[INFO] [stdout] 
[INFO] [stderr] error: could not compile `archguard-registry` (lib test) due to 43 previous errors
[INFO] [stderr] warning: build failed, waiting for other jobs to finish...
[INFO] [stdout] Some errors have detailed explanations: E0432, E0599.
[INFO] [stdout] 
[INFO] [stdout] For more information about an error, try `rustc --explain E0432`.
[INFO] [stdout] 
[INFO] [stderr] error: could not compile `archguard-extender` (lib test) due to 53 previous errors
[INFO] running `Command { std: "docker" "inspect" "e2fcc2155bf329b0b65ee783e3ea8df906d70f6f8ee7a3fd738198d3827d09de", kill_on_drop: false }`
[INFO] running `Command { std: "docker" "rm" "-f" "e2fcc2155bf329b0b65ee783e3ea8df906d70f6f8ee7a3fd738198d3827d09de", kill_on_drop: false }`
[INFO] [stdout] e2fcc2155bf329b0b65ee783e3ea8df906d70f6f8ee7a3fd738198d3827d09de
