[INFO] cloning repository https://github.com/skpjr001/forge-word
[INFO] running `Command { std: "git" "-c" "credential.helper=" "-c" "credential.helper=/workspace/cargo-home/bin/git-credential-null" "clone" "--bare" "https://github.com/skpjr001/forge-word" "/workspace/cache/git-repos/https%3A%2F%2Fgithub.com%2Fskpjr001%2Fforge-word", kill_on_drop: false }`
[INFO] [stderr] Cloning into bare repository '/workspace/cache/git-repos/https%3A%2F%2Fgithub.com%2Fskpjr001%2Fforge-word'...
[INFO] running `Command { std: "git" "rev-parse" "HEAD", kill_on_drop: false }`
[INFO] [stdout] 425f8f1143a44d22dfd2b0c7507b39ab34dbd2b6
[INFO] checking skpjr001/forge-word against 3154cc1a3e6424e44f438a95007d043ed5ceaaf6+rustflags=-Znext-solver=coherence for pr-133502-30
[INFO] running `Command { std: "git" "clone" "/workspace/cache/git-repos/https%3A%2F%2Fgithub.com%2Fskpjr001%2Fforge-word" "/workspace/builds/worker-2-tc1/source", kill_on_drop: false }`
[INFO] [stderr] Cloning into '/workspace/builds/worker-2-tc1/source'...
[INFO] [stderr] done.
[INFO] started tweaking git repo https://github.com/skpjr001/forge-word
[INFO] finished tweaking git repo https://github.com/skpjr001/forge-word
[INFO] tweaked toml for git repo https://github.com/skpjr001/forge-word written to /workspace/builds/worker-2-tc1/source/Cargo.toml
[INFO] validating manifest of git repo https://github.com/skpjr001/forge-word on toolchain 3154cc1a3e6424e44f438a95007d043ed5ceaaf6
[INFO] running `Command { std: CARGO_HOME="/workspace/cargo-home" RUSTUP_HOME="/workspace/rustup-home" "/workspace/cargo-home/bin/cargo" "+3154cc1a3e6424e44f438a95007d043ed5ceaaf6" "metadata" "--manifest-path" "Cargo.toml" "--no-deps", kill_on_drop: false }`
[INFO] crate git repo https://github.com/skpjr001/forge-word already has a lockfile, it will not be regenerated
[INFO] running `Command { std: CARGO_HOME="/workspace/cargo-home" RUSTUP_HOME="/workspace/rustup-home" "/workspace/cargo-home/bin/cargo" "+3154cc1a3e6424e44f438a95007d043ed5ceaaf6" "fetch" "--manifest-path" "Cargo.toml", kill_on_drop: false }`
[INFO] [stderr]  Downloading crates ...
[INFO] [stderr]   Downloaded worker-macros v0.8.5
[INFO] [stderr]   Downloaded worker-sys v0.8.5
[INFO] [stderr]   Downloaded wasm-streams v0.6.0
[INFO] [stderr]   Downloaded worker v0.8.5
[INFO] [stderr]   Downloaded object_store v0.14.1
[INFO] running `Command { std: "docker" "create" "-v" "/var/lib/crater-agent-workspace/builds/worker-2-tc1/source:/opt/rustwide/workdir:ro,Z" "-v" "/var/lib/crater-agent-workspace/builds/worker-2-tc1/target:/opt/rustwide/target:rw,Z" "-v" "/var/lib/crater-agent-workspace/cargo-home:/opt/rustwide/cargo-home:ro,Z" "-v" "/var/lib/crater-agent-workspace/rustup-home:/opt/rustwide/rustup-home:ro,Z" "-m" "1610612736" "--network" "none" "ghcr.io/rust-lang/crates-build-env/linux@sha256:77db811e55d90add9212f6832c23229e3de5f1c1f9905e8cb07319ea15df73ac" "sleep" "infinity", kill_on_drop: false }`
[INFO] [stdout] 155432a6070f195e5de1ccce7c5489d5ddc829dbd4e3da862f7761e31878f54b
[INFO] running `Command { std: "docker" "start" "155432a6070f195e5de1ccce7c5489d5ddc829dbd4e3da862f7761e31878f54b", kill_on_drop: false }`
[INFO] running `Command { std: "docker" "inspect" "155432a6070f195e5de1ccce7c5489d5ddc829dbd4e3da862f7761e31878f54b", kill_on_drop: false }`
[INFO] running `Command { std: "docker" "exec" "-e" "SOURCE_DIR=/opt/rustwide/workdir" "-e" "CARGO_HOME=/opt/rustwide/cargo-home" "-e" "RUSTUP_HOME=/opt/rustwide/rustup-home" "-e" "CARGO_TARGET_DIR=/opt/rustwide/target" "-w" "/opt/rustwide/workdir" "--user" "0:0" "155432a6070f195e5de1ccce7c5489d5ddc829dbd4e3da862f7761e31878f54b" "/opt/rustwide/cargo-home/bin/cargo" "+3154cc1a3e6424e44f438a95007d043ed5ceaaf6" "metadata" "--no-deps" "--format-version=1", kill_on_drop: false }`
[INFO] running `Command { std: "docker" "inspect" "155432a6070f195e5de1ccce7c5489d5ddc829dbd4e3da862f7761e31878f54b", kill_on_drop: false }`
[INFO] running `Command { std: "docker" "exec" "-e" "SOURCE_DIR=/opt/rustwide/workdir" "-e" "CARGO_HOME=/opt/rustwide/cargo-home" "-e" "RUSTUP_HOME=/opt/rustwide/rustup-home" "-e" "CARGO_TARGET_DIR=/opt/rustwide/target" "-e" "CARGO_INCREMENTAL=0" "-e" "RUST_BACKTRACE=full" "-e" "RUSTFLAGS=--cap-lints=forbid -Znext-solver=coherence" "-e" "RUSTDOCFLAGS=--cap-lints=forbid" "-w" "/opt/rustwide/workdir" "--user" "0:0" "155432a6070f195e5de1ccce7c5489d5ddc829dbd4e3da862f7761e31878f54b" "/opt/rustwide/cargo-home/bin/cargo" "+3154cc1a3e6424e44f438a95007d043ed5ceaaf6" "check" "--frozen" "--all" "--all-targets" "--message-format=json", kill_on_drop: false }`
[INFO] [stderr]    Compiling serde_core v1.0.229
[INFO] [stderr]     Checking futures-io v0.3.34
[INFO] [stderr]    Compiling wasm-bindgen-shared v0.2.127
[INFO] [stderr]     Checking parking_lot_core v0.9.12
[INFO] [stderr]    Compiling aws-lc-rs v1.18.0
[INFO] [stderr]    Compiling syn v3.0.4
[INFO] [stderr]    Compiling cc v1.4.4
[INFO] [stderr]    Compiling bumpalo v3.20.3
[INFO] [stderr]     Checking rustls-pki-types v1.15.1
[INFO] [stderr]    Compiling wasm-bindgen v0.2.127
[INFO] [stderr]     Checking tracing v0.1.44
[INFO] [stderr]     Checking indexmap v2.14.1
[INFO] [stderr]    Compiling rustls v0.23.43
[INFO] [stderr]    Compiling serde_json v1.0.151
[INFO] [stderr]    Compiling num-traits v0.2.19
[INFO] [stderr]    Compiling nix v0.31.3
[INFO] [stderr]     Checking crypto-common v0.1.7
[INFO] [stderr]     Checking digest v0.11.3
[INFO] [stderr]     Checking digest v0.10.7
[INFO] [stderr]     Checking spin v0.10.1
[INFO] [stderr]     Checking either v1.18.0
[INFO] [stderr]     Checking md-5 v0.11.0
[INFO] [stderr]    Compiling futures-core v0.3.34
[INFO] [stderr]    Compiling once_cell v1.21.4
[INFO] [stderr]     Checking crc-fast v1.10.0
[INFO] [stderr]    Compiling strum_macros v0.27.2
[INFO] [stderr]     Checking rustls-native-certs v0.8.4
[INFO] [stderr]     Checking parking_lot v0.12.5
[INFO] [stderr]     Checking itertools v0.15.0
[INFO] [stderr]    Compiling pin-project-internal v1.1.13
[INFO] [stderr]    Compiling wasm-bindgen-macro-support v0.2.127
[INFO] [stderr]    Compiling futures-util v0.3.34
[INFO] [stderr]     Checking csv-core v0.1.13
[INFO] [stderr]     Checking regex-automata v0.4.18
[INFO] [stderr]     Checking clap_builder v4.6.6
[INFO] [stderr]     Checking sharded-slab v0.1.7
[INFO] [stderr]     Checking tracing-log v0.2.0
[INFO] [stderr]     Checking thread_local v1.1.10
[INFO] [stderr]     Checking nu-ansi-term v0.50.3
[INFO] [stderr]     Checking axum-core v0.5.6
[INFO] [stderr]     Checking pin-project v1.1.13
[INFO] [stderr]    Compiling cmake v0.1.58
[INFO] [stderr]    Compiling aws-lc-sys v0.44.0
[INFO] [stderr]    Compiling strum v0.27.2
[INFO] [stderr]     Checking matchers v0.2.0
[INFO] [stderr]     Checking tracing-subscriber v0.3.23
[INFO] [stderr]     Checking csv v1.4.0
[INFO] [stderr]     Checking serde_path_to_error v0.1.20
[INFO] [stderr]    Compiling wasm-bindgen-macro v0.2.127
[INFO] [stderr]     Checking console_error_panic_hook v0.1.7
[INFO] [stderr]    Compiling serde_derive v1.0.229
[INFO] [stderr]    Compiling futures-macro v0.3.34
[INFO] [stderr]    Compiling thiserror-impl v2.0.20
[INFO] [stderr]    Compiling bytemuck_derive v1.12.0
[INFO] [stderr]    Compiling zerovec-derive v0.11.6
[INFO] [stderr]    Compiling displaydoc v0.2.7
[INFO] [stderr]    Compiling tokio-macros v2.7.2
[INFO] [stderr]    Compiling async-trait v0.1.92
[INFO] [stderr]    Compiling js-sys v0.3.104
[INFO] [stderr]    Compiling clap_derive v4.6.4
[INFO] [stderr]     Checking tokio v1.53.1
[INFO] [stderr]     Checking zerotrie v0.2.5
[INFO] [stderr]     Checking thiserror v2.0.20
[INFO] [stderr]     Checking zerovec v0.11.8
[INFO] [stderr]     Checking bytemuck v1.25.2
[INFO] [stderr]     Checking clap v4.6.6
[INFO] [stderr]     Checking tinystr v0.8.4
[INFO] [stderr]     Checking potential_utf v0.1.6
[INFO] [stderr]     Checking icu_collections v2.3.0
[INFO] [stderr]     Checking icu_locale_core v2.3.0
[INFO] [stderr]     Checking serde v1.0.229
[INFO] [stderr]     Checking icu_provider v2.3.1
[INFO] [stderr]     Checking icu_normalizer v2.3.0
[INFO] [stderr]     Checking icu_properties v2.3.0
[INFO] [stderr]     Checking futures-executor v0.3.34
[INFO] [stderr]     Checking words-core v0.1.0 (/opt/rustwide/workdir/crates/words-core)
[INFO] [stderr]     Checking serde_urlencoded v0.7.1
[INFO] [stderr]     Checking chrono v0.4.45
[INFO] [stderr]     Checking quick-xml v0.41.0
[INFO] [stderr]     Checking futures v0.3.34
[INFO] [stderr]     Checking pattern-index v0.1.0 (/opt/rustwide/workdir/crates/pattern-index)
[INFO] [stderr]     Checking dawg v0.1.0 (/opt/rustwide/workdir/crates/dawg)
[INFO] [stderr]     Checking manifest v0.1.0 (/opt/rustwide/workdir/crates/manifest)
[INFO] [stderr]     Checking anagram-index v0.1.0 (/opt/rustwide/workdir/crates/anagram-index)
[INFO] [stderr]     Checking weights v0.1.0 (/opt/rustwide/workdir/crates/weights)
[INFO] [stderr]     Checking csv-ingest v0.1.0 (/opt/rustwide/workdir/crates/csv-ingest)
[INFO] [stderr]     Checking idna_adapter v1.2.2
[INFO] [stderr]     Checking idna v1.1.0
[INFO] [stderr]     Checking url v2.5.8
[INFO] [stderr]     Checking tokio-util v0.7.19
[INFO] [stderr]     Checking tower v0.5.3
[INFO] [stderr]     Checking h2 v0.4.19
[INFO] [stderr]     Checking tower-http v0.6.11
[INFO] [stderr]    Compiling web-sys v0.3.104
[INFO] [stderr]     Checking rustls-webpki v0.103.15
[INFO] [stderr]    Compiling worker-sys v0.8.5
[INFO] [stderr]     Checking serde-wasm-bindgen v0.6.5
[INFO] [stderr]     Checking wasm-bindgen-futures v0.4.77
[INFO] [stderr]     Checking hyper v1.11.1
[INFO] [stderr]     Checking tokio-rustls v0.26.4
[INFO] [stderr]     Checking rustls-platform-verifier v0.7.0
[INFO] [stderr]     Checking hyper-util v0.1.20
[INFO] [stderr]    Compiling worker-macros v0.8.5
[INFO] [stderr]     Checking wasm-streams v0.6.0
[INFO] [stderr]     Checking hyper-rustls v0.27.9
[INFO] [stderr]     Checking axum v0.8.9
[INFO] [stderr]     Checking reqwest v0.13.4
[INFO] [stderr]     Checking object_store v0.14.1
[INFO] [stderr]     Checking worker v0.8.5
[INFO] [stderr]     Checking words-service v0.1.0 (/opt/rustwide/workdir/crates/words-service)
[INFO] [stderr]     Checking wordforge-worker-common v0.1.0 (/opt/rustwide/workdir/workers/common)
[INFO] [stderr]     Checking wordforge-wasm v0.1.0 (/opt/rustwide/workdir/targets/wasm)
[INFO] [stderr]     Checking wordforge-server v0.1.0 (/opt/rustwide/workdir/targets/server)
[INFO] [stderr]     Checking builder-cli v0.1.0 (/opt/rustwide/workdir/crates/builder-cli)
[INFO] [stdout] error[E0277]: `Rc<RefCell<futures::Inner>>` cannot be sent between threads safely
[INFO] [stdout]    --> workers/common/src/lib.rs:34:9
[INFO] [stdout]     |
[INFO] [stdout]  34 |           Box::pin(async move {
[INFO] [stdout]     |           ^        ---------- within this `{async block@workers/common/src/lib.rs:34:18: 34:28}`
[INFO] [stdout]     |  _________|
[INFO] [stdout]     | |
[INFO] [stdout]  35 | |             let obj = self.bucket.get(&key).execute().await.map_err(io)?;
[INFO] [stdout]  36 | |             match obj {
[INFO] [stdout]  37 | |                 None => Ok(None),
[INFO] [stdout] ...   |
[INFO] [stdout]  43 | |         })
[INFO] [stdout]     | |__________^ `Rc<RefCell<futures::Inner>>` cannot be sent between threads safely
[INFO] [stdout]     |
[INFO] [stdout]     = help: within `{async block@workers/common/src/lib.rs:34:18: 34:28}`, the trait `Send` is not implemented for `Rc<RefCell<futures::Inner>>`
[INFO] [stdout] note: required because it appears within the type `JsFuture`
[INFO] [stdout]    --> /opt/rustwide/cargo-home/registry/src/index.crates.io-1949cf8c6b5b557f/js-sys-0.3.104/src/futures/mod.rs:118:12
[INFO] [stdout]     |
[INFO] [stdout] 118 | pub struct JsFuture<T = JsValue> {
[INFO] [stdout]     |            ^^^^^^^^
[INFO] [stdout] note: required because it's used within this `async` fn body
[INFO] [stdout]    --> /opt/rustwide/cargo-home/registry/src/index.crates.io-1949cf8c6b5b557f/worker-0.8.5/src/r2/builder.rs:40:58
[INFO] [stdout]     |
[INFO] [stdout]  40 |       pub async fn execute(self) -> Result<Option<Object>> {
[INFO] [stdout]     |  __________________________________________________________^
[INFO] [stdout]  41 | |         let name: String = self.key;
[INFO] [stdout]  42 | |         let get_promise = self.edge_bucket.get(
[INFO] [stdout]  43 | |             name,
[INFO] [stdout] ...   |
[INFO] [stdout]  64 | |         Ok(Some(Object { inner }))
[INFO] [stdout]  65 | |     }
[INFO] [stdout]     | |_____^
[INFO] [stdout] note: required because it's used within this `async` block
[INFO] [stdout]    --> workers/common/src/lib.rs:34:18
[INFO] [stdout]     |
[INFO] [stdout]  34 |         Box::pin(async move {
[INFO] [stdout]     |                  ^^^^^^^^^^
[INFO] [stdout]     = note: required for the cast from `Pin<Box<{async block@workers/common/src/lib.rs:34:18: 34:28}>>` to `Pin<Box<dyn Future<Output = Result<Option<Vec<u8>>, words_core::Error>> + Send>>`
[INFO] [stdout] 
[INFO] [stdout] 
[INFO] [stdout] error[E0277]: `Rc<RefCell<futures::Inner>>` cannot be sent between threads safely
[INFO] [stdout]    --> workers/common/src/lib.rs:34:9
[INFO] [stdout]     |
[INFO] [stdout]  34 |           Box::pin(async move {
[INFO] [stdout]     |           ^        ---------- within this `{async block@workers/common/src/lib.rs:34:18: 34:28}`
[INFO] [stdout]     |  _________|
[INFO] [stdout]     | |
[INFO] [stdout]  35 | |             let obj = self.bucket.get(&key).execute().await.map_err(io)?;
[INFO] [stdout]  36 | |             match obj {
[INFO] [stdout]  37 | |                 None => Ok(None),
[INFO] [stdout] ...   |
[INFO] [stdout]  43 | |         })
[INFO] [stdout]     | |__________^ `Rc<RefCell<futures::Inner>>` cannot be sent between threads safely
[INFO] [stdout]     |
[INFO] [stdout]     = help: within `{async block@workers/common/src/lib.rs:34:18: 34:28}`, the trait `Send` is not implemented for `Rc<RefCell<futures::Inner>>`
[INFO] [stdout] note: required because it appears within the type `JsFuture`
[INFO] [stdout]    --> /opt/rustwide/cargo-home/registry/src/index.crates.io-1949cf8c6b5b557f/js-sys-0.3.104/src/futures/mod.rs:118:12
[INFO] [stdout]     |
[INFO] [stdout] 118 | pub struct JsFuture<T = JsValue> {
[INFO] [stdout]     |            ^^^^^^^^
[INFO] [stdout] note: required because it's used within this `async` fn body
[INFO] [stdout]    --> /opt/rustwide/cargo-home/registry/src/index.crates.io-1949cf8c6b5b557f/worker-0.8.5/src/r2/builder.rs:40:58
[INFO] [stdout]     |
[INFO] [stdout]  40 |       pub async fn execute(self) -> Result<Option<Object>> {
[INFO] [stdout]     |  __________________________________________________________^
[INFO] [stdout]  41 | |         let name: String = self.key;
[INFO] [stdout]  42 | |         let get_promise = self.edge_bucket.get(
[INFO] [stdout]  43 | |             name,
[INFO] [stdout] ...   |
[INFO] [stdout]  64 | |         Ok(Some(Object { inner }))
[INFO] [stdout]  65 | |     }
[INFO] [stdout]     | |_____^
[INFO] [stdout] note: required because it's used within this `async` block
[INFO] [stdout]    --> workers/common/src/lib.rs:34:18
[INFO] [stdout]     |
[INFO] [stdout]  34 |         Box::pin(async move {
[INFO] [stdout]     |                  ^^^^^^^^^^
[INFO] [stdout]     = note: required for the cast from `Pin<Box<{async block@workers/common/src/lib.rs:34:18: 34:28}>>` to `Pin<Box<dyn Future<Output = Result<Option<Vec<u8>>, words_core::Error>> + Send>>`
[INFO] [stdout] 
[INFO] [stdout] 
[INFO] [stdout] error[E0277]: `Rc<RefCell<futures::Inner>>` cannot be sent between threads safely
[INFO] [stdout]    --> workers/common/src/lib.rs:50:9
[INFO] [stdout]     |
[INFO] [stdout]  50 |         Box::pin(async move { self.bucket.put(&key, bytes).execute().await.map(|_| ()).map_err(io) })
[INFO] [stdout]     |         ^^^^^^^^^----------^^^^^^^^^^^^^^^^^^^^^^^^^^^^^^^^^^^^^^^^^^^^^^^^^^^^^^^^^^^^^^^^^^^^^^^^^^
[INFO] [stdout]     |         |        |
[INFO] [stdout]     |         |        within this `{async block@workers/common/src/lib.rs:50:18: 50:28}`
[INFO] [stdout]     |         `Rc<RefCell<futures::Inner>>` cannot be sent between threads safely
[INFO] [stdout]     |
[INFO] [stdout]     = help: within `{async block@workers/common/src/lib.rs:50:18: 50:28}`, the trait `Send` is not implemented for `Rc<RefCell<futures::Inner>>`
[INFO] [stdout] note: required because it appears within the type `JsFuture`
[INFO] [stdout]    --> /opt/rustwide/cargo-home/registry/src/index.crates.io-1949cf8c6b5b557f/js-sys-0.3.104/src/futures/mod.rs:118:12
[INFO] [stdout]     |
[INFO] [stdout] 118 | pub struct JsFuture<T = JsValue> {
[INFO] [stdout]     |            ^^^^^^^^
[INFO] [stdout] note: required because it's used within this `async` fn body
[INFO] [stdout]    --> /opt/rustwide/cargo-home/registry/src/index.crates.io-1949cf8c6b5b557f/worker-0.8.5/src/r2/builder.rs:234:58
[INFO] [stdout]     |
[INFO] [stdout] 234 |       pub async fn execute(self) -> Result<Option<Object>> {
[INFO] [stdout]     |  __________________________________________________________^
[INFO] [stdout] 235 | |         let value: JsValue = self.value.into();
[INFO] [stdout] 236 | |         let name: String = self.key;
[INFO] [stdout] ...   |
[INFO] [stdout] 276 | |         Ok(Some(Object { inner }))
[INFO] [stdout] 277 | |     }
[INFO] [stdout]     | |_____^
[INFO] [stdout] note: required because it's used within this `async` block
[INFO] [stdout]    --> workers/common/src/lib.rs:50:18
[INFO] [stdout]     |
[INFO] [stdout]  50 |         Box::pin(async move { self.bucket.put(&key, bytes).execute().await.map(|_| ()).map_err(io) })
[INFO] [stdout]     |                  ^^^^^^^^^^
[INFO] [stdout]     = note: required for the cast from `Pin<Box<{async block@workers/common/src/lib.rs:50:18: 50:28}>>` to `Pin<Box<dyn Future<Output = Result<(), words_core::Error>> + Send>>`
[INFO] [stdout] 
[INFO] [stdout] 
[INFO] [stdout] error[E0277]: `(dyn futures_core::stream::Stream<Item = Result<Vec<u8>, worker::Error>> + 'static)` cannot be sent between threads safely
[INFO] [stdout]    --> workers/common/src/lib.rs:50:9
[INFO] [stdout]     |
[INFO] [stdout]  50 |         Box::pin(async move { self.bucket.put(&key, bytes).execute().await.map(|_| ()).map_err(io) })
[INFO] [stdout]     |         ^^^^^^^^^^^^^^^^^^^^^^^^^^^^^^^^^^^^^^^^^^^^^^^^^^^^^^^^^^^^^^^^^^^^^^^^^^^^^^^^^^^^^^^^^^^^^ `(dyn futures_core::stream::Stream<Item = Result<Vec<u8>, worker::Error>> + 'static)` cannot be sent between threads safely
[INFO] [stdout]     |
[INFO] [stdout]     = help: the trait `Send` is not implemented for `(dyn futures_core::stream::Stream<Item = Result<Vec<u8>, worker::Error>> + 'static)`
[INFO] [stdout]     = note: required for `Unique<dyn Stream<Item = Result<Vec<u8>, Error>>>` to implement `Send`
[INFO] [stdout] note: required because it appears within the type `Box<(dyn futures_core::stream::Stream<Item = Result<Vec<u8>, worker::Error>> + 'static)>`
[INFO] [stdout]    --> /rustc/3154cc1a3e6424e44f438a95007d043ed5ceaaf6/library/alloc/src/boxed.rs:236:11
[INFO] [stdout] note: required because it appears within the type `Pin<Box<(dyn futures_core::stream::Stream<Item = Result<Vec<u8>, worker::Error>> + 'static)>>`
[INFO] [stdout]    --> /rustc/3154cc1a3e6424e44f438a95007d043ed5ceaaf6/library/core/src/pin.rs:1091:11
[INFO] [stdout] note: required because it appears within the type `worker::FixedLengthStream`
[INFO] [stdout]    --> /opt/rustwide/cargo-home/registry/src/index.crates.io-1949cf8c6b5b557f/worker-0.8.5/src/streams.rs:50:12
[INFO] [stdout]     |
[INFO] [stdout]  50 | pub struct FixedLengthStream {
[INFO] [stdout]     |            ^^^^^^^^^^^^^^^^^
[INFO] [stdout] note: required because it appears within the type `worker::Data`
[INFO] [stdout]    --> /opt/rustwide/cargo-home/registry/src/index.crates.io-1949cf8c6b5b557f/worker-0.8.5/src/r2/mod.rs:494:10
[INFO] [stdout]     |
[INFO] [stdout] 494 | pub enum Data {
[INFO] [stdout]     |          ^^^^
[INFO] [stdout] note: required because it appears within the type `worker::PutOptionsBuilder<'_>`
[INFO] [stdout]    --> /opt/rustwide/cargo-home/registry/src/index.crates.io-1949cf8c6b5b557f/worker-0.8.5/src/r2/builder.rs:169:12
[INFO] [stdout]     |
[INFO] [stdout] 169 | pub struct PutOptionsBuilder<'bucket> {
[INFO] [stdout]     |            ^^^^^^^^^^^^^^^^^
[INFO] [stdout] note: required because it's used within this `async` fn body
[INFO] [stdout]    --> /opt/rustwide/cargo-home/registry/src/index.crates.io-1949cf8c6b5b557f/worker-0.8.5/src/r2/builder.rs:234:58
[INFO] [stdout]     |
[INFO] [stdout] 234 |       pub async fn execute(self) -> Result<Option<Object>> {
[INFO] [stdout]     |  __________________________________________________________^
[INFO] [stdout] 235 | |         let value: JsValue = self.value.into();
[INFO] [stdout] 236 | |         let name: String = self.key;
[INFO] [stdout] ...   |
[INFO] [stdout] 276 | |         Ok(Some(Object { inner }))
[INFO] [stdout] 277 | |     }
[INFO] [stdout]     | |_____^
[INFO] [stdout] note: required because it's used within this `async` block
[INFO] [stdout]    --> workers/common/src/lib.rs:50:18
[INFO] [stdout]     |
[INFO] [stdout]  50 |         Box::pin(async move { self.bucket.put(&key, bytes).execute().await.map(|_| ()).map_err(io) })
[INFO] [stdout]     |                  ^^^^^^^^^^
[INFO] [stdout]     = note: required for the cast from `Pin<Box<{async block@workers/common/src/lib.rs:50:18: 50:28}>>` to `Pin<Box<dyn Future<Output = Result<(), words_core::Error>> + Send>>`
[INFO] [stdout]     = note: the full name for the type has been written to '/opt/rustwide/target/debug/build/wordforge-worker-common/fabf5e061e59a988/out/wordforge_worker_common-fabf5e061e59a988.long-type-9554030900034436994.txt'
[INFO] [stdout]     = note: consider using `--verbose` to print the full type name to the console
[INFO] [stdout] 
[INFO] [stdout] 
[INFO] [stdout] error[E0277]: `Rc<RefCell<futures::Inner>>` cannot be sent between threads safely
[INFO] [stdout]    --> workers/common/src/lib.rs:55:9
[INFO] [stdout]     |
[INFO] [stdout]  55 |           Box::pin(async move {
[INFO] [stdout]     |           ^        ---------- within this `{async block@workers/common/src/lib.rs:55:18: 55:28}`
[INFO] [stdout]     |  _________|
[INFO] [stdout]     | |
[INFO] [stdout]  56 | |             let mut keys = Vec::new();
[INFO] [stdout]  57 | |             let mut cursor: Option<String> = None;
[INFO] [stdout]  58 | |             loop {
[INFO] [stdout] ...   |
[INFO] [stdout]  75 | |             Ok(keys)
[INFO] [stdout]  76 | |         })
[INFO] [stdout]     | |__________^ `Rc<RefCell<futures::Inner>>` cannot be sent between threads safely
[INFO] [stdout]     |
[INFO] [stdout]     = help: within `{async block@workers/common/src/lib.rs:55:18: 55:28}`, the trait `Send` is not implemented for `Rc<RefCell<futures::Inner>>`
[INFO] [stdout] note: required because it appears within the type `JsFuture`
[INFO] [stdout]    --> /opt/rustwide/cargo-home/registry/src/index.crates.io-1949cf8c6b5b557f/js-sys-0.3.104/src/futures/mod.rs:118:12
[INFO] [stdout]     |
[INFO] [stdout] 118 | pub struct JsFuture<T = JsValue> {
[INFO] [stdout]     |            ^^^^^^^^
[INFO] [stdout] note: required because it's used within this `async` fn body
[INFO] [stdout]    --> /opt/rustwide/cargo-home/registry/src/index.crates.io-1949cf8c6b5b557f/worker-0.8.5/src/r2/builder.rs:442:51
[INFO] [stdout]     |
[INFO] [stdout] 442 |       pub async fn execute(self) -> Result<Objects> {
[INFO] [stdout]     |  ___________________________________________________^
[INFO] [stdout] 443 | |         let list_promise = self.edge_bucket.list(
[INFO] [stdout] 444 | |             js_object! {
[INFO] [stdout] 445 | |                 "limit" => self.limit,
[INFO] [stdout] ...   |
[INFO] [stdout] 467 | |         Ok(Objects { inner })
[INFO] [stdout] 468 | |     }
[INFO] [stdout]     | |_____^
[INFO] [stdout] note: required because it's used within this `async` block
[INFO] [stdout]    --> workers/common/src/lib.rs:55:18
[INFO] [stdout]     |
[INFO] [stdout]  55 |         Box::pin(async move {
[INFO] [stdout]     |                  ^^^^^^^^^^
[INFO] [stdout]     = note: required for the cast from `Pin<Box<{async block@workers/common/src/lib.rs:55:18: 55:28}>>` to `Pin<Box<dyn Future<Output = Result<Vec<std::string::String>, words_core::Error>> + Send>>`
[INFO] [stdout] 
[INFO] [stdout] 
[INFO] [stdout] error[E0277]: `Rc<RefCell<futures::Inner>>` cannot be sent between threads safely
[INFO] [stdout]    --> workers/common/src/lib.rs:50:9
[INFO] [stdout]     |
[INFO] [stdout]  50 |         Box::pin(async move { self.bucket.put(&key, bytes).execute().await.map(|_| ()).map_err(io) })
[INFO] [stdout]     |         ^^^^^^^^^----------^^^^^^^^^^^^^^^^^^^^^^^^^^^^^^^^^^^^^^^^^^^^^^^^^^^^^^^^^^^^^^^^^^^^^^^^^^
[INFO] [stdout]     |         |        |
[INFO] [stdout]     |         |        within this `{async block@workers/common/src/lib.rs:50:18: 50:28}`
[INFO] [stdout]     |         `Rc<RefCell<futures::Inner>>` cannot be sent between threads safely
[INFO] [stdout]     |
[INFO] [stdout]     = help: within `{async block@workers/common/src/lib.rs:50:18: 50:28}`, the trait `Send` is not implemented for `Rc<RefCell<futures::Inner>>`
[INFO] [stdout] note: required because it appears within the type `JsFuture`
[INFO] [stdout]    --> /opt/rustwide/cargo-home/registry/src/index.crates.io-1949cf8c6b5b557f/js-sys-0.3.104/src/futures/mod.rs:118:12
[INFO] [stdout]     |
[INFO] [stdout] 118 | pub struct JsFuture<T = JsValue> {
[INFO] [stdout]     |            ^^^^^^^^
[INFO] [stdout] note: required because it's used within this `async` fn body
[INFO] [stdout]    --> /opt/rustwide/cargo-home/registry/src/index.crates.io-1949cf8c6b5b557f/worker-0.8.5/src/r2/builder.rs:234:58
[INFO] [stdout]     |
[INFO] [stdout] 234 |       pub async fn execute(self) -> Result<Option<Object>> {
[INFO] [stdout]     |  __________________________________________________________^
[INFO] [stdout] 235 | |         let value: JsValue = self.value.into();
[INFO] [stdout] 236 | |         let name: String = self.key;
[INFO] [stdout] ...   |
[INFO] [stdout] 276 | |         Ok(Some(Object { inner }))
[INFO] [stdout] 277 | |     }
[INFO] [stdout]     | |_____^
[INFO] [stdout] note: required because it's used within this `async` block
[INFO] [stdout]    --> workers/common/src/lib.rs:50:18
[INFO] [stdout]     |
[INFO] [stdout]  50 |         Box::pin(async move { self.bucket.put(&key, bytes).execute().await.map(|_| ()).map_err(io) })
[INFO] [stdout]     |                  ^^^^^^^^^^
[INFO] [stdout]     = note: required for the cast from `Pin<Box<{async block@workers/common/src/lib.rs:50:18: 50:28}>>` to `Pin<Box<dyn Future<Output = Result<(), words_core::Error>> + Send>>`
[INFO] [stdout] 
[INFO] [stdout] 
[INFO] [stdout] error[E0277]: `(dyn futures_core::stream::Stream<Item = Result<Vec<u8>, worker::Error>> + 'static)` cannot be sent between threads safely
[INFO] [stdout]    --> workers/common/src/lib.rs:50:9
[INFO] [stdout]     |
[INFO] [stdout]  50 |         Box::pin(async move { self.bucket.put(&key, bytes).execute().await.map(|_| ()).map_err(io) })
[INFO] [stdout]     |         ^^^^^^^^^^^^^^^^^^^^^^^^^^^^^^^^^^^^^^^^^^^^^^^^^^^^^^^^^^^^^^^^^^^^^^^^^^^^^^^^^^^^^^^^^^^^^ `(dyn futures_core::stream::Stream<Item = Result<Vec<u8>, worker::Error>> + 'static)` cannot be sent between threads safely
[INFO] [stdout]     |
[INFO] [stdout]     = help: the trait `Send` is not implemented for `(dyn futures_core::stream::Stream<Item = Result<Vec<u8>, worker::Error>> + 'static)`
[INFO] [stdout]     = note: required for `Unique<dyn Stream<Item = Result<Vec<u8>, Error>>>` to implement `Send`
[INFO] [stdout] note: required because it appears within the type `Box<(dyn futures_core::stream::Stream<Item = Result<Vec<u8>, worker::Error>> + 'static)>`
[INFO] [stdout]    --> /rustc/3154cc1a3e6424e44f438a95007d043ed5ceaaf6/library/alloc/src/boxed.rs:236:11
[INFO] [stdout] note: required because it appears within the type `Pin<Box<(dyn futures_core::stream::Stream<Item = Result<Vec<u8>, worker::Error>> + 'static)>>`
[INFO] [stdout]    --> /rustc/3154cc1a3e6424e44f438a95007d043ed5ceaaf6/library/core/src/pin.rs:1091:11
[INFO] [stdout] note: required because it appears within the type `worker::FixedLengthStream`
[INFO] [stdout]    --> /opt/rustwide/cargo-home/registry/src/index.crates.io-1949cf8c6b5b557f/worker-0.8.5/src/streams.rs:50:12
[INFO] [stdout]     |
[INFO] [stdout]  50 | pub struct FixedLengthStream {
[INFO] [stdout]     |            ^^^^^^^^^^^^^^^^^
[INFO] [stdout] note: required because it appears within the type `worker::Data`
[INFO] [stdout]    --> /opt/rustwide/cargo-home/registry/src/index.crates.io-1949cf8c6b5b557f/worker-0.8.5/src/r2/mod.rs:494:10
[INFO] [stdout]     |
[INFO] [stdout] 494 | pub enum Data {
[INFO] [stdout]     |          ^^^^
[INFO] [stdout] note: required because it appears within the type `worker::PutOptionsBuilder<'_>`
[INFO] [stdout]    --> /opt/rustwide/cargo-home/registry/src/index.crates.io-1949cf8c6b5b557f/worker-0.8.5/src/r2/builder.rs:169:12
[INFO] [stdout]     |
[INFO] [stdout] 169 | pub struct PutOptionsBuilder<'bucket> {
[INFO] [stdout]     |            ^^^^^^^^^^^^^^^^^
[INFO] [stdout] note: required because it's used within this `async` fn body
[INFO] [stdout]    --> /opt/rustwide/cargo-home/registry/src/index.crates.io-1949cf8c6b5b557f/worker-0.8.5/src/r2/builder.rs:234:58
[INFO] [stdout]     |
[INFO] [stdout] 234 |       pub async fn execute(self) -> Result<Option<Object>> {
[INFO] [stdout]     |  __________________________________________________________^
[INFO] [stdout] 235 | |         let value: JsValue = self.value.into();
[INFO] [stdout] 236 | |         let name: String = self.key;
[INFO] [stdout] ...   |
[INFO] [stdout] 276 | |         Ok(Some(Object { inner }))
[INFO] [stdout] 277 | |     }
[INFO] [stdout]     | |_____^
[INFO] [stdout] note: required because it's used within this `async` block
[INFO] [stdout]    --> workers/common/src/lib.rs:50:18
[INFO] [stdout]     |
[INFO] [stdout]  50 |         Box::pin(async move { self.bucket.put(&key, bytes).execute().await.map(|_| ()).map_err(io) })
[INFO] [stdout]     |                  ^^^^^^^^^^
[INFO] [stdout]     = note: required for the cast from `Pin<Box<{async block@workers/common/src/lib.rs:50:18: 50:28}>>` to `Pin<Box<dyn Future<Output = Result<(), words_core::Error>> + Send>>`
[INFO] [stdout]     = note: the full name for the type has been written to '/opt/rustwide/target/debug/build/wordforge-worker-common/c7eab6e6d84308d6/out/wordforge_worker_common-c7eab6e6d84308d6.long-type-16162500825086711394.txt'
[INFO] [stdout]     = note: consider using `--verbose` to print the full type name to the console
[INFO] [stdout] 
[INFO] [stdout] 
[INFO] [stdout] error[E0277]: `Rc<RefCell<futures::Inner>>` cannot be sent between threads safely
[INFO] [stdout]    --> workers/common/src/lib.rs:55:9
[INFO] [stdout]     |
[INFO] [stdout]  55 |           Box::pin(async move {
[INFO] [stdout]     |           ^        ---------- within this `{async block@workers/common/src/lib.rs:55:18: 55:28}`
[INFO] [stdout]     |  _________|
[INFO] [stdout]     | |
[INFO] [stdout]  56 | |             let mut keys = Vec::new();
[INFO] [stdout]  57 | |             let mut cursor: Option<String> = None;
[INFO] [stdout]  58 | |             loop {
[INFO] [stdout] ...   |
[INFO] [stdout]  75 | |             Ok(keys)
[INFO] [stdout]  76 | |         })
[INFO] [stdout]     | |__________^ `Rc<RefCell<futures::Inner>>` cannot be sent between threads safely
[INFO] [stdout]     |
[INFO] [stdout]     = help: within `{async block@workers/common/src/lib.rs:55:18: 55:28}`, the trait `Send` is not implemented for `Rc<RefCell<futures::Inner>>`
[INFO] [stdout] note: required because it appears within the type `JsFuture`
[INFO] [stdout]    --> /opt/rustwide/cargo-home/registry/src/index.crates.io-1949cf8c6b5b557f/js-sys-0.3.104/src/futures/mod.rs:118:12
[INFO] [stdout]     |
[INFO] [stdout] 118 | pub struct JsFuture<T = JsValue> {
[INFO] [stdout]     |            ^^^^^^^^
[INFO] [stdout] note: required because it's used within this `async` fn body
[INFO] [stdout]    --> /opt/rustwide/cargo-home/registry/src/index.crates.io-1949cf8c6b5b557f/worker-0.8.5/src/r2/builder.rs:442:51
[INFO] [stdout]     |
[INFO] [stdout] 442 |       pub async fn execute(self) -> Result<Objects> {
[INFO] [stdout]     |  ___________________________________________________^
[INFO] [stdout] 443 | |         let list_promise = self.edge_bucket.list(
[INFO] [stdout] 444 | |             js_object! {
[INFO] [stdout] 445 | |                 "limit" => self.limit,
[INFO] [stdout] ...   |
[INFO] [stdout] 467 | |         Ok(Objects { inner })
[INFO] [stdout] 468 | |     }
[INFO] [stdout]     | |_____^
[INFO] [stdout] note: required because it's used within this `async` block
[INFO] [stdout]    --> workers/common/src/lib.rs:55:18
[INFO] [stdout]     |
[INFO] [stdout]  55 |         Box::pin(async move {
[INFO] [stdout]     |                  ^^^^^^^^^^
[INFO] [stdout]     = note: required for the cast from `Pin<Box<{async block@workers/common/src/lib.rs:55:18: 55:28}>>` to `Pin<Box<dyn Future<Output = Result<Vec<std::string::String>, words_core::Error>> + Send>>`
[INFO] [stdout] 
[INFO] [stdout] 
[INFO] [stdout] For more information about this error, try `rustc --explain E0277`.
[INFO] [stdout] 
[INFO] [stdout] For more information about this error, try `rustc --explain E0277`.
[INFO] [stdout] 
[INFO] [stderr] error: could not compile `wordforge-worker-common` (lib) due to 4 previous errors
[INFO] [stderr] warning: build failed, waiting for other jobs to finish...
[INFO] [stderr] error: could not compile `wordforge-worker-common` (lib test) due to 4 previous errors
[INFO] [stderr] warning: unused dependency `serde`
[INFO] [stderr]   --> crates/words-core/Cargo.toml:12:1
[INFO] [stderr]    |
[INFO] [stderr] 12 | serde = { workspace = true }
[INFO] [stderr]    | ^^^^^^^^^^^^^^^^^^^^^^^^^^^^
[INFO] [stderr]    |
[INFO] [stderr]    = note: `cargo::unused_dependencies` is set to `warn` by default
[INFO] [stderr] help: consider removing the dependency on `serde`
[INFO] [stderr] warning: `words-core` (manifest) generated 1 warning
[INFO] running `Command { std: "docker" "inspect" "155432a6070f195e5de1ccce7c5489d5ddc829dbd4e3da862f7761e31878f54b", kill_on_drop: false }`
[INFO] running `Command { std: "docker" "rm" "-f" "155432a6070f195e5de1ccce7c5489d5ddc829dbd4e3da862f7761e31878f54b", kill_on_drop: false }`
[INFO] [stdout] 155432a6070f195e5de1ccce7c5489d5ddc829dbd4e3da862f7761e31878f54b
