[INFO] cloning repository https://github.com/sj8687/rust
[INFO] running `Command { std: "git" "-c" "credential.helper=" "-c" "credential.helper=/workspace/cargo-home/bin/git-credential-null" "clone" "--bare" "https://github.com/sj8687/rust" "/workspace/cache/git-repos/https%3A%2F%2Fgithub.com%2Fsj8687%2Frust", kill_on_drop: false }`
[INFO] [stderr] Cloning into bare repository '/workspace/cache/git-repos/https%3A%2F%2Fgithub.com%2Fsj8687%2Frust'...
[INFO] running `Command { std: "git" "rev-parse" "HEAD", kill_on_drop: false }`
[INFO] [stdout] 24b8a56fd4d7971c618b95d92b072e1b9501e9a7
[INFO] checking sj8687/rust against 3154cc1a3e6424e44f438a95007d043ed5ceaaf6 for pr-133502-30
[INFO] running `Command { std: "git" "clone" "/workspace/cache/git-repos/https%3A%2F%2Fgithub.com%2Fsj8687%2Frust" "/workspace/builds/worker-4-tc2/source", kill_on_drop: false }`
[INFO] [stderr] Cloning into '/workspace/builds/worker-4-tc2/source'...
[INFO] [stderr] done.
[INFO] started tweaking git repo https://github.com/sj8687/rust
[INFO] finished tweaking git repo https://github.com/sj8687/rust
[INFO] tweaked toml for git repo https://github.com/sj8687/rust written to /workspace/builds/worker-4-tc2/source/Cargo.toml
[INFO] validating manifest of git repo https://github.com/sj8687/rust on toolchain 3154cc1a3e6424e44f438a95007d043ed5ceaaf6
[INFO] running `Command { std: CARGO_HOME="/workspace/cargo-home" RUSTUP_HOME="/workspace/rustup-home" "/workspace/cargo-home/bin/cargo" "+3154cc1a3e6424e44f438a95007d043ed5ceaaf6" "metadata" "--manifest-path" "Cargo.toml" "--no-deps", kill_on_drop: false }`
[INFO] crate git repo https://github.com/sj8687/rust already has a lockfile, it will not be regenerated
[INFO] running `Command { std: CARGO_HOME="/workspace/cargo-home" RUSTUP_HOME="/workspace/rustup-home" "/workspace/cargo-home/bin/cargo" "+3154cc1a3e6424e44f438a95007d043ed5ceaaf6" "fetch" "--manifest-path" "Cargo.toml", kill_on_drop: false }`
[INFO] running `Command { std: "docker" "create" "-v" "/var/lib/crater-agent-workspace/builds/worker-4-tc2/source:/opt/rustwide/workdir:ro,Z" "-v" "/var/lib/crater-agent-workspace/builds/worker-4-tc2/target:/opt/rustwide/target:rw,Z" "-v" "/var/lib/crater-agent-workspace/cargo-home:/opt/rustwide/cargo-home:ro,Z" "-v" "/var/lib/crater-agent-workspace/rustup-home:/opt/rustwide/rustup-home:ro,Z" "-m" "1610612736" "--network" "none" "ghcr.io/rust-lang/crates-build-env/linux@sha256:77db811e55d90add9212f6832c23229e3de5f1c1f9905e8cb07319ea15df73ac" "sleep" "infinity", kill_on_drop: false }`
[INFO] [stdout] 35091708dd5a908a2b491e5336548a10256861bbccdf2229da6b00067ab02364
[INFO] running `Command { std: "docker" "start" "35091708dd5a908a2b491e5336548a10256861bbccdf2229da6b00067ab02364", kill_on_drop: false }`
[INFO] running `Command { std: "docker" "inspect" "35091708dd5a908a2b491e5336548a10256861bbccdf2229da6b00067ab02364", kill_on_drop: false }`
[INFO] running `Command { std: "docker" "exec" "-e" "SOURCE_DIR=/opt/rustwide/workdir" "-e" "CARGO_HOME=/opt/rustwide/cargo-home" "-e" "RUSTUP_HOME=/opt/rustwide/rustup-home" "-e" "CARGO_TARGET_DIR=/opt/rustwide/target" "-w" "/opt/rustwide/workdir" "--user" "0:0" "35091708dd5a908a2b491e5336548a10256861bbccdf2229da6b00067ab02364" "/opt/rustwide/cargo-home/bin/cargo" "+3154cc1a3e6424e44f438a95007d043ed5ceaaf6" "metadata" "--no-deps" "--format-version=1", kill_on_drop: false }`
[INFO] running `Command { std: "docker" "inspect" "35091708dd5a908a2b491e5336548a10256861bbccdf2229da6b00067ab02364", kill_on_drop: false }`
[INFO] running `Command { std: "docker" "exec" "-e" "SOURCE_DIR=/opt/rustwide/workdir" "-e" "CARGO_HOME=/opt/rustwide/cargo-home" "-e" "RUSTUP_HOME=/opt/rustwide/rustup-home" "-e" "CARGO_TARGET_DIR=/opt/rustwide/target" "-e" "CARGO_INCREMENTAL=0" "-e" "RUST_BACKTRACE=full" "-e" "RUSTFLAGS=--cap-lints=forbid" "-e" "RUSTDOCFLAGS=--cap-lints=forbid" "-w" "/opt/rustwide/workdir" "--user" "0:0" "35091708dd5a908a2b491e5336548a10256861bbccdf2229da6b00067ab02364" "/opt/rustwide/cargo-home/bin/cargo" "+3154cc1a3e6424e44f438a95007d043ed5ceaaf6" "check" "--frozen" "--all" "--all-targets" "--message-format=json", kill_on_drop: false }`
[INFO] [stderr]    Compiling autocfg v0.1.8
[INFO] [stderr]    Compiling rand_core v0.4.3
[INFO] [stderr]    Compiling siphasher v0.2.3
[INFO] [stderr]    Compiling libc v0.2.189
[INFO] [stderr]    Compiling failure_derive v0.1.8
[INFO] [stderr]     Checking object v0.37.3
[INFO] [stderr]     Checking rustc-demangle v0.1.28
[INFO] [stderr]     Checking cfg-if v1.0.5
[INFO] [stderr]    Compiling borsh v1.8.0
[INFO] [stderr]    Compiling syn v1.0.109
[INFO] [stderr]    Compiling syn v3.0.3
[INFO] [stderr]    Compiling syn v2.0.119
[INFO] [stderr]     Checking approx v0.1.1
[INFO] [stderr]    Compiling rand_chacha v0.1.1
[INFO] [stderr]    Compiling rand_pcg v0.1.2
[INFO] [stderr]    Compiling rand v0.6.5
[INFO] [stderr]    Compiling rand_core v0.3.2
[INFO] [stderr]    Compiling rand_isaac v0.1.1
[INFO] [stderr]    Compiling rand_hc v0.1.0
[INFO] [stderr]    Compiling rand_xorshift v0.1.1
[INFO] [stderr]    Compiling rand_jitter v0.1.4
[INFO] [stderr]    Compiling phf_shared v0.7.24
[INFO] [stderr]     Checking phf v0.7.24
[INFO] [stderr]    Compiling rand_os v0.1.3
[INFO] [stderr]    Compiling phf_generator v0.7.24
[INFO] [stderr]    Compiling phf_codegen v0.7.24
[INFO] [stderr]    Compiling palette v0.3.0
[INFO] [stderr]    Compiling synstructure v0.12.6
[INFO] [stderr]    Compiling serde_derive v1.0.229
[INFO] [stderr]    Compiling borsh-derive v1.8.0
[INFO] [stderr]     Checking backtrace v0.3.76
[INFO] [stderr]     Checking failure v0.1.8
[INFO] [stderr]     Checking arc v0.0.1
[INFO] [stderr]     Checking serde v1.0.229
[INFO] [stderr]     Checking rust4 v0.1.0 (/opt/rustwide/workdir)
[INFO] [stdout] error: unknown start of token: \
[INFO] [stdout]     --> src/main.rs:1189:1
[INFO] [stdout]      |
[INFO] [stdout] 1189 | \#[tokio::main(flavor = "multi_thread")]
[INFO] [stdout]      | ^
[INFO] [stdout] 
[INFO] [stdout] 
[INFO] [stdout] error: unknown character escape: `:`
[INFO] [stdout]     --> src/main.rs:1193:24
[INFO] [stdout]      |
[INFO] [stdout] 1193 |         .at("/website/\:website_id", get(get_website))
[INFO] [stdout]      |                        ^ unknown character escape
[INFO] [stdout]      |
[INFO] [stdout]      = help: for more information, visit <https://doc.rust-lang.org/reference/tokens.html#literals>
[INFO] [stdout] help: if you meant to write a literal backslash (perhaps escaping in a regular expression), consider a raw string literal
[INFO] [stdout]      |
[INFO] [stdout] 1193 |         .at(r"/website/\:website_id", get(get_website))
[INFO] [stdout]      |             +
[INFO] [stdout] 
[INFO] [stdout] 
[INFO] [stdout] error[E0583]: file not found for module `request_inputs`
[INFO] [stdout]     --> src/main.rs:1185:1
[INFO] [stdout]      |
[INFO] [stdout] 1185 | pub mod request_inputs;
[INFO] [stdout]      | ^^^^^^^^^^^^^^^^^^^^^^^
[INFO] [stdout]      |
[INFO] [stdout]      = help: to create the module `request_inputs`, create file "src/request_inputs.rs" or "src/request_inputs/mod.rs"
[INFO] [stdout]      = note: if there is a `mod request_inputs` elsewhere in the crate already, import it with `use crate::...` instead
[INFO] [stdout] 
[INFO] [stdout] 
[INFO] [stdout] error[E0583]: file not found for module `request_outputs`
[INFO] [stdout]     --> src/main.rs:1186:1
[INFO] [stdout]      |
[INFO] [stdout] 1186 | pub mod request_outputs;
[INFO] [stdout]      | ^^^^^^^^^^^^^^^^^^^^^^^^
[INFO] [stdout]      |
[INFO] [stdout]      = help: to create the module `request_outputs`, create file "src/request_outputs.rs" or "src/request_outputs/mod.rs"
[INFO] [stdout]      = note: if there is a `mod request_outputs` elsewhere in the crate already, import it with `use crate::...` instead
[INFO] [stdout] 
[INFO] [stdout] 
[INFO] [stdout] error[E0583]: file not found for module `routes`
[INFO] [stdout]     --> src/main.rs:1187:1
[INFO] [stdout]      |
[INFO] [stdout] 1187 | pub mod routes;
[INFO] [stdout]      | ^^^^^^^^^^^^^^^
[INFO] [stdout]      |
[INFO] [stdout]      = help: to create the module `routes`, create file "src/routes.rs" or "src/routes/mod.rs"
[INFO] [stdout]      = note: if there is a `mod routes` elsewhere in the crate already, import it with `use crate::...` instead
[INFO] [stdout] 
[INFO] [stdout] 
[INFO] [stdout] error[E0252]: the name `Arc` is defined multiple times
[INFO] [stdout]     --> src/main.rs:1178:17
[INFO] [stdout]      |
[INFO] [stdout] 1129 | use std::sync::{Arc, Mutex};
[INFO] [stdout]      |                 --- previous import of the type `Arc` here
[INFO] [stdout] ...
[INFO] [stdout] 1178 | use std::sync::{Arc, Mutex};
[INFO] [stdout]      |                 ^^^--
[INFO] [stdout]      |                 |
[INFO] [stdout]      |                 `Arc` reimported here
[INFO] [stdout]      |                 help: remove unnecessary import
[INFO] [stdout]      |
[INFO] [stdout]      = note: `Arc` must be defined only once in the type namespace of this module
[INFO] [stdout] 
[INFO] [stdout] 
[INFO] [stdout] error[E0252]: the name `Mutex` is defined multiple times
[INFO] [stdout]     --> src/main.rs:1178:22
[INFO] [stdout]      |
[INFO] [stdout] 1129 | use std::sync::{Arc, Mutex};
[INFO] [stdout]      |                      ----- previous import of the type `Mutex` here
[INFO] [stdout] ...
[INFO] [stdout] 1178 | use std::sync::{Arc, Mutex};
[INFO] [stdout]      |                      ^^^^^ `Mutex` reimported here
[INFO] [stdout]      |
[INFO] [stdout]      = note: `Mutex` must be defined only once in the type namespace of this module
[INFO] [stdout] 
[INFO] [stdout] 
[INFO] [stdout] error[E0428]: the name `main` is defined multiple times
[INFO] [stdout]     --> src/main.rs:1190:1
[INFO] [stdout]      |
[INFO] [stdout] 1132 | fn main() {
[INFO] [stdout]      | --------- previous definition of the value `main` here
[INFO] [stdout] ...
[INFO] [stdout] 1190 | async fn main() -> Result<(), std::io::Error> {
[INFO] [stdout]      | ^^^^^^^^^^^^^^^^^^^^^^^^^^^^^^^^^^^^^^^^^^^^^ `main` redefined here
[INFO] [stdout]      |
[INFO] [stdout]      = note: `main` must be defined only once in the value namespace of this module
[INFO] [stdout] 
[INFO] [stdout] 
[INFO] [stdout] error[E0433]: cannot find module or crate `poem` in this scope
[INFO] [stdout]     --> src/main.rs:1180:5
[INFO] [stdout]      |
[INFO] [stdout] 1180 | use poem::{
[INFO] [stdout]      |     ^^^^ use of unresolved module or unlinked crate `poem`
[INFO] [stdout]      |
[INFO] [stdout]      = help: if you wanted to use a crate named `poem`, use `cargo add poem` to add it to your `Cargo.toml`
[INFO] [stdout] 
[INFO] [stdout] 
[INFO] [stdout] error[E0433]: cannot find module or crate `store` in this scope
[INFO] [stdout]     --> src/main.rs:1184:5
[INFO] [stdout]      |
[INFO] [stdout] 1184 | use store::store::Store;
[INFO] [stdout]      |     ^^^^^ use of unresolved module or unlinked crate `store`
[INFO] [stdout]      |
[INFO] [stdout]      = help: if you wanted to use a crate named `store`, use `cargo add store` to add it to your `Cargo.toml`
[INFO] [stdout] 
[INFO] [stdout] 
[INFO] [stdout] error[E0432]: unresolved import `poem`
[INFO] [stdout]     --> src/main.rs:1180:5
[INFO] [stdout]      |
[INFO] [stdout] 1180 | use poem::{
[INFO] [stdout]      |     ^^^^ use of unresolved module or unlinked crate `poem`
[INFO] [stdout]      |
[INFO] [stdout]      = help: if you wanted to use a crate named `poem`, use `cargo add poem` to add it to your `Cargo.toml`
[INFO] [stdout] 
[INFO] [stdout] 
[INFO] [stdout] error[E0433]: cannot find module or crate `tokio` in this scope
[INFO] [stdout]     --> src/main.rs:1189:4
[INFO] [stdout]      |
[INFO] [stdout] 1189 | \#[tokio::main(flavor = "multi_thread")]
[INFO] [stdout]      |    ^^^^^ use of unresolved module or unlinked crate `tokio`
[INFO] [stdout] 
[INFO] [stdout] 
[INFO] [stdout] Some errors have detailed explanations: E0252, E0428, E0432, E0433, E0583.
[INFO] [stdout] 
[INFO] [stdout] For more information about an error, try `rustc --explain E0252`.
[INFO] [stdout] 
[INFO] [stderr] error: could not compile `rust4` (bin "rust4") due to 12 previous errors
[INFO] [stderr] warning: build failed, waiting for other jobs to finish...
[INFO] [stdout] error: unknown start of token: \
[INFO] [stdout]     --> src/main.rs:1189:1
[INFO] [stdout]      |
[INFO] [stdout] 1189 | \#[tokio::main(flavor = "multi_thread")]
[INFO] [stdout]      | ^
[INFO] [stdout] 
[INFO] [stdout] 
[INFO] [stdout] error: unknown character escape: `:`
[INFO] [stdout]     --> src/main.rs:1193:24
[INFO] [stdout]      |
[INFO] [stdout] 1193 |         .at("/website/\:website_id", get(get_website))
[INFO] [stdout]      |                        ^ unknown character escape
[INFO] [stdout]      |
[INFO] [stdout]      = help: for more information, visit <https://doc.rust-lang.org/reference/tokens.html#literals>
[INFO] [stdout] help: if you meant to write a literal backslash (perhaps escaping in a regular expression), consider a raw string literal
[INFO] [stdout]      |
[INFO] [stdout] 1193 |         .at(r"/website/\:website_id", get(get_website))
[INFO] [stdout]      |             +
[INFO] [stdout] 
[INFO] [stdout] 
[INFO] [stdout] error[E0583]: file not found for module `request_inputs`
[INFO] [stdout]     --> src/main.rs:1185:1
[INFO] [stdout]      |
[INFO] [stdout] 1185 | pub mod request_inputs;
[INFO] [stdout]      | ^^^^^^^^^^^^^^^^^^^^^^^
[INFO] [stdout]      |
[INFO] [stdout]      = help: to create the module `request_inputs`, create file "src/request_inputs.rs" or "src/request_inputs/mod.rs"
[INFO] [stdout]      = note: if there is a `mod request_inputs` elsewhere in the crate already, import it with `use crate::...` instead
[INFO] [stdout] 
[INFO] [stdout] 
[INFO] [stdout] error[E0583]: file not found for module `request_outputs`
[INFO] [stdout]     --> src/main.rs:1186:1
[INFO] [stdout]      |
[INFO] [stdout] 1186 | pub mod request_outputs;
[INFO] [stdout]      | ^^^^^^^^^^^^^^^^^^^^^^^^
[INFO] [stdout]      |
[INFO] [stdout]      = help: to create the module `request_outputs`, create file "src/request_outputs.rs" or "src/request_outputs/mod.rs"
[INFO] [stdout]      = note: if there is a `mod request_outputs` elsewhere in the crate already, import it with `use crate::...` instead
[INFO] [stdout] 
[INFO] [stdout] 
[INFO] [stdout] error[E0583]: file not found for module `routes`
[INFO] [stdout]     --> src/main.rs:1187:1
[INFO] [stdout]      |
[INFO] [stdout] 1187 | pub mod routes;
[INFO] [stdout]      | ^^^^^^^^^^^^^^^
[INFO] [stdout]      |
[INFO] [stdout]      = help: to create the module `routes`, create file "src/routes.rs" or "src/routes/mod.rs"
[INFO] [stdout]      = note: if there is a `mod routes` elsewhere in the crate already, import it with `use crate::...` instead
[INFO] [stdout] 
[INFO] [stdout] 
[INFO] [stdout] error[E0252]: the name `Arc` is defined multiple times
[INFO] [stdout]     --> src/main.rs:1178:17
[INFO] [stdout]      |
[INFO] [stdout] 1129 | use std::sync::{Arc, Mutex};
[INFO] [stdout]      |                 --- previous import of the type `Arc` here
[INFO] [stdout] ...
[INFO] [stdout] 1178 | use std::sync::{Arc, Mutex};
[INFO] [stdout]      |                 ^^^--
[INFO] [stdout]      |                 |
[INFO] [stdout]      |                 `Arc` reimported here
[INFO] [stdout]      |                 help: remove unnecessary import
[INFO] [stdout]      |
[INFO] [stdout]      = note: `Arc` must be defined only once in the type namespace of this module
[INFO] [stdout] 
[INFO] [stdout] 
[INFO] [stdout] error[E0252]: the name `Mutex` is defined multiple times
[INFO] [stdout]     --> src/main.rs:1178:22
[INFO] [stdout]      |
[INFO] [stdout] 1129 | use std::sync::{Arc, Mutex};
[INFO] [stdout]      |                      ----- previous import of the type `Mutex` here
[INFO] [stdout] ...
[INFO] [stdout] 1178 | use std::sync::{Arc, Mutex};
[INFO] [stdout]      |                      ^^^^^ `Mutex` reimported here
[INFO] [stdout]      |
[INFO] [stdout]      = note: `Mutex` must be defined only once in the type namespace of this module
[INFO] [stdout] 
[INFO] [stdout] 
[INFO] [stdout] error[E0428]: the name `main` is defined multiple times
[INFO] [stdout]     --> src/main.rs:1190:1
[INFO] [stdout]      |
[INFO] [stdout] 1132 | fn main() {
[INFO] [stdout]      | --------- previous definition of the value `main` here
[INFO] [stdout] ...
[INFO] [stdout] 1190 | async fn main() -> Result<(), std::io::Error> {
[INFO] [stdout]      | ^^^^^^^^^^^^^^^^^^^^^^^^^^^^^^^^^^^^^^^^^^^^^ `main` redefined here
[INFO] [stdout]      |
[INFO] [stdout]      = note: `main` must be defined only once in the value namespace of this module
[INFO] [stdout] 
[INFO] [stdout] 
[INFO] [stdout] error[E0433]: cannot find module or crate `poem` in this scope
[INFO] [stdout]     --> src/main.rs:1180:5
[INFO] [stdout]      |
[INFO] [stdout] 1180 | use poem::{
[INFO] [stdout]      |     ^^^^ use of unresolved module or unlinked crate `poem`
[INFO] [stdout]      |
[INFO] [stdout]      = help: if you wanted to use a crate named `poem`, use `cargo add poem` to add it to your `Cargo.toml`
[INFO] [stdout] 
[INFO] [stdout] 
[INFO] [stdout] error[E0433]: cannot find module or crate `store` in this scope
[INFO] [stdout]     --> src/main.rs:1184:5
[INFO] [stdout]      |
[INFO] [stdout] 1184 | use store::store::Store;
[INFO] [stdout]      |     ^^^^^ use of unresolved module or unlinked crate `store`
[INFO] [stdout]      |
[INFO] [stdout]      = help: if you wanted to use a crate named `store`, use `cargo add store` to add it to your `Cargo.toml`
[INFO] [stdout] 
[INFO] [stdout] 
[INFO] [stdout] error[E0432]: unresolved import `poem`
[INFO] [stdout]     --> src/main.rs:1180:5
[INFO] [stdout]      |
[INFO] [stdout] 1180 | use poem::{
[INFO] [stdout]      |     ^^^^ use of unresolved module or unlinked crate `poem`
[INFO] [stdout]      |
[INFO] [stdout]      = help: if you wanted to use a crate named `poem`, use `cargo add poem` to add it to your `Cargo.toml`
[INFO] [stdout] 
[INFO] [stdout] 
[INFO] [stdout] error[E0433]: cannot find module or crate `tokio` in this scope
[INFO] [stdout]     --> src/main.rs:1189:4
[INFO] [stdout]      |
[INFO] [stdout] 1189 | \#[tokio::main(flavor = "multi_thread")]
[INFO] [stdout]      |    ^^^^^ use of unresolved module or unlinked crate `tokio`
[INFO] [stdout] 
[INFO] [stdout] 
[INFO] [stdout] Some errors have detailed explanations: E0252, E0428, E0432, E0433, E0583.
[INFO] [stdout] 
[INFO] [stdout] For more information about an error, try `rustc --explain E0252`.
[INFO] [stdout] 
[INFO] [stderr] error: could not compile `rust4` (bin "rust4" test) due to 12 previous errors
[INFO] running `Command { std: "docker" "inspect" "35091708dd5a908a2b491e5336548a10256861bbccdf2229da6b00067ab02364", kill_on_drop: false }`
[INFO] running `Command { std: "docker" "rm" "-f" "35091708dd5a908a2b491e5336548a10256861bbccdf2229da6b00067ab02364", kill_on_drop: false }`
[INFO] [stdout] 35091708dd5a908a2b491e5336548a10256861bbccdf2229da6b00067ab02364
