[INFO] cloning repository https://github.com/silentnoisehun/octopus-rust-runtime
[INFO] running `Command { std: "git" "-c" "credential.helper=" "-c" "credential.helper=/workspace/cargo-home/bin/git-credential-null" "clone" "--bare" "https://github.com/silentnoisehun/octopus-rust-runtime" "/workspace/cache/git-repos/https%3A%2F%2Fgithub.com%2Fsilentnoisehun%2Foctopus-rust-runtime", kill_on_drop: false }`
[INFO] [stderr] Cloning into bare repository '/workspace/cache/git-repos/https%3A%2F%2Fgithub.com%2Fsilentnoisehun%2Foctopus-rust-runtime'...
[INFO] running `Command { std: "git" "rev-parse" "HEAD", kill_on_drop: false }`
[INFO] [stdout] b36fe077d71d0132e47b33c944f5df5adc33e8eb
[INFO] checking silentnoisehun/octopus-rust-runtime against 3154cc1a3e6424e44f438a95007d043ed5ceaaf6+rustflags=-Znext-solver=coherence for pr-133502-30
[INFO] running `Command { std: "git" "clone" "/workspace/cache/git-repos/https%3A%2F%2Fgithub.com%2Fsilentnoisehun%2Foctopus-rust-runtime" "/workspace/builds/worker-1-tc1/source", kill_on_drop: false }`
[INFO] [stderr] Cloning into '/workspace/builds/worker-1-tc1/source'...
[INFO] [stderr] done.
[INFO] started tweaking git repo https://github.com/silentnoisehun/octopus-rust-runtime
[INFO] finished tweaking git repo https://github.com/silentnoisehun/octopus-rust-runtime
[INFO] tweaked toml for git repo https://github.com/silentnoisehun/octopus-rust-runtime written to /workspace/builds/worker-1-tc1/source/Cargo.toml
[INFO] validating manifest of git repo https://github.com/silentnoisehun/octopus-rust-runtime on toolchain 3154cc1a3e6424e44f438a95007d043ed5ceaaf6
[INFO] running `Command { std: CARGO_HOME="/workspace/cargo-home" RUSTUP_HOME="/workspace/rustup-home" "/workspace/cargo-home/bin/cargo" "+3154cc1a3e6424e44f438a95007d043ed5ceaaf6" "metadata" "--manifest-path" "Cargo.toml" "--no-deps", kill_on_drop: false }`
[INFO] crate git repo https://github.com/silentnoisehun/octopus-rust-runtime already has a lockfile, it will not be regenerated
[INFO] running `Command { std: CARGO_HOME="/workspace/cargo-home" RUSTUP_HOME="/workspace/rustup-home" "/workspace/cargo-home/bin/cargo" "+3154cc1a3e6424e44f438a95007d043ed5ceaaf6" "fetch" "--manifest-path" "Cargo.toml", kill_on_drop: false }`
[INFO] [stderr] warning: `package.homepage` is redundant with `package.repository`
[INFO] [stderr]   --> Cargo.toml:45:12
[INFO] [stderr]    |
[INFO] [stderr] 45 | homepage = "https://github.com/silentnoisehun/octopus-rust-runtime"
[INFO] [stderr]    |            ^^^^^^^^^^^^^^^^^^^^^^^^^^^^^^^^^^^^^^^^^^^^^^^^^^^^^^^^
[INFO] [stderr] ...
[INFO] [stderr] 49 | repository = "https://github.com/silentnoisehun/octopus-rust-runtime"
[INFO] [stderr]    |              --------------------------------------------------------
[INFO] [stderr]    |
[INFO] [stderr]    = note: `cargo::redundant_homepage` is set to `warn` by default
[INFO] [stderr] help: consider removing `package.homepage`
[INFO] [stderr] warning: `octopus-runtime` (manifest) generated 1 warning
[INFO] [stderr]     Updating git repository `https://github.com/silentnoisehun/microscope-memory.git`
[INFO] running `Command { std: "docker" "create" "-v" "/var/lib/crater-agent-workspace/builds/worker-1-tc1/source:/opt/rustwide/workdir:ro,Z" "-v" "/var/lib/crater-agent-workspace/builds/worker-1-tc1/target:/opt/rustwide/target:rw,Z" "-v" "/var/lib/crater-agent-workspace/cargo-home:/opt/rustwide/cargo-home:ro,Z" "-v" "/var/lib/crater-agent-workspace/rustup-home:/opt/rustwide/rustup-home:ro,Z" "-m" "1610612736" "--network" "none" "ghcr.io/rust-lang/crates-build-env/linux@sha256:77db811e55d90add9212f6832c23229e3de5f1c1f9905e8cb07319ea15df73ac" "sleep" "infinity", kill_on_drop: false }`
[INFO] [stdout] c865402954e452561fb5f6920c60c63bc90e4a43ec573ce16dbe562c59604b1c
[INFO] running `Command { std: "docker" "start" "c865402954e452561fb5f6920c60c63bc90e4a43ec573ce16dbe562c59604b1c", kill_on_drop: false }`
[INFO] running `Command { std: "docker" "inspect" "c865402954e452561fb5f6920c60c63bc90e4a43ec573ce16dbe562c59604b1c", kill_on_drop: false }`
[INFO] running `Command { std: "docker" "exec" "-e" "SOURCE_DIR=/opt/rustwide/workdir" "-e" "CARGO_HOME=/opt/rustwide/cargo-home" "-e" "RUSTUP_HOME=/opt/rustwide/rustup-home" "-e" "CARGO_TARGET_DIR=/opt/rustwide/target" "-w" "/opt/rustwide/workdir" "--user" "0:0" "c865402954e452561fb5f6920c60c63bc90e4a43ec573ce16dbe562c59604b1c" "/opt/rustwide/cargo-home/bin/cargo" "+3154cc1a3e6424e44f438a95007d043ed5ceaaf6" "metadata" "--no-deps" "--format-version=1", kill_on_drop: false }`
[INFO] running `Command { std: "docker" "inspect" "c865402954e452561fb5f6920c60c63bc90e4a43ec573ce16dbe562c59604b1c", kill_on_drop: false }`
[INFO] running `Command { std: "docker" "exec" "-e" "SOURCE_DIR=/opt/rustwide/workdir" "-e" "CARGO_HOME=/opt/rustwide/cargo-home" "-e" "RUSTUP_HOME=/opt/rustwide/rustup-home" "-e" "CARGO_TARGET_DIR=/opt/rustwide/target" "-e" "CARGO_INCREMENTAL=0" "-e" "RUST_BACKTRACE=full" "-e" "RUSTFLAGS=--cap-lints=forbid -Znext-solver=coherence" "-e" "RUSTDOCFLAGS=--cap-lints=forbid" "-w" "/opt/rustwide/workdir" "--user" "0:0" "c865402954e452561fb5f6920c60c63bc90e4a43ec573ce16dbe562c59604b1c" "/opt/rustwide/cargo-home/bin/cargo" "+3154cc1a3e6424e44f438a95007d043ed5ceaaf6" "check" "--frozen" "--all" "--all-targets" "--message-format=json", kill_on_drop: false }`
[INFO] [stderr] warning: `package.homepage` is redundant with `package.repository`
[INFO] [stderr]   --> Cargo.toml:45:12
[INFO] [stderr]    |
[INFO] [stderr] 45 | homepage = "https://github.com/silentnoisehun/octopus-rust-runtime"
[INFO] [stderr]    |            ^^^^^^^^^^^^^^^^^^^^^^^^^^^^^^^^^^^^^^^^^^^^^^^^^^^^^^^^
[INFO] [stderr] ...
[INFO] [stderr] 49 | repository = "https://github.com/silentnoisehun/octopus-rust-runtime"
[INFO] [stderr]    |              --------------------------------------------------------
[INFO] [stderr]    |
[INFO] [stderr]    = note: `cargo::redundant_homepage` is set to `warn` by default
[INFO] [stderr] help: consider removing `package.homepage`
[INFO] [stderr] warning: `octopus-runtime` (manifest) generated 1 warning
[INFO] [stderr]     Checking futures-core v0.3.33
[INFO] [stderr]    Compiling cc v1.4.0
[INFO] [stderr]     Checking futures-sink v0.3.33
[INFO] [stderr]     Checking futures-io v0.3.33
[INFO] [stderr]     Checking parking_lot_core v0.9.12
[INFO] [stderr]     Checking getrandom v0.2.17
[INFO] [stderr]     Checking serde v1.0.229
[INFO] [stderr]     Checking tracing v0.1.44
[INFO] [stderr]     Checking futures-task v0.3.33
[INFO] [stderr]    Compiling zerocopy v0.8.55
[INFO] [stderr]     Checking icu_normalizer v2.2.0
[INFO] [stderr]     Checking sync_wrapper v1.0.2
[INFO] [stderr]     Checking http-body-util v0.1.4
[INFO] [stderr]     Checking digest v0.10.7
[INFO] [stderr]     Checking flate2 v1.1.9
[INFO] [stderr]    Compiling async-trait v0.1.91
[INFO] [stderr]     Checking clap_builder v4.6.5
[INFO] [stderr]     Checking futures-channel v0.3.33
[INFO] [stderr]     Checking uuid v1.24.0
[INFO] [stderr]     Checking either v1.17.0
[INFO] [stderr]     Checking futures-util v0.3.33
[INFO] [stderr]     Checking rand_core v0.6.4
[INFO] [stderr]     Checking parking_lot v0.12.5
[INFO] [stderr]    Compiling microscope-memory v0.8.2 (https://github.com/silentnoisehun/microscope-memory.git?rev=2b7085ec7b961820c68ca244857f162700db8907#2b7085ec)
[INFO] [stderr]     Checking sha2 v0.10.9
[INFO] [stderr]     Checking hmac v0.12.1
[INFO] [stderr]     Checking rayon v1.12.0
[INFO] [stderr]     Checking tokio v1.53.1
[INFO] [stderr]     Checking csv v1.4.0
[INFO] [stderr]     Checking tempfile v3.27.0
[INFO] [stderr]     Checking tower-http v0.5.2
[INFO] [stderr]     Checking idna_adapter v1.2.2
[INFO] [stderr]     Checking png v0.18.1
[INFO] [stderr]     Checking idna v1.1.0
[INFO] [stderr]     Checking serde_spanned v0.6.9
[INFO] [stderr]     Checking toml_datetime v0.6.11
[INFO] [stderr]     Checking serde_urlencoded v0.7.1
[INFO] [stderr]     Checking chrono v0.4.45
[INFO] [stderr]     Checking bincode v1.3.3
[INFO] [stderr]     Checking url v2.5.8
[INFO] [stderr]     Checking toml_edit v0.22.27
[INFO] [stderr]    Compiling ring v0.17.14
[INFO] [stderr]    Compiling blake3 v1.8.5
[INFO] [stderr]     Checking image v0.25.10
[INFO] [stderr]     Checking microscope-hooks v0.1.0 (https://github.com/silentnoisehun/microscope-memory.git?rev=2b7085ec7b961820c68ca244857f162700db8907#2b7085ec)
[INFO] [stderr]     Checking clap v4.6.5
[INFO] [stderr]     Checking toml v0.8.23
[INFO] [stderr]     Checking qrcode v0.14.1
[INFO] [stderr]     Checking axum-core v0.4.5
[INFO] [stderr]    Compiling rustls v0.23.43
[INFO] [stderr]     Checking rustls-webpki v0.103.13
[INFO] [stderr]     Checking ppv-lite86 v0.2.21
[INFO] [stderr]     Checking hyper v1.11.0
[INFO] [stderr]     Checking tower v0.5.3
[INFO] [stderr]     Checking rand_chacha v0.3.1
[INFO] [stderr]     Checking rand v0.8.7
[INFO] [stderr]     Checking tower-http v0.6.11
[INFO] [stderr]     Checking hyper-util v0.1.20
[INFO] [stderr]     Checking axum v0.7.9
[INFO] [stderr]     Checking tokio-rustls v0.26.4
[INFO] [stderr]     Checking hyper-rustls v0.27.9
[INFO] [stderr]     Checking reqwest v0.12.28
[INFO] [stderr]     Checking octopus-runtime v2.9.0 (/opt/rustwide/workdir)
[INFO] [stdout] error[E0433]: cannot find module or crate `libc` in this scope
[INFO] [stdout]    --> src/process.rs:208:21
[INFO] [stdout]     |
[INFO] [stdout] 208 |                     libc::kill(child_id as i32, libc::SIGKILL);
[INFO] [stdout]     |                     ^^^^ use of unresolved module or unlinked crate `libc`
[INFO] [stdout]     |
[INFO] [stdout]     = help: if you wanted to use a crate named `libc`, use `cargo add libc` to add it to your `Cargo.toml`
[INFO] [stdout] 
[INFO] [stdout] 
[INFO] [stdout] error[E0433]: cannot find module or crate `libc` in this scope
[INFO] [stdout]    --> src/process.rs:208:49
[INFO] [stdout]     |
[INFO] [stdout] 208 |                     libc::kill(child_id as i32, libc::SIGKILL);
[INFO] [stdout]     |                                                 ^^^^ use of unresolved module or unlinked crate `libc`
[INFO] [stdout]     |
[INFO] [stdout]     = help: if you wanted to use a crate named `libc`, use `cargo add libc` to add it to your `Cargo.toml`
[INFO] [stdout] 
[INFO] [stdout] 
[INFO] [stdout] error[E0433]: cannot find module or crate `libc` in this scope
[INFO] [stdout]    --> src/process.rs:208:21
[INFO] [stdout]     |
[INFO] [stdout] 208 |                     libc::kill(child_id as i32, libc::SIGKILL);
[INFO] [stdout]     |                     ^^^^ use of unresolved module or unlinked crate `libc`
[INFO] [stdout]     |
[INFO] [stdout]     = help: if you wanted to use a crate named `libc`, use `cargo add libc` to add it to your `Cargo.toml`
[INFO] [stdout] 
[INFO] [stdout] 
[INFO] [stdout] error[E0433]: cannot find module or crate `libc` in this scope
[INFO] [stdout]    --> src/process.rs:208:49
[INFO] [stdout]     |
[INFO] [stdout] 208 |                     libc::kill(child_id as i32, libc::SIGKILL);
[INFO] [stdout]     |                                                 ^^^^ use of unresolved module or unlinked crate `libc`
[INFO] [stdout]     |
[INFO] [stdout]     = help: if you wanted to use a crate named `libc`, use `cargo add libc` to add it to your `Cargo.toml`
[INFO] [stdout] 
[INFO] [stdout] 
[INFO] [stdout] For more information about this error, try `rustc --explain E0433`.
[INFO] [stdout] 
[INFO] [stderr] error: could not compile `octopus-runtime` (lib) due to 2 previous errors
[INFO] [stderr] warning: build failed, waiting for other jobs to finish...
[INFO] [stdout] For more information about this error, try `rustc --explain E0433`.
[INFO] [stdout] 
[INFO] [stderr] error: could not compile `octopus-runtime` (lib test) due to 2 previous errors
[INFO] running `Command { std: "docker" "inspect" "c865402954e452561fb5f6920c60c63bc90e4a43ec573ce16dbe562c59604b1c", kill_on_drop: false }`
[INFO] running `Command { std: "docker" "rm" "-f" "c865402954e452561fb5f6920c60c63bc90e4a43ec573ce16dbe562c59604b1c", kill_on_drop: false }`
[INFO] [stdout] c865402954e452561fb5f6920c60c63bc90e4a43ec573ce16dbe562c59604b1c
