[INFO] cloning repository https://github.com/shrinjoy979/crypto-cex
[INFO] running `Command { std: "git" "-c" "credential.helper=" "-c" "credential.helper=/workspace/cargo-home/bin/git-credential-null" "clone" "--bare" "https://github.com/shrinjoy979/crypto-cex" "/workspace/cache/git-repos/https%3A%2F%2Fgithub.com%2Fshrinjoy979%2Fcrypto-cex", kill_on_drop: false }`
[INFO] [stderr] Cloning into bare repository '/workspace/cache/git-repos/https%3A%2F%2Fgithub.com%2Fshrinjoy979%2Fcrypto-cex'...
[INFO] running `Command { std: "git" "rev-parse" "HEAD", kill_on_drop: false }`
[INFO] [stdout] faa56df3a51e151ca0b42eb684f25df74806e193
[INFO] checking shrinjoy979/crypto-cex against 3154cc1a3e6424e44f438a95007d043ed5ceaaf6+rustflags=-Znext-solver=coherence for pr-133502-30
[INFO] running `Command { std: "git" "clone" "/workspace/cache/git-repos/https%3A%2F%2Fgithub.com%2Fshrinjoy979%2Fcrypto-cex" "/workspace/builds/worker-0-tc1/source", kill_on_drop: false }`
[INFO] [stderr] Cloning into '/workspace/builds/worker-0-tc1/source'...
[INFO] [stderr] done.
[INFO] started tweaking git repo https://github.com/shrinjoy979/crypto-cex
[INFO] finished tweaking git repo https://github.com/shrinjoy979/crypto-cex
[INFO] tweaked toml for git repo https://github.com/shrinjoy979/crypto-cex written to /workspace/builds/worker-0-tc1/source/Cargo.toml
[INFO] validating manifest of git repo https://github.com/shrinjoy979/crypto-cex on toolchain 3154cc1a3e6424e44f438a95007d043ed5ceaaf6
[INFO] running `Command { std: CARGO_HOME="/workspace/cargo-home" RUSTUP_HOME="/workspace/rustup-home" "/workspace/cargo-home/bin/cargo" "+3154cc1a3e6424e44f438a95007d043ed5ceaaf6" "metadata" "--manifest-path" "Cargo.toml" "--no-deps", kill_on_drop: false }`
[INFO] crate git repo https://github.com/shrinjoy979/crypto-cex already has a lockfile, it will not be regenerated
[INFO] running `Command { std: CARGO_HOME="/workspace/cargo-home" RUSTUP_HOME="/workspace/rustup-home" "/workspace/cargo-home/bin/cargo" "+3154cc1a3e6424e44f438a95007d043ed5ceaaf6" "fetch" "--manifest-path" "Cargo.toml", kill_on_drop: false }`
[INFO] [stderr]     Updating crates.io index
[INFO] [stderr]  Downloading crates ...
[INFO] [stderr]   Downloaded serde_derive v1.0.229
[INFO] [stderr]   Downloaded zmij v1.0.23
[INFO] [stderr]   Downloaded impl-more v0.3.7
[INFO] [stderr]   Downloaded alloc-stdlib v0.2.4
[INFO] [stderr]   Downloaded multiversion-macros v0.9.0
[INFO] [stderr]   Downloaded multiversion v0.9.0
[INFO] [stderr]   Downloaded bytestring v1.5.1
[INFO] [stderr]   Downloaded serde_json v1.0.151
[INFO] [stderr]   Downloaded actix-rt v2.13.0
[INFO] [stderr]   Downloaded find-msvc-tools v0.1.12
[INFO] [stderr]   Downloaded zstd-safe v7.3.0
[INFO] [stderr]   Downloaded actix-codec v0.5.3
[INFO] [stderr]   Downloaded convert_case v0.10.0
[INFO] [stderr]   Downloaded hybrid-array v0.4.15
[INFO] [stderr]   Downloaded smallvec v1.16.0
[INFO] [stderr]   Downloaded time-macros v0.2.32
[INFO] [stderr]   Downloaded actix-router v0.5.4
[INFO] [stderr]   Downloaded crc32fast v1.5.1
[INFO] [stderr]   Downloaded const-oid v0.10.2
[INFO] [stderr]   Downloaded derive_more v2.1.1
[INFO] [stderr]   Downloaded actix-server v2.9.1
[INFO] [stderr]   Downloaded rand v0.10.2
[INFO] [stderr]   Downloaded regex-lite v0.1.9
[INFO] [stderr]   Downloaded derive_more-impl v2.1.1
[INFO] [stderr]   Downloaded unicode-segmentation v1.13.3
[INFO] [stderr]   Downloaded mio v1.2.3
[INFO] [stderr]   Downloaded cc v1.4.5
[INFO] [stderr]   Downloaded tokio-util v0.7.19
[INFO] [stderr]   Downloaded regex v1.13.1
[INFO] [stderr]   Downloaded aho-corasick v1.1.5
[INFO] [stderr]   Downloaded actix-http v3.13.5
[INFO] [stderr]   Downloaded brotli-decompressor v5.0.3
[INFO] [stderr]   Downloaded zlib-rs v0.6.7
[INFO] [stderr]   Downloaded actix-web v4.15.0
[INFO] [stderr]   Downloaded time v0.3.55
[INFO] [stderr]   Downloaded syn v3.0.5
[INFO] [stderr]   Downloaded syn v2.0.119
[INFO] [stderr]   Downloaded encoding_rs v0.8.41
[INFO] [stderr]   Downloaded regex-automata v0.4.18
[INFO] [stderr]   Downloaded zstd-sys v2.1.0+zstd.1.5.7
[INFO] [stderr]   Downloaded brotli v8.0.4
[INFO] [stderr]   Downloaded tokio v1.53.1
[INFO] [stderr]   Downloaded libc v0.2.189
[INFO] running `Command { std: "docker" "create" "-v" "/var/lib/crater-agent-workspace/builds/worker-0-tc1/source:/opt/rustwide/workdir:ro,Z" "-v" "/var/lib/crater-agent-workspace/builds/worker-0-tc1/target:/opt/rustwide/target:rw,Z" "-v" "/var/lib/crater-agent-workspace/cargo-home:/opt/rustwide/cargo-home:ro,Z" "-v" "/var/lib/crater-agent-workspace/rustup-home:/opt/rustwide/rustup-home:ro,Z" "-m" "1610612736" "--network" "none" "ghcr.io/rust-lang/crates-build-env/linux@sha256:77db811e55d90add9212f6832c23229e3de5f1c1f9905e8cb07319ea15df73ac" "sleep" "infinity", kill_on_drop: false }`
[INFO] [stdout] 691d7f8226a41b3def96bfc00188de5aae78de943ca08f6e7d70f7024ecfb897
[INFO] running `Command { std: "docker" "start" "691d7f8226a41b3def96bfc00188de5aae78de943ca08f6e7d70f7024ecfb897", kill_on_drop: false }`
[INFO] running `Command { std: "docker" "inspect" "691d7f8226a41b3def96bfc00188de5aae78de943ca08f6e7d70f7024ecfb897", kill_on_drop: false }`
[INFO] running `Command { std: "docker" "exec" "-e" "SOURCE_DIR=/opt/rustwide/workdir" "-e" "CARGO_HOME=/opt/rustwide/cargo-home" "-e" "RUSTUP_HOME=/opt/rustwide/rustup-home" "-e" "CARGO_TARGET_DIR=/opt/rustwide/target" "-w" "/opt/rustwide/workdir" "--user" "0:0" "691d7f8226a41b3def96bfc00188de5aae78de943ca08f6e7d70f7024ecfb897" "/opt/rustwide/cargo-home/bin/cargo" "+3154cc1a3e6424e44f438a95007d043ed5ceaaf6" "metadata" "--no-deps" "--format-version=1", kill_on_drop: false }`
[INFO] running `Command { std: "docker" "inspect" "691d7f8226a41b3def96bfc00188de5aae78de943ca08f6e7d70f7024ecfb897", kill_on_drop: false }`
[INFO] running `Command { std: "docker" "exec" "-e" "SOURCE_DIR=/opt/rustwide/workdir" "-e" "CARGO_HOME=/opt/rustwide/cargo-home" "-e" "RUSTUP_HOME=/opt/rustwide/rustup-home" "-e" "CARGO_TARGET_DIR=/opt/rustwide/target" "-e" "CARGO_INCREMENTAL=0" "-e" "RUST_BACKTRACE=full" "-e" "RUSTFLAGS=--cap-lints=forbid -Znext-solver=coherence" "-e" "RUSTDOCFLAGS=--cap-lints=forbid" "-w" "/opt/rustwide/workdir" "--user" "0:0" "691d7f8226a41b3def96bfc00188de5aae78de943ca08f6e7d70f7024ecfb897" "/opt/rustwide/cargo-home/bin/cargo" "+3154cc1a3e6424e44f438a95007d043ed5ceaaf6" "check" "--frozen" "--all" "--all-targets" "--message-format=json", kill_on_drop: false }`
[INFO] [stderr]    Compiling proc-macro2 v1.0.107
[INFO] [stderr]    Compiling quote v1.0.47
[INFO] [stderr]    Compiling unicode-ident v1.0.24
[INFO] [stderr]    Compiling libc v0.2.189
[INFO] [stderr]     Checking cfg-if v1.0.4
[INFO] [stderr]     Checking smallvec v1.16.0
[INFO] [stderr]     Checking stable_deref_trait v1.2.1
[INFO] [stderr]     Checking pin-project-lite v0.2.17
[INFO] [stderr]     Checking log v0.4.34
[INFO] [stderr]     Checking bytes v1.12.1
[INFO] [stderr]    Compiling serde_core v1.0.229
[INFO] [stderr]    Compiling parking_lot_core v0.9.12
[INFO] [stderr]     Checking futures-core v0.3.34
[INFO] [stderr]    Compiling rustversion v1.0.23
[INFO] [stderr]    Compiling find-msvc-tools v0.1.12
[INFO] [stderr]     Checking lock_api v0.4.14
[INFO] [stderr]    Compiling shlex v2.0.1
[INFO] [stderr]     Checking litemap v0.8.3
[INFO] [stderr]     Checking writeable v0.6.4
[INFO] [stderr]    Compiling pkg-config v0.3.34
[INFO] [stderr]     Checking once_cell v1.21.4
[INFO] [stderr]     Checking memchr v2.8.3
[INFO] [stderr]    Compiling icu_normalizer_data v2.3.0
[INFO] [stderr]     Checking tracing-core v0.1.36
[INFO] [stderr]     Checking itoa v1.0.18
[INFO] [stderr]    Compiling icu_properties_data v2.3.0
[INFO] [stderr]     Checking typenum v1.20.1
[INFO] [stderr]     Checking utf8_iter v1.0.4
[INFO] [stderr]     Checking futures-sink v0.3.34
[INFO] [stderr]     Checking percent-encoding v2.3.2
[INFO] [stderr]    Compiling getrandom v0.4.3
[INFO] [stderr]    Compiling crc32fast v1.5.1
[INFO] [stderr]    Compiling serde v1.0.229
[INFO] [stderr]     Checking slab v0.4.12
[INFO] [stderr]     Checking cpufeatures v0.3.1
[INFO] [stderr]     Checking fnv v1.0.7
[INFO] [stderr]    Compiling zstd-safe v7.3.0
[INFO] [stderr]     Checking local-waker v0.1.4
[INFO] [stderr]    Compiling unicode-segmentation v1.13.3
[INFO] [stderr]     Checking rand_core v0.10.1
[INFO] [stderr]     Checking alloc-no-stdlib v2.0.4
[INFO] [stderr]     Checking futures-task v0.3.34
[INFO] [stderr]    Compiling num-conv v0.2.2
[INFO] [stderr]     Checking alloc-stdlib v0.2.4
[INFO] [stderr]     Checking equivalent v1.0.2
[INFO] [stderr]    Compiling unicode-xid v0.2.6
[INFO] [stderr]     Checking futures-util v0.3.34
[INFO] [stderr]     Checking regex-syntax v0.8.11
[INFO] [stderr]     Checking hashbrown v0.17.1
[INFO] [stderr]     Checking aho-corasick v1.1.5
[INFO] [stderr]    Compiling httparse v1.10.1
[INFO] [stderr]     Checking http v0.2.12
[INFO] [stderr]     Checking adler2 v2.0.1
[INFO] [stderr]    Compiling encoding_rs v0.8.41
[INFO] [stderr]     Checking simd-adler32 v0.3.10
[INFO] [stderr]    Compiling syn v2.0.119
[INFO] [stderr]    Compiling syn v3.0.5
[INFO] [stderr]    Compiling convert_case v0.10.0
[INFO] [stderr]     Checking const-oid v0.10.2
[INFO] [stderr]    Compiling version_check v0.9.5
[INFO] [stderr]    Compiling zmij v1.0.23
[INFO] [stderr]    Compiling time-core v0.1.9
[INFO] [stderr]    Compiling tracing v0.1.44
[INFO] [stderr]    Compiling bytestring v1.5.1
[INFO] [stderr]     Checking errno v0.3.14
[INFO] [stderr]     Checking socket2 v0.6.5
[INFO] [stderr]     Checking signal-hook-registry v1.4.8
[INFO] [stderr]     Checking mio v1.2.3
[INFO] [stderr]     Checking hybrid-array v0.4.15
[INFO] [stderr]    Compiling time-macros v0.2.32
[INFO] [stderr]    Compiling cookie v0.16.2
[INFO] [stderr]     Checking indexmap v2.14.2
[INFO] [stderr]     Checking miniz_oxide v0.9.1
[INFO] [stderr]     Checking brotli-decompressor v5.0.3
[INFO] [stderr]     Checking parking_lot v0.12.5
[INFO] [stderr]     Checking chacha20 v0.10.2
[INFO] [stderr]     Checking actix-utils v3.0.1
[INFO] [stderr]     Checking form_urlencoded v1.2.2
[INFO] [stderr]    Compiling jobserver v0.1.35
[INFO] [stderr]     Checking actix-service v2.0.3
[INFO] [stderr]    Compiling multiversion_no_op v1.0.0
[INFO] [stderr]     Checking tokio v1.53.1
[INFO] [stderr]    Compiling serde_json v1.0.151
[INFO] [stderr]     Checking crypto-common v0.2.2
[INFO] [stderr]     Checking block-buffer v0.12.1
[INFO] [stderr]     Checking core_detect v1.0.0
[INFO] [stderr]    Compiling cc v1.4.5
[INFO] [stderr]    Compiling regex-lite v0.1.9
[INFO] [stderr]     Checking bitflags v2.13.2
[INFO] [stderr]     Checking deranged v0.5.8
[INFO] [stderr]     Checking powerfmt v0.2.0
[INFO] [stderr]     Checking simdutf8 v0.1.5
[INFO] [stderr]     Checking brotli v8.0.4
[INFO] [stderr]     Checking regex-automata v0.4.18
[INFO] [stderr]     Checking rand v0.10.2
[INFO] [stderr]     Checking digest v0.11.3
[INFO] [stderr]     Checking flate2 v1.1.10
[INFO] [stderr]     Checking sha1 v0.11.0
[INFO] [stderr]     Checking local-channel v0.1.5
[INFO] [stderr]     Checking foldhash v0.2.0
[INFO] [stderr]     Checking ryu v1.0.23
[INFO] [stderr]     Checking language-tags v0.3.2
[INFO] [stderr]     Checking base64 v0.22.1
[INFO] [stderr]     Checking httpdate v1.0.3
[INFO] [stderr]     Checking mime v0.3.17
[INFO] [stderr]     Checking impl-more v0.3.7
[INFO] [stderr]     Checking time v0.3.55
[INFO] [stderr]    Compiling zstd-sys v2.1.0+zstd.1.5.7
[INFO] [stderr]     Checking regex v1.13.1
[INFO] [stderr]    Compiling actix-router v0.5.4
[INFO] [stderr]    Compiling synstructure v0.13.2
[INFO] [stderr]    Compiling zerofrom-derive v0.1.7
[INFO] [stderr]    Compiling yoke-derive v0.8.2
[INFO] [stderr]    Compiling tracing-attributes v0.1.31
[INFO] [stderr]    Compiling derive_more-impl v2.1.1
[INFO] [stderr]    Compiling actix-web-codegen v4.3.0
[INFO] [stderr]    Compiling actix-macros v0.2.4
[INFO] [stderr]    Compiling zerovec-derive v0.11.6
[INFO] [stderr]    Compiling displaydoc v0.2.7
[INFO] [stderr]    Compiling multiversion-macros v0.9.0
[INFO] [stderr]    Compiling serde_derive v1.0.229
[INFO] [stderr]     Checking tokio-util v0.7.19
[INFO] [stderr]     Checking actix-rt v2.13.0
[INFO] [stderr]     Checking multiversion v0.9.0
[INFO] [stderr]     Checking zerofrom v0.1.8
[INFO] [stderr]     Checking yoke v0.8.3
[INFO] [stderr]     Checking actix-server v2.9.1
[INFO] [stderr]     Checking zerovec v0.11.8
[INFO] [stderr]     Checking zerotrie v0.2.5
[INFO] [stderr]     Checking h2 v0.3.27
[INFO] [stderr]     Checking actix-codec v0.5.3
[INFO] [stderr]     Checking zstd v0.13.3
[INFO] [stderr]     Checking derive_more v2.1.1
[INFO] [stderr]     Checking tinystr v0.8.4
[INFO] [stderr]     Checking potential_utf v0.1.6
[INFO] [stderr]     Checking icu_collections v2.3.0
[INFO] [stderr]     Checking icu_locale_core v2.3.0
[INFO] [stderr]     Checking icu_provider v2.3.1
[INFO] [stderr]     Checking serde_urlencoded v0.7.1
[INFO] [stderr]     Checking icu_properties v2.3.0
[INFO] [stderr]     Checking icu_normalizer v2.3.0
[INFO] [stderr]     Checking idna_adapter v1.2.2
[INFO] [stderr]     Checking idna v1.1.0
[INFO] [stderr]     Checking url v2.5.8
[INFO] [stderr]     Checking actix-http v3.13.5
[INFO] [stderr]     Checking actix-web v4.15.0
[INFO] [stderr]     Checking rust v0.1.0 (/opt/rustwide/workdir)
[INFO] [stdout] error[E0433]: cannot find module or crate `futures` in this scope
[INFO] [stdout]  --> src/routes/user.rs:6:5
[INFO] [stdout]   |
[INFO] [stdout] 6 | use futures::channel::oneshot;
[INFO] [stdout]   |     ^^^^^^^ use of unresolved module or unlinked crate `futures`
[INFO] [stdout]   |
[INFO] [stdout]   = help: if you wanted to use a crate named `futures`, use `cargo add futures` to add it to your `Cargo.toml`
[INFO] [stdout] 
[INFO] [stdout] 
[INFO] [stdout] error[E0432]: unresolved import `chrono`
[INFO] [stdout]  --> src/routes/user.rs:5:5
[INFO] [stdout]   |
[INFO] [stdout] 5 | use chrono::{Duration, Utc};
[INFO] [stdout]   |     ^^^^^^ use of unresolved module or unlinked crate `chrono`
[INFO] [stdout]   |
[INFO] [stdout]   = help: if you wanted to use a crate named `chrono`, use `cargo add chrono` to add it to your `Cargo.toml`
[INFO] [stdout] 
[INFO] [stdout] 
[INFO] [stdout] error[E0432]: unresolved import `jsonwebtoken`
[INFO] [stdout]  --> src/routes/user.rs:7:5
[INFO] [stdout]   |
[INFO] [stdout] 7 | use jsonwebtoken::{EncodingKey, Header, encode};
[INFO] [stdout]   |     ^^^^^^^^^^^^ use of unresolved module or unlinked crate `jsonwebtoken`
[INFO] [stdout]   |
[INFO] [stdout]   = help: if you wanted to use a crate named `jsonwebtoken`, use `cargo add jsonwebtoken` to add it to your `Cargo.toml`
[INFO] [stdout] 
[INFO] [stdout] 
[INFO] [stdout] error[E0432]: unresolved import `jsonwebtoken`
[INFO] [stdout]  --> src/middleware/mod.rs:2:5
[INFO] [stdout]   |
[INFO] [stdout] 2 | use jsonwebtoken::{DecodingKey, Validation, decode};
[INFO] [stdout]   |     ^^^^^^^^^^^^ use of unresolved module or unlinked crate `jsonwebtoken`
[INFO] [stdout]   |
[INFO] [stdout]   = help: if you wanted to use a crate named `jsonwebtoken`, use `cargo add jsonwebtoken` to add it to your `Cargo.toml`
[INFO] [stdout] 
[INFO] [stdout] 
[INFO] [stdout] error[E0433]: cannot find module or crate `futures` in this scope
[INFO] [stdout]   --> src/main.rs:13:21
[INFO] [stdout]    |
[INFO] [stdout] 13 |     GetBalance(u32, futures::channel::oneshot::Sender<u32>)
[INFO] [stdout]    |                     ^^^^^^^ use of unresolved module or unlinked crate `futures`
[INFO] [stdout]    |
[INFO] [stdout]    = help: if you wanted to use a crate named `futures`, use `cargo add futures` to add it to your `Cargo.toml`
[INFO] [stdout] help: consider importing this module
[INFO] [stdout]    |
[INFO] [stdout]  1 + use std::sync::oneshot;
[INFO] [stdout]    |
[INFO] [stdout] help: if you import `oneshot`, refer to it directly
[INFO] [stdout]    |
[INFO] [stdout] 13 -     GetBalance(u32, futures::channel::oneshot::Sender<u32>)
[INFO] [stdout] 13 +     GetBalance(u32, oneshot::Sender<u32>)
[INFO] [stdout]    |
[INFO] [stdout] 
[INFO] [stdout] 
[INFO] [stdout] error[E0433]: cannot find module or crate `futures` in this scope
[INFO] [stdout]  --> src/routes/user.rs:6:5
[INFO] [stdout]   |
[INFO] [stdout] 6 | use futures::channel::oneshot;
[INFO] [stdout]   |     ^^^^^^^ use of unresolved module or unlinked crate `futures`
[INFO] [stdout]   |
[INFO] [stdout]   = help: if you wanted to use a crate named `futures`, use `cargo add futures` to add it to your `Cargo.toml`
[INFO] [stdout] 
[INFO] [stdout] 
[INFO] [stdout] warning: unused import: `os::unix::thread`
[INFO] [stdout]  --> src/main.rs:1:33
[INFO] [stdout]   |
[INFO] [stdout] 1 | use std::{collections::HashMap, os::unix::thread, sync::{Mutex, mpsc::{self, Sender}}, thread::spawn};
[INFO] [stdout]   |                                 ^^^^^^^^^^^^^^^^
[INFO] [stdout]   |
[INFO] [stdout]   = note: `#[warn(unused_imports)]` (part of `#[warn(unused)]`) on by default
[INFO] [stdout] 
[INFO] [stdout] 
[INFO] [stdout] warning: unused import: `sync::mpsc`
[INFO] [stdout]  --> src/routes/user.rs:2:33
[INFO] [stdout]   |
[INFO] [stdout] 2 | use std::{collections::HashMap, sync::mpsc};
[INFO] [stdout]   |                                 ^^^^^^^^^^
[INFO] [stdout] 
[INFO] [stdout] 
[INFO] [stdout] error[E0432]: unresolved import `chrono`
[INFO] [stdout]  --> src/routes/user.rs:5:5
[INFO] [stdout]   |
[INFO] [stdout] 5 | use chrono::{Duration, Utc};
[INFO] [stdout]   |     ^^^^^^ use of unresolved module or unlinked crate `chrono`
[INFO] [stdout]   |
[INFO] [stdout]   = help: if you wanted to use a crate named `chrono`, use `cargo add chrono` to add it to your `Cargo.toml`
[INFO] [stdout] 
[INFO] [stdout] 
[INFO] [stdout] error[E0432]: unresolved import `jsonwebtoken`
[INFO] [stdout]  --> src/routes/user.rs:7:5
[INFO] [stdout]   |
[INFO] [stdout] 7 | use jsonwebtoken::{EncodingKey, Header, encode};
[INFO] [stdout]   |     ^^^^^^^^^^^^ use of unresolved module or unlinked crate `jsonwebtoken`
[INFO] [stdout]   |
[INFO] [stdout]   = help: if you wanted to use a crate named `jsonwebtoken`, use `cargo add jsonwebtoken` to add it to your `Cargo.toml`
[INFO] [stdout] 
[INFO] [stdout] 
[INFO] [stdout] error[E0432]: unresolved import `jsonwebtoken`
[INFO] [stdout]  --> src/middleware/mod.rs:2:5
[INFO] [stdout]   |
[INFO] [stdout] 2 | use jsonwebtoken::{DecodingKey, Validation, decode};
[INFO] [stdout]   |     ^^^^^^^^^^^^ use of unresolved module or unlinked crate `jsonwebtoken`
[INFO] [stdout]   |
[INFO] [stdout]   = help: if you wanted to use a crate named `jsonwebtoken`, use `cargo add jsonwebtoken` to add it to your `Cargo.toml`
[INFO] [stdout] 
[INFO] [stdout] 
[INFO] [stdout] error[E0433]: cannot find module or crate `futures` in this scope
[INFO] [stdout]   --> src/main.rs:13:21
[INFO] [stdout]    |
[INFO] [stdout] 13 |     GetBalance(u32, futures::channel::oneshot::Sender<u32>)
[INFO] [stdout]    |                     ^^^^^^^ use of unresolved module or unlinked crate `futures`
[INFO] [stdout]    |
[INFO] [stdout]    = help: if you wanted to use a crate named `futures`, use `cargo add futures` to add it to your `Cargo.toml`
[INFO] [stdout] help: consider importing this module
[INFO] [stdout]    |
[INFO] [stdout]  1 + use std::sync::oneshot;
[INFO] [stdout]    |
[INFO] [stdout] help: if you import `oneshot`, refer to it directly
[INFO] [stdout]    |
[INFO] [stdout] 13 -     GetBalance(u32, futures::channel::oneshot::Sender<u32>)
[INFO] [stdout] 13 +     GetBalance(u32, oneshot::Sender<u32>)
[INFO] [stdout]    |
[INFO] [stdout] 
[INFO] [stdout] 
[INFO] [stdout] warning: unused import: `os::unix::thread`
[INFO] [stdout]  --> src/main.rs:1:33
[INFO] [stdout]   |
[INFO] [stdout] 1 | use std::{collections::HashMap, os::unix::thread, sync::{Mutex, mpsc::{self, Sender}}, thread::spawn};
[INFO] [stdout]   |                                 ^^^^^^^^^^^^^^^^
[INFO] [stdout]   |
[INFO] [stdout]   = note: `#[warn(unused_imports)]` (part of `#[warn(unused)]`) on by default
[INFO] [stdout] 
[INFO] [stdout] 
[INFO] [stdout] warning: unused import: `sync::mpsc`
[INFO] [stdout]  --> src/routes/user.rs:2:33
[INFO] [stdout]   |
[INFO] [stdout] 2 | use std::{collections::HashMap, sync::mpsc};
[INFO] [stdout]   |                                 ^^^^^^^^^^
[INFO] [stdout] 
[INFO] [stdout] 
[INFO] [stdout] Some errors have detailed explanations: E0432, E0433.
[INFO] [stdout] 
[INFO] [stdout] For more information about an error, try `rustc --explain E0432`.
[INFO] [stdout] 
[INFO] [stdout] Some errors have detailed explanations: E0432, E0433.
[INFO] [stdout] 
[INFO] [stdout] For more information about an error, try `rustc --explain E0432`.
[INFO] [stdout] 
[INFO] [stderr] error: could not compile `rust` (bin "rust") due to 5 previous errors; 2 warnings emitted
[INFO] [stderr] warning: build failed, waiting for other jobs to finish...
[INFO] [stderr] error: could not compile `rust` (bin "rust" test) due to 5 previous errors; 2 warnings emitted
[INFO] running `Command { std: "docker" "inspect" "691d7f8226a41b3def96bfc00188de5aae78de943ca08f6e7d70f7024ecfb897", kill_on_drop: false }`
[INFO] running `Command { std: "docker" "rm" "-f" "691d7f8226a41b3def96bfc00188de5aae78de943ca08f6e7d70f7024ecfb897", kill_on_drop: false }`
[INFO] [stdout] 691d7f8226a41b3def96bfc00188de5aae78de943ca08f6e7d70f7024ecfb897
