[INFO] cloning repository https://github.com/sheplu/1brc
[INFO] running `Command { std: "git" "-c" "credential.helper=" "-c" "credential.helper=/workspace/cargo-home/bin/git-credential-null" "clone" "--bare" "https://github.com/sheplu/1brc" "/workspace/cache/git-repos/https%3A%2F%2Fgithub.com%2Fsheplu%2F1brc", kill_on_drop: false }`
[INFO] [stderr] Cloning into bare repository '/workspace/cache/git-repos/https%3A%2F%2Fgithub.com%2Fsheplu%2F1brc'...
[INFO] running `Command { std: "git" "rev-parse" "HEAD", kill_on_drop: false }`
[INFO] [stdout] 7ee0fee05cb09ea1f9ae24d0e120aa4629ce1a51
[INFO] checking sheplu/1brc against 3154cc1a3e6424e44f438a95007d043ed5ceaaf6+rustflags=-Znext-solver=coherence for pr-133502-30
[INFO] running `Command { std: "git" "clone" "/workspace/cache/git-repos/https%3A%2F%2Fgithub.com%2Fsheplu%2F1brc" "/workspace/builds/worker-4-tc1/source", kill_on_drop: false }`
[INFO] [stderr] Cloning into '/workspace/builds/worker-4-tc1/source'...
[INFO] [stderr] done.
[INFO] removed /workspace/builds/worker-4-tc1/source/.cargo/config.toml
[INFO] started tweaking git repo https://github.com/sheplu/1brc
[INFO] finished tweaking git repo https://github.com/sheplu/1brc
[INFO] tweaked toml for git repo https://github.com/sheplu/1brc written to /workspace/builds/worker-4-tc1/source/Cargo.toml
[INFO] validating manifest of git repo https://github.com/sheplu/1brc on toolchain 3154cc1a3e6424e44f438a95007d043ed5ceaaf6
[INFO] running `Command { std: CARGO_HOME="/workspace/cargo-home" RUSTUP_HOME="/workspace/rustup-home" "/workspace/cargo-home/bin/cargo" "+3154cc1a3e6424e44f438a95007d043ed5ceaaf6" "metadata" "--manifest-path" "Cargo.toml" "--no-deps", kill_on_drop: false }`
[INFO] crate git repo https://github.com/sheplu/1brc already has a lockfile, it will not be regenerated
[INFO] running `Command { std: CARGO_HOME="/workspace/cargo-home" RUSTUP_HOME="/workspace/rustup-home" "/workspace/cargo-home/bin/cargo" "+3154cc1a3e6424e44f438a95007d043ed5ceaaf6" "fetch" "--manifest-path" "Cargo.toml", kill_on_drop: false }`
[INFO] running `Command { std: "docker" "create" "-v" "/var/lib/crater-agent-workspace/builds/worker-4-tc1/source:/opt/rustwide/workdir:ro,Z" "-v" "/var/lib/crater-agent-workspace/builds/worker-4-tc1/target:/opt/rustwide/target:rw,Z" "-v" "/var/lib/crater-agent-workspace/cargo-home:/opt/rustwide/cargo-home:ro,Z" "-v" "/var/lib/crater-agent-workspace/rustup-home:/opt/rustwide/rustup-home:ro,Z" "-m" "1610612736" "--network" "none" "ghcr.io/rust-lang/crates-build-env/linux@sha256:77db811e55d90add9212f6832c23229e3de5f1c1f9905e8cb07319ea15df73ac" "sleep" "infinity", kill_on_drop: false }`
[INFO] [stdout] e5f8369f1d38b98b6bdc350f8c799311525c5ad67fbd4ec557ae8b39115ac601
[INFO] running `Command { std: "docker" "start" "e5f8369f1d38b98b6bdc350f8c799311525c5ad67fbd4ec557ae8b39115ac601", kill_on_drop: false }`
[INFO] running `Command { std: "docker" "inspect" "e5f8369f1d38b98b6bdc350f8c799311525c5ad67fbd4ec557ae8b39115ac601", kill_on_drop: false }`
[INFO] running `Command { std: "docker" "exec" "-e" "SOURCE_DIR=/opt/rustwide/workdir" "-e" "CARGO_HOME=/opt/rustwide/cargo-home" "-e" "RUSTUP_HOME=/opt/rustwide/rustup-home" "-e" "CARGO_TARGET_DIR=/opt/rustwide/target" "-w" "/opt/rustwide/workdir" "--user" "0:0" "e5f8369f1d38b98b6bdc350f8c799311525c5ad67fbd4ec557ae8b39115ac601" "/opt/rustwide/cargo-home/bin/cargo" "+3154cc1a3e6424e44f438a95007d043ed5ceaaf6" "metadata" "--no-deps" "--format-version=1", kill_on_drop: false }`
[INFO] running `Command { std: "docker" "inspect" "e5f8369f1d38b98b6bdc350f8c799311525c5ad67fbd4ec557ae8b39115ac601", kill_on_drop: false }`
[INFO] running `Command { std: "docker" "exec" "-e" "SOURCE_DIR=/opt/rustwide/workdir" "-e" "CARGO_HOME=/opt/rustwide/cargo-home" "-e" "RUSTUP_HOME=/opt/rustwide/rustup-home" "-e" "CARGO_TARGET_DIR=/opt/rustwide/target" "-e" "CARGO_INCREMENTAL=0" "-e" "RUST_BACKTRACE=full" "-e" "RUSTFLAGS=--cap-lints=forbid -Znext-solver=coherence" "-e" "RUSTDOCFLAGS=--cap-lints=forbid" "-w" "/opt/rustwide/workdir" "--user" "0:0" "e5f8369f1d38b98b6bdc350f8c799311525c5ad67fbd4ec557ae8b39115ac601" "/opt/rustwide/cargo-home/bin/cargo" "+3154cc1a3e6424e44f438a95007d043ed5ceaaf6" "check" "--frozen" "--all" "--all-targets" "--message-format=json", kill_on_drop: false }`
[INFO] [stderr]     Checking obrc v0.1.0 (/opt/rustwide/workdir)
[INFO] [stdout] error[E0432]: unresolved import `std::arch::aarch64`
[INFO] [stdout]    --> src/swar.rs:277:20
[INFO] [stdout]     |
[INFO] [stdout] 277 |     use std::arch::aarch64::{
[INFO] [stdout]     |                    ^^^^^^^ could not find `aarch64` in `arch`
[INFO] [stdout] 
[INFO] [stdout] 
[INFO] [stdout] error[E0432]: unresolved import `std::arch::aarch64`
[INFO] [stdout]    --> src/swar.rs:347:20
[INFO] [stdout]     |
[INFO] [stdout] 347 |     use std::arch::aarch64::{
[INFO] [stdout]     |                    ^^^^^^^ could not find `aarch64` in `arch`
[INFO] [stdout] 
[INFO] [stdout] 
[INFO] [stdout] error[E0432]: unresolved import `std::arch::aarch64`
[INFO] [stdout]    --> src/swar.rs:420:20
[INFO] [stdout]     |
[INFO] [stdout] 420 |     use std::arch::aarch64::{
[INFO] [stdout]     |                    ^^^^^^^ could not find `aarch64` in `arch`
[INFO] [stdout] 
[INFO] [stdout] 
[INFO] [stdout] error[E0432]: unresolved import `std::arch::aarch64`
[INFO] [stdout]    --> src/swar.rs:511:20
[INFO] [stdout]     |
[INFO] [stdout] 511 |     use std::arch::aarch64::{
[INFO] [stdout]     |                    ^^^^^^^ could not find `aarch64` in `arch`
[INFO] [stdout] 
[INFO] [stdout] 
[INFO] [stdout] error[E0432]: unresolved import `std::arch::aarch64`
[INFO] [stdout]    --> src/swar.rs:277:20
[INFO] [stdout]     |
[INFO] [stdout] 277 |     use std::arch::aarch64::{
[INFO] [stdout]     |                    ^^^^^^^ could not find `aarch64` in `arch`
[INFO] [stdout] 
[INFO] [stdout] 
[INFO] [stdout] error[E0432]: unresolved import `std::arch::aarch64`
[INFO] [stdout]    --> src/swar.rs:347:20
[INFO] [stdout]     |
[INFO] [stdout] 347 |     use std::arch::aarch64::{
[INFO] [stdout]     |                    ^^^^^^^ could not find `aarch64` in `arch`
[INFO] [stdout] 
[INFO] [stdout] 
[INFO] [stdout] error[E0432]: unresolved import `std::arch::aarch64`
[INFO] [stdout]    --> src/swar.rs:420:20
[INFO] [stdout]     |
[INFO] [stdout] 420 |     use std::arch::aarch64::{
[INFO] [stdout]     |                    ^^^^^^^ could not find `aarch64` in `arch`
[INFO] [stdout] 
[INFO] [stdout] 
[INFO] [stdout] error[E0432]: unresolved import `std::arch::aarch64`
[INFO] [stdout]    --> src/swar.rs:511:20
[INFO] [stdout]     |
[INFO] [stdout] 511 |     use std::arch::aarch64::{
[INFO] [stdout]     |                    ^^^^^^^ could not find `aarch64` in `arch`
[INFO] [stdout] 
[INFO] [stdout] 
[INFO] [stdout] For more information about this error, try `rustc --explain E0432`.
[INFO] [stdout] 
[INFO] [stderr] error: could not compile `obrc` (lib) due to 4 previous errors
[INFO] [stderr] warning: build failed, waiting for other jobs to finish...
[INFO] [stdout] For more information about this error, try `rustc --explain E0432`.
[INFO] [stdout] 
[INFO] [stderr] error: could not compile `obrc` (lib test) due to 4 previous errors
[INFO] running `Command { std: "docker" "inspect" "e5f8369f1d38b98b6bdc350f8c799311525c5ad67fbd4ec557ae8b39115ac601", kill_on_drop: false }`
[INFO] running `Command { std: "docker" "rm" "-f" "e5f8369f1d38b98b6bdc350f8c799311525c5ad67fbd4ec557ae8b39115ac601", kill_on_drop: false }`
[INFO] [stdout] e5f8369f1d38b98b6bdc350f8c799311525c5ad67fbd4ec557ae8b39115ac601
