[INFO] cloning repository https://github.com/shadowgate15/shadowai
[INFO] running `Command { std: "git" "-c" "credential.helper=" "-c" "credential.helper=/workspace/cargo-home/bin/git-credential-null" "clone" "--bare" "https://github.com/shadowgate15/shadowai" "/workspace/cache/git-repos/https%3A%2F%2Fgithub.com%2Fshadowgate15%2Fshadowai", kill_on_drop: false }`
[INFO] [stderr] Cloning into bare repository '/workspace/cache/git-repos/https%3A%2F%2Fgithub.com%2Fshadowgate15%2Fshadowai'...
[INFO] running `Command { std: "git" "rev-parse" "HEAD", kill_on_drop: false }`
[INFO] [stdout] 914062b4d220bee537b72f7aa4768ce6f0dee44c
[INFO] checking shadowgate15/shadowai against 3154cc1a3e6424e44f438a95007d043ed5ceaaf6+rustflags=-Znext-solver=coherence for pr-133502-30
[INFO] running `Command { std: "git" "clone" "/workspace/cache/git-repos/https%3A%2F%2Fgithub.com%2Fshadowgate15%2Fshadowai" "/workspace/builds/worker-7-tc1/source", kill_on_drop: false }`
[INFO] [stderr] Cloning into '/workspace/builds/worker-7-tc1/source'...
[INFO] [stderr] done.
[INFO] started tweaking git repo https://github.com/shadowgate15/shadowai
[INFO] removed 0 missing examples
[INFO] finished tweaking git repo https://github.com/shadowgate15/shadowai
[INFO] tweaked toml for git repo https://github.com/shadowgate15/shadowai written to /workspace/builds/worker-7-tc1/source/Cargo.toml
[INFO] validating manifest of git repo https://github.com/shadowgate15/shadowai on toolchain 3154cc1a3e6424e44f438a95007d043ed5ceaaf6
[INFO] running `Command { std: CARGO_HOME="/workspace/cargo-home" RUSTUP_HOME="/workspace/rustup-home" "/workspace/cargo-home/bin/cargo" "+3154cc1a3e6424e44f438a95007d043ed5ceaaf6" "metadata" "--manifest-path" "Cargo.toml" "--no-deps", kill_on_drop: false }`
[INFO] crate git repo https://github.com/shadowgate15/shadowai already has a lockfile, it will not be regenerated
[INFO] running `Command { std: CARGO_HOME="/workspace/cargo-home" RUSTUP_HOME="/workspace/rustup-home" "/workspace/cargo-home/bin/cargo" "+3154cc1a3e6424e44f438a95007d043ed5ceaaf6" "fetch" "--manifest-path" "Cargo.toml", kill_on_drop: false }`
[INFO] [stderr] warning: Cargo.toml: unused manifest key: dependencies.adk-rust.default-feature
[INFO] [stderr] warning: Cargo.toml: unused manifest key: dev-dependencies.adk-rust.default-feature
[INFO] [stderr] warning: `shadowai` (manifest) generated 2 warnings
[INFO] [stderr]     Updating crates.io index
[INFO] [stderr]  Downloading crates ...
[INFO] [stderr]   Downloaded adk-core v2.0.0
[INFO] [stderr]   Downloaded adk-telemetry v2.0.0
[INFO] [stderr]   Downloaded jsonschema-regex v0.47.0
[INFO] [stderr]   Downloaded adk-plugin v2.0.0
[INFO] [stderr]   Downloaded adk-artifact v2.0.0
[INFO] [stderr]   Downloaded adk-devtools v2.0.0
[INFO] [stderr]   Downloaded adk-skill v2.0.0
[INFO] [stderr]   Downloaded referencing v0.47.0
[INFO] [stderr]   Downloaded ollama-rs v0.3.6
[INFO] [stderr]   Downloaded secret-service v4.0.0
[INFO] [stderr]   Downloaded adk-cli v2.0.0
[INFO] [stderr]   Downloaded adk-rust v2.0.0
[INFO] [stderr]   Downloaded adk-runner v2.0.0
[INFO] [stderr]   Downloaded a2a-protocol-types v0.5.0
[INFO] [stderr]   Downloaded dbus-secret-service v4.1.0
[INFO] [stderr]   Downloaded adk-session v2.0.0
[INFO] [stderr]   Downloaded adk-agent v2.0.0
[INFO] [stderr]   Downloaded jsonschema v0.47.0
[INFO] [stderr]   Downloaded adk-rust-macros v2.0.0
[INFO] [stderr]   Downloaded adk-deploy v2.0.0
[INFO] [stderr]   Downloaded adk-model v2.0.0
[INFO] [stderr]   Downloaded adk-eval v2.0.0
[INFO] [stderr]   Downloaded adk-tool v2.0.0
[INFO] [stderr]   Downloaded adk-graph v2.0.0
[INFO] [stderr]   Downloaded adk-gemini v2.0.0
[INFO] [stderr]   Downloaded adk-server v2.0.0
[INFO] running `Command { std: "docker" "create" "-v" "/var/lib/crater-agent-workspace/builds/worker-7-tc1/source:/opt/rustwide/workdir:ro,Z" "-v" "/var/lib/crater-agent-workspace/builds/worker-7-tc1/target:/opt/rustwide/target:rw,Z" "-v" "/var/lib/crater-agent-workspace/cargo-home:/opt/rustwide/cargo-home:ro,Z" "-v" "/var/lib/crater-agent-workspace/rustup-home:/opt/rustwide/rustup-home:ro,Z" "-m" "1610612736" "--network" "none" "ghcr.io/rust-lang/crates-build-env/linux@sha256:77db811e55d90add9212f6832c23229e3de5f1c1f9905e8cb07319ea15df73ac" "sleep" "infinity", kill_on_drop: false }`
[INFO] [stdout] 40281cf8ee05a32682c6b1d1479c992c2b3d7ccf66942e0cb3f58a6596789982
[INFO] running `Command { std: "docker" "start" "40281cf8ee05a32682c6b1d1479c992c2b3d7ccf66942e0cb3f58a6596789982", kill_on_drop: false }`
[INFO] running `Command { std: "docker" "inspect" "40281cf8ee05a32682c6b1d1479c992c2b3d7ccf66942e0cb3f58a6596789982", kill_on_drop: false }`
[INFO] running `Command { std: "docker" "exec" "-e" "SOURCE_DIR=/opt/rustwide/workdir" "-e" "CARGO_HOME=/opt/rustwide/cargo-home" "-e" "RUSTUP_HOME=/opt/rustwide/rustup-home" "-e" "CARGO_TARGET_DIR=/opt/rustwide/target" "-w" "/opt/rustwide/workdir" "--user" "0:0" "40281cf8ee05a32682c6b1d1479c992c2b3d7ccf66942e0cb3f58a6596789982" "/opt/rustwide/cargo-home/bin/cargo" "+3154cc1a3e6424e44f438a95007d043ed5ceaaf6" "metadata" "--no-deps" "--format-version=1", kill_on_drop: false }`
[INFO] running `Command { std: "docker" "inspect" "40281cf8ee05a32682c6b1d1479c992c2b3d7ccf66942e0cb3f58a6596789982", kill_on_drop: false }`
[INFO] running `Command { std: "docker" "exec" "-e" "SOURCE_DIR=/opt/rustwide/workdir" "-e" "CARGO_HOME=/opt/rustwide/cargo-home" "-e" "RUSTUP_HOME=/opt/rustwide/rustup-home" "-e" "CARGO_TARGET_DIR=/opt/rustwide/target" "-e" "CARGO_INCREMENTAL=0" "-e" "RUST_BACKTRACE=full" "-e" "RUSTFLAGS=--cap-lints=forbid -Znext-solver=coherence" "-e" "RUSTDOCFLAGS=--cap-lints=forbid" "-w" "/opt/rustwide/workdir" "--user" "0:0" "40281cf8ee05a32682c6b1d1479c992c2b3d7ccf66942e0cb3f58a6596789982" "/opt/rustwide/cargo-home/bin/cargo" "+3154cc1a3e6424e44f438a95007d043ed5ceaaf6" "check" "--frozen" "--all" "--all-targets" "--message-format=json", kill_on_drop: false }`
[INFO] [stderr] warning: Cargo.toml: unused manifest key: dependencies.adk-rust.default-feature
[INFO] [stderr] warning: Cargo.toml: unused manifest key: dev-dependencies.adk-rust.default-feature
[INFO] [stderr] warning: `shadowai` (manifest) generated 2 warnings
[INFO] [stderr]    Compiling proc-macro2 v1.0.107
[INFO] [stderr]    Compiling unicode-ident v1.0.24
[INFO] [stderr]    Compiling quote v1.0.47
[INFO] [stderr]    Compiling libc v0.2.189
[INFO] [stderr]     Checking cfg-if v1.0.4
[INFO] [stderr]     Checking memchr v2.8.3
[INFO] [stderr]    Compiling serde_core v1.0.229
[INFO] [stderr]     Checking smallvec v1.15.2
[INFO] [stderr]     Checking once_cell v1.21.4
[INFO] [stderr]     Checking pin-project-lite v0.2.17
[INFO] [stderr]    Compiling serde v1.0.229
[INFO] [stderr]     Checking futures-core v0.3.33
[INFO] [stderr]     Checking itoa v1.0.18
[INFO] [stderr]    Compiling parking_lot_core v0.9.12
[INFO] [stderr]     Checking log v0.4.33
[INFO] [stderr]     Checking equivalent v1.0.2
[INFO] [stderr]     Checking foldhash v0.2.0
[INFO] [stderr]     Checking scopeguard v1.2.0
[INFO] [stderr]     Checking allocator-api2 v0.2.21
[INFO] [stderr]     Checking bytes v1.12.1
[INFO] [stderr]     Checking futures-sink v0.3.33
[INFO] [stderr]     Checking futures-task v0.3.33
[INFO] [stderr]    Compiling autocfg v1.5.1
[INFO] [stderr]     Checking tracing-core v0.1.36
[INFO] [stderr]     Checking lock_api v0.4.14
[INFO] [stderr]     Checking futures-io v0.3.33
[INFO] [stderr]     Checking slab v0.4.12
[INFO] [stderr]     Checking typenum v1.20.1
[INFO] [stderr]     Checking futures-channel v0.3.33
[INFO] [stderr]    Compiling version_check v0.9.5
[INFO] [stderr]    Compiling zmij v1.0.23
[INFO] [stderr]    Compiling serde_json v1.0.151
[INFO] [stderr]     Checking stable_deref_trait v1.2.1
[INFO] [stderr]    Compiling getrandom v0.4.3
[INFO] [stderr]    Compiling thiserror v2.0.19
[INFO] [stderr]     Checking subtle v2.6.1
[INFO] [stderr]     Checking percent-encoding v2.3.2
[INFO] [stderr]     Checking litemap v0.8.2
[INFO] [stderr]     Checking writeable v0.6.3
[INFO] [stderr]    Compiling shlex v2.0.1
[INFO] [stderr]    Compiling icu_normalizer_data v2.2.0
[INFO] [stderr]     Checking utf8_iter v1.0.4
[INFO] [stderr]     Checking hashbrown v0.17.1
[INFO] [stderr]    Compiling icu_properties_data v2.2.0
[INFO] [stderr]    Compiling find-msvc-tools v0.1.9
[INFO] [stderr]     Checking iana-time-zone v0.1.65
[INFO] [stderr]     Checking regex-syntax v0.8.11
[INFO] [stderr]     Checking bitflags v2.13.1
[INFO] [stderr]     Checking aho-corasick v1.1.4
[INFO] [stderr]     Checking tower-service v0.3.3
[INFO] [stderr]    Compiling cc v1.4.0
[INFO] [stderr]    Compiling httparse v1.10.1
[INFO] [stderr]    Compiling unicase v2.9.0
[INFO] [stderr]     Checking http v1.4.2
[INFO] [stderr]     Checking ryu v1.0.23
[INFO] [stderr]    Compiling ref-cast v1.0.26
[INFO] [stderr]    Compiling mime_guess v2.0.5
[INFO] [stderr]     Checking atomic-waker v1.1.2
[INFO] [stderr]     Checking try-lock v0.2.5
[INFO] [stderr]     Checking tower-layer v0.3.3
[INFO] [stderr]     Checking indexmap v2.14.0
[INFO] [stderr]    Compiling syn v2.0.119
[INFO] [stderr]    Compiling syn v3.0.3
[INFO] [stderr]    Compiling num-traits v0.2.19
[INFO] [stderr]     Checking http-body v1.1.0
[INFO] [stderr]     Checking fnv v1.0.7
[INFO] [stderr]     Checking untrusted v0.9.0
[INFO] [stderr]     Checking want v0.3.1
[INFO] [stderr]     Checking form_urlencoded v1.2.2
[INFO] [stderr]    Compiling generic-array v0.14.7
[INFO] [stderr]     Checking sync_wrapper v1.0.2
[INFO] [stderr]     Checking httpdate v1.0.3
[INFO] [stderr]     Checking base64 v0.22.1
[INFO] [stderr]     Checking lazy_static v1.5.0
[INFO] [stderr]    Compiling rustls v0.23.42
[INFO] [stderr]     Checking http-body-util v0.1.4
[INFO] [stderr]     Checking mime v0.3.17
[INFO] [stderr]     Checking ipnet v2.12.0
[INFO] [stderr]     Checking cpufeatures v0.2.17
[INFO] [stderr]     Checking num-conv v0.2.2
[INFO] [stderr]     Checking time-core v0.1.9
[INFO] [stderr]     Checking num_threads v0.1.7
[INFO] [stderr]     Checking powerfmt v0.2.0
[INFO] [stderr]    Compiling heck v0.5.0
[INFO] [stderr]     Checking same-file v1.0.6
[INFO] [stderr]     Checking openssl-probe v0.2.1
[INFO] [stderr]     Checking walkdir v2.5.0
[INFO] [stderr]     Checking sharded-slab v0.1.7
[INFO] [stderr]     Checking tracing-log v0.2.0
[INFO] [stderr]     Checking num-integer v0.1.46
[INFO] [stderr]     Checking thread_local v1.1.10
[INFO] [stderr]     Checking dyn-clone v1.0.20
[INFO] [stderr]     Checking nu-ansi-term v0.50.3
[INFO] [stderr]     Checking num-complex v0.4.6
[INFO] [stderr]     Checking crypto-common v0.1.7
[INFO] [stderr]     Checking block-buffer v0.10.4
[INFO] [stderr]     Checking hybrid-array v0.4.14
[INFO] [stderr]     Checking num-bigint v0.4.8
[INFO] [stderr]     Checking regex-automata v0.4.16
[INFO] [stderr]     Checking digest v0.10.7
[INFO] [stderr]     Checking num-iter v0.1.46
[INFO] [stderr]     Checking encoding_rs v0.8.35
[INFO] [stderr]    Compiling getrandom v0.3.4
[INFO] [stderr]     Checking sha2 v0.10.9
[INFO] [stderr]     Checking errno v0.3.14
[INFO] [stderr]     Checking mio v1.2.2
[INFO] [stderr]     Checking signal-hook-registry v1.4.8
[INFO] [stderr]     Checking socket2 v0.6.5
[INFO] [stderr]     Checking getrandom v0.2.17
[INFO] [stderr]    Compiling zerocopy v0.8.55
[INFO] [stderr]     Checking parking_lot v0.12.5
[INFO] [stderr]    Compiling rustix v1.1.4
[INFO] [stderr]     Checking block-padding v0.3.3
[INFO] [stderr]    Compiling ahash v0.8.12
[INFO] [stderr]     Checking linux-raw-sys v0.12.1
[INFO] [stderr]    Compiling const-oid v0.10.2
[INFO] [stderr]    Compiling anyhow v1.0.104
[INFO] [stderr]     Checking unsafe-libyaml v0.2.11
[INFO] [stderr]    Compiling pkg-config v0.3.33
[INFO] [stderr]     Checking inout v0.1.4
[INFO] [stderr]     Checking uuid v1.24.0
[INFO] [stderr]     Checking deranged v0.5.8
[INFO] [stderr]     Checking crypto-common v0.2.2
[INFO] [stderr]     Checking block-buffer v0.12.1
[INFO] [stderr]     Checking minimal-lexical v0.2.1
[INFO] [stderr]     Checking utf8parse v0.2.2
[INFO] [stderr]    Compiling cpufeatures v0.3.0
[INFO] [stderr]     Checking bit-vec v0.8.0
[INFO] [stderr]     Checking borrow-or-share v0.2.4
[INFO] [stderr]    Compiling unicode-general-category v1.1.0
[INFO] [stderr]     Checking nom v7.1.3
[INFO] [stderr]     Checking num-rational v0.4.2
[INFO] [stderr]     Checking bit-set v0.8.0
[INFO] [stderr]     Checking cipher v0.4.4
[INFO] [stderr]     Checking time v0.3.54
[INFO] [stderr]     Checking digest v0.11.3
[INFO] [stderr]     Checking vsimd v0.8.0
[INFO] [stderr]     Checking num v0.4.3
[INFO] [stderr]     Checking micromap v0.3.0
[INFO] [stderr]     Checking option-ext v0.2.0
[INFO] [stderr]     Checking outref v0.5.2
[INFO] [stderr]     Checking fastrand v2.5.0
[INFO] [stderr]    Compiling cfg_aliases v0.2.2
[INFO] [stderr]    Compiling crc32fast v1.5.0
[INFO] [stderr]    Compiling nix v0.31.3
[INFO] [stderr]     Checking uuid-simd v0.8.0
[INFO] [stderr]    Compiling serde_derive_internals v0.30.0
[INFO] [stderr]     Checking matchers v0.2.0
[INFO] [stderr]     Checking regex v1.13.1
[INFO] [stderr]    Compiling libdbus-sys v0.2.7
[INFO] [stderr]    Compiling sha2 v0.11.0
[INFO] [stderr]     Checking fancy-regex v0.18.0
[INFO] [stderr]     Checking dirs-sys v0.5.0
[INFO] [stderr]     Checking fraction v0.15.4
[INFO] [stderr]     Checking anstyle-parse v1.0.0
[INFO] [stderr]    Compiling ring v0.17.14
[INFO] [stderr]     Checking hmac v0.12.1
[INFO] [stderr]     Checking jsonschema-regex v0.47.0
[INFO] [stderr]     Checking toml_write v0.1.2
[INFO] [stderr]     Checking anstyle-query v1.1.5
[INFO] [stderr]     Checking data-encoding v2.11.0
[INFO] [stderr]     Checking unicode-width v0.2.2
[INFO] [stderr]     Checking colorchoice v1.0.5
[INFO] [stderr]     Checking static_assertions v1.1.0
[INFO] [stderr]    Compiling rust-embed-utils v8.12.0
[INFO] [stderr]     Checking num-cmp v0.1.0
[INFO] [stderr]     Checking winnow v0.7.15
[INFO] [stderr]     Checking eventsource-stream v0.2.3
[INFO] [stderr]     Checking adler2 v2.0.1
[INFO] [stderr]     Checking simd-adler32 v0.3.10
[INFO] [stderr]     Checking bytecount v0.6.9
[INFO] [stderr]     Checking is_terminal_polyfill v1.70.2
[INFO] [stderr]     Checking glob v0.3.4
[INFO] [stderr]     Checking anstyle v1.0.14
[INFO] [stderr]     Checking miniz_oxide v0.8.9
[INFO] [stderr]     Checking hkdf v0.12.4
[INFO] [stderr]     Checking xattr v1.6.1
[INFO] [stderr]     Checking dbus v0.9.12
[INFO] [stderr]     Checking aes v0.8.4
[INFO] [stderr]     Checking cbc v0.1.2
[INFO] [stderr]     Checking anstream v1.0.0
[INFO] [stderr]     Checking serde_path_to_error v0.1.20
[INFO] [stderr]     Checking filetime v0.2.29
[INFO] [stderr]     Checking nibble_vec v0.1.0
[INFO] [stderr]    Compiling crossbeam-utils v0.8.22
[INFO] [stderr]     Checking clap_lex v1.1.0
[INFO] [stderr]     Checking strsim v0.11.1
[INFO] [stderr]     Checking matchit v0.8.4
[INFO] [stderr]     Checking endian-type v0.2.0
[INFO] [stderr]     Checking flate2 v1.1.9
[INFO] [stderr]     Checking tar v0.4.46
[INFO] [stderr]     Checking radix_trie v0.3.0
[INFO] [stderr]     Checking clap_builder v4.6.2
[INFO] [stderr]    Compiling synstructure v0.13.2
[INFO] [stderr]     Checking dirs v6.0.0
[INFO] [stderr]     Checking home v0.5.12
[INFO] [stderr]     Checking hex v0.4.3
[INFO] [stderr]     Checking unicode-segmentation v1.13.3
[INFO] [stderr]     Checking console v0.16.4
[INFO] [stderr]     Checking tempfile v3.27.0
[INFO] [stderr]     Checking symlink v0.1.0
[INFO] [stderr]     Checking shell-words v1.1.1
[INFO] [stderr]     Checking directories v6.0.0
[INFO] [stderr]     Checking quick-xml v0.41.0
[INFO] [stderr]     Checking crossbeam-channel v0.5.16
[INFO] [stderr]     Checking rustyline v18.0.1
[INFO] [stderr]    Compiling serde_derive v1.0.229
[INFO] [stderr]    Compiling thiserror-impl v2.0.19
[INFO] [stderr]    Compiling async-trait v0.1.91
[INFO] [stderr]    Compiling ref-cast-impl v1.0.26
[INFO] [stderr]    Compiling schemars_derive v1.2.2
[INFO] [stderr]    Compiling clap_derive v4.6.4
[INFO] [stderr]    Compiling tracing-attributes v0.1.31
[INFO] [stderr]    Compiling futures-macro v0.3.33
[INFO] [stderr]    Compiling tokio-macros v2.7.1
[INFO] [stderr]    Compiling zerofrom-derive v0.1.7
[INFO] [stderr]    Compiling yoke-derive v0.8.2
[INFO] [stderr]    Compiling zerovec-derive v0.11.3
[INFO] [stderr]    Compiling displaydoc v0.2.6
[INFO] [stderr]    Compiling zeroize_derive v1.5.0
[INFO] [stderr]    Compiling async-stream-impl v0.3.6
[INFO] [stderr]    Compiling snafu-derive v0.8.9
[INFO] [stderr]     Checking tokio v1.53.1
[INFO] [stderr]     Checking futures-util v0.3.33
[INFO] [stderr]    Compiling strum_macros v0.28.0
[INFO] [stderr]    Compiling pin-project-internal v1.1.13
[INFO] [stderr]     Checking async-stream v0.3.6
[INFO] [stderr]    Compiling axum-macros v0.5.1
[INFO] [stderr]     Checking zeroize v1.9.0
[INFO] [stderr]     Checking rustls-pki-types v1.15.1
[INFO] [stderr]     Checking rustls-webpki v0.103.13
[INFO] [stderr]     Checking rustls-native-certs v0.8.4
[INFO] [stderr]     Checking webpki-roots v1.0.9
[INFO] [stderr]    Compiling rust-embed-impl v8.12.0
[INFO] [stderr]     Checking dbus-secret-service v4.1.0
[INFO] [stderr]    Compiling adk-rust-macros v2.0.0
[INFO] [stderr]     Checking keyring v3.6.3
[INFO] [stderr]     Checking futures-executor v0.3.33
[INFO] [stderr]     Checking futures v0.3.33
[INFO] [stderr]     Checking dialoguer v0.12.0
[INFO] [stderr]     Checking tracing v0.1.44
[INFO] [stderr]     Checking rust-embed v8.12.0
[INFO] [stderr]     Checking tracing-subscriber v0.3.23
[INFO] [stderr]     Checking axum-core v0.5.6
[INFO] [stderr]     Checking clap v4.6.4
[INFO] [stderr]     Checking tokio-util v0.7.19
[INFO] [stderr]     Checking zerofrom v0.1.8
[INFO] [stderr]     Checking tower v0.5.3
[INFO] [stderr]     Checking yoke v0.8.3
[INFO] [stderr]     Checking adk-telemetry v2.0.0
[INFO] [stderr]     Checking tokio-stream v0.1.19
[INFO] [stderr]     Checking zerovec v0.11.6
[INFO] [stderr]     Checking zerotrie v0.2.4
[INFO] [stderr]     Checking tracing-appender v0.2.5
[INFO] [stderr]     Checking tokio-rustls v0.26.4
[INFO] [stderr]     Checking h2 v0.4.15
[INFO] [stderr]     Checking pin-project v1.1.13
[INFO] [stderr]     Checking tower v0.4.13
[INFO] [stderr]     Checking tinystr v0.8.3
[INFO] [stderr]     Checking icu_locale_core v2.2.0
[INFO] [stderr]     Checking potential_utf v0.1.5
[INFO] [stderr]     Checking icu_collections v2.2.0
[INFO] [stderr]     Checking chrono v0.4.45
[INFO] [stderr]     Checking serde_urlencoded v0.7.1
[INFO] [stderr]     Checking schemars v1.2.2
[INFO] [stderr]     Checking serde_yaml v0.9.34+deprecated
[INFO] [stderr]     Checking fluent-uri v0.4.1
[INFO] [stderr]     Checking snafu v0.8.9
[INFO] [stderr]     Checking email_address v0.2.9
[INFO] [stderr]     Checking toml_datetime v0.6.11
[INFO] [stderr]     Checking serde_spanned v0.6.9
[INFO] [stderr]     Checking a2a-protocol-types v0.5.0
[INFO] [stderr]     Checking toml_edit v0.22.27
[INFO] [stderr]     Checking icu_provider v2.2.0
[INFO] [stderr]     Checking strum v0.28.0
[INFO] [stderr]     Checking icu_normalizer v2.2.0
[INFO] [stderr]     Checking icu_properties v2.2.0
[INFO] [stderr]     Checking referencing v0.47.0
[INFO] [stderr]     Checking adk-core v2.0.0
[INFO] [stderr]     Checking toml v0.8.23
[INFO] [stderr]     Checking idna_adapter v1.2.2
[INFO] [stderr]     Checking idna v1.1.0
[INFO] [stderr]     Checking url v2.5.8
[INFO] [stderr]     Checking jsonschema v0.47.0
[INFO] [stderr]     Checking adk-plugin v2.0.0
[INFO] [stderr]     Checking adk-session v2.0.0
[INFO] [stderr]     Checking adk-artifact v2.0.0
[INFO] [stderr]     Checking adk-devtools v2.0.0
[INFO] [stderr]     Checking adk-tool v2.0.0
[INFO] [stderr]     Checking adk-graph v2.0.0
[INFO] [stderr]     Checking tower-http v0.6.11
[INFO] [stderr]     Checking hyper v1.11.0
[INFO] [stderr]     Checking adk-skill v2.0.0
[INFO] [stderr]     Checking adk-runner v2.0.0
[INFO] [stderr]     Checking adk-agent v2.0.0
[INFO] [stderr]     Checking hyper-util v0.1.20
[INFO] [stderr]     Checking hyper-rustls v0.27.9
[INFO] [stderr]     Checking axum v0.8.9
[INFO] [stderr]     Checking reqwest v0.12.28
[INFO] [stderr]     Checking adk-gemini v2.0.0
[INFO] [stderr]     Checking ollama-rs v0.3.6
[INFO] [stderr]     Checking adk-deploy v2.0.0
[INFO] [stderr]     Checking adk-server v2.0.0
[INFO] [stderr]     Checking adk-model v2.0.0
[INFO] [stderr]     Checking adk-eval v2.0.0
[INFO] [stderr]     Checking adk-cli v2.0.0
[INFO] [stderr]     Checking adk-rust v2.0.0
[INFO] [stderr]     Checking shadowai v0.2.0 (/opt/rustwide/workdir)
[INFO] [stdout] error[E0433]: cannot find module or crate `serde_json` in this scope
[INFO] [stdout]   --> examples/agents/code_planner/mod.rs:74:17
[INFO] [stdout]    |
[INFO] [stdout] 74 |                 serde_json::to_string_pretty(&result)?,
[INFO] [stdout]    |                 ^^^^^^^^^^ use of unresolved module or unlinked crate `serde_json`
[INFO] [stdout]    |
[INFO] [stdout]    = help: if you wanted to use a crate named `serde_json`, use `cargo add serde_json` to add it to your `Cargo.toml`
[INFO] [stdout] help: consider importing this crate
[INFO] [stdout]    |
[INFO] [stdout]  4 + use adk_rust::serde_json;
[INFO] [stdout]    |
[INFO] [stdout] 
[INFO] [stdout] 
[INFO] [stdout] error[E0433]: cannot find module or crate `serde_json` in this scope
[INFO] [stdout]    --> examples/agents/code_planner/mod.rs:190:42
[INFO] [stdout]     |
[INFO] [stdout] 190 | fn parse_plan(raw: &str) -> Result<Plan, serde_json::Error> {
[INFO] [stdout]     |                                          ^^^^^^^^^^ use of unresolved module or unlinked crate `serde_json`
[INFO] [stdout]     |
[INFO] [stdout]     = help: if you wanted to use a crate named `serde_json`, use `cargo add serde_json` to add it to your `Cargo.toml`
[INFO] [stdout] help: consider importing this crate
[INFO] [stdout]     |
[INFO] [stdout]   4 + use adk_rust::serde_json;
[INFO] [stdout]     |
[INFO] [stdout] 
[INFO] [stdout] 
[INFO] [stdout] error[E0433]: cannot find module or crate `serde_json` in this scope
[INFO] [stdout]    --> examples/agents/code_planner/mod.rs:191:5
[INFO] [stdout]     |
[INFO] [stdout] 191 |     serde_json::from_str::<Plan>(raw)
[INFO] [stdout]     |     ^^^^^^^^^^ use of unresolved module or unlinked crate `serde_json`
[INFO] [stdout]     |
[INFO] [stdout]     = help: if you wanted to use a crate named `serde_json`, use `cargo add serde_json` to add it to your `Cargo.toml`
[INFO] [stdout] help: consider importing this crate
[INFO] [stdout]     |
[INFO] [stdout]   4 + use adk_rust::serde_json;
[INFO] [stdout]     |
[INFO] [stdout] 
[INFO] [stdout] 
[INFO] [stdout] For more information about this error, try `rustc --explain E0433`.
[INFO] [stdout] 
[INFO] [stderr] error: could not compile `shadowai` (example "agents-code-planner") due to 3 previous errors
[INFO] running `Command { std: "docker" "inspect" "40281cf8ee05a32682c6b1d1479c992c2b3d7ccf66942e0cb3f58a6596789982", kill_on_drop: false }`
[INFO] running `Command { std: "docker" "rm" "-f" "40281cf8ee05a32682c6b1d1479c992c2b3d7ccf66942e0cb3f58a6596789982", kill_on_drop: false }`
[INFO] [stdout] 40281cf8ee05a32682c6b1d1479c992c2b3d7ccf66942e0cb3f58a6596789982
