[INFO] cloning repository https://github.com/sevki/okid
[INFO] running `Command { std: "git" "-c" "credential.helper=" "-c" "credential.helper=/workspace/cargo-home/bin/git-credential-null" "clone" "--bare" "https://github.com/sevki/okid" "/workspace/cache/git-repos/https%3A%2F%2Fgithub.com%2Fsevki%2Fokid", kill_on_drop: false }`
[INFO] [stderr] Cloning into bare repository '/workspace/cache/git-repos/https%3A%2F%2Fgithub.com%2Fsevki%2Fokid'...
[INFO] running `Command { std: "git" "rev-parse" "HEAD", kill_on_drop: false }`
[INFO] [stdout] 07ecbee3bef01d906380259aab44312c32322dd9
[INFO] checking sevki/okid against 3154cc1a3e6424e44f438a95007d043ed5ceaaf6 for pr-133502-30
[INFO] running `Command { std: "git" "clone" "/workspace/cache/git-repos/https%3A%2F%2Fgithub.com%2Fsevki%2Fokid" "/workspace/builds/worker-2-tc2/source", kill_on_drop: false }`
[INFO] [stderr] Cloning into '/workspace/builds/worker-2-tc2/source'...
[INFO] [stderr] done.
[INFO] removed /workspace/builds/worker-2-tc2/source/.cargo/config.toml
[INFO] started tweaking git repo https://github.com/sevki/okid
[INFO] finished tweaking git repo https://github.com/sevki/okid
[INFO] tweaked toml for git repo https://github.com/sevki/okid written to /workspace/builds/worker-2-tc2/source/Cargo.toml
[INFO] validating manifest of git repo https://github.com/sevki/okid on toolchain 3154cc1a3e6424e44f438a95007d043ed5ceaaf6
[INFO] running `Command { std: CARGO_HOME="/workspace/cargo-home" RUSTUP_HOME="/workspace/rustup-home" "/workspace/cargo-home/bin/cargo" "+3154cc1a3e6424e44f438a95007d043ed5ceaaf6" "metadata" "--manifest-path" "Cargo.toml" "--no-deps", kill_on_drop: false }`
[INFO] crate git repo https://github.com/sevki/okid already has a lockfile, it will not be regenerated
[INFO] running `Command { std: CARGO_HOME="/workspace/cargo-home" RUSTUP_HOME="/workspace/rustup-home" "/workspace/cargo-home/bin/cargo" "+3154cc1a3e6424e44f438a95007d043ed5ceaaf6" "fetch" "--manifest-path" "Cargo.toml", kill_on_drop: false }`
[INFO] running `Command { std: "docker" "create" "-v" "/var/lib/crater-agent-workspace/builds/worker-2-tc2/source:/opt/rustwide/workdir:ro,Z" "-v" "/var/lib/crater-agent-workspace/builds/worker-2-tc2/target:/opt/rustwide/target:rw,Z" "-v" "/var/lib/crater-agent-workspace/cargo-home:/opt/rustwide/cargo-home:ro,Z" "-v" "/var/lib/crater-agent-workspace/rustup-home:/opt/rustwide/rustup-home:ro,Z" "-m" "1610612736" "--network" "none" "ghcr.io/rust-lang/crates-build-env/linux@sha256:77db811e55d90add9212f6832c23229e3de5f1c1f9905e8cb07319ea15df73ac" "sleep" "infinity", kill_on_drop: false }`
[INFO] [stdout] f9c374237dbeb4fc75a535a0b448a3cde0ffee51f566d4147a20825825024250
[INFO] running `Command { std: "docker" "start" "f9c374237dbeb4fc75a535a0b448a3cde0ffee51f566d4147a20825825024250", kill_on_drop: false }`
[INFO] running `Command { std: "docker" "inspect" "f9c374237dbeb4fc75a535a0b448a3cde0ffee51f566d4147a20825825024250", kill_on_drop: false }`
[INFO] running `Command { std: "docker" "exec" "-e" "SOURCE_DIR=/opt/rustwide/workdir" "-e" "CARGO_HOME=/opt/rustwide/cargo-home" "-e" "RUSTUP_HOME=/opt/rustwide/rustup-home" "-e" "CARGO_TARGET_DIR=/opt/rustwide/target" "-w" "/opt/rustwide/workdir" "--user" "0:0" "f9c374237dbeb4fc75a535a0b448a3cde0ffee51f566d4147a20825825024250" "/opt/rustwide/cargo-home/bin/cargo" "+3154cc1a3e6424e44f438a95007d043ed5ceaaf6" "metadata" "--no-deps" "--format-version=1", kill_on_drop: false }`
[INFO] running `Command { std: "docker" "inspect" "f9c374237dbeb4fc75a535a0b448a3cde0ffee51f566d4147a20825825024250", kill_on_drop: false }`
[INFO] running `Command { std: "docker" "exec" "-e" "SOURCE_DIR=/opt/rustwide/workdir" "-e" "CARGO_HOME=/opt/rustwide/cargo-home" "-e" "RUSTUP_HOME=/opt/rustwide/rustup-home" "-e" "CARGO_TARGET_DIR=/opt/rustwide/target" "-e" "CARGO_INCREMENTAL=0" "-e" "RUST_BACKTRACE=full" "-e" "RUSTFLAGS=--cap-lints=forbid" "-e" "RUSTDOCFLAGS=--cap-lints=forbid" "-w" "/opt/rustwide/workdir" "--user" "0:0" "f9c374237dbeb4fc75a535a0b448a3cde0ffee51f566d4147a20825825024250" "/opt/rustwide/cargo-home/bin/cargo" "+3154cc1a3e6424e44f438a95007d043ed5ceaaf6" "check" "--frozen" "--all" "--all-targets" "--message-format=json", kill_on_drop: false }`
[INFO] [stderr]    Compiling quote v1.0.41
[INFO] [stderr]    Compiling libc v0.2.177
[INFO] [stderr]    Compiling wasm-bindgen-shared v0.2.106
[INFO] [stderr]    Compiling zerocopy v0.8.31
[INFO] [stderr]     Checking memchr v2.7.6
[INFO] [stderr]    Compiling find-msvc-tools v0.1.4
[INFO] [stderr]    Compiling generic-array v0.14.9
[INFO] [stderr]     Checking futures-core v0.3.31
[INFO] [stderr]    Compiling anyhow v1.0.100
[INFO] [stderr]     Checking log v0.4.28
[INFO] [stderr]    Compiling bumpalo v3.19.0
[INFO] [stderr]    Compiling wasm-bindgen v0.2.106
[INFO] [stderr]     Checking generic-array v0.12.4
[INFO] [stderr]    Compiling argh_shared v0.1.13
[INFO] [stderr]    Compiling bytes v1.11.0
[INFO] [stderr]     Checking unicode-ident v1.0.19
[INFO] [stderr]    Compiling crc16 v0.4.0
[INFO] [stderr]     Checking futures-channel v0.3.31
[INFO] [stderr]    Compiling curve25519-dalek v4.1.3
[INFO] [stderr]     Checking rust-fuzzy-search v0.1.1
[INFO] [stderr]     Checking core2 v0.3.3
[INFO] [stderr]     Checking deranged v0.5.4
[INFO] [stderr]     Checking fern v0.7.1
[INFO] [stderr]     Checking zeroize v1.8.2
[INFO] [stderr]    Compiling okid v0.26.0 (/opt/rustwide/workdir)
[INFO] [stdout] warning: trailing semicolon in macro used in expression position
[INFO] [stdout]   --> build.rs:5:5
[INFO] [stdout]    |
[INFO] [stdout]  5 | /     cfg_aliases! {
[INFO] [stdout]  6 | |         // Target architectures
[INFO] [stdout]  7 | |         wasm32: { target_arch = "wasm32" },
[INFO] [stdout]  8 | |         native: { not(target_arch = "wasm32") },
[INFO] [stdout] ...  |
[INFO] [stdout] 23 | |         worker: { all(target_arch = "wasm32", feature = "worker") },
[INFO] [stdout] 24 | |     }
[INFO] [stdout]    | |_____^
[INFO] [stdout]    |
[INFO] [stdout]    = warning: this was previously accepted by the compiler but is being phased out; it will become a hard error in a future release!
[INFO] [stdout]    = note: for more information, see issue #79813 <https://github.com/rust-lang/rust/issues/79813>
[INFO] [stdout]    = note: `#[warn(semicolon_in_expressions_from_non_local_macros)]` (part of `#[warn(future_incompatible)]`) on by default
[INFO] [stdout]    = note: this warning originates in the macro `$crate::cfg_aliases` which comes from the expansion of the macro `cfg_aliases` (in Nightly builds, run with -Z macro-backtrace for more info)
[INFO] [stdout] 
[INFO] [stdout] 
[INFO] [stdout] warning: trailing semicolon in macro used in expression position
[INFO] [stdout]   --> build.rs:5:5
[INFO] [stdout]    |
[INFO] [stdout]  5 | /     cfg_aliases! {
[INFO] [stdout]  6 | |         // Target architectures
[INFO] [stdout]  7 | |         wasm32: { target_arch = "wasm32" },
[INFO] [stdout]  8 | |         native: { not(target_arch = "wasm32") },
[INFO] [stdout] ...  |
[INFO] [stdout] 23 | |         worker: { all(target_arch = "wasm32", feature = "worker") },
[INFO] [stdout] 24 | |     }
[INFO] [stdout]    | |_____^
[INFO] [stdout]    |
[INFO] [stdout]    = warning: this was previously accepted by the compiler but is being phased out; it will become a hard error in a future release!
[INFO] [stdout]    = note: for more information, see issue #79813 <https://github.com/rust-lang/rust/issues/79813>
[INFO] [stdout]    = note: this warning originates in the macro `$crate::cfg_aliases` which comes from the expansion of the macro `cfg_aliases` (in Nightly builds, run with -Z macro-backtrace for more info)
[INFO] [stdout] 
[INFO] [stdout] 
[INFO] [stdout] warning: trailing semicolon in macro used in expression position
[INFO] [stdout]   --> build.rs:5:5
[INFO] [stdout]    |
[INFO] [stdout]  5 | /     cfg_aliases! {
[INFO] [stdout]  6 | |         // Target architectures
[INFO] [stdout]  7 | |         wasm32: { target_arch = "wasm32" },
[INFO] [stdout]  8 | |         native: { not(target_arch = "wasm32") },
[INFO] [stdout] ...  |
[INFO] [stdout] 23 | |         worker: { all(target_arch = "wasm32", feature = "worker") },
[INFO] [stdout] 24 | |     }
[INFO] [stdout]    | |_____^
[INFO] [stdout]    |
[INFO] [stdout]    = warning: this was previously accepted by the compiler but is being phased out; it will become a hard error in a future release!
[INFO] [stdout]    = note: for more information, see issue #79813 <https://github.com/rust-lang/rust/issues/79813>
[INFO] [stdout]    = note: this warning originates in the macro `$crate::cfg_aliases` which comes from the expansion of the macro `cfg_aliases` (in Nightly builds, run with -Z macro-backtrace for more info)
[INFO] [stdout] 
[INFO] [stdout] 
[INFO] [stdout] warning: trailing semicolon in macro used in expression position
[INFO] [stdout]   --> build.rs:5:5
[INFO] [stdout]    |
[INFO] [stdout]  5 | /     cfg_aliases! {
[INFO] [stdout]  6 | |         // Target architectures
[INFO] [stdout]  7 | |         wasm32: { target_arch = "wasm32" },
[INFO] [stdout]  8 | |         native: { not(target_arch = "wasm32") },
[INFO] [stdout] ...  |
[INFO] [stdout] 23 | |         worker: { all(target_arch = "wasm32", feature = "worker") },
[INFO] [stdout] 24 | |     }
[INFO] [stdout]    | |_____^
[INFO] [stdout]    |
[INFO] [stdout]    = warning: this was previously accepted by the compiler but is being phased out; it will become a hard error in a future release!
[INFO] [stdout]    = note: for more information, see issue #79813 <https://github.com/rust-lang/rust/issues/79813>
[INFO] [stdout]    = note: this warning originates in the macro `$crate::cfg_aliases` which comes from the expansion of the macro `cfg_aliases` (in Nightly builds, run with -Z macro-backtrace for more info)
[INFO] [stdout] 
[INFO] [stdout] 
[INFO] [stdout] warning: trailing semicolon in macro used in expression position
[INFO] [stdout]   --> build.rs:5:5
[INFO] [stdout]    |
[INFO] [stdout]  5 | /     cfg_aliases! {
[INFO] [stdout]  6 | |         // Target architectures
[INFO] [stdout]  7 | |         wasm32: { target_arch = "wasm32" },
[INFO] [stdout]  8 | |         native: { not(target_arch = "wasm32") },
[INFO] [stdout] ...  |
[INFO] [stdout] 23 | |         worker: { all(target_arch = "wasm32", feature = "worker") },
[INFO] [stdout] 24 | |     }
[INFO] [stdout]    | |_____^
[INFO] [stdout]    |
[INFO] [stdout]    = warning: this was previously accepted by the compiler but is being phased out; it will become a hard error in a future release!
[INFO] [stdout]    = note: for more information, see issue #79813 <https://github.com/rust-lang/rust/issues/79813>
[INFO] [stdout]    = note: this warning originates in the macro `$crate::cfg_aliases` which comes from the expansion of the macro `cfg_aliases` (in Nightly builds, run with -Z macro-backtrace for more info)
[INFO] [stdout] 
[INFO] [stdout] 
[INFO] [stderr]    Compiling rustix v1.1.2
[INFO] [stdout] warning: trailing semicolon in macro used in expression position
[INFO] [stdout]   --> build.rs:5:5
[INFO] [stdout]    |
[INFO] [stdout]  5 | /     cfg_aliases! {
[INFO] [stdout]  6 | |         // Target architectures
[INFO] [stdout]  7 | |         wasm32: { target_arch = "wasm32" },
[INFO] [stdout]  8 | |         native: { not(target_arch = "wasm32") },
[INFO] [stdout] ...  |
[INFO] [stdout] 23 | |         worker: { all(target_arch = "wasm32", feature = "worker") },
[INFO] [stdout] 24 | |     }
[INFO] [stdout]    | |_____^
[INFO] [stdout]    |
[INFO] [stdout]    = warning: this was previously accepted by the compiler but is being phased out; it will become a hard error in a future release!
[INFO] [stdout]    = note: for more information, see issue #79813 <https://github.com/rust-lang/rust/issues/79813>
[INFO] [stdout]    = note: this warning originates in the macro `$crate::cfg_aliases` which comes from the expansion of the macro `cfg_aliases` (in Nightly builds, run with -Z macro-backtrace for more info)
[INFO] [stdout] 
[INFO] [stdout] 
[INFO] [stdout] warning: trailing semicolon in macro used in expression position
[INFO] [stdout]   --> build.rs:5:5
[INFO] [stdout]    |
[INFO] [stdout]  5 | /     cfg_aliases! {
[INFO] [stdout]  6 | |         // Target architectures
[INFO] [stdout]  7 | |         wasm32: { target_arch = "wasm32" },
[INFO] [stdout]  8 | |         native: { not(target_arch = "wasm32") },
[INFO] [stdout] ...  |
[INFO] [stdout] 23 | |         worker: { all(target_arch = "wasm32", feature = "worker") },
[INFO] [stdout] 24 | |     }
[INFO] [stdout]    | |_____^
[INFO] [stdout]    |
[INFO] [stdout]    = warning: this was previously accepted by the compiler but is being phased out; it will become a hard error in a future release!
[INFO] [stdout]    = note: for more information, see issue #79813 <https://github.com/rust-lang/rust/issues/79813>
[INFO] [stdout]    = note: this warning originates in the macro `$crate::cfg_aliases` which comes from the expansion of the macro `cfg_aliases` (in Nightly builds, run with -Z macro-backtrace for more info)
[INFO] [stdout] 
[INFO] [stdout] 
[INFO] [stdout] warning: trailing semicolon in macro used in expression position
[INFO] [stdout]   --> build.rs:5:5
[INFO] [stdout]    |
[INFO] [stdout]  5 | /     cfg_aliases! {
[INFO] [stdout]  6 | |         // Target architectures
[INFO] [stdout]  7 | |         wasm32: { target_arch = "wasm32" },
[INFO] [stdout]  8 | |         native: { not(target_arch = "wasm32") },
[INFO] [stdout] ...  |
[INFO] [stdout] 23 | |         worker: { all(target_arch = "wasm32", feature = "worker") },
[INFO] [stdout] 24 | |     }
[INFO] [stdout]    | |_____^
[INFO] [stdout]    |
[INFO] [stdout]    = warning: this was previously accepted by the compiler but is being phased out; it will become a hard error in a future release!
[INFO] [stdout]    = note: for more information, see issue #79813 <https://github.com/rust-lang/rust/issues/79813>
[INFO] [stdout]    = note: this warning originates in the macro `$crate::cfg_aliases` which comes from the expansion of the macro `cfg_aliases` (in Nightly builds, run with -Z macro-backtrace for more info)
[INFO] [stdout] 
[INFO] [stdout] 
[INFO] [stdout] warning: trailing semicolon in macro used in expression position
[INFO] [stdout]   --> build.rs:5:5
[INFO] [stdout]    |
[INFO] [stdout]  5 | /     cfg_aliases! {
[INFO] [stdout]  6 | |         // Target architectures
[INFO] [stdout]  7 | |         wasm32: { target_arch = "wasm32" },
[INFO] [stdout]  8 | |         native: { not(target_arch = "wasm32") },
[INFO] [stdout] ...  |
[INFO] [stdout] 23 | |         worker: { all(target_arch = "wasm32", feature = "worker") },
[INFO] [stdout] 24 | |     }
[INFO] [stdout]    | |_____^
[INFO] [stdout]    |
[INFO] [stdout]    = warning: this was previously accepted by the compiler but is being phased out; it will become a hard error in a future release!
[INFO] [stdout]    = note: for more information, see issue #79813 <https://github.com/rust-lang/rust/issues/79813>
[INFO] [stdout]    = note: this warning originates in the macro `$crate::cfg_aliases` which comes from the expansion of the macro `cfg_aliases` (in Nightly builds, run with -Z macro-backtrace for more info)
[INFO] [stdout] 
[INFO] [stdout] 
[INFO] [stdout] warning: trailing semicolon in macro used in expression position
[INFO] [stdout]   --> build.rs:5:5
[INFO] [stdout]    |
[INFO] [stdout]  5 | /     cfg_aliases! {
[INFO] [stdout]  6 | |         // Target architectures
[INFO] [stdout]  7 | |         wasm32: { target_arch = "wasm32" },
[INFO] [stdout]  8 | |         native: { not(target_arch = "wasm32") },
[INFO] [stdout] ...  |
[INFO] [stdout] 23 | |         worker: { all(target_arch = "wasm32", feature = "worker") },
[INFO] [stdout] 24 | |     }
[INFO] [stdout]    | |_____^
[INFO] [stdout]    |
[INFO] [stdout]    = warning: this was previously accepted by the compiler but is being phased out; it will become a hard error in a future release!
[INFO] [stdout]    = note: for more information, see issue #79813 <https://github.com/rust-lang/rust/issues/79813>
[INFO] [stdout]    = note: this warning originates in the macro `$crate::cfg_aliases` which comes from the expansion of the macro `cfg_aliases` (in Nightly builds, run with -Z macro-backtrace for more info)
[INFO] [stdout] 
[INFO] [stdout] 
[INFO] [stdout] warning: trailing semicolon in macro used in expression position
[INFO] [stdout]   --> build.rs:5:5
[INFO] [stdout]    |
[INFO] [stdout]  5 | /     cfg_aliases! {
[INFO] [stdout]  6 | |         // Target architectures
[INFO] [stdout]  7 | |         wasm32: { target_arch = "wasm32" },
[INFO] [stdout]  8 | |         native: { not(target_arch = "wasm32") },
[INFO] [stdout] ...  |
[INFO] [stdout] 23 | |         worker: { all(target_arch = "wasm32", feature = "worker") },
[INFO] [stdout] 24 | |     }
[INFO] [stdout]    | |_____^
[INFO] [stdout]    |
[INFO] [stdout]    = warning: this was previously accepted by the compiler but is being phased out; it will become a hard error in a future release!
[INFO] [stdout]    = note: for more information, see issue #79813 <https://github.com/rust-lang/rust/issues/79813>
[INFO] [stdout]    = note: this warning originates in the macro `$crate::cfg_aliases` which comes from the expansion of the macro `cfg_aliases` (in Nightly builds, run with -Z macro-backtrace for more info)
[INFO] [stdout] 
[INFO] [stdout] 
[INFO] [stdout] warning: trailing semicolon in macro used in expression position
[INFO] [stdout]   --> build.rs:5:5
[INFO] [stdout]    |
[INFO] [stdout]  5 | /     cfg_aliases! {
[INFO] [stdout]  6 | |         // Target architectures
[INFO] [stdout]  7 | |         wasm32: { target_arch = "wasm32" },
[INFO] [stdout]  8 | |         native: { not(target_arch = "wasm32") },
[INFO] [stdout] ...  |
[INFO] [stdout] 23 | |         worker: { all(target_arch = "wasm32", feature = "worker") },
[INFO] [stdout] 24 | |     }
[INFO] [stdout]    | |_____^
[INFO] [stdout]    |
[INFO] [stdout]    = warning: this was previously accepted by the compiler but is being phased out; it will become a hard error in a future release!
[INFO] [stdout]    = note: for more information, see issue #79813 <https://github.com/rust-lang/rust/issues/79813>
[INFO] [stdout]    = note: this warning originates in the macro `$crate::cfg_aliases` which comes from the expansion of the macro `cfg_aliases` (in Nightly builds, run with -Z macro-backtrace for more info)
[INFO] [stdout] 
[INFO] [stdout] 
[INFO] [stdout] warning: trailing semicolon in macro used in expression position
[INFO] [stdout]   --> build.rs:5:5
[INFO] [stdout]    |
[INFO] [stdout]  5 | /     cfg_aliases! {
[INFO] [stdout]  6 | |         // Target architectures
[INFO] [stdout]  7 | |         wasm32: { target_arch = "wasm32" },
[INFO] [stdout]  8 | |         native: { not(target_arch = "wasm32") },
[INFO] [stdout] ...  |
[INFO] [stdout] 23 | |         worker: { all(target_arch = "wasm32", feature = "worker") },
[INFO] [stdout] 24 | |     }
[INFO] [stdout]    | |_____^
[INFO] [stdout]    |
[INFO] [stdout]    = warning: this was previously accepted by the compiler but is being phased out; it will become a hard error in a future release!
[INFO] [stdout]    = note: for more information, see issue #79813 <https://github.com/rust-lang/rust/issues/79813>
[INFO] [stdout]    = note: this warning originates in the macro `$crate::cfg_aliases` which comes from the expansion of the macro `cfg_aliases` (in Nightly builds, run with -Z macro-backtrace for more info)
[INFO] [stdout] 
[INFO] [stdout] 
[INFO] [stdout] warning: trailing semicolon in macro used in expression position
[INFO] [stdout]   --> build.rs:5:5
[INFO] [stdout]    |
[INFO] [stdout]  5 | /     cfg_aliases! {
[INFO] [stdout]  6 | |         // Target architectures
[INFO] [stdout]  7 | |         wasm32: { target_arch = "wasm32" },
[INFO] [stdout]  8 | |         native: { not(target_arch = "wasm32") },
[INFO] [stdout] ...  |
[INFO] [stdout] 23 | |         worker: { all(target_arch = "wasm32", feature = "worker") },
[INFO] [stdout] 24 | |     }
[INFO] [stdout]    | |_____^
[INFO] [stdout]    |
[INFO] [stdout]    = warning: this was previously accepted by the compiler but is being phased out; it will become a hard error in a future release!
[INFO] [stdout]    = note: for more information, see issue #79813 <https://github.com/rust-lang/rust/issues/79813>
[INFO] [stdout]    = note: this warning originates in the macro `$crate::cfg_aliases` which comes from the expansion of the macro `cfg_aliases` (in Nightly builds, run with -Z macro-backtrace for more info)
[INFO] [stdout] 
[INFO] [stdout] 
[INFO] [stdout] warning: trailing semicolon in macro used in expression position
[INFO] [stdout]   --> build.rs:5:5
[INFO] [stdout]    |
[INFO] [stdout]  5 | /     cfg_aliases! {
[INFO] [stdout]  6 | |         // Target architectures
[INFO] [stdout]  7 | |         wasm32: { target_arch = "wasm32" },
[INFO] [stdout]  8 | |         native: { not(target_arch = "wasm32") },
[INFO] [stdout] ...  |
[INFO] [stdout] 23 | |         worker: { all(target_arch = "wasm32", feature = "worker") },
[INFO] [stdout] 24 | |     }
[INFO] [stdout]    | |_____^
[INFO] [stdout]    |
[INFO] [stdout]    = warning: this was previously accepted by the compiler but is being phased out; it will become a hard error in a future release!
[INFO] [stdout]    = note: for more information, see issue #79813 <https://github.com/rust-lang/rust/issues/79813>
[INFO] [stdout]    = note: this warning originates in the macro `$crate::cfg_aliases` which comes from the expansion of the macro `cfg_aliases` (in Nightly builds, run with -Z macro-backtrace for more info)
[INFO] [stdout] 
[INFO] [stdout] 
[INFO] [stdout] warning: trailing semicolon in macro used in expression position
[INFO] [stdout]   --> build.rs:5:5
[INFO] [stdout]    |
[INFO] [stdout]  5 | /     cfg_aliases! {
[INFO] [stdout]  6 | |         // Target architectures
[INFO] [stdout]  7 | |         wasm32: { target_arch = "wasm32" },
[INFO] [stdout]  8 | |         native: { not(target_arch = "wasm32") },
[INFO] [stdout] ...  |
[INFO] [stdout] 23 | |         worker: { all(target_arch = "wasm32", feature = "worker") },
[INFO] [stdout] 24 | |     }
[INFO] [stdout]    | |_____^
[INFO] [stdout]    |
[INFO] [stdout]    = warning: this was previously accepted by the compiler but is being phased out; it will become a hard error in a future release!
[INFO] [stdout]    = note: for more information, see issue #79813 <https://github.com/rust-lang/rust/issues/79813>
[INFO] [stdout]    = note: this warning originates in the macro `$crate::cfg_aliases` which comes from the expansion of the macro `cfg_aliases` (in Nightly builds, run with -Z macro-backtrace for more info)
[INFO] [stdout] 
[INFO] [stdout] 
[INFO] [stdout] warning: trailing semicolon in macro used in expression position
[INFO] [stdout]   --> build.rs:5:5
[INFO] [stdout]    |
[INFO] [stdout]  5 | /     cfg_aliases! {
[INFO] [stdout]  6 | |         // Target architectures
[INFO] [stdout]  7 | |         wasm32: { target_arch = "wasm32" },
[INFO] [stdout]  8 | |         native: { not(target_arch = "wasm32") },
[INFO] [stdout] ...  |
[INFO] [stdout] 23 | |         worker: { all(target_arch = "wasm32", feature = "worker") },
[INFO] [stdout] 24 | |     }
[INFO] [stdout]    | |_____^
[INFO] [stdout]    |
[INFO] [stdout]    = warning: this was previously accepted by the compiler but is being phased out; it will become a hard error in a future release!
[INFO] [stdout]    = note: for more information, see issue #79813 <https://github.com/rust-lang/rust/issues/79813>
[INFO] [stdout]    = note: this warning originates in the macro `$crate::cfg_aliases` which comes from the expansion of the macro `cfg_aliases` (in Nightly builds, run with -Z macro-backtrace for more info)
[INFO] [stdout] 
[INFO] [stdout] 
[INFO] [stdout] warning: trailing semicolon in macro used in expression position
[INFO] [stdout]   --> build.rs:5:5
[INFO] [stdout]    |
[INFO] [stdout]  5 | /     cfg_aliases! {
[INFO] [stdout]  6 | |         // Target architectures
[INFO] [stdout]  7 | |         wasm32: { target_arch = "wasm32" },
[INFO] [stdout]  8 | |         native: { not(target_arch = "wasm32") },
[INFO] [stdout] ...  |
[INFO] [stdout] 23 | |         worker: { all(target_arch = "wasm32", feature = "worker") },
[INFO] [stdout] 24 | |     }
[INFO] [stdout]    | |_____^
[INFO] [stdout]    |
[INFO] [stdout]    = warning: this was previously accepted by the compiler but is being phased out; it will become a hard error in a future release!
[INFO] [stdout]    = note: for more information, see issue #79813 <https://github.com/rust-lang/rust/issues/79813>
[INFO] [stdout]    = note: this warning originates in the macro `$crate::cfg_aliases` which comes from the expansion of the macro `cfg_aliases` (in Nightly builds, run with -Z macro-backtrace for more info)
[INFO] [stdout] 
[INFO] [stdout] 
[INFO] [stdout] warning: trailing semicolon in macro used in expression position
[INFO] [stdout]   --> build.rs:5:5
[INFO] [stdout]    |
[INFO] [stdout]  5 | /     cfg_aliases! {
[INFO] [stdout]  6 | |         // Target architectures
[INFO] [stdout]  7 | |         wasm32: { target_arch = "wasm32" },
[INFO] [stdout]  8 | |         native: { not(target_arch = "wasm32") },
[INFO] [stdout] ...  |
[INFO] [stdout] 23 | |         worker: { all(target_arch = "wasm32", feature = "worker") },
[INFO] [stdout] 24 | |     }
[INFO] [stdout]    | |_____^
[INFO] [stdout]    |
[INFO] [stdout]    = warning: this was previously accepted by the compiler but is being phased out; it will become a hard error in a future release!
[INFO] [stdout]    = note: for more information, see issue #79813 <https://github.com/rust-lang/rust/issues/79813>
[INFO] [stdout]    = note: this warning originates in the macro `$crate::cfg_aliases` which comes from the expansion of the macro `cfg_aliases` (in Nightly builds, run with -Z macro-backtrace for more info)
[INFO] [stdout] 
[INFO] [stdout] 
[INFO] [stdout] warning: trailing semicolon in macro used in expression position
[INFO] [stdout]   --> build.rs:5:5
[INFO] [stdout]    |
[INFO] [stdout]  5 | /     cfg_aliases! {
[INFO] [stdout]  6 | |         // Target architectures
[INFO] [stdout]  7 | |         wasm32: { target_arch = "wasm32" },
[INFO] [stdout]  8 | |         native: { not(target_arch = "wasm32") },
[INFO] [stdout] ...  |
[INFO] [stdout] 23 | |         worker: { all(target_arch = "wasm32", feature = "worker") },
[INFO] [stdout] 24 | |     }
[INFO] [stdout]    | |_____^
[INFO] [stdout]    |
[INFO] [stdout]    = warning: this was previously accepted by the compiler but is being phased out; it will become a hard error in a future release!
[INFO] [stdout]    = note: for more information, see issue #79813 <https://github.com/rust-lang/rust/issues/79813>
[INFO] [stdout]    = note: this warning originates in the macro `$crate::cfg_aliases` which comes from the expansion of the macro `cfg_aliases` (in Nightly builds, run with -Z macro-backtrace for more info)
[INFO] [stdout] 
[INFO] [stdout] 
[INFO] [stdout] warning: trailing semicolon in macro used in expression position
[INFO] [stdout]   --> build.rs:5:5
[INFO] [stdout]    |
[INFO] [stdout]  5 | /     cfg_aliases! {
[INFO] [stdout]  6 | |         // Target architectures
[INFO] [stdout]  7 | |         wasm32: { target_arch = "wasm32" },
[INFO] [stdout]  8 | |         native: { not(target_arch = "wasm32") },
[INFO] [stdout] ...  |
[INFO] [stdout] 23 | |         worker: { all(target_arch = "wasm32", feature = "worker") },
[INFO] [stdout] 24 | |     }
[INFO] [stdout]    | |_____^
[INFO] [stdout]    |
[INFO] [stdout]    = warning: this was previously accepted by the compiler but is being phased out; it will become a hard error in a future release!
[INFO] [stdout]    = note: for more information, see issue #79813 <https://github.com/rust-lang/rust/issues/79813>
[INFO] [stdout]    = note: this warning originates in the macro `$crate::cfg_aliases` which comes from the expansion of the macro `cfg_aliases` (in Nightly builds, run with -Z macro-backtrace for more info)
[INFO] [stdout] 
[INFO] [stdout] 
[INFO] [stdout] warning: trailing semicolon in macro used in expression position
[INFO] [stdout]   --> build.rs:5:5
[INFO] [stdout]    |
[INFO] [stdout]  5 | /     cfg_aliases! {
[INFO] [stdout]  6 | |         // Target architectures
[INFO] [stdout]  7 | |         wasm32: { target_arch = "wasm32" },
[INFO] [stdout]  8 | |         native: { not(target_arch = "wasm32") },
[INFO] [stdout] ...  |
[INFO] [stdout] 23 | |         worker: { all(target_arch = "wasm32", feature = "worker") },
[INFO] [stdout] 24 | |     }
[INFO] [stdout]    | |_____^
[INFO] [stdout]    |
[INFO] [stdout]    = warning: this was previously accepted by the compiler but is being phased out; it will become a hard error in a future release!
[INFO] [stdout]    = note: for more information, see issue #79813 <https://github.com/rust-lang/rust/issues/79813>
[INFO] [stdout]    = note: this warning originates in the macro `$crate::cfg_aliases` which comes from the expansion of the macro `cfg_aliases` (in Nightly builds, run with -Z macro-backtrace for more info)
[INFO] [stdout] 
[INFO] [stdout] 
[INFO] [stdout] warning: trailing semicolon in macro used in expression position
[INFO] [stdout]   --> build.rs:5:5
[INFO] [stdout]    |
[INFO] [stdout]  5 | /     cfg_aliases! {
[INFO] [stdout]  6 | |         // Target architectures
[INFO] [stdout]  7 | |         wasm32: { target_arch = "wasm32" },
[INFO] [stdout]  8 | |         native: { not(target_arch = "wasm32") },
[INFO] [stdout] ...  |
[INFO] [stdout] 23 | |         worker: { all(target_arch = "wasm32", feature = "worker") },
[INFO] [stdout] 24 | |     }
[INFO] [stdout]    | |_____^
[INFO] [stdout]    |
[INFO] [stdout]    = warning: this was previously accepted by the compiler but is being phased out; it will become a hard error in a future release!
[INFO] [stdout]    = note: for more information, see issue #79813 <https://github.com/rust-lang/rust/issues/79813>
[INFO] [stdout]    = note: this warning originates in the macro `$crate::cfg_aliases` which comes from the expansion of the macro `cfg_aliases` (in Nightly builds, run with -Z macro-backtrace for more info)
[INFO] [stdout] 
[INFO] [stdout] 
[INFO] [stdout] warning: trailing semicolon in macro used in expression position
[INFO] [stdout]   --> build.rs:5:5
[INFO] [stdout]    |
[INFO] [stdout]  5 | /     cfg_aliases! {
[INFO] [stdout]  6 | |         // Target architectures
[INFO] [stdout]  7 | |         wasm32: { target_arch = "wasm32" },
[INFO] [stdout]  8 | |         native: { not(target_arch = "wasm32") },
[INFO] [stdout] ...  |
[INFO] [stdout] 23 | |         worker: { all(target_arch = "wasm32", feature = "worker") },
[INFO] [stdout] 24 | |     }
[INFO] [stdout]    | |_____^
[INFO] [stdout]    |
[INFO] [stdout]    = warning: this was previously accepted by the compiler but is being phased out; it will become a hard error in a future release!
[INFO] [stdout]    = note: for more information, see issue #79813 <https://github.com/rust-lang/rust/issues/79813>
[INFO] [stdout]    = note: this warning originates in the macro `$crate::cfg_aliases` which comes from the expansion of the macro `cfg_aliases` (in Nightly builds, run with -Z macro-backtrace for more info)
[INFO] [stdout] 
[INFO] [stdout] 
[INFO] [stderr]    Compiling syn v2.0.106
[INFO] [stderr]     Checking digest v0.8.1
[INFO] [stderr]     Checking fastvlq v1.1.1
[INFO] [stderr]     Checking crc32_digest v0.8.1
[INFO] [stderr]     Checking bitflags v2.9.4
[INFO] [stderr]     Checking regex-syntax v0.8.8
[INFO] [stderr]     Checking bubblebabble v0.1.2
[INFO] [stderr]     Checking similar v2.7.0
[INFO] [stderr]     Checking anstyle-query v1.1.4
[INFO] [stderr]     Checking clap_lex v0.7.6
[INFO] [stderr]    Compiling xshell-macros v0.2.7
[INFO] [stderr]     Checking arbitrary v1.4.2
[INFO] [stderr]     Checking anstream v0.6.21
[INFO] [stderr]    Compiling crypto-common v0.1.6
[INFO] [stderr]    Compiling block-buffer v0.10.4
[INFO] [stderr]    Compiling digest v0.10.7
[INFO] [stderr]     Checking xshell v0.2.7
[INFO] [stderr]     Checking clap_builder v4.5.53
[INFO] [stderr]    Compiling sha2 v0.10.9
[INFO] [stderr]     Checking getrandom v0.3.4
[INFO] [stderr]     Checking parking_lot_core v0.9.12
[INFO] [stderr]     Checking mio v1.0.4
[INFO] [stderr]     Checking signal-hook-registry v1.4.6
[INFO] [stderr]     Checking socket2 v0.6.1
[INFO] [stderr]     Checking num_cpus v1.17.0
[INFO] [stderr]    Compiling tokio v1.48.0
[INFO] [stderr]     Checking rand_core v0.9.3
[INFO] [stderr]     Checking uuid v1.19.0
[INFO] [stderr]     Checking parking_lot v0.12.5
[INFO] [stderr]     Checking hmac v0.12.1
[INFO] [stderr]     Checking sha3 v0.10.8
[INFO] [stderr]     Checking console v0.15.11
[INFO] [stderr]     Checking regex-automata v0.4.13
[INFO] [stderr]    Compiling jobserver v0.1.34
[INFO] [stderr]     Checking time v0.3.44
[INFO] [stderr]    Compiling cc v1.2.41
[INFO] [stderr]     Checking tempfile v3.23.0
[INFO] [stderr]     Checking regex v1.12.2
[INFO] [stderr]    Compiling blake3 v1.8.2
[INFO] [stderr]    Compiling libfuzzer-sys v0.4.10
[INFO] [stderr] error: could not compile `syn` (lib)
[INFO] [stderr] 
[INFO] [stderr] Caused by:
[INFO] [stderr]   process didn't exit successfully: `/opt/rustwide/rustup-home/toolchains/3154cc1a3e6424e44f438a95007d043ed5ceaaf6/bin/rustc --crate-name syn --edition=2021 /opt/rustwide/cargo-home/registry/src/index.crates.io-1949cf8c6b5b557f/syn-2.0.106/src/lib.rs --error-format=json --json=diagnostic-rendered-ansi,artifacts,future-incompat,unused-externs-silent --crate-type lib --emit=dep-info,metadata,link -Z embed-metadata=no -C embed-bitcode=no --cfg 'feature="clone-impls"' --cfg 'feature="default"' --cfg 'feature="derive"' --cfg 'feature="extra-traits"' --cfg 'feature="fold"' --cfg 'feature="full"' --cfg 'feature="parsing"' --cfg 'feature="printing"' --cfg 'feature="proc-macro"' --cfg 'feature="visit"' --cfg 'feature="visit-mut"' --check-cfg 'cfg(docsrs,test)' --check-cfg 'cfg(feature, values("clone-impls", "default", "derive", "extra-traits", "fold", "full", "parsing", "printing", "proc-macro", "test", "visit", "visit-mut"))' -C metadata=5d8fac9bf48ec23e -C extra-filename=-ddcaf7f905264df4 --out-dir /opt/rustwide/target/debug/build/syn/ddcaf7f905264df4/out -L dependency=/opt/rustwide/target/debug/build/proc-macro2/369d8852c9a54258/out -L dependency=/opt/rustwide/target/debug/build/unicode-ident/b4c15d9166d0a657/out --extern proc_macro2=/opt/rustwide/target/debug/build/proc-macro2/369d8852c9a54258/out/libproc_macro2-369d8852c9a54258.rmeta --extern quote=/opt/rustwide/target/debug/build/quote/c6819fc659b84ed7/out/libquote-c6819fc659b84ed7.rmeta --extern unicode_ident=/opt/rustwide/target/debug/build/unicode-ident/b4c15d9166d0a657/out/libunicode_ident-b4c15d9166d0a657.rmeta --cap-lints allow --cap-lints=forbid --force-warn=unused_crate_dependencies` (signal: 9, SIGKILL: kill)
[INFO] [stderr] warning: build failed, waiting for other jobs to finish...
[INFO] [stderr] warning: libfuzzer-sys@0.4.10: c++: fatal error: Killed signal terminated program cc1plus
[INFO] [stderr] warning: libfuzzer-sys@0.4.10: compilation terminated.
[INFO] [stderr] warning: libfuzzer-sys@0.4.10: ToolExecError: command did not execute successfully (status code exit status: 1): LC_ALL="C" "c++" "-O0" "-ffunction-sections" "-fdata-sections" "-fPIC" "-gdwarf-4" "-fno-omit-frame-pointer" "-m64" "-std=c++17" "-o" "/opt/rustwide/target/debug/build/libfuzzer-sys/0735a50874850604/out/e5f0d71fb86e9d6b-FuzzerDriver.o" "-c" "libfuzzer/FuzzerDriver.cpp"cargo:warning=c++: fatal error: Killed signal terminated program cc1plus
[INFO] [stderr] warning: libfuzzer-sys@0.4.10: compilation terminated.
[INFO] [stderr] warning: libfuzzer-sys@0.4.10: ToolExecError: command did not execute successfully (status code exit status: 1): LC_ALL="C" "c++" "-O0" "-ffunction-sections" "-fdata-sections" "-fPIC" "-gdwarf-4" "-fno-omit-frame-pointer" "-m64" "-std=c++17" "-o" "/opt/rustwide/target/debug/build/libfuzzer-sys/0735a50874850604/out/e5f0d71fb86e9d6b-FuzzerTracePC.o" "-c" "libfuzzer/FuzzerTracePC.cpp"
[INFO] [stderr] error: failed to run custom build command for `libfuzzer-sys v0.4.10`
[INFO] [stderr] note: To improve backtraces for build dependencies, set the CARGO_PROFILE_DEV_BUILD_OVERRIDE_DEBUG=true environment variable to enable debug information generation.
[INFO] [stderr] 
[INFO] [stderr] Caused by:
[INFO] [stderr]   process didn't exit successfully: `/opt/rustwide/target/debug/build/libfuzzer-sys/5ec4ea26af531889/out/build_script_build` (exit status: 1)
[INFO] [stderr]   --- stdout
[INFO] [stderr]   cargo:rerun-if-env-changed=CUSTOM_LIBFUZZER_PATH
[INFO] [stderr]   cargo:rerun-if-changed=libfuzzer/FuzzerIOPosix.cpp
[INFO] [stderr]   cargo:rerun-if-changed=libfuzzer/FuzzerExtFunctionsWindows.cpp
[INFO] [stderr]   cargo:rerun-if-changed=libfuzzer/FuzzerExtFunctionsWeak.cpp
[INFO] [stderr]   cargo:rerun-if-changed=libfuzzer/FuzzerMain.cpp
[INFO] [stderr]   cargo:rerun-if-changed=libfuzzer/FuzzerUtilLinux.cpp
[INFO] [stderr]   cargo:rerun-if-changed=libfuzzer/FuzzerUtilFuchsia.cpp
[INFO] [stderr]   cargo:rerun-if-changed=libfuzzer/FuzzerUtilPosix.cpp
[INFO] [stderr]   cargo:rerun-if-changed=libfuzzer/FuzzerCrossOver.cpp
[INFO] [stderr]   cargo:rerun-if-changed=libfuzzer/FuzzerDataFlowTrace.cpp
[INFO] [stderr]   cargo:rerun-if-changed=libfuzzer/FuzzerSHA1.cpp
[INFO] [stderr]   cargo:rerun-if-changed=libfuzzer/FuzzerUtil.cpp
[INFO] [stderr]   cargo:rerun-if-changed=libfuzzer/FuzzerMerge.cpp
[INFO] [stderr]   cargo:rerun-if-changed=libfuzzer/FuzzerExtraCounters.cpp
[INFO] [stderr]   cargo:rerun-if-changed=libfuzzer/FuzzerLoop.cpp
[INFO] [stderr]   cargo:rerun-if-changed=libfuzzer/FuzzerExtraCountersWindows.cpp
[INFO] [stderr]   cargo:rerun-if-changed=libfuzzer/FuzzerDriver.cpp
[INFO] [stderr]   cargo:rerun-if-changed=libfuzzer/FuzzerFork.cpp
[INFO] [stderr]   cargo:rerun-if-changed=libfuzzer/FuzzerIOWindows.cpp
[INFO] [stderr]   cargo:rerun-if-changed=libfuzzer/FuzzerInterceptors.cpp
[INFO] [stderr]   cargo:rerun-if-changed=libfuzzer/FuzzerMutate.cpp
[INFO] [stderr]   cargo:rerun-if-changed=libfuzzer/FuzzerUtilWindows.cpp
[INFO] [stderr]   cargo:rerun-if-changed=libfuzzer/FuzzerTracePC.cpp
[INFO] [stderr]   cargo:rerun-if-changed=libfuzzer/FuzzerIO.cpp
[INFO] [stderr]   cargo:rerun-if-changed=libfuzzer/FuzzerUtilDarwin.cpp
[INFO] [stderr]   cargo:rerun-if-changed=libfuzzer/FuzzerExtraCountersDarwin.cpp
[INFO] [stderr]   cargo:rerun-if-changed=libfuzzer/FuzzerExtFunctionsDlsym.cpp
[INFO] [stderr]   OUT_DIR = Some(/opt/rustwide/target/debug/build/libfuzzer-sys/0735a50874850604/out)
[INFO] [stderr]   OPT_LEVEL = Some(0)
[INFO] [stderr]   TARGET = Some(x86_64-unknown-linux-gnu)
[INFO] [stderr]   CARGO_ENCODED_RUSTFLAGS = Some(--cap-lints=forbid)
[INFO] [stderr]   HOST = Some(x86_64-unknown-linux-gnu)
[INFO] [stderr]   cargo:rerun-if-env-changed=CXX_x86_64-unknown-linux-gnu
[INFO] [stderr]   CXX_x86_64-unknown-linux-gnu = None
[INFO] [stderr]   cargo:rerun-if-env-changed=CXX_x86_64_unknown_linux_gnu
[INFO] [stderr]   CXX_x86_64_unknown_linux_gnu = None
[INFO] [stderr]   cargo:rerun-if-env-changed=HOST_CXX
[INFO] [stderr]   HOST_CXX = None
[INFO] [stderr]   cargo:rerun-if-env-changed=CXX
[INFO] [stderr]   CXX = None
[INFO] [stderr]   cargo:rerun-if-env-changed=CC_ENABLE_DEBUG_OUTPUT
[INFO] [stderr]   RUSTC_WRAPPER = None
[INFO] [stderr]   cargo:rerun-if-env-changed=CRATE_CC_NO_DEFAULTS
[INFO] [stderr]   CRATE_CC_NO_DEFAULTS = None
[INFO] [stderr]   DEBUG = Some(true)
[INFO] [stderr]   CARGO_CFG_TARGET_FEATURE = Some(fxsr,sse,sse2,x87)
[INFO] [stderr]   cargo:rerun-if-env-changed=CXXFLAGS
[INFO] [stderr]   CXXFLAGS = None
[INFO] [stderr]   cargo:rerun-if-env-changed=HOST_CXXFLAGS
[INFO] [stderr]   HOST_CXXFLAGS = None
[INFO] [stderr]   cargo:rerun-if-env-changed=CXXFLAGS_x86_64_unknown_linux_gnu
[INFO] [stderr]   CXXFLAGS_x86_64_unknown_linux_gnu = None
[INFO] [stderr]   cargo:rerun-if-env-changed=CXXFLAGS_x86_64-unknown-linux-gnu
[INFO] [stderr]   CXXFLAGS_x86_64-unknown-linux-gnu = None
[INFO] [stderr]   exit status: 0
[INFO] [stderr]   exit status: 0
[INFO] [stderr]   exit status: 0
[INFO] [stderr]   exit status: 0
[INFO] [stderr]   exit status: 0
[INFO] [stderr]   exit status: 0
[INFO] [stderr]   exit status: 0
[INFO] [stderr]   exit status: 0
[INFO] [stderr]   cargo:warning=c++: fatal error: Killed signal terminated program cc1plus
[INFO] [stderr]   cargo:warning=compilation terminated.
[INFO] [stderr]   exit status: 0
[INFO] [stderr]   exit status: 0
[INFO] [stderr]   exit status: 0
[INFO] [stderr]   exit status: 0
[INFO] [stderr]   exit status: 0
[INFO] [stderr]   exit status: 0
[INFO] [stderr]   exit status: 0
[INFO] [stderr]   exit status: 1
[INFO] [stderr]   cargo:warning=ToolExecError: command did not execute successfully (status code exit status: 1): LC_ALL="C" "c++" "-O0" "-ffunction-sections" "-fdata-sections" "-fPIC" "-gdwarf-4" "-fno-omit-frame-pointer" "-m64" "-std=c++17" "-o" "/opt/rustwide/target/debug/build/libfuzzer-sys/0735a50874850604/out/e5f0d71fb86e9d6b-FuzzerDriver.o" "-c" "libfuzzer/FuzzerDriver.cpp"cargo:warning=c++: fatal error: Killed signal terminated program cc1plus
[INFO] [stderr]   cargo:warning=compilation terminated.
[INFO] [stderr] 
[INFO] [stderr]   exit status: 1
[INFO] [stderr]   cargo:warning=ToolExecError: command did not execute successfully (status code exit status: 1): LC_ALL="C" "c++" "-O0" "-ffunction-sections" "-fdata-sections" "-fPIC" "-gdwarf-4" "-fno-omit-frame-pointer" "-m64" "-std=c++17" "-o" "/opt/rustwide/target/debug/build/libfuzzer-sys/0735a50874850604/out/e5f0d71fb86e9d6b-FuzzerTracePC.o" "-c" "libfuzzer/FuzzerTracePC.cpp"
[INFO] [stderr]   exit status: 0
[INFO] [stderr]   exit status: 0
[INFO] [stderr]   exit status: 0
[INFO] [stderr]   exit status: 0
[INFO] [stderr]   exit status: 0
[INFO] [stderr]   exit status: 0
[INFO] [stderr]   exit status: 0
[INFO] [stderr]   exit status: 0
[INFO] [stderr]   exit status: 0
[INFO] [stderr] 
[INFO] [stderr]   --- stderr
[INFO] [stderr] 
[INFO] [stderr] 
[INFO] [stderr]   error occurred in cc-rs: command did not execute successfully (status code exit status: 1): LC_ALL="C" "c++" "-O0" "-ffunction-sections" "-fdata-sections" "-fPIC" "-gdwarf-4" "-fno-omit-frame-pointer" "-m64" "-std=c++17" "-o" "/opt/rustwide/target/debug/build/libfuzzer-sys/0735a50874850604/out/e5f0d71fb86e9d6b-FuzzerTracePC.o" "-c" "libfuzzer/FuzzerTracePC.cpp"
[INFO] [stderr] 
[INFO] [stderr] 
[INFO] running `Command { std: "docker" "inspect" "f9c374237dbeb4fc75a535a0b448a3cde0ffee51f566d4147a20825825024250", kill_on_drop: false }`
[INFO] running `Command { std: "docker" "rm" "-f" "f9c374237dbeb4fc75a535a0b448a3cde0ffee51f566d4147a20825825024250", kill_on_drop: false }`
[INFO] [stdout] f9c374237dbeb4fc75a535a0b448a3cde0ffee51f566d4147a20825825024250
