[INFO] cloning repository https://github.com/seutje/rustique
[INFO] running `Command { std: "git" "-c" "credential.helper=" "-c" "credential.helper=/workspace/cargo-home/bin/git-credential-null" "clone" "--bare" "https://github.com/seutje/rustique" "/workspace/cache/git-repos/https%3A%2F%2Fgithub.com%2Fseutje%2Frustique", kill_on_drop: false }`
[INFO] [stderr] Cloning into bare repository '/workspace/cache/git-repos/https%3A%2F%2Fgithub.com%2Fseutje%2Frustique'...
[INFO] running `Command { std: "git" "rev-parse" "HEAD", kill_on_drop: false }`
[INFO] [stdout] a681d42fb14c5689515c4a2cbc417312bb6d6c6e
[INFO] checking seutje/rustique against 3154cc1a3e6424e44f438a95007d043ed5ceaaf6+rustflags=-Znext-solver=coherence for pr-133502-30
[INFO] running `Command { std: "git" "clone" "/workspace/cache/git-repos/https%3A%2F%2Fgithub.com%2Fseutje%2Frustique" "/workspace/builds/worker-5-tc1/source", kill_on_drop: false }`
[INFO] [stderr] Cloning into '/workspace/builds/worker-5-tc1/source'...
[INFO] [stderr] done.
[INFO] started tweaking git repo https://github.com/seutje/rustique
[INFO] finished tweaking git repo https://github.com/seutje/rustique
[INFO] tweaked toml for git repo https://github.com/seutje/rustique written to /workspace/builds/worker-5-tc1/source/Cargo.toml
[INFO] validating manifest of git repo https://github.com/seutje/rustique on toolchain 3154cc1a3e6424e44f438a95007d043ed5ceaaf6
[INFO] running `Command { std: CARGO_HOME="/workspace/cargo-home" RUSTUP_HOME="/workspace/rustup-home" "/workspace/cargo-home/bin/cargo" "+3154cc1a3e6424e44f438a95007d043ed5ceaaf6" "metadata" "--manifest-path" "Cargo.toml" "--no-deps", kill_on_drop: false }`
[INFO] crate git repo https://github.com/seutje/rustique already has a lockfile, it will not be regenerated
[INFO] running `Command { std: CARGO_HOME="/workspace/cargo-home" RUSTUP_HOME="/workspace/rustup-home" "/workspace/cargo-home/bin/cargo" "+3154cc1a3e6424e44f438a95007d043ed5ceaaf6" "fetch" "--manifest-path" "Cargo.toml", kill_on_drop: false }`
[INFO] [stderr]     Updating crates.io index
[INFO] [stderr]  Downloading crates ...
[INFO] [stderr]   Downloaded coremidi v0.9.2
[INFO] [stderr]   Downloaded coremidi-sys v3.2.1
[INFO] [stderr]   Downloaded rosc v0.11.4
[INFO] [stderr]   Downloaded midir v0.10.4
[INFO] running `Command { std: "docker" "create" "-v" "/var/lib/crater-agent-workspace/builds/worker-5-tc1/source:/opt/rustwide/workdir:ro,Z" "-v" "/var/lib/crater-agent-workspace/builds/worker-5-tc1/target:/opt/rustwide/target:rw,Z" "-v" "/var/lib/crater-agent-workspace/cargo-home:/opt/rustwide/cargo-home:ro,Z" "-v" "/var/lib/crater-agent-workspace/rustup-home:/opt/rustwide/rustup-home:ro,Z" "-m" "1610612736" "--network" "none" "ghcr.io/rust-lang/crates-build-env/linux@sha256:77db811e55d90add9212f6832c23229e3de5f1c1f9905e8cb07319ea15df73ac" "sleep" "infinity", kill_on_drop: false }`
[INFO] [stdout] e56dab44e86bf4d10123abfd5bf89187ea0d01b3349c29cc4681224c95881a99
[INFO] running `Command { std: "docker" "start" "e56dab44e86bf4d10123abfd5bf89187ea0d01b3349c29cc4681224c95881a99", kill_on_drop: false }`
[INFO] running `Command { std: "docker" "inspect" "e56dab44e86bf4d10123abfd5bf89187ea0d01b3349c29cc4681224c95881a99", kill_on_drop: false }`
[INFO] running `Command { std: "docker" "exec" "-e" "SOURCE_DIR=/opt/rustwide/workdir" "-e" "CARGO_HOME=/opt/rustwide/cargo-home" "-e" "RUSTUP_HOME=/opt/rustwide/rustup-home" "-e" "CARGO_TARGET_DIR=/opt/rustwide/target" "-w" "/opt/rustwide/workdir" "--user" "0:0" "e56dab44e86bf4d10123abfd5bf89187ea0d01b3349c29cc4681224c95881a99" "/opt/rustwide/cargo-home/bin/cargo" "+3154cc1a3e6424e44f438a95007d043ed5ceaaf6" "metadata" "--no-deps" "--format-version=1", kill_on_drop: false }`
[INFO] running `Command { std: "docker" "inspect" "e56dab44e86bf4d10123abfd5bf89187ea0d01b3349c29cc4681224c95881a99", kill_on_drop: false }`
[INFO] running `Command { std: "docker" "exec" "-e" "SOURCE_DIR=/opt/rustwide/workdir" "-e" "CARGO_HOME=/opt/rustwide/cargo-home" "-e" "RUSTUP_HOME=/opt/rustwide/rustup-home" "-e" "CARGO_TARGET_DIR=/opt/rustwide/target" "-e" "CARGO_INCREMENTAL=0" "-e" "RUST_BACKTRACE=full" "-e" "RUSTFLAGS=--cap-lints=forbid -Znext-solver=coherence" "-e" "RUSTDOCFLAGS=--cap-lints=forbid" "-w" "/opt/rustwide/workdir" "--user" "0:0" "e56dab44e86bf4d10123abfd5bf89187ea0d01b3349c29cc4681224c95881a99" "/opt/rustwide/cargo-home/bin/cargo" "+3154cc1a3e6424e44f438a95007d043ed5ceaaf6" "check" "--frozen" "--all" "--all-targets" "--message-format=json", kill_on_drop: false }`
[INFO] [stderr]    Compiling syn v3.0.5
[INFO] [stderr]     Checking bitflags v2.13.2
[INFO] [stderr]     Checking futures-core v0.3.34
[INFO] [stderr]    Compiling parking_lot_core v0.9.12
[INFO] [stderr]    Compiling getrandom v0.4.3
[INFO] [stderr]    Compiling encoding_rs v0.8.41
[INFO] [stderr]    Compiling multiversion_no_op v1.0.0
[INFO] [stderr]     Checking core_detect v1.0.0
[INFO] [stderr]     Checking simdutf8 v0.1.5
[INFO] [stderr]     Checking flate2 v1.1.10
[INFO] [stderr]     Checking num-integer v0.1.47
[INFO] [stderr]    Compiling strum_macros v0.26.4
[INFO] [stderr]    Compiling zerocopy-derive v0.8.57
[INFO] [stderr]     Checking futures-channel v0.3.34
[INFO] [stderr]    Compiling wgpu-hal v24.0.4
[INFO] [stderr]     Checking extended v0.1.0
[INFO] [stderr]     Checking ash v0.38.0+1.3.281
[INFO] [stderr]     Checking gpu-descriptor-types v0.2.0
[INFO] [stderr]     Checking spirv v0.3.0+sdk-1.3.268.0
[INFO] [stderr]    Compiling parking_lot v0.12.5
[INFO] [stderr]    Compiling uuid v1.26.1
[INFO] [stderr]     Checking raw-cpuid v11.6.0
[INFO] [stderr]     Checking gpu-alloc-types v0.3.1
[INFO] [stderr]     Checking wgpu-types v24.0.0
[INFO] [stderr]     Checking gpu-descriptor v0.3.2
[INFO] [stderr]     Checking gpu-alloc v0.6.2
[INFO] [stderr]     Checking primal-check v0.3.4
[INFO] [stderr]     Checking transpose v0.2.3
[INFO] [stderr]    Compiling wgpu-core v24.0.5
[INFO] [stderr]     Checking kurbo v0.11.3
[INFO] [stderr]     Checking zune-core v0.5.3
[INFO] [stderr]     Checking moxcms v0.8.1
[INFO] [stderr]    Compiling gltf-derive v1.4.1
[INFO] [stderr]     Checking png v0.17.16
[INFO] [stderr]    Compiling string_cache v0.9.0
[INFO] [stderr]     Checking zune-jpeg v0.5.15
[INFO] [stderr]     Checking png v0.18.1
[INFO] [stderr]    Compiling web_atoms v0.2.6
[INFO] [stderr]    Compiling wgpu v24.0.5
[INFO] [stderr]    Compiling cfb v0.7.3
[INFO] [stderr]     Checking simplecss v0.2.2
[INFO] [stderr]     Checking windows-link v0.1.3
[INFO] [stderr]     Checking svgtypes v0.15.3
[INFO] [stderr]     Checking ttf-parser v0.25.1
[INFO] [stderr]     Checking base64 v0.13.1
[INFO] [stderr]     Checking zerocopy v0.8.57
[INFO] [stderr]     Checking toml v1.1.6+spec-1.1.0
[INFO] [stderr]    Compiling markup5ever v0.38.0
[INFO] [stderr]     Checking sha2 v0.10.9
[INFO] [stderr]     Checking dlopen2 v0.8.2
[INFO] [stderr]     Checking windows-strings v0.4.2
[INFO] [stderr]     Checking windows-result v0.3.4
[INFO] [stderr]    Compiling windows-interface v0.59.3
[INFO] [stderr]    Compiling html5ever v0.38.0
[INFO] [stderr]    Compiling windows-implement v0.60.2
[INFO] [stderr]    Compiling infer v0.19.0
[INFO] [stderr]    Compiling alsa-sys v0.3.1
[INFO] [stderr]     Checking tokio v1.53.1
[INFO] [stderr]    Compiling rfd v0.16.0
[INFO] [stderr]     Checking windows-threading v0.1.0
[INFO] [stderr]     Checking minimal-lexical v0.2.1
[INFO] [stderr]    Compiling nix v0.31.3
[INFO] [stderr]     Checking gpu-smoke v0.1.0 (/opt/rustwide/workdir/gpu-smoke)
[INFO] [stderr]     Checking nom v7.1.3
[INFO] [stderr]     Checking strum v0.26.3
[INFO] [stderr]     Checking alsa v0.9.1
[INFO] [stderr]     Checking windows-core v0.61.2
[INFO] [stderr]     Checking windows-numerics v0.2.0
[INFO] [stderr]     Checking windows-collections v0.2.0
[INFO] [stderr]     Checking windows-future v0.2.1
[INFO] [stdout] error[E0425]: cannot find type `IMarshal` in module `windows_core::imp`
[INFO] [stdout]   --> /opt/rustwide/cargo-home/registry/src/index.crates.io-1949cf8c6b5b557f/windows-future-0.2.1/src/bindings.rs:89:51
[INFO] [stdout]    |
[INFO] [stdout] 89 |             } else if *iid == <windows_core::imp::IMarshal as windows_core::Interface>::IID {
[INFO] [stdout]    |                                                   ^^^^^^^^ not found in `windows_core::imp`
[INFO] [stdout] 
[INFO] [stdout] 
[INFO] [stdout] error[E0425]: cannot find function `marshaler` in module `windows_core::imp`
[INFO] [stdout]   --> /opt/rustwide/cargo-home/registry/src/index.crates.io-1949cf8c6b5b557f/windows-future-0.2.1/src/bindings.rs:91:43
[INFO] [stdout]    |
[INFO] [stdout] 91 |                 return windows_core::imp::marshaler(
[INFO] [stdout]    |                                           ^^^^^^^^^ not found in `windows_core::imp`
[INFO] [stdout] 
[INFO] [stdout] 
[INFO] [stdout] error[E0425]: cannot find type `IMarshal` in module `windows_core::imp`
[INFO] [stdout]    --> /opt/rustwide/cargo-home/registry/src/index.crates.io-1949cf8c6b5b557f/windows-future-0.2.1/src/bindings.rs:257:51
[INFO] [stdout]     |
[INFO] [stdout] 257 |             } else if *iid == <windows_core::imp::IMarshal as windows_core::Interface>::IID {
[INFO] [stdout]     |                                                   ^^^^^^^^ not found in `windows_core::imp`
[INFO] [stdout] 
[INFO] [stdout] 
[INFO] [stdout] error[E0425]: cannot find function `marshaler` in module `windows_core::imp`
[INFO] [stdout]    --> /opt/rustwide/cargo-home/registry/src/index.crates.io-1949cf8c6b5b557f/windows-future-0.2.1/src/bindings.rs:259:43
[INFO] [stdout]     |
[INFO] [stdout] 259 |                 return windows_core::imp::marshaler(
[INFO] [stdout]     |                                           ^^^^^^^^^ not found in `windows_core::imp`
[INFO] [stdout] 
[INFO] [stdout] 
[INFO] [stdout] error[E0425]: cannot find type `IMarshal` in module `windows_core::imp`
[INFO] [stdout]    --> /opt/rustwide/cargo-home/registry/src/index.crates.io-1949cf8c6b5b557f/windows-future-0.2.1/src/bindings.rs:424:364
[INFO] [stdout]     |
[INFO] [stdout] 424 | ... _ } else if * iid == < windows_core::imp::IMarshal as windows_core::Interface >::IID { ( * this ) . count . add_ref ( ) ; retur...
[INFO] [stdout]     |                                               ^^^^^^^^ not found in `windows_core::imp`
[INFO] [stdout] 
[INFO] [stdout] 
[INFO] [stdout] error[E0425]: cannot find function `marshaler` in module `windows_core::imp`
[INFO] [stdout]    --> /opt/rustwide/cargo-home/registry/src/index.crates.io-1949cf8c6b5b557f/windows-future-0.2.1/src/bindings.rs:424:470
[INFO] [stdout]     |
[INFO] [stdout] 424 | ... . add_ref ( ) ; return windows_core::imp::marshaler ( core::mem::transmute ( & mut ( * this ) . vtable as * mut _ as * mut core...
[INFO] [stdout]     |                                               ^^^^^^^^^ not found in `windows_core::imp`
[INFO] [stdout] 
[INFO] [stdout] 
[INFO] [stdout] error[E0425]: cannot find type `IMarshal` in module `windows_core::imp`
[INFO] [stdout]    --> /opt/rustwide/cargo-home/registry/src/index.crates.io-1949cf8c6b5b557f/windows-future-0.2.1/src/bindings.rs:583:51
[INFO] [stdout]     |
[INFO] [stdout] 583 |             } else if *iid == <windows_core::imp::IMarshal as windows_core::Interface>::IID {
[INFO] [stdout]     |                                                   ^^^^^^^^ not found in `windows_core::imp`
[INFO] [stdout] 
[INFO] [stdout] 
[INFO] [stdout] error[E0425]: cannot find function `marshaler` in module `windows_core::imp`
[INFO] [stdout]    --> /opt/rustwide/cargo-home/registry/src/index.crates.io-1949cf8c6b5b557f/windows-future-0.2.1/src/bindings.rs:585:43
[INFO] [stdout]     |
[INFO] [stdout] 585 |                 return windows_core::imp::marshaler(
[INFO] [stdout]     |                                           ^^^^^^^^^ not found in `windows_core::imp`
[INFO] [stdout] 
[INFO] [stdout] 
[INFO] [stdout] error[E0425]: cannot find type `IMarshal` in module `windows_core::imp`
[INFO] [stdout]    --> /opt/rustwide/cargo-home/registry/src/index.crates.io-1949cf8c6b5b557f/windows-future-0.2.1/src/bindings.rs:763:364
[INFO] [stdout]     |
[INFO] [stdout] 763 | ... _ } else if * iid == < windows_core::imp::IMarshal as windows_core::Interface >::IID { ( * this ) . count . add_ref ( ) ; retur...
[INFO] [stdout]     |                                               ^^^^^^^^ not found in `windows_core::imp`
[INFO] [stdout] 
[INFO] [stdout] 
[INFO] [stdout] error[E0425]: cannot find function `marshaler` in module `windows_core::imp`
[INFO] [stdout]    --> /opt/rustwide/cargo-home/registry/src/index.crates.io-1949cf8c6b5b557f/windows-future-0.2.1/src/bindings.rs:763:470
[INFO] [stdout]     |
[INFO] [stdout] 763 | ... . add_ref ( ) ; return windows_core::imp::marshaler ( core::mem::transmute ( & mut ( * this ) . vtable as * mut _ as * mut core...
[INFO] [stdout]     |                                               ^^^^^^^^^ not found in `windows_core::imp`
[INFO] [stdout] 
[INFO] [stdout] 
[INFO] [stdout] error[E0425]: cannot find type `IMarshal` in module `windows_core::imp`
[INFO] [stdout]    --> /opt/rustwide/cargo-home/registry/src/index.crates.io-1949cf8c6b5b557f/windows-future-0.2.1/src/bindings.rs:938:377
[INFO] [stdout]     |
[INFO] [stdout] 938 | ... _ } else if * iid == < windows_core::imp::IMarshal as windows_core::Interface >::IID { ( * this ) . count . add_ref ( ) ; retur...
[INFO] [stdout]     |                                               ^^^^^^^^ not found in `windows_core::imp`
[INFO] [stdout] 
[INFO] [stdout] 
[INFO] [stdout] error[E0425]: cannot find function `marshaler` in module `windows_core::imp`
[INFO] [stdout]    --> /opt/rustwide/cargo-home/registry/src/index.crates.io-1949cf8c6b5b557f/windows-future-0.2.1/src/bindings.rs:938:483
[INFO] [stdout]     |
[INFO] [stdout] 938 | ... . add_ref ( ) ; return windows_core::imp::marshaler ( core::mem::transmute ( & mut ( * this ) . vtable as * mut _ as * mut core...
[INFO] [stdout]     |                                               ^^^^^^^^^ not found in `windows_core::imp`
[INFO] [stdout] 
[INFO] [stdout] 
[INFO] [stdout] For more information about this error, try `rustc --explain E0425`.
[INFO] [stdout] 
[INFO] [stderr] error: could not compile `windows-future` (lib) due to 12 previous errors
[INFO] [stderr] warning: build failed, waiting for other jobs to finish...
[INFO] running `Command { std: "docker" "inspect" "e56dab44e86bf4d10123abfd5bf89187ea0d01b3349c29cc4681224c95881a99", kill_on_drop: false }`
[INFO] running `Command { std: "docker" "rm" "-f" "e56dab44e86bf4d10123abfd5bf89187ea0d01b3349c29cc4681224c95881a99", kill_on_drop: false }`
[INFO] [stdout] e56dab44e86bf4d10123abfd5bf89187ea0d01b3349c29cc4681224c95881a99
