[INFO] cloning repository https://github.com/sergigp/yarrtube
[INFO] running `Command { std: "git" "-c" "credential.helper=" "-c" "credential.helper=/workspace/cargo-home/bin/git-credential-null" "clone" "--bare" "https://github.com/sergigp/yarrtube" "/workspace/cache/git-repos/https%3A%2F%2Fgithub.com%2Fsergigp%2Fyarrtube", kill_on_drop: false }`
[INFO] [stderr] Cloning into bare repository '/workspace/cache/git-repos/https%3A%2F%2Fgithub.com%2Fsergigp%2Fyarrtube'...
[INFO] running `Command { std: "git" "rev-parse" "HEAD", kill_on_drop: false }`
[INFO] [stdout] 0561caa4fc7e8af54a59553ca745f702740e8c55
[INFO] checking sergigp/yarrtube against 3154cc1a3e6424e44f438a95007d043ed5ceaaf6 for pr-133502-30
[INFO] running `Command { std: "git" "clone" "/workspace/cache/git-repos/https%3A%2F%2Fgithub.com%2Fsergigp%2Fyarrtube" "/workspace/builds/worker-3-tc2/source", kill_on_drop: false }`
[INFO] [stderr] Cloning into '/workspace/builds/worker-3-tc2/source'...
[INFO] [stderr] done.
[INFO] started tweaking git repo https://github.com/sergigp/yarrtube
[INFO] finished tweaking git repo https://github.com/sergigp/yarrtube
[INFO] tweaked toml for git repo https://github.com/sergigp/yarrtube written to /workspace/builds/worker-3-tc2/source/Cargo.toml
[INFO] validating manifest of git repo https://github.com/sergigp/yarrtube on toolchain 3154cc1a3e6424e44f438a95007d043ed5ceaaf6
[INFO] running `Command { std: CARGO_HOME="/workspace/cargo-home" RUSTUP_HOME="/workspace/rustup-home" "/workspace/cargo-home/bin/cargo" "+3154cc1a3e6424e44f438a95007d043ed5ceaaf6" "metadata" "--manifest-path" "Cargo.toml" "--no-deps", kill_on_drop: false }`
[INFO] crate git repo https://github.com/sergigp/yarrtube already has a lockfile, it will not be regenerated
[INFO] running `Command { std: CARGO_HOME="/workspace/cargo-home" RUSTUP_HOME="/workspace/rustup-home" "/workspace/cargo-home/bin/cargo" "+3154cc1a3e6424e44f438a95007d043ed5ceaaf6" "fetch" "--manifest-path" "Cargo.toml", kill_on_drop: false }`
[INFO] running `Command { std: "docker" "create" "-v" "/var/lib/crater-agent-workspace/builds/worker-3-tc2/source:/opt/rustwide/workdir:ro,Z" "-v" "/var/lib/crater-agent-workspace/builds/worker-3-tc2/target:/opt/rustwide/target:rw,Z" "-v" "/var/lib/crater-agent-workspace/cargo-home:/opt/rustwide/cargo-home:ro,Z" "-v" "/var/lib/crater-agent-workspace/rustup-home:/opt/rustwide/rustup-home:ro,Z" "-m" "1610612736" "--network" "none" "ghcr.io/rust-lang/crates-build-env/linux@sha256:77db811e55d90add9212f6832c23229e3de5f1c1f9905e8cb07319ea15df73ac" "sleep" "infinity", kill_on_drop: false }`
[INFO] [stdout] 4d6efa674a22f5e34ff4691fe348cb96cc8cd054e87e0ddcbe819a47522d7776
[INFO] running `Command { std: "docker" "start" "4d6efa674a22f5e34ff4691fe348cb96cc8cd054e87e0ddcbe819a47522d7776", kill_on_drop: false }`
[INFO] running `Command { std: "docker" "inspect" "4d6efa674a22f5e34ff4691fe348cb96cc8cd054e87e0ddcbe819a47522d7776", kill_on_drop: false }`
[INFO] running `Command { std: "docker" "exec" "-e" "SOURCE_DIR=/opt/rustwide/workdir" "-e" "CARGO_HOME=/opt/rustwide/cargo-home" "-e" "RUSTUP_HOME=/opt/rustwide/rustup-home" "-e" "CARGO_TARGET_DIR=/opt/rustwide/target" "-w" "/opt/rustwide/workdir" "--user" "0:0" "4d6efa674a22f5e34ff4691fe348cb96cc8cd054e87e0ddcbe819a47522d7776" "/opt/rustwide/cargo-home/bin/cargo" "+3154cc1a3e6424e44f438a95007d043ed5ceaaf6" "metadata" "--no-deps" "--format-version=1", kill_on_drop: false }`
[INFO] running `Command { std: "docker" "inspect" "4d6efa674a22f5e34ff4691fe348cb96cc8cd054e87e0ddcbe819a47522d7776", kill_on_drop: false }`
[INFO] running `Command { std: "docker" "exec" "-e" "SOURCE_DIR=/opt/rustwide/workdir" "-e" "CARGO_HOME=/opt/rustwide/cargo-home" "-e" "RUSTUP_HOME=/opt/rustwide/rustup-home" "-e" "CARGO_TARGET_DIR=/opt/rustwide/target" "-e" "CARGO_INCREMENTAL=0" "-e" "RUST_BACKTRACE=full" "-e" "RUSTFLAGS=--cap-lints=forbid" "-e" "RUSTDOCFLAGS=--cap-lints=forbid" "-w" "/opt/rustwide/workdir" "--user" "0:0" "4d6efa674a22f5e34ff4691fe348cb96cc8cd054e87e0ddcbe819a47522d7776" "/opt/rustwide/cargo-home/bin/cargo" "+3154cc1a3e6424e44f438a95007d043ed5ceaaf6" "check" "--frozen" "--all" "--all-targets" "--message-format=json", kill_on_drop: false }`
[INFO] [stderr]    Compiling syn v3.0.5
[INFO] [stderr]     Checking smallvec v1.16.0
[INFO] [stderr]    Compiling find-msvc-tools v0.1.12
[INFO] [stderr]     Checking log v0.4.34
[INFO] [stderr]     Checking mio v1.2.3
[INFO] [stderr]     Checking hashbrown v0.17.1
[INFO] [stderr]    Compiling serde_core v1.0.229
[INFO] [stderr]    Compiling unicase v2.9.0
[INFO] [stderr]     Checking tracing v0.1.44
[INFO] [stderr]    Compiling cc v1.4.5
[INFO] [stderr]     Checking parking_lot_core v0.9.12
[INFO] [stderr]    Compiling mime_guess v2.0.5
[INFO] [stderr]    Compiling typenum v1.20.1
[INFO] [stderr]     Checking parking_lot v0.12.5
[INFO] [stderr]     Checking futures-util v0.3.34
[INFO] [stderr]    Compiling serde_json v1.0.151
[INFO] [stderr]     Checking bitflags v2.13.1
[INFO] [stderr]     Checking indexmap v2.14.2
[INFO] [stderr]    Compiling const-oid v0.10.2
[INFO] [stderr]     Checking regex-automata v0.4.18
[INFO] [stderr]    Compiling cmake v0.1.58
[INFO] [stderr]    Compiling hybrid-array v0.4.15
[INFO] [stderr]    Compiling aws-lc-sys v0.45.0
[INFO] [stderr]    Compiling libsqlite3-sys v0.38.2
[INFO] [stderr]    Compiling cpufeatures v0.3.1
[INFO] [stderr]    Compiling num-traits v0.2.19
[INFO] [stderr]    Compiling crypto-common v0.2.2
[INFO] [stderr]    Compiling block-buffer v0.12.1
[INFO] [stderr]     Checking getrandom v0.3.4
[INFO] [stderr]     Checking digest v0.11.3
[INFO] [stderr]     Checking anstyle v1.0.14
[INFO] [stderr]    Compiling sha2 v0.11.0
[INFO] [stderr]     Checking anstyle-query v1.1.5
[INFO] [stderr]     Checking colorchoice v1.0.5
[INFO] [stderr]    Compiling mime v0.3.17
[INFO] [stderr]     Checking is_terminal_polyfill v1.70.2
[INFO] [stderr]     Checking anstream v1.0.0
[INFO] [stderr]     Checking rand_core v0.9.5
[INFO] [stderr]     Checking ppv-lite86 v0.2.21
[INFO] [stderr]     Checking getrandom v0.4.3
[INFO] [stderr]     Checking hashlink v0.12.2
[INFO] [stderr]    Compiling rust-embed-utils v8.12.0
[INFO] [stderr]    Compiling rusqlite_migration v2.6.0
[INFO] [stderr]    Compiling rustix v1.1.5
[INFO] [stderr]     Checking http-range-header v0.4.2
[INFO] [stderr]    Compiling unicode-general-category v1.1.0
[INFO] [stderr]     Checking clap_lex v1.1.0
[INFO] [stderr]     Checking tinyvec v1.13.2
[INFO] [stderr]     Checking clap_builder v4.6.6
[INFO] [stderr]     Checking rand_chacha v0.9.0
[INFO] [stderr]    Compiling rust-embed-impl v8.12.0
[INFO] [stderr]     Checking matchers v0.2.0
[INFO] [stderr]     Checking serde_path_to_error v0.1.20
[INFO] [stderr]     Checking axum-core v0.5.6
[INFO] [stderr]     Checking tracing-log v0.2.0
[INFO] [stderr]     Checking thread_local v1.1.10
[INFO] [stderr]    Compiling axum-macros v0.5.1
[INFO] [stderr]     Checking linux-raw-sys v0.12.1
[INFO] [stderr]     Checking matchit v0.8.4
[INFO] [stderr]     Checking tracing-subscriber v0.3.23
[INFO] [stderr]    Compiling zerovec-derive v0.11.6
[INFO] [stderr]    Compiling displaydoc v0.2.7
[INFO] [stderr]    Compiling tokio-macros v2.7.2
[INFO] [stderr]     Checking zerotrie v0.2.5
[INFO] [stderr]    Compiling serde_derive v1.0.229
[INFO] [stderr]     Checking zerovec v0.11.8
[INFO] [stderr]    Compiling clap_derive v4.6.4
[INFO] [stderr]     Checking tokio v1.53.1
[INFO] [stderr]     Checking rust-embed v8.12.0
[INFO] [stderr]     Checking tinystr v0.8.4
[INFO] [stderr]     Checking icu_locale_core v2.3.0
[INFO] [stderr]     Checking potential_utf v0.1.6
[INFO] [stderr]     Checking icu_collections v2.3.0
[INFO] [stderr]     Checking unicode-normalization v0.1.25
[INFO] [stderr]     Checking icu_provider v2.3.1
[INFO] [stderr]     Checking rand v0.9.5
[INFO] [stderr]     Checking uuid v1.26.1
[INFO] [stderr]     Checking icu_normalizer v2.3.0
[INFO] [stderr]     Checking icu_properties v2.3.0
[INFO] [stderr]     Checking clap v4.6.6
[INFO] [stderr]     Checking regex v1.13.1
[INFO] [stderr]     Checking quick-xml v0.37.5
[INFO] [stderr]     Checking colored v3.1.1
[INFO] [stderr]     Checking similar v2.7.0
[INFO] [stderr]    Compiling mutants v0.0.4
[INFO] [stderr]     Checking tempfile v3.27.0
[INFO] [stderr]     Checking serde v1.0.229
[INFO] [stderr]     Checking idna_adapter v1.2.2
[INFO] [stderr]     Checking idna v1.1.0
[INFO] [stderr]     Checking url v2.5.8
[INFO] [stderr]     Checking serde_urlencoded v0.7.1
[INFO] [stderr]     Checking chrono v0.4.45
[INFO] [stderr]     Checking assert-json-diff v2.0.2
[INFO] [stderr]     Checking tokio-util v0.7.19
[INFO] [stderr]     Checking tower v0.5.3
[INFO] [stderr]     Checking h2 v0.4.19
[INFO] [stderr]     Checking tower-http v0.6.11
[INFO] [stderr]     Checking rusqlite v0.40.2
[INFO] [stderr]     Checking hyper v1.11.1
[INFO] [stderr]     Checking hyper-util v0.1.20
[INFO] [stderr]     Checking axum v0.8.9
[INFO] [stderr]     Checking mockito v1.7.2
[INFO] [stderr]    Compiling aws-lc-rs v1.18.1
[INFO] [stderr]    Compiling rustls v0.23.43
[INFO] [stderr]     Checking rustls-webpki v0.103.15
[INFO] [stderr]     Checking tokio-rustls v0.26.5
[INFO] [stderr]     Checking rustls-platform-verifier v0.7.0
[INFO] [stderr]     Checking hyper-rustls v0.27.9
[INFO] [stderr]     Checking reqwest v0.13.4
[INFO] [stderr]     Checking yarrtube v0.8.1 (/opt/rustwide/workdir)
[INFO] [stdout] error: #[derive(RustEmbed)] folder '/opt/rustwide/workdir/web/dist/' does not exist. cwd: '/opt/rustwide/workdir'
[INFO] [stdout]  --> src/infrastructure/shared/web_assets.rs:3:1
[INFO] [stdout]   |
[INFO] [stdout] 3 | / /// The built single-page application (`web/dist/`, produced by `npm run
[INFO] [stdout] 4 | | /// build`), baked into the binary at compile time so the daemon can serve it
[INFO] [stdout] 5 | | /// without any file present at runtime.
[INFO] [stdout] 6 | | #[derive(RustEmbed)]
[INFO] [stdout] 7 | | #[folder = "web/dist/"]
[INFO] [stdout] 8 | | pub struct WebAssets;
[INFO] [stdout]   | |_____________________^
[INFO] [stdout] 
[INFO] [stdout] 
[INFO] [stdout] error: #[derive(RustEmbed)] folder '/opt/rustwide/workdir/web/dist/' does not exist. cwd: '/opt/rustwide/workdir'
[INFO] [stdout]  --> src/infrastructure/shared/web_assets.rs:3:1
[INFO] [stdout]   |
[INFO] [stdout] 3 | / /// The built single-page application (`web/dist/`, produced by `npm run
[INFO] [stdout] 4 | | /// build`), baked into the binary at compile time so the daemon can serve it
[INFO] [stdout] 5 | | /// without any file present at runtime.
[INFO] [stdout] 6 | | #[derive(RustEmbed)]
[INFO] [stdout] 7 | | #[folder = "web/dist/"]
[INFO] [stdout] 8 | | pub struct WebAssets;
[INFO] [stdout]   | |_____________________^
[INFO] [stdout] 
[INFO] [stdout] 
[INFO] [stdout] error[E0599]: no associated function or constant named `get` found for struct `WebAssets` in the current scope
[INFO] [stdout]    --> src/serve.rs:551:22
[INFO] [stdout]     |
[INFO] [stdout] 551 |     match WebAssets::get(path).or_else(|| WebAssets::get("index.html")) {
[INFO] [stdout]     |                      ^^^ associated function or constant not found in `WebAssets`
[INFO] [stdout]     |
[INFO] [stdout]    ::: src/infrastructure/shared/web_assets.rs:8:1
[INFO] [stdout]     |
[INFO] [stdout]   8 | pub struct WebAssets;
[INFO] [stdout]     | -------------------- associated function or constant `get` not found for this struct
[INFO] [stdout]     |
[INFO] [stdout]     = help: items from traits can only be used if the trait is implemented and in scope
[INFO] [stdout]     = note: the following traits define an item `get`, perhaps you need to implement one of them:
[INFO] [stdout]             candidate #1: `Embed`
[INFO] [stdout]             candidate #2: `FallibleStreamingIterator`
[INFO] [stdout]             candidate #3: `SliceIndex`
[INFO] [stdout]             candidate #4: `icu_collections::codepointtrie::cptrie::TypedCodePointTrie`
[INFO] [stdout]             candidate #5: `icu_properties::names::PropertyEnumToValueNameLookup`
[INFO] [stdout]             candidate #6: `icu_provider::baked::DataStore`
[INFO] [stdout]             candidate #7: `rustls::server::server_conn::StoresServerSessions`
[INFO] [stdout] 
[INFO] [stdout] 
[INFO] [stdout] error[E0599]: no associated function or constant named `get` found for struct `WebAssets` in the current scope
[INFO] [stdout]    --> src/serve.rs:551:54
[INFO] [stdout]     |
[INFO] [stdout] 551 |     match WebAssets::get(path).or_else(|| WebAssets::get("index.html")) {
[INFO] [stdout]     |                                                      ^^^ associated function or constant not found in `WebAssets`
[INFO] [stdout]     |
[INFO] [stdout]    ::: src/infrastructure/shared/web_assets.rs:8:1
[INFO] [stdout]     |
[INFO] [stdout]   8 | pub struct WebAssets;
[INFO] [stdout]     | -------------------- associated function or constant `get` not found for this struct
[INFO] [stdout]     |
[INFO] [stdout]     = help: items from traits can only be used if the trait is implemented and in scope
[INFO] [stdout]     = note: the following traits define an item `get`, perhaps you need to implement one of them:
[INFO] [stdout]             candidate #1: `Embed`
[INFO] [stdout]             candidate #2: `FallibleStreamingIterator`
[INFO] [stdout]             candidate #3: `SliceIndex`
[INFO] [stdout]             candidate #4: `icu_collections::codepointtrie::cptrie::TypedCodePointTrie`
[INFO] [stdout]             candidate #5: `icu_properties::names::PropertyEnumToValueNameLookup`
[INFO] [stdout]             candidate #6: `icu_provider::baked::DataStore`
[INFO] [stdout]             candidate #7: `rustls::server::server_conn::StoresServerSessions`
[INFO] [stdout] 
[INFO] [stdout] 
[INFO] [stdout] error[E0599]: no associated function or constant named `get` found for struct `web_assets::WebAssets` in the current scope
[INFO] [stdout]    --> src/serve.rs:551:22
[INFO] [stdout]     |
[INFO] [stdout] 551 |     match WebAssets::get(path).or_else(|| WebAssets::get("index.html")) {
[INFO] [stdout]     |                      ^^^ associated function or constant not found in `web_assets::WebAssets`
[INFO] [stdout]     |
[INFO] [stdout]    ::: src/infrastructure/shared/web_assets.rs:8:1
[INFO] [stdout]     |
[INFO] [stdout]   8 | pub struct WebAssets;
[INFO] [stdout]     | -------------------- associated function or constant `get` not found for this struct
[INFO] [stdout]     |
[INFO] [stdout]     = help: items from traits can only be used if the trait is implemented and in scope
[INFO] [stdout]     = note: the following traits define an item `get`, perhaps you need to implement one of them:
[INFO] [stdout]             candidate #1: `Embed`
[INFO] [stdout]             candidate #2: `FallibleStreamingIterator`
[INFO] [stdout]             candidate #3: `SliceIndex`
[INFO] [stdout]             candidate #4: `icu_collections::codepointtrie::cptrie::TypedCodePointTrie`
[INFO] [stdout]             candidate #5: `icu_properties::names::PropertyEnumToValueNameLookup`
[INFO] [stdout]             candidate #6: `icu_provider::baked::DataStore`
[INFO] [stdout]             candidate #7: `rustls::server::server_conn::StoresServerSessions`
[INFO] [stdout] 
[INFO] [stdout] 
[INFO] [stdout] error[E0599]: no associated function or constant named `get` found for struct `web_assets::WebAssets` in the current scope
[INFO] [stdout]    --> src/serve.rs:551:54
[INFO] [stdout]     |
[INFO] [stdout] 551 |     match WebAssets::get(path).or_else(|| WebAssets::get("index.html")) {
[INFO] [stdout]     |                                                      ^^^ associated function or constant not found in `web_assets::WebAssets`
[INFO] [stdout]     |
[INFO] [stdout]    ::: src/infrastructure/shared/web_assets.rs:8:1
[INFO] [stdout]     |
[INFO] [stdout]   8 | pub struct WebAssets;
[INFO] [stdout]     | -------------------- associated function or constant `get` not found for this struct
[INFO] [stdout]     |
[INFO] [stdout]     = help: items from traits can only be used if the trait is implemented and in scope
[INFO] [stdout]     = note: the following traits define an item `get`, perhaps you need to implement one of them:
[INFO] [stdout]             candidate #1: `Embed`
[INFO] [stdout]             candidate #2: `FallibleStreamingIterator`
[INFO] [stdout]             candidate #3: `SliceIndex`
[INFO] [stdout]             candidate #4: `icu_collections::codepointtrie::cptrie::TypedCodePointTrie`
[INFO] [stdout]             candidate #5: `icu_properties::names::PropertyEnumToValueNameLookup`
[INFO] [stdout]             candidate #6: `icu_provider::baked::DataStore`
[INFO] [stdout]             candidate #7: `rustls::server::server_conn::StoresServerSessions`
[INFO] [stdout] 
[INFO] [stdout] 
[INFO] [stdout] For more information about this error, try `rustc --explain E0599`.
[INFO] [stdout] 
[INFO] [stderr] error: could not compile `yarrtube` (bin "yarrtube") due to 3 previous errors
[INFO] [stderr] warning: build failed, waiting for other jobs to finish...
[INFO] [stdout] error[E0599]: no associated function or constant named `iter` found for struct `web_assets::WebAssets` in the current scope
[INFO] [stdout]    --> src/serve.rs:715:37
[INFO] [stdout]     |
[INFO] [stdout] 715 |         let asset_path = WebAssets::iter()
[INFO] [stdout]     |                                     ^^^^ associated function or constant not found in `web_assets::WebAssets`
[INFO] [stdout]     |
[INFO] [stdout]    ::: src/infrastructure/shared/web_assets.rs:8:1
[INFO] [stdout]     |
[INFO] [stdout]   8 | pub struct WebAssets;
[INFO] [stdout]     | -------------------- associated function or constant `iter` not found for this struct
[INFO] [stdout]     |
[INFO] [stdout]     = help: items from traits can only be used if the trait is implemented and in scope
[INFO] [stdout]     = note: the following traits define an item `iter`, perhaps you need to implement one of them:
[INFO] [stdout]             candidate #1: `Embed`
[INFO] [stdout]             candidate #2: `bitflags::traits::Flags`
[INFO] [stdout] 
[INFO] [stdout] 
[INFO] [stdout] error[E0599]: no associated function or constant named `iter` found for struct `web_assets::WebAssets` in the current scope
[INFO] [stdout]    --> src/serve.rs:867:37
[INFO] [stdout]     |
[INFO] [stdout] 867 |         let asset_path = WebAssets::iter()
[INFO] [stdout]     |                                     ^^^^ associated function or constant not found in `web_assets::WebAssets`
[INFO] [stdout]     |
[INFO] [stdout]    ::: src/infrastructure/shared/web_assets.rs:8:1
[INFO] [stdout]     |
[INFO] [stdout]   8 | pub struct WebAssets;
[INFO] [stdout]     | -------------------- associated function or constant `iter` not found for this struct
[INFO] [stdout]     |
[INFO] [stdout]     = help: items from traits can only be used if the trait is implemented and in scope
[INFO] [stdout]     = note: the following traits define an item `iter`, perhaps you need to implement one of them:
[INFO] [stdout]             candidate #1: `Embed`
[INFO] [stdout]             candidate #2: `bitflags::traits::Flags`
[INFO] [stdout] 
[INFO] [stdout] 
[INFO] [stdout] For more information about this error, try `rustc --explain E0599`.
[INFO] [stdout] 
[INFO] [stderr] error: could not compile `yarrtube` (bin "yarrtube" test) due to 5 previous errors
[INFO] [stderr] warning: unused dependency `mutants`
[INFO] [stderr]  --> Cargo.toml:4:1
[INFO] [stderr]   |
[INFO] [stderr] 4 | mutants = "0.0.4"
[INFO] [stderr]   | ^^^^^^^^^^^^^^^^^
[INFO] [stderr]   |
[INFO] [stderr]   = note: `cargo::unused_dependencies` is set to `warn` by default
[INFO] [stderr] help: consider removing the dependency on `mutants`
[INFO] [stderr] warning: `yarrtube` (manifest) generated 1 warning
[INFO] running `Command { std: "docker" "inspect" "4d6efa674a22f5e34ff4691fe348cb96cc8cd054e87e0ddcbe819a47522d7776", kill_on_drop: false }`
[INFO] running `Command { std: "docker" "rm" "-f" "4d6efa674a22f5e34ff4691fe348cb96cc8cd054e87e0ddcbe819a47522d7776", kill_on_drop: false }`
[INFO] [stdout] 4d6efa674a22f5e34ff4691fe348cb96cc8cd054e87e0ddcbe819a47522d7776
