[INFO] cloning repository https://github.com/serdzz/uflowmeter_msp430fr6043
[INFO] running `Command { std: "git" "-c" "credential.helper=" "-c" "credential.helper=/workspace/cargo-home/bin/git-credential-null" "clone" "--bare" "https://github.com/serdzz/uflowmeter_msp430fr6043" "/workspace/cache/git-repos/https%3A%2F%2Fgithub.com%2Fserdzz%2Fuflowmeter_msp430fr6043", kill_on_drop: false }`
[INFO] [stderr] Cloning into bare repository '/workspace/cache/git-repos/https%3A%2F%2Fgithub.com%2Fserdzz%2Fuflowmeter_msp430fr6043'...
[INFO] running `Command { std: "git" "rev-parse" "HEAD", kill_on_drop: false }`
[INFO] [stdout] eb643799c11310798a71c6b0f213c6151cb69eef
[INFO] checking serdzz/uflowmeter_msp430fr6043 against 3154cc1a3e6424e44f438a95007d043ed5ceaaf6+rustflags=-Znext-solver=coherence for pr-133502-30
[INFO] running `Command { std: "git" "clone" "/workspace/cache/git-repos/https%3A%2F%2Fgithub.com%2Fserdzz%2Fuflowmeter_msp430fr6043" "/workspace/builds/worker-7-tc1/source", kill_on_drop: false }`
[INFO] [stderr] Cloning into '/workspace/builds/worker-7-tc1/source'...
[INFO] [stderr] done.
[INFO] removed /workspace/builds/worker-7-tc1/source/.cargo/config.toml
[INFO] removed /workspace/builds/worker-7-tc1/source/rust-toolchain.toml
[INFO] started tweaking git repo https://github.com/serdzz/uflowmeter_msp430fr6043
[INFO] finished tweaking git repo https://github.com/serdzz/uflowmeter_msp430fr6043
[INFO] tweaked toml for git repo https://github.com/serdzz/uflowmeter_msp430fr6043 written to /workspace/builds/worker-7-tc1/source/Cargo.toml
[INFO] validating manifest of git repo https://github.com/serdzz/uflowmeter_msp430fr6043 on toolchain 3154cc1a3e6424e44f438a95007d043ed5ceaaf6
[INFO] running `Command { std: CARGO_HOME="/workspace/cargo-home" RUSTUP_HOME="/workspace/rustup-home" "/workspace/cargo-home/bin/cargo" "+3154cc1a3e6424e44f438a95007d043ed5ceaaf6" "metadata" "--manifest-path" "Cargo.toml" "--no-deps", kill_on_drop: false }`
[INFO] crate git repo https://github.com/serdzz/uflowmeter_msp430fr6043 already has a lockfile, it will not be regenerated
[INFO] running `Command { std: CARGO_HOME="/workspace/cargo-home" RUSTUP_HOME="/workspace/rustup-home" "/workspace/cargo-home/bin/cargo" "+3154cc1a3e6424e44f438a95007d043ed5ceaaf6" "fetch" "--manifest-path" "Cargo.toml", kill_on_drop: false }`
[INFO] [stderr]     Updating git repository `https://github.com/serdzz/embassy`
[INFO] [stderr]     Updating crates.io index
[INFO] [stderr]  Downloading crates ...
[INFO] [stderr]   Downloaded embedded-io-async v0.7.0
[INFO] [stderr]   Downloaded msp430-rt v0.4.1
[INFO] [stderr]   Downloaded panic-msp430 v0.4.0
[INFO] [stderr]   Downloaded msp430-rt-macros v0.4.1
[INFO] [stderr]   Downloaded msp430 v0.4.1
[INFO] [stderr]   Downloaded embedded-io v0.7.1
[INFO] running `Command { std: "docker" "create" "-v" "/var/lib/crater-agent-workspace/builds/worker-7-tc1/source:/opt/rustwide/workdir:ro,Z" "-v" "/var/lib/crater-agent-workspace/builds/worker-7-tc1/target:/opt/rustwide/target:rw,Z" "-v" "/var/lib/crater-agent-workspace/cargo-home:/opt/rustwide/cargo-home:ro,Z" "-v" "/var/lib/crater-agent-workspace/rustup-home:/opt/rustwide/rustup-home:ro,Z" "-m" "1610612736" "--network" "none" "ghcr.io/rust-lang/crates-build-env/linux@sha256:77db811e55d90add9212f6832c23229e3de5f1c1f9905e8cb07319ea15df73ac" "sleep" "infinity", kill_on_drop: false }`
[INFO] [stdout] 806628ddc70e9f99a5f07e090988fcc09d4db3cbffb09e6af741abe161bdf8d5
[INFO] running `Command { std: "docker" "start" "806628ddc70e9f99a5f07e090988fcc09d4db3cbffb09e6af741abe161bdf8d5", kill_on_drop: false }`
[INFO] running `Command { std: "docker" "inspect" "806628ddc70e9f99a5f07e090988fcc09d4db3cbffb09e6af741abe161bdf8d5", kill_on_drop: false }`
[INFO] running `Command { std: "docker" "exec" "-e" "SOURCE_DIR=/opt/rustwide/workdir" "-e" "CARGO_HOME=/opt/rustwide/cargo-home" "-e" "RUSTUP_HOME=/opt/rustwide/rustup-home" "-e" "CARGO_TARGET_DIR=/opt/rustwide/target" "-w" "/opt/rustwide/workdir" "--user" "0:0" "806628ddc70e9f99a5f07e090988fcc09d4db3cbffb09e6af741abe161bdf8d5" "/opt/rustwide/cargo-home/bin/cargo" "+3154cc1a3e6424e44f438a95007d043ed5ceaaf6" "metadata" "--no-deps" "--format-version=1", kill_on_drop: false }`
[INFO] running `Command { std: "docker" "inspect" "806628ddc70e9f99a5f07e090988fcc09d4db3cbffb09e6af741abe161bdf8d5", kill_on_drop: false }`
[INFO] running `Command { std: "docker" "exec" "-e" "SOURCE_DIR=/opt/rustwide/workdir" "-e" "CARGO_HOME=/opt/rustwide/cargo-home" "-e" "RUSTUP_HOME=/opt/rustwide/rustup-home" "-e" "CARGO_TARGET_DIR=/opt/rustwide/target" "-e" "CARGO_INCREMENTAL=0" "-e" "RUST_BACKTRACE=full" "-e" "RUSTFLAGS=--cap-lints=forbid -Znext-solver=coherence" "-e" "RUSTDOCFLAGS=--cap-lints=forbid" "-w" "/opt/rustwide/workdir" "--user" "0:0" "806628ddc70e9f99a5f07e090988fcc09d4db3cbffb09e6af741abe161bdf8d5" "/opt/rustwide/cargo-home/bin/cargo" "+3154cc1a3e6424e44f438a95007d043ed5ceaaf6" "check" "--frozen" "--all" "--all-targets" "--message-format=json", kill_on_drop: false }`
[INFO] [stderr]    Compiling proc-macro2 v1.0.107
[INFO] [stderr]    Compiling quote v1.0.47
[INFO] [stderr]    Compiling unicode-ident v1.0.24
[INFO] [stderr]     Checking critical-section v1.2.0
[INFO] [stderr]    Compiling syn v1.0.109
[INFO] [stderr]    Compiling rand_core v0.6.4
[INFO] [stderr]    Compiling strsim v0.11.1
[INFO] [stderr]    Compiling fnv v1.0.7
[INFO] [stderr]    Compiling ident_case v1.0.1
[INFO] [stderr]    Compiling heapless v0.9.3
[INFO] [stderr]    Compiling autocfg v1.5.1
[INFO] [stderr]    Compiling portable-atomic v1.15.0
[INFO] [stderr]    Compiling litrs v1.0.0
[INFO] [stderr]     Checking byteorder v1.5.0
[INFO] [stderr]    Compiling embedded-hal-async v1.0.0
[INFO] [stderr]     Checking stable_deref_trait v1.2.1
[INFO] [stderr]    Compiling embassy-time-driver v0.2.2 (https://github.com/serdzz/embassy?branch=dev%2Fmsp430#8af65ff3)
[INFO] [stderr]    Compiling msp430-rt v0.4.1
[INFO] [stderr]    Compiling embassy-hal-internal v0.5.0 (https://github.com/serdzz/embassy?branch=dev%2Fmsp430#8af65ff3)
[INFO] [stderr]     Checking msp430 v0.4.1
[INFO] [stderr]    Compiling rand_xoshiro v0.6.0
[INFO] [stderr]     Checking hash32 v0.3.1
[INFO] [stderr]    Compiling rand v0.8.8
[INFO] [stderr]    Compiling embassy-executor v0.10.0 (https://github.com/serdzz/embassy?branch=dev%2Fmsp430#8af65ff3)
[INFO] [stderr]    Compiling embassy-time-queue-utils v0.3.0 (https://github.com/serdzz/embassy?branch=dev%2Fmsp430#8af65ff3)
[INFO] [stderr]    Compiling msp430fr5043 v0.1.0 (https://github.com/serdzz/embassy?branch=dev%2Fmsp430#8af65ff3)
[INFO] [stderr]     Checking embassy-executor-timer-queue v0.1.0 (https://github.com/serdzz/embassy?branch=dev%2Fmsp430#8af65ff3)
[INFO] [stderr]     Checking cfg-if v1.0.4
[INFO] [stderr]    Compiling embassy-sync v0.8.0 (https://github.com/serdzz/embassy?branch=dev%2Fmsp430#8af65ff3)
[INFO] [stderr]     Checking embedded-hal v1.0.0
[INFO] [stderr]     Checking futures-core v0.3.34
[INFO] [stderr]     Checking embedded-io v0.7.1
[INFO] [stderr]     Checking nb v1.1.0
[INFO] [stderr]     Checking futures-sink v0.3.34
[INFO] [stderr]     Checking vcell v0.1.3
[INFO] [stderr]     Checking cordyceps v0.3.5
[INFO] [stderr]     Checking void v1.0.2
[INFO] [stderr]     Checking embedded-io-async v0.7.0
[INFO] [stderr]    Compiling uflowmeter v0.1.0 (/opt/rustwide/workdir)
[INFO] [stderr]     Checking nb v0.1.3
[INFO] [stderr]     Checking panic-msp430 v0.4.0
[INFO] [stderr]     Checking embassy-futures v0.1.2 (https://github.com/serdzz/embassy?branch=dev%2Fmsp430#8af65ff3)
[INFO] [stderr]     Checking embedded-hal v0.2.7
[INFO] [stderr]    Compiling num-traits v0.2.19
[INFO] [stderr]    Compiling document-features v0.2.12
[INFO] [stderr]    Compiling syn v2.0.119
[INFO] [stderr]     Checking embassy-time v0.5.1 (https://github.com/serdzz/embassy?branch=dev%2Fmsp430#8af65ff3)
[INFO] [stderr]    Compiling darling_core v0.20.11
[INFO] [stderr]    Compiling msp430-rt-macros v0.4.1
[INFO] [stdout] error[E0570]: "msp430-interrupt" is not a supported ABI for the current target
[INFO] [stdout]    --> /opt/rustwide/cargo-home/registry/src/index.crates.io-1949cf8c6b5b557f/msp430-rt-0.4.1/src/lib.rs:362:8
[INFO] [stdout]     |
[INFO] [stdout] 362 | extern "msp430-interrupt" {
[INFO] [stdout]     |        ^^^^^^^^^^^^^^^^^^
[INFO] [stdout] 
[INFO] [stdout] 
[INFO] [stdout] error[E0570]: "msp430-interrupt" is not a supported ABI for the current target
[INFO] [stdout]    --> /opt/rustwide/cargo-home/registry/src/index.crates.io-1949cf8c6b5b557f/msp430-rt-0.4.1/src/lib.rs:368:38
[INFO] [stdout]     |
[INFO] [stdout] 368 | static __RESET_VECTOR: unsafe extern "msp430-interrupt" fn() -> ! = Reset;
[INFO] [stdout]     |                                      ^^^^^^^^^^^^^^^^^^
[INFO] [stdout] 
[INFO] [stdout] 
[INFO] [stdout] error[E0570]: "msp430-interrupt" is not a supported ABI for the current target
[INFO] [stdout]    --> /opt/rustwide/cargo-home/registry/src/index.crates.io-1949cf8c6b5b557f/msp430-rt-0.4.1/src/lib.rs:374:8
[INFO] [stdout]     |
[INFO] [stdout] 374 | extern "msp430-interrupt" fn DefaultHandler_() -> ! {
[INFO] [stdout]     |        ^^^^^^^^^^^^^^^^^^
[INFO] [stdout] 
[INFO] [stdout] 
[INFO] [stdout] For more information about this error, try `rustc --explain E0570`.
[INFO] [stdout] 
[INFO] [stderr] error: could not compile `msp430-rt` (lib) due to 3 previous errors
[INFO] [stderr] warning: build failed, waiting for other jobs to finish...
[INFO] running `Command { std: "docker" "inspect" "806628ddc70e9f99a5f07e090988fcc09d4db3cbffb09e6af741abe161bdf8d5", kill_on_drop: false }`
[INFO] running `Command { std: "docker" "rm" "-f" "806628ddc70e9f99a5f07e090988fcc09d4db3cbffb09e6af741abe161bdf8d5", kill_on_drop: false }`
[INFO] [stdout] 806628ddc70e9f99a5f07e090988fcc09d4db3cbffb09e6af741abe161bdf8d5
