[INFO] cloning repository https://github.com/sercanatalik/cereyan
[INFO] running `Command { std: "git" "-c" "credential.helper=" "-c" "credential.helper=/workspace/cargo-home/bin/git-credential-null" "clone" "--bare" "https://github.com/sercanatalik/cereyan" "/workspace/cache/git-repos/https%3A%2F%2Fgithub.com%2Fsercanatalik%2Fcereyan", kill_on_drop: false }`
[INFO] [stderr] Cloning into bare repository '/workspace/cache/git-repos/https%3A%2F%2Fgithub.com%2Fsercanatalik%2Fcereyan'...
[INFO] running `Command { std: "git" "rev-parse" "HEAD", kill_on_drop: false }`
[INFO] [stdout] 98212f74240170f47b757a1e3829cc5d6d84edc2
[INFO] checking sercanatalik/cereyan against 3154cc1a3e6424e44f438a95007d043ed5ceaaf6+rustflags=-Znext-solver=coherence for pr-133502-30
[INFO] running `Command { std: "git" "clone" "/workspace/cache/git-repos/https%3A%2F%2Fgithub.com%2Fsercanatalik%2Fcereyan" "/workspace/builds/worker-2-tc1/source", kill_on_drop: false }`
[INFO] [stderr] Cloning into '/workspace/builds/worker-2-tc1/source'...
[INFO] [stderr] done.
[INFO] started tweaking git repo https://github.com/sercanatalik/cereyan
[INFO] finished tweaking git repo https://github.com/sercanatalik/cereyan
[INFO] tweaked toml for git repo https://github.com/sercanatalik/cereyan written to /workspace/builds/worker-2-tc1/source/Cargo.toml
[INFO] validating manifest of git repo https://github.com/sercanatalik/cereyan on toolchain 3154cc1a3e6424e44f438a95007d043ed5ceaaf6
[INFO] running `Command { std: CARGO_HOME="/workspace/cargo-home" RUSTUP_HOME="/workspace/rustup-home" "/workspace/cargo-home/bin/cargo" "+3154cc1a3e6424e44f438a95007d043ed5ceaaf6" "metadata" "--manifest-path" "Cargo.toml" "--no-deps", kill_on_drop: false }`
[INFO] crate git repo https://github.com/sercanatalik/cereyan already has a lockfile, it will not be regenerated
[INFO] running `Command { std: CARGO_HOME="/workspace/cargo-home" RUSTUP_HOME="/workspace/rustup-home" "/workspace/cargo-home/bin/cargo" "+3154cc1a3e6424e44f438a95007d043ed5ceaaf6" "fetch" "--manifest-path" "Cargo.toml", kill_on_drop: false }`
[INFO] [stderr]     Updating crates.io index
[INFO] [stderr]  Downloading crates ...
[INFO] [stderr]   Downloaded pyo3-build-config v0.29.2
[INFO] [stderr]   Downloaded pyo3-macros-backend v0.29.2
[INFO] [stderr]   Downloaded pyo3-macros v0.29.2
[INFO] [stderr]   Downloaded utoipa v5.5.0
[INFO] [stderr]   Downloaded rrule v0.14.0
[INFO] [stderr]   Downloaded pyo3-ffi v0.29.2
[INFO] [stderr]   Downloaded croner v4.0.0
[INFO] [stderr]   Downloaded utoipa-gen v5.5.0
[INFO] [stderr]   Downloaded memo-map v0.3.4
[INFO] [stderr]   Downloaded minijinja v2.24.0
[INFO] [stderr]   Downloaded pyo3 v0.29.2
[INFO] running `Command { std: "docker" "create" "-v" "/var/lib/crater-agent-workspace/builds/worker-2-tc1/source:/opt/rustwide/workdir:ro,Z" "-v" "/var/lib/crater-agent-workspace/builds/worker-2-tc1/target:/opt/rustwide/target:rw,Z" "-v" "/var/lib/crater-agent-workspace/cargo-home:/opt/rustwide/cargo-home:ro,Z" "-v" "/var/lib/crater-agent-workspace/rustup-home:/opt/rustwide/rustup-home:ro,Z" "-m" "1610612736" "--network" "none" "ghcr.io/rust-lang/crates-build-env/linux@sha256:77db811e55d90add9212f6832c23229e3de5f1c1f9905e8cb07319ea15df73ac" "sleep" "infinity", kill_on_drop: false }`
[INFO] [stdout] ed57227119432e4a0125224e79147bcc98882d9939af2d090cad5ccdebd78106
[INFO] running `Command { std: "docker" "start" "ed57227119432e4a0125224e79147bcc98882d9939af2d090cad5ccdebd78106", kill_on_drop: false }`
[INFO] running `Command { std: "docker" "inspect" "ed57227119432e4a0125224e79147bcc98882d9939af2d090cad5ccdebd78106", kill_on_drop: false }`
[INFO] running `Command { std: "docker" "exec" "-e" "SOURCE_DIR=/opt/rustwide/workdir" "-e" "CARGO_HOME=/opt/rustwide/cargo-home" "-e" "RUSTUP_HOME=/opt/rustwide/rustup-home" "-e" "CARGO_TARGET_DIR=/opt/rustwide/target" "-w" "/opt/rustwide/workdir" "--user" "0:0" "ed57227119432e4a0125224e79147bcc98882d9939af2d090cad5ccdebd78106" "/opt/rustwide/cargo-home/bin/cargo" "+3154cc1a3e6424e44f438a95007d043ed5ceaaf6" "metadata" "--no-deps" "--format-version=1", kill_on_drop: false }`
[INFO] running `Command { std: "docker" "inspect" "ed57227119432e4a0125224e79147bcc98882d9939af2d090cad5ccdebd78106", kill_on_drop: false }`
[INFO] running `Command { std: "docker" "exec" "-e" "SOURCE_DIR=/opt/rustwide/workdir" "-e" "CARGO_HOME=/opt/rustwide/cargo-home" "-e" "RUSTUP_HOME=/opt/rustwide/rustup-home" "-e" "CARGO_TARGET_DIR=/opt/rustwide/target" "-e" "CARGO_INCREMENTAL=0" "-e" "RUST_BACKTRACE=full" "-e" "RUSTFLAGS=--cap-lints=forbid -Znext-solver=coherence" "-e" "RUSTDOCFLAGS=--cap-lints=forbid" "-w" "/opt/rustwide/workdir" "--user" "0:0" "ed57227119432e4a0125224e79147bcc98882d9939af2d090cad5ccdebd78106" "/opt/rustwide/cargo-home/bin/cargo" "+3154cc1a3e6424e44f438a95007d043ed5ceaaf6" "check" "--frozen" "--all" "--all-targets" "--message-format=json", kill_on_drop: false }`
[INFO] [stderr]    Compiling syn v3.0.5
[INFO] [stderr]    Compiling serde_core v1.0.229
[INFO] [stderr]    Compiling serde v1.0.229
[INFO] [stderr]     Checking typenum v1.20.1
[INFO] [stderr]     Checking getrandom v0.2.17
[INFO] [stderr]    Compiling num-traits v0.2.19
[INFO] [stderr]    Compiling darling_core v0.20.11
[INFO] [stderr]    Compiling zerocopy v0.8.56
[INFO] [stderr]    Compiling zerocopy-derive v0.8.56
[INFO] [stderr]     Checking hashbrown v0.17.1
[INFO] [stderr]     Checking regex-syntax v0.8.11
[INFO] [stderr]     Checking smallvec v1.16.0
[INFO] [stderr]     Checking phf_shared v0.12.1
[INFO] [stderr]     Checking generic-array v0.14.7
[INFO] [stderr]     Checking zerofrom v0.1.8
[INFO] [stderr]    Compiling chrono-tz v0.10.4
[INFO] [stderr]    Compiling thiserror v2.0.20
[INFO] [stderr]     Checking yoke v0.8.3
[INFO] [stderr]     Checking phf v0.12.1
[INFO] [stderr]     Checking rand_core v0.6.4
[INFO] [stderr]    Compiling strum_macros v0.27.2
[INFO] [stderr]    Compiling utoipa-gen v5.5.0
[INFO] [stderr]     Checking regex-automata v0.4.18
[INFO] [stderr]     Checking crypto-common v0.1.7
[INFO] [stderr]     Checking futures-sink v0.3.34
[INFO] [stderr]     Checking getrandom v0.3.4
[INFO] [stderr]     Checking inout v0.1.4
[INFO] [stderr]    Compiling crossbeam-utils v0.8.23
[INFO] [stderr]     Checking cipher v0.4.4
[INFO] [stderr]     Checking rand_core v0.9.5
[INFO] [stderr]    Compiling libsqlite3-sys v0.38.2
[INFO] [stderr]     Checking serde_json v1.0.151
[INFO] [stderr]    Compiling darling_macro v0.20.11
[INFO] [stderr]    Compiling darling v0.20.11
[INFO] [stderr]    Compiling derive_builder_core v0.20.2
[INFO] [stderr]     Checking regex v1.13.1
[INFO] [stderr]     Checking strum v0.27.2
[INFO] [stderr]     Checking indexmap v2.14.2
[INFO] [stderr]     Checking uuid v1.26.0
[INFO] [stderr]     Checking futures-channel v0.3.34
[INFO] [stderr]    Compiling derive_builder_macro v0.20.2
[INFO] [stderr]     Checking universal-hash v0.5.1
[INFO] [stderr]     Checking option-ext v0.2.0
[INFO] [stderr]     Checking derive_builder v0.20.2
[INFO] [stderr]     Checking dirs-sys v0.5.0
[INFO] [stderr]     Checking poly1305 v0.8.0
[INFO] [stderr]     Checking chacha20 v0.9.1
[INFO] [stderr]     Checking aead v0.5.2
[INFO] [stderr]     Checking hashlink v0.12.1
[INFO] [stderr]    Compiling alloca v0.4.0
[INFO] [stderr]    Compiling ring v0.17.14
[INFO] [stderr]     Checking mio v1.2.3
[INFO] [stderr]     Checking anstyle v1.0.14
[INFO] [stderr]    Compiling hybrid-array v0.4.14
[INFO] [stderr]     Checking either v1.18.0
[INFO] [stderr]     Checking clap_lex v1.1.0
[INFO] [stderr]     Checking clap_builder v4.6.6
[INFO] [stderr]     Checking itertools v0.13.0
[INFO] [stderr]     Checking crossbeam-channel v0.5.17
[INFO] [stderr]    Compiling serde_derive v1.0.229
[INFO] [stderr]    Compiling thiserror-impl v2.0.20
[INFO] [stderr]    Compiling zerovec-derive v0.11.6
[INFO] [stderr]    Compiling displaydoc v0.2.7
[INFO] [stderr]     Checking ppv-lite86 v0.2.21
[INFO] [stderr]     Checking half v2.7.1
[INFO] [stderr]     Checking rand_chacha v0.9.0
[INFO] [stderr]     Checking zerotrie v0.2.5
[INFO] [stderr]    Compiling tokio-macros v2.7.2
[INFO] [stderr]     Checking ciborium-ll v0.2.2
[INFO] [stderr]     Checking rand v0.9.5
[INFO] [stderr]    Compiling futures-macro v0.3.34
[INFO] [stderr]     Checking zerovec v0.11.8
[INFO] [stderr]     Checking chacha20poly1305 v0.10.1
[INFO] [stderr]     Checking dirs v7.0.0
[INFO] [stderr]     Checking tokio v1.53.1
[INFO] [stderr]     Checking cast v0.3.0
[INFO] [stderr]     Checking tinystr v0.8.4
[INFO] [stderr]     Checking potential_utf v0.1.6
[INFO] [stderr]     Checking icu_collections v2.3.0
[INFO] [stderr]     Checking futures-io v0.3.34
[INFO] [stderr]     Checking icu_locale_core v2.3.0
[INFO] [stderr]     Checking futures-task v0.3.34
[INFO] [stderr]     Checking slab v0.4.12
[INFO] [stderr]     Checking criterion-plot v0.8.2
[INFO] [stderr]     Checking futures-util v0.3.34
[INFO] [stderr]     Checking clap v4.6.6
[INFO] [stderr]    Compiling crypto-common v0.2.2
[INFO] [stderr]    Compiling block-buffer v0.12.1
[INFO] [stderr]     Checking rustls-pki-types v1.15.1
[INFO] [stderr]     Checking page_size v0.6.0
[INFO] [stderr]    Compiling libc v0.2.189
[INFO] [stderr]    Compiling const-oid v0.10.2
[INFO] [stderr]     Checking icu_provider v2.3.1
[INFO] [stderr]     Checking oorandom v11.1.5
[INFO] [stderr]     Checking anes v0.1.6
[INFO] [stderr]     Checking icu_normalizer v2.3.0
[INFO] [stderr]     Checking icu_properties v2.3.0
[INFO] [stderr]    Compiling digest v0.11.3
[INFO] [stderr]     Checking chrono v0.4.45
[INFO] [stderr]     Checking utoipa v5.5.0
[INFO] [stderr]     Checking tinytemplate v1.2.1
[INFO] [stderr]     Checking ciborium v0.2.2
[INFO] [stderr]     Checking criterion v0.8.2
[INFO] [stderr]     Checking croner v4.0.0
[INFO] [stderr]    Compiling crc32fast v1.5.1
[INFO] [stderr]    Compiling cpufeatures v0.3.1
[INFO] [stderr]     Checking base64 v0.23.1
[INFO] [stderr]    Compiling sha2 v0.11.0
[INFO] [stderr]    Compiling target-lexicon v0.13.5
[INFO] [stderr]    Compiling rustls v0.23.43
[INFO] [stderr]     Checking rustls-webpki v0.103.15
[INFO] [stderr]     Checking idna_adapter v1.2.2
[INFO] [stderr]    Compiling dirs v6.0.0
[INFO] [stderr]     Checking memo-map v0.3.4
[INFO] [stderr]    Compiling mime v0.3.17
[INFO] [stderr]     Checking miniz_oxide v0.9.1
[INFO] [stderr]     Checking minijinja v2.24.0
[INFO] [stderr]    Compiling mime_guess v2.0.5
[INFO] [stderr]     Checking hyper v1.11.1
[INFO] [stderr]    Compiling rust-embed-utils v8.12.0
[INFO] [stderr]    Compiling shellexpand v3.1.2
[INFO] [stderr]     Checking idna v1.1.0
[INFO] [stderr]     Checking tempfile v3.27.0
[INFO] [stderr]     Checking webpki-roots v1.0.9
[INFO] [stderr]     Checking winnow v1.0.4
[INFO] [stderr]     Checking hyper-util v0.1.20
[INFO] [stderr]    Compiling pyo3-build-config v0.29.2
[INFO] [stderr]     Checking serde_urlencoded v0.7.1
[INFO] [stderr]     Checking flate2 v1.1.10
[INFO] [stderr]     Checking toml_parser v1.1.3+spec-1.1.0
[INFO] [stderr]     Checking url v2.5.8
[INFO] [stderr]    Compiling rust-embed-impl v8.12.0
[INFO] [stderr]     Checking tower v0.5.3
[INFO] [stderr]     Checking email-encoding v0.4.2
[INFO] [stderr]     Checking ureq-proto v0.6.1
[INFO] [stderr]     Checking futures-executor v0.3.34
[INFO] [stderr]     Checking tokio-util v0.7.19
[INFO] [stderr]     Checking serde_path_to_error v0.1.20
[INFO] [stderr]     Checking serde_spanned v1.1.1
[INFO] [stderr]     Checking toml_datetime v0.7.5+spec-1.1.0
[INFO] [stderr]     Checking hostname v0.4.2
[INFO] [stderr]     Checking nom v8.0.0
[INFO] [stderr]     Checking rusqlite v0.40.2
[INFO] [stderr]     Checking utf8-zero v0.8.1
[INFO] [stderr]     Checking toml_writer v1.1.2+spec-1.1.0
[INFO] [stderr]     Checking email_address v0.2.9
[INFO] [stderr]     Checking winnow v0.7.15
[INFO] [stderr]     Checking quoted_printable v0.5.2
[INFO] [stderr]    Compiling cereyan-server v3.3.1 (/opt/rustwide/workdir/crates/server)
[INFO] [stderr]     Checking axum v0.8.9
[INFO] [stderr]     Checking tokio-stream v0.1.19
[INFO] [stderr]     Checking rust-embed v8.12.0
[INFO] [stderr]     Checking futures v0.3.34
[INFO] [stderr]    Compiling pyo3-ffi v0.29.2
[INFO] [stderr]    Compiling pyo3 v0.29.2
[INFO] [stderr]    Compiling pyo3-macros-backend v0.29.2
[INFO] [stderr]     Checking ureq v3.4.0
[INFO] [stderr]     Checking toml v0.9.12+spec-1.1.0
[INFO] [stderr]     Checking lettre v0.11.23
[INFO] [stderr]     Checking rrule v0.14.0
[INFO] [stderr]     Checking cereyan-core v3.3.1 (/opt/rustwide/workdir/crates/core)
[INFO] [stderr]    Compiling pyo3-macros v0.29.2
[INFO] [stderr]     Checking cereyan-store v3.3.1 (/opt/rustwide/workdir/crates/store)
[INFO] [stderr]     Checking cereyan-rules v3.3.1 (/opt/rustwide/workdir/crates/rules)
[INFO] [stdout] error: #[derive(RustEmbed)] folder '/opt/rustwide/workdir/crates/server/../../ui/dist' does not exist. cwd: '/opt/rustwide/workdir'
[INFO] [stdout]   --> crates/server/src/ui.rs:13:1
[INFO] [stdout]    |
[INFO] [stdout] 13 | / #[folder = "$CARGO_MANIFEST_DIR/../../ui/dist"]
[INFO] [stdout] 14 | | struct Assets;
[INFO] [stdout]    | |______________^
[INFO] [stdout] 
[INFO] [stdout] 
[INFO] [stdout] error: #[derive(RustEmbed)] folder '/opt/rustwide/workdir/crates/server/../../ui/dist' does not exist. cwd: '/opt/rustwide/workdir'
[INFO] [stdout]   --> crates/server/src/ui.rs:13:1
[INFO] [stdout]    |
[INFO] [stdout] 13 | / #[folder = "$CARGO_MANIFEST_DIR/../../ui/dist"]
[INFO] [stdout] 14 | | struct Assets;
[INFO] [stdout]    | |______________^
[INFO] [stdout] 
[INFO] [stdout] 
[INFO] [stdout] error[E0599]: no associated function or constant named `get` found for struct `Assets` in the current scope
[INFO] [stdout]   --> crates/server/src/ui.rs:22:19
[INFO] [stdout]    |
[INFO] [stdout] 14 | struct Assets;
[INFO] [stdout]    | ------------- associated function or constant `get` not found for this struct
[INFO] [stdout] ...
[INFO] [stdout] 22 |     match Assets::get(candidate) {
[INFO] [stdout]    |                   ^^^ associated function or constant not found in `Assets`
[INFO] [stdout]    |
[INFO] [stdout]    = help: items from traits can only be used if the trait is implemented and in scope
[INFO] [stdout]    = note: the following traits define an item `get`, perhaps you need to implement one of them:
[INFO] [stdout]            candidate #1: `Embed`
[INFO] [stdout]            candidate #2: `SliceIndex`
[INFO] [stdout]            candidate #3: `fallible_streaming_iterator::FallibleStreamingIterator`
[INFO] [stdout]            candidate #4: `icu_collections::codepointtrie::cptrie::TypedCodePointTrie`
[INFO] [stdout]            candidate #5: `icu_properties::names::PropertyEnumToValueNameLookup`
[INFO] [stdout]            candidate #6: `icu_provider::baked::DataStore`
[INFO] [stdout]            candidate #7: `rustls::server::server_conn::StoresServerSessions`
[INFO] [stdout]            candidate #8: `toml_parser::source::SourceIndex`
[INFO] [stdout] 
[INFO] [stdout] 
[INFO] [stdout] error[E0599]: no associated function or constant named `get` found for struct `Assets` in the current scope
[INFO] [stdout]   --> crates/server/src/ui.rs:22:19
[INFO] [stdout]    |
[INFO] [stdout] 14 | struct Assets;
[INFO] [stdout]    | ------------- associated function or constant `get` not found for this struct
[INFO] [stdout] ...
[INFO] [stdout] 22 |     match Assets::get(candidate) {
[INFO] [stdout]    |                   ^^^ associated function or constant not found in `Assets`
[INFO] [stdout]    |
[INFO] [stdout]    = help: items from traits can only be used if the trait is implemented and in scope
[INFO] [stdout]    = note: the following traits define an item `get`, perhaps you need to implement one of them:
[INFO] [stdout]            candidate #1: `Embed`
[INFO] [stdout]            candidate #2: `SliceIndex`
[INFO] [stdout]            candidate #3: `fallible_streaming_iterator::FallibleStreamingIterator`
[INFO] [stdout]            candidate #4: `icu_collections::codepointtrie::cptrie::TypedCodePointTrie`
[INFO] [stdout]            candidate #5: `icu_properties::names::PropertyEnumToValueNameLookup`
[INFO] [stdout]            candidate #6: `icu_provider::baked::DataStore`
[INFO] [stdout]            candidate #7: `rustls::server::server_conn::StoresServerSessions`
[INFO] [stdout]            candidate #8: `toml_parser::source::SourceIndex`
[INFO] [stdout] 
[INFO] [stdout] 
[INFO] [stdout] error[E0599]: no associated function or constant named `get` found for struct `Assets` in the current scope
[INFO] [stdout]   --> crates/server/src/ui.rs:48:13
[INFO] [stdout]    |
[INFO] [stdout] 14 | struct Assets;
[INFO] [stdout]    | ------------- associated function or constant `get` not found for this struct
[INFO] [stdout] ...
[INFO] [stdout] 48 |     Assets::get(path).map(|file| {
[INFO] [stdout]    |             ^^^ associated function or constant not found in `Assets`
[INFO] [stdout]    |
[INFO] [stdout]    = help: items from traits can only be used if the trait is implemented and in scope
[INFO] [stdout]    = note: the following traits define an item `get`, perhaps you need to implement one of them:
[INFO] [stdout]            candidate #1: `Embed`
[INFO] [stdout]            candidate #2: `SliceIndex`
[INFO] [stdout]            candidate #3: `fallible_streaming_iterator::FallibleStreamingIterator`
[INFO] [stdout]            candidate #4: `icu_collections::codepointtrie::cptrie::TypedCodePointTrie`
[INFO] [stdout]            candidate #5: `icu_properties::names::PropertyEnumToValueNameLookup`
[INFO] [stdout]            candidate #6: `icu_provider::baked::DataStore`
[INFO] [stdout]            candidate #7: `rustls::server::server_conn::StoresServerSessions`
[INFO] [stdout]            candidate #8: `toml_parser::source::SourceIndex`
[INFO] [stdout] 
[INFO] [stdout] 
[INFO] [stdout] error[E0599]: no associated function or constant named `get` found for struct `Assets` in the current scope
[INFO] [stdout]   --> crates/server/src/ui.rs:80:19
[INFO] [stdout]    |
[INFO] [stdout] 14 | struct Assets;
[INFO] [stdout]    | ------------- associated function or constant `get` not found for this struct
[INFO] [stdout] ...
[INFO] [stdout] 80 |     match Assets::get("index.html") {
[INFO] [stdout]    |                   ^^^ associated function or constant not found in `Assets`
[INFO] [stdout]    |
[INFO] [stdout]    = help: items from traits can only be used if the trait is implemented and in scope
[INFO] [stdout]    = note: the following traits define an item `get`, perhaps you need to implement one of them:
[INFO] [stdout]            candidate #1: `Embed`
[INFO] [stdout]            candidate #2: `SliceIndex`
[INFO] [stdout]            candidate #3: `fallible_streaming_iterator::FallibleStreamingIterator`
[INFO] [stdout]            candidate #4: `icu_collections::codepointtrie::cptrie::TypedCodePointTrie`
[INFO] [stdout]            candidate #5: `icu_properties::names::PropertyEnumToValueNameLookup`
[INFO] [stdout]            candidate #6: `icu_provider::baked::DataStore`
[INFO] [stdout]            candidate #7: `rustls::server::server_conn::StoresServerSessions`
[INFO] [stdout]            candidate #8: `toml_parser::source::SourceIndex`
[INFO] [stdout] 
[INFO] [stdout] 
[INFO] [stdout] error[E0599]: no associated function or constant named `get` found for struct `Assets` in the current scope
[INFO] [stdout]   --> crates/server/src/ui.rs:48:13
[INFO] [stdout]    |
[INFO] [stdout] 14 | struct Assets;
[INFO] [stdout]    | ------------- associated function or constant `get` not found for this struct
[INFO] [stdout] ...
[INFO] [stdout] 48 |     Assets::get(path).map(|file| {
[INFO] [stdout]    |             ^^^ associated function or constant not found in `Assets`
[INFO] [stdout]    |
[INFO] [stdout]    = help: items from traits can only be used if the trait is implemented and in scope
[INFO] [stdout]    = note: the following traits define an item `get`, perhaps you need to implement one of them:
[INFO] [stdout]            candidate #1: `Embed`
[INFO] [stdout]            candidate #2: `SliceIndex`
[INFO] [stdout]            candidate #3: `fallible_streaming_iterator::FallibleStreamingIterator`
[INFO] [stdout]            candidate #4: `icu_collections::codepointtrie::cptrie::TypedCodePointTrie`
[INFO] [stdout]            candidate #5: `icu_properties::names::PropertyEnumToValueNameLookup`
[INFO] [stdout]            candidate #6: `icu_provider::baked::DataStore`
[INFO] [stdout]            candidate #7: `rustls::server::server_conn::StoresServerSessions`
[INFO] [stdout]            candidate #8: `toml_parser::source::SourceIndex`
[INFO] [stdout] 
[INFO] [stdout] 
[INFO] [stdout] error[E0599]: no associated function or constant named `get` found for struct `Assets` in the current scope
[INFO] [stdout]   --> crates/server/src/ui.rs:80:19
[INFO] [stdout]    |
[INFO] [stdout] 14 | struct Assets;
[INFO] [stdout]    | ------------- associated function or constant `get` not found for this struct
[INFO] [stdout] ...
[INFO] [stdout] 80 |     match Assets::get("index.html") {
[INFO] [stdout]    |                   ^^^ associated function or constant not found in `Assets`
[INFO] [stdout]    |
[INFO] [stdout]    = help: items from traits can only be used if the trait is implemented and in scope
[INFO] [stdout]    = note: the following traits define an item `get`, perhaps you need to implement one of them:
[INFO] [stdout]            candidate #1: `Embed`
[INFO] [stdout]            candidate #2: `SliceIndex`
[INFO] [stdout]            candidate #3: `fallible_streaming_iterator::FallibleStreamingIterator`
[INFO] [stdout]            candidate #4: `icu_collections::codepointtrie::cptrie::TypedCodePointTrie`
[INFO] [stdout]            candidate #5: `icu_properties::names::PropertyEnumToValueNameLookup`
[INFO] [stdout]            candidate #6: `icu_provider::baked::DataStore`
[INFO] [stdout]            candidate #7: `rustls::server::server_conn::StoresServerSessions`
[INFO] [stdout]            candidate #8: `toml_parser::source::SourceIndex`
[INFO] [stdout] 
[INFO] [stdout] 
[INFO] [stdout] For more information about this error, try `rustc --explain E0599`.
[INFO] [stdout] 
[INFO] [stderr] error: could not compile `cereyan-server` (lib) due to 4 previous errors
[INFO] [stderr] warning: build failed, waiting for other jobs to finish...
[INFO] [stdout] For more information about this error, try `rustc --explain E0599`.
[INFO] [stdout] 
[INFO] [stderr] error: could not compile `cereyan-server` (lib test) due to 4 previous errors
[INFO] running `Command { std: "docker" "inspect" "ed57227119432e4a0125224e79147bcc98882d9939af2d090cad5ccdebd78106", kill_on_drop: false }`
[INFO] running `Command { std: "docker" "rm" "-f" "ed57227119432e4a0125224e79147bcc98882d9939af2d090cad5ccdebd78106", kill_on_drop: false }`
[INFO] [stdout] ed57227119432e4a0125224e79147bcc98882d9939af2d090cad5ccdebd78106
