[INFO] cloning repository https://github.com/semi-infiknight/three-way-deadlock
[INFO] running `Command { std: "git" "-c" "credential.helper=" "-c" "credential.helper=/workspace/cargo-home/bin/git-credential-null" "clone" "--bare" "https://github.com/semi-infiknight/three-way-deadlock" "/workspace/cache/git-repos/https%3A%2F%2Fgithub.com%2Fsemi-infiknight%2Fthree-way-deadlock", kill_on_drop: false }`
[INFO] [stderr] Cloning into bare repository '/workspace/cache/git-repos/https%3A%2F%2Fgithub.com%2Fsemi-infiknight%2Fthree-way-deadlock'...
[INFO] running `Command { std: "git" "rev-parse" "HEAD", kill_on_drop: false }`
[INFO] [stdout] ad1159a698dd189811933796b4148fb2f07ff90a
[INFO] checking semi-infiknight/three-way-deadlock against 3154cc1a3e6424e44f438a95007d043ed5ceaaf6 for pr-133502-30
[INFO] running `Command { std: "git" "clone" "/workspace/cache/git-repos/https%3A%2F%2Fgithub.com%2Fsemi-infiknight%2Fthree-way-deadlock" "/workspace/builds/worker-7-tc2/source", kill_on_drop: false }`
[INFO] [stderr] Cloning into '/workspace/builds/worker-7-tc2/source'...
[INFO] [stderr] done.
[INFO] started tweaking git repo https://github.com/semi-infiknight/three-way-deadlock
[INFO] finished tweaking git repo https://github.com/semi-infiknight/three-way-deadlock
[INFO] tweaked toml for git repo https://github.com/semi-infiknight/three-way-deadlock written to /workspace/builds/worker-7-tc2/source/Cargo.toml
[INFO] validating manifest of git repo https://github.com/semi-infiknight/three-way-deadlock on toolchain 3154cc1a3e6424e44f438a95007d043ed5ceaaf6
[INFO] running `Command { std: CARGO_HOME="/workspace/cargo-home" RUSTUP_HOME="/workspace/rustup-home" "/workspace/cargo-home/bin/cargo" "+3154cc1a3e6424e44f438a95007d043ed5ceaaf6" "metadata" "--manifest-path" "Cargo.toml" "--no-deps", kill_on_drop: false }`
[INFO] crate git repo https://github.com/semi-infiknight/three-way-deadlock already has a lockfile, it will not be regenerated
[INFO] running `Command { std: CARGO_HOME="/workspace/cargo-home" RUSTUP_HOME="/workspace/rustup-home" "/workspace/cargo-home/bin/cargo" "+3154cc1a3e6424e44f438a95007d043ed5ceaaf6" "fetch" "--manifest-path" "Cargo.toml", kill_on_drop: false }`
[INFO] running `Command { std: "docker" "create" "-v" "/var/lib/crater-agent-workspace/builds/worker-7-tc2/source:/opt/rustwide/workdir:ro,Z" "-v" "/var/lib/crater-agent-workspace/builds/worker-7-tc2/target:/opt/rustwide/target:rw,Z" "-v" "/var/lib/crater-agent-workspace/cargo-home:/opt/rustwide/cargo-home:ro,Z" "-v" "/var/lib/crater-agent-workspace/rustup-home:/opt/rustwide/rustup-home:ro,Z" "-m" "1610612736" "--network" "none" "ghcr.io/rust-lang/crates-build-env/linux@sha256:77db811e55d90add9212f6832c23229e3de5f1c1f9905e8cb07319ea15df73ac" "sleep" "infinity", kill_on_drop: false }`
[INFO] [stdout] e2c039c43464088313e4331bd41418bb5fef26299eeef4996101905e7f37c6fd
[INFO] running `Command { std: "docker" "start" "e2c039c43464088313e4331bd41418bb5fef26299eeef4996101905e7f37c6fd", kill_on_drop: false }`
[INFO] running `Command { std: "docker" "inspect" "e2c039c43464088313e4331bd41418bb5fef26299eeef4996101905e7f37c6fd", kill_on_drop: false }`
[INFO] running `Command { std: "docker" "exec" "-e" "SOURCE_DIR=/opt/rustwide/workdir" "-e" "CARGO_HOME=/opt/rustwide/cargo-home" "-e" "RUSTUP_HOME=/opt/rustwide/rustup-home" "-e" "CARGO_TARGET_DIR=/opt/rustwide/target" "-w" "/opt/rustwide/workdir" "--user" "0:0" "e2c039c43464088313e4331bd41418bb5fef26299eeef4996101905e7f37c6fd" "/opt/rustwide/cargo-home/bin/cargo" "+3154cc1a3e6424e44f438a95007d043ed5ceaaf6" "metadata" "--no-deps" "--format-version=1", kill_on_drop: false }`
[INFO] running `Command { std: "docker" "inspect" "e2c039c43464088313e4331bd41418bb5fef26299eeef4996101905e7f37c6fd", kill_on_drop: false }`
[INFO] running `Command { std: "docker" "exec" "-e" "SOURCE_DIR=/opt/rustwide/workdir" "-e" "CARGO_HOME=/opt/rustwide/cargo-home" "-e" "RUSTUP_HOME=/opt/rustwide/rustup-home" "-e" "CARGO_TARGET_DIR=/opt/rustwide/target" "-e" "CARGO_INCREMENTAL=0" "-e" "RUST_BACKTRACE=full" "-e" "RUSTFLAGS=--cap-lints=forbid" "-e" "RUSTDOCFLAGS=--cap-lints=forbid" "-w" "/opt/rustwide/workdir" "--user" "0:0" "e2c039c43464088313e4331bd41418bb5fef26299eeef4996101905e7f37c6fd" "/opt/rustwide/cargo-home/bin/cargo" "+3154cc1a3e6424e44f438a95007d043ed5ceaaf6" "check" "--frozen" "--all" "--all-targets" "--message-format=json", kill_on_drop: false }`
[INFO] [stderr]    Compiling libc v0.2.189
[INFO] [stderr]     Checking five8_core v1.0.0
[INFO] [stderr]     Checking solana-sanitize v3.0.1
[INFO] [stderr]     Checking solana-atomic-u64 v3.0.1
[INFO] [stderr]    Compiling toml_edit v0.25.13+spec-1.1.0
[INFO] [stderr]    Compiling borsh v1.8.1
[INFO] [stderr]    Compiling typenum v1.20.1
[INFO] [stderr]    Compiling syn v3.0.5
[INFO] [stderr]    Compiling syn v2.0.119
[INFO] [stderr]    Compiling curve25519-dalek v4.1.3
[INFO] [stderr]     Checking solana-program-memory v3.1.0
[INFO] [stderr]    Compiling const-oid v0.10.2
[INFO] [stderr]    Compiling heck v0.3.3
[INFO] [stderr]    Compiling cpufeatures v0.3.1
[INFO] [stderr]     Checking three-amm-math v0.1.0 (/opt/rustwide/workdir/crates/three-amm-math)
[INFO] [stderr]     Checking solana-msg v3.1.0
[INFO] [stderr]     Checking solana-derivation-path v3.0.0
[INFO] [stderr]     Checking five8 v1.0.0
[INFO] [stderr]     Checking five8_const v1.0.0
[INFO] [stderr]     Checking itertools v0.12.1
[INFO] [stderr]     Checking solana-seed-derivable v3.0.0
[INFO] [stderr]     Checking solana-signature v3.5.2
[INFO] [stderr]     Checking solana-program-option v3.1.0
[INFO] [stderr]     Checking solana-define-syscall v4.0.1
[INFO] [stderr]    Compiling serde_json v1.0.151
[INFO] [stderr]     Checking three-amm-vault v0.1.0 (/opt/rustwide/workdir/crates/three-amm-vault)
[INFO] [stderr]     Checking three-amm-pool v0.1.0 (/opt/rustwide/workdir/crates/three-amm-pool)
[INFO] [stderr]     Checking serde_bytes v0.11.19
[INFO] [stderr]     Checking solana-define-syscall v3.0.0
[INFO] [stderr]     Checking keccak-const v0.2.0
[INFO] [stderr]     Checking three-amm-router v0.1.0 (/opt/rustwide/workdir/crates/three-amm-router)
[INFO] [stderr]     Checking const-crypto v0.3.0
[INFO] [stderr]     Checking consumer v0.1.0 (/opt/rustwide/workdir/crates/consumer)
[INFO] [stderr]    Compiling proc-macro-crate v3.5.0
[INFO] [stderr]    Compiling generic-array v0.14.7
[INFO] [stderr]    Compiling hybrid-array v0.4.14
[INFO] [stderr]     Checking getrandom v0.2.17
[INFO] [stderr]     Checking rand_core v0.6.4
[INFO] [stderr]     Checking crypto-common v0.1.7
[INFO] [stderr]     Checking rand_chacha v0.3.1
[INFO] [stderr]     Checking digest v0.10.7
[INFO] [stderr]     Checking cipher v0.4.4
[INFO] [stderr]     Checking universal-hash v0.5.1
[INFO] [stderr]     Checking aead v0.5.2
[INFO] [stderr]     Checking polyval v0.6.2
[INFO] [stderr]    Compiling block-buffer v0.10.4
[INFO] [stderr]     Checking rand v0.8.8
[INFO] [stderr]     Checking sha2 v0.10.9
[INFO] [stderr]     Checking pbkdf2 v0.11.0
[INFO] [stderr]     Checking hmac v0.12.1
[INFO] [stderr]     Checking sha3 v0.10.9
[INFO] [stderr]     Checking ctr v0.9.2
[INFO] [stderr]     Checking aes v0.8.4
[INFO] [stderr]     Checking solana-seed-phrase v3.0.0
[INFO] [stderr]    Compiling block-buffer v0.12.1
[INFO] [stderr]    Compiling crypto-common v0.2.2
[INFO] [stderr]    Compiling digest v0.11.3
[INFO] [stderr]    Compiling sha2 v0.11.0
[INFO] [stderr]    Compiling serde_derive v1.0.229
[INFO] [stderr]    Compiling borsh-derive v1.8.1
[INFO] [stderr]    Compiling bytemuck_derive v1.12.0
[INFO] [stderr]    Compiling thiserror-impl v2.0.20
[INFO] [stderr]     Checking thiserror v2.0.20
[INFO] [stderr]     Checking bytemuck v1.25.2
[INFO] [stderr]     Checking solana-nullable v1.3.0
[INFO] [stderr]    Compiling zeroize_derive v1.5.0
[INFO] [stderr]    Compiling curve25519-dalek-derive v0.1.1
[INFO] [stderr]    Compiling thiserror-impl v1.0.69
[INFO] [stderr]    Compiling num-derive v0.4.2
[INFO] [stderr]    Compiling solana-sdk-macro v3.0.1
[INFO] [stderr]    Compiling num_enum_derive v0.7.6
[INFO] [stderr]    Compiling anchor-attribute-access-control v1.2.0
[INFO] [stderr]    Compiling anchor-derive-space v1.2.0
[INFO] [stderr]     Checking serde v1.0.229
[INFO] [stderr]     Checking num_enum v0.7.6
[INFO] [stderr]     Checking zeroize v1.8.1
[INFO] [stderr]     Checking solana-program-error v3.0.1
[INFO] [stderr]     Checking solana-zero-copy v1.2.0
[INFO] [stderr]     Checking solana-borsh v3.0.2
[INFO] [stderr]    Compiling anchor-lang-idl-spec v0.1.0
[INFO] [stderr]     Checking solana-instruction-error v2.5.0
[INFO] [stderr]     Checking solana-program-pack v3.1.0
[INFO] [stderr]     Checking aes-gcm-siv v0.11.1
[INFO] [stderr]     Checking merlin v3.0.0
[INFO] [stderr]     Checking solana-transaction-error v3.4.0
[INFO] [stderr]     Checking solana-hash v4.6.0
[INFO] [stderr]     Checking bincode v1.3.3
[INFO] [stderr]     Checking bv v0.11.1
[INFO] [stderr]     Checking solana-fee-calculator v3.3.0
[INFO] [stderr]     Checking solana-sha256-hasher v3.1.0
[INFO] [stderr]    Compiling anchor-lang-idl v0.1.4
[INFO] [stderr]    Compiling thiserror v1.0.69
[INFO] [stderr]    Compiling anchor-syn v1.2.0
[INFO] [stderr]    Compiling spl-discriminator-syn v0.2.1
[INFO] [stderr]    Compiling spl-discriminator-derive v0.2.0
[INFO] [stderr]     Checking solana-address v2.7.0
[INFO] [stderr]     Checking solana-curve25519 v3.1.14
[INFO] [stderr]     Checking spl-discriminator v0.5.2
[INFO] [stderr]     Checking solana-pubkey v4.3.0
[INFO] [stderr]     Checking solana-sdk-ids v3.1.0
[INFO] [stderr]     Checking solana-address v1.1.0
[INFO] [stderr]     Checking solana-account-info v3.1.1
[INFO] [stderr]     Checking solana-get-sysvar v1.0.0
[INFO] [stderr]     Checking solana-account-view v2.0.0
[INFO] [stderr]     Checking solana-instruction v3.5.0
[INFO] [stderr]     Checking solana-signer v3.0.1
[INFO] [stderr]     Checking solana-serialize-utils v3.1.2
[INFO] [stderr]     Checking solana-pubkey v3.0.0
[INFO] [stderr]     Checking solana-sysvar-id v3.1.0
[INFO] [stderr]     Checking solana-feature-gate-interface v3.1.0
[INFO] [stderr]     Checking solana-slot-history v3.2.0
[INFO] [stderr]     Checking solana-epoch-schedule v3.3.0
[INFO] [stderr]     Checking solana-rent v3.1.0
[INFO] [stderr]     Checking solana-slot-hashes v3.2.0
[INFO] [stderr]     Checking solana-clock v3.2.0
[INFO] [stderr]     Checking solana-last-restart-slot v3.2.0
[INFO] [stderr]     Checking solana-epoch-rewards v3.2.0
[INFO] [stderr]     Checking solana-instruction-view v2.1.0
[INFO] [stderr]     Checking solana-zk-sdk v4.0.0
[INFO] [stderr]     Checking solana-system-interface v2.0.0
[INFO] [stderr]     Checking solana-system-interface v3.3.0
[INFO] [stderr]     Checking solana-stable-layout v3.0.1
[INFO] [stderr]     Checking spl-token-group-interface v0.7.2
[INFO] [stderr]     Checking spl-token-interface v2.0.0
[INFO] [stderr]     Checking spl-associated-token-account-interface v2.0.0
[INFO] [stderr]     Checking solana-program-entrypoint v3.1.1
[INFO] [stderr]     Checking solana-instructions-sysvar v3.0.1
[INFO] [stderr]     Checking solana-cpi v3.1.0
[INFO] [stderr]     Checking spl-type-length-value v0.9.1
[INFO] [stderr]     Checking pinocchio v0.11.2
[INFO] [stderr]     Checking pinocchio-token v0.7.0
[INFO] [stderr]     Checking solana-sysvar v3.1.1
[INFO] [stderr]     Checking solana-invoke v0.5.0
[INFO] [stderr]     Checking solana-loader-v3-interface v6.1.1
[INFO] [stderr]     Checking pinocchio-system v0.6.1
[INFO] [stderr]     Checking solana-stake-interface v2.0.2
[INFO] [stderr]     Checking three_amm_pio v0.1.0 (/opt/rustwide/workdir/programs/three_amm_pio)
[INFO] [stdout] warning: unexpected `cfg` condition value: `solana`
[INFO] [stdout]   --> programs/three_amm_pio/src/lib.rs:21:1
[INFO] [stdout]    |
[INFO] [stdout] 21 | default_allocator!();
[INFO] [stdout]    | ^^^^^^^^^^^^^^^^^^^^
[INFO] [stdout]    |
[INFO] [stdout]    = note: expected values for `target_os` are: `aix`, `amdhsa`, `android`, `cuda`, `cygwin`, `dragonfly`, `emscripten`, `espidf`, `freebsd`, `fuchsia`, `haiku`, `helenos`, `hermit`, `horizon`, `hurd`, `hyperlight`, `illumos`, `ios`, `l4re`, `linux`, `lynxos178`, `macos`, `managarm`, `motor`, `netbsd`, `none`, `nto`, `nuttx`, `openbsd`, `ps3`, `psp`, `psx`, `qnx`, `qurt`, and `redox` and 17 more
[INFO] [stdout]    = note: using a cfg inside a macro will use the cfgs from the destination crate and not the ones from the defining crate
[INFO] [stdout]    = help: try referring to `default_allocator` crate for guidance on how handle this unexpected cfg
[INFO] [stdout]    = note: see <https://doc.rust-lang.org/nightly/rustc/check-cfg/cargo-specifics.html> for more information about checking conditional configuration
[INFO] [stdout]    = note: `#[warn(unexpected_cfgs)]` on by default
[INFO] [stdout]    = note: this warning originates in the macro `default_allocator` (in Nightly builds, run with -Z macro-backtrace for more info)
[INFO] [stdout] 
[INFO] [stdout] 
[INFO] [stdout] warning: unexpected `cfg` condition value: `solana`
[INFO] [stdout]   --> programs/three_amm_pio/src/lib.rs:21:1
[INFO] [stdout]    |
[INFO] [stdout] 21 | default_allocator!();
[INFO] [stdout]    | ^^^^^^^^^^^^^^^^^^^^
[INFO] [stdout]    |
[INFO] [stdout]    = note: expected values for `target_os` are: `aix`, `amdhsa`, `android`, `cuda`, `cygwin`, `dragonfly`, `emscripten`, `espidf`, `freebsd`, `fuchsia`, `haiku`, `helenos`, `hermit`, `horizon`, `hurd`, `hyperlight`, `illumos`, `ios`, `l4re`, `linux`, `lynxos178`, `macos`, `managarm`, `motor`, `netbsd`, `none`, `nto`, `nuttx`, `openbsd`, `ps3`, `psp`, `psx`, `qnx`, `qurt`, and `redox` and 17 more
[INFO] [stdout]    = note: using a cfg inside a macro will use the cfgs from the destination crate and not the ones from the defining crate
[INFO] [stdout]    = help: try referring to `default_allocator` crate for guidance on how handle this unexpected cfg
[INFO] [stdout]    = note: see <https://doc.rust-lang.org/nightly/rustc/check-cfg/cargo-specifics.html> for more information about checking conditional configuration
[INFO] [stdout]    = note: this warning originates in the macro `default_allocator` (in Nightly builds, run with -Z macro-backtrace for more info)
[INFO] [stdout] 
[INFO] [stdout] 
[INFO] [stdout] warning: unexpected `cfg` condition value: `solana`
[INFO] [stdout]   --> programs/three_amm_pio/src/lib.rs:22:1
[INFO] [stdout]    |
[INFO] [stdout] 22 | nostd_panic_handler!();
[INFO] [stdout]    | ^^^^^^^^^^^^^^^^^^^^^^
[INFO] [stdout]    |
[INFO] [stdout]    = note: expected values for `target_os` are: `aix`, `amdhsa`, `android`, `cuda`, `cygwin`, `dragonfly`, `emscripten`, `espidf`, `freebsd`, `fuchsia`, `haiku`, `helenos`, `hermit`, `horizon`, `hurd`, `hyperlight`, `illumos`, `ios`, `l4re`, `linux`, `lynxos178`, `macos`, `managarm`, `motor`, `netbsd`, `none`, `nto`, `nuttx`, `openbsd`, `ps3`, `psp`, `psx`, `qnx`, `qurt`, and `redox` and 17 more
[INFO] [stdout]    = note: using a cfg inside a macro will use the cfgs from the destination crate and not the ones from the defining crate
[INFO] [stdout]    = help: try referring to `nostd_panic_handler` crate for guidance on how handle this unexpected cfg
[INFO] [stdout]    = note: see <https://doc.rust-lang.org/nightly/rustc/check-cfg/cargo-specifics.html> for more information about checking conditional configuration
[INFO] [stdout]    = note: this warning originates in the macro `nostd_panic_handler` (in Nightly builds, run with -Z macro-backtrace for more info)
[INFO] [stdout] 
[INFO] [stdout] 
[INFO] [stdout] warning: unexpected `cfg` condition value: `solana`
[INFO] [stdout]   --> programs/three_amm_pio/src/lib.rs:22:1
[INFO] [stdout]    |
[INFO] [stdout] 22 | nostd_panic_handler!();
[INFO] [stdout]    | ^^^^^^^^^^^^^^^^^^^^^^
[INFO] [stdout]    |
[INFO] [stdout]    = note: expected values for `target_os` are: `aix`, `amdhsa`, `android`, `cuda`, `cygwin`, `dragonfly`, `emscripten`, `espidf`, `freebsd`, `fuchsia`, `haiku`, `helenos`, `hermit`, `horizon`, `hurd`, `hyperlight`, `illumos`, `ios`, `l4re`, `linux`, `lynxos178`, `macos`, `managarm`, `motor`, `netbsd`, `none`, `nto`, `nuttx`, `openbsd`, `ps3`, `psp`, `psx`, `qnx`, `qurt`, and `redox` and 17 more
[INFO] [stdout]    = note: using a cfg inside a macro will use the cfgs from the destination crate and not the ones from the defining crate
[INFO] [stdout]    = help: try referring to `nostd_panic_handler` crate for guidance on how handle this unexpected cfg
[INFO] [stdout]    = note: see <https://doc.rust-lang.org/nightly/rustc/check-cfg/cargo-specifics.html> for more information about checking conditional configuration
[INFO] [stdout]    = note: this warning originates in the macro `nostd_panic_handler` (in Nightly builds, run with -Z macro-backtrace for more info)
[INFO] [stdout] 
[INFO] [stdout] 
[INFO] [stdout] warning: unexpected `cfg` condition value: `solana`
[INFO] [stdout]   --> programs/three_amm_pio/src/lib.rs:21:1
[INFO] [stdout]    |
[INFO] [stdout] 21 | default_allocator!();
[INFO] [stdout]    | ^^^^^^^^^^^^^^^^^^^^
[INFO] [stdout]    |
[INFO] [stdout]    = note: expected values for `target_os` are: `aix`, `amdhsa`, `android`, `cuda`, `cygwin`, `dragonfly`, `emscripten`, `espidf`, `freebsd`, `fuchsia`, `haiku`, `helenos`, `hermit`, `horizon`, `hurd`, `hyperlight`, `illumos`, `ios`, `l4re`, `linux`, `lynxos178`, `macos`, `managarm`, `motor`, `netbsd`, `none`, `nto`, `nuttx`, `openbsd`, `ps3`, `psp`, `psx`, `qnx`, `qurt`, and `redox` and 17 more
[INFO] [stdout]    = note: using a cfg inside a macro will use the cfgs from the destination crate and not the ones from the defining crate
[INFO] [stdout]    = help: try referring to `default_allocator` crate for guidance on how handle this unexpected cfg
[INFO] [stdout]    = note: see <https://doc.rust-lang.org/nightly/rustc/check-cfg/cargo-specifics.html> for more information about checking conditional configuration
[INFO] [stdout]    = note: `#[warn(unexpected_cfgs)]` on by default
[INFO] [stdout]    = note: this warning originates in the macro `default_allocator` (in Nightly builds, run with -Z macro-backtrace for more info)
[INFO] [stdout] 
[INFO] [stdout] 
[INFO] [stdout] warning: unexpected `cfg` condition value: `solana`
[INFO] [stdout]   --> programs/three_amm_pio/src/lib.rs:21:1
[INFO] [stdout]    |
[INFO] [stdout] 21 | default_allocator!();
[INFO] [stdout]    | ^^^^^^^^^^^^^^^^^^^^
[INFO] [stdout]    |
[INFO] [stdout]    = note: expected values for `target_os` are: `aix`, `amdhsa`, `android`, `cuda`, `cygwin`, `dragonfly`, `emscripten`, `espidf`, `freebsd`, `fuchsia`, `haiku`, `helenos`, `hermit`, `horizon`, `hurd`, `hyperlight`, `illumos`, `ios`, `l4re`, `linux`, `lynxos178`, `macos`, `managarm`, `motor`, `netbsd`, `none`, `nto`, `nuttx`, `openbsd`, `ps3`, `psp`, `psx`, `qnx`, `qurt`, and `redox` and 17 more
[INFO] [stdout]    = note: using a cfg inside a macro will use the cfgs from the destination crate and not the ones from the defining crate
[INFO] [stdout]    = help: try referring to `default_allocator` crate for guidance on how handle this unexpected cfg
[INFO] [stdout]    = note: see <https://doc.rust-lang.org/nightly/rustc/check-cfg/cargo-specifics.html> for more information about checking conditional configuration
[INFO] [stdout]    = note: this warning originates in the macro `default_allocator` (in Nightly builds, run with -Z macro-backtrace for more info)
[INFO] [stdout] 
[INFO] [stdout] 
[INFO] [stdout] warning: unexpected `cfg` condition value: `solana`
[INFO] [stdout]   --> programs/three_amm_pio/src/lib.rs:22:1
[INFO] [stdout]    |
[INFO] [stdout] 22 | nostd_panic_handler!();
[INFO] [stdout]    | ^^^^^^^^^^^^^^^^^^^^^^
[INFO] [stdout]    |
[INFO] [stdout]    = note: expected values for `target_os` are: `aix`, `amdhsa`, `android`, `cuda`, `cygwin`, `dragonfly`, `emscripten`, `espidf`, `freebsd`, `fuchsia`, `haiku`, `helenos`, `hermit`, `horizon`, `hurd`, `hyperlight`, `illumos`, `ios`, `l4re`, `linux`, `lynxos178`, `macos`, `managarm`, `motor`, `netbsd`, `none`, `nto`, `nuttx`, `openbsd`, `ps3`, `psp`, `psx`, `qnx`, `qurt`, and `redox` and 17 more
[INFO] [stdout]    = note: using a cfg inside a macro will use the cfgs from the destination crate and not the ones from the defining crate
[INFO] [stdout]    = help: try referring to `nostd_panic_handler` crate for guidance on how handle this unexpected cfg
[INFO] [stdout]    = note: see <https://doc.rust-lang.org/nightly/rustc/check-cfg/cargo-specifics.html> for more information about checking conditional configuration
[INFO] [stdout]    = note: this warning originates in the macro `nostd_panic_handler` (in Nightly builds, run with -Z macro-backtrace for more info)
[INFO] [stdout] 
[INFO] [stdout] 
[INFO] [stdout] warning: unexpected `cfg` condition value: `solana`
[INFO] [stdout]   --> programs/three_amm_pio/src/lib.rs:22:1
[INFO] [stdout]    |
[INFO] [stdout] 22 | nostd_panic_handler!();
[INFO] [stdout]    | ^^^^^^^^^^^^^^^^^^^^^^
[INFO] [stdout]    |
[INFO] [stdout]    = note: expected values for `target_os` are: `aix`, `amdhsa`, `android`, `cuda`, `cygwin`, `dragonfly`, `emscripten`, `espidf`, `freebsd`, `fuchsia`, `haiku`, `helenos`, `hermit`, `horizon`, `hurd`, `hyperlight`, `illumos`, `ios`, `l4re`, `linux`, `lynxos178`, `macos`, `managarm`, `motor`, `netbsd`, `none`, `nto`, `nuttx`, `openbsd`, `ps3`, `psp`, `psx`, `qnx`, `qurt`, and `redox` and 17 more
[INFO] [stdout]    = note: using a cfg inside a macro will use the cfgs from the destination crate and not the ones from the defining crate
[INFO] [stdout]    = help: try referring to `nostd_panic_handler` crate for guidance on how handle this unexpected cfg
[INFO] [stdout]    = note: see <https://doc.rust-lang.org/nightly/rustc/check-cfg/cargo-specifics.html> for more information about checking conditional configuration
[INFO] [stdout]    = note: this warning originates in the macro `nostd_panic_handler` (in Nightly builds, run with -Z macro-backtrace for more info)
[INFO] [stdout] 
[INFO] [stdout] 
[INFO] [stdout] warning: associated function `load` is never used
[INFO] [stdout]    --> programs/three_amm_pio/src/lib.rs:102:8
[INFO] [stdout]     |
[INFO] [stdout] 101 | impl Pool {
[INFO] [stdout]     | --------- associated function in this implementation
[INFO] [stdout] 102 |     fn load(data: &[u8]) -> Result<&Self, ProgramError> {
[INFO] [stdout]     |        ^^^^
[INFO] [stdout]     |
[INFO] [stdout]     = note: `#[warn(dead_code)]` (part of `#[warn(unused)]`) on by default
[INFO] [stdout] 
[INFO] [stdout] 
[INFO] [stdout] warning: associated function `load` is never used
[INFO] [stdout]    --> programs/three_amm_pio/src/lib.rs:102:8
[INFO] [stdout]     |
[INFO] [stdout] 101 | impl Pool {
[INFO] [stdout]     | --------- associated function in this implementation
[INFO] [stdout] 102 |     fn load(data: &[u8]) -> Result<&Self, ProgramError> {
[INFO] [stdout]     |        ^^^^
[INFO] [stdout]     |
[INFO] [stdout]     = note: `#[warn(dead_code)]` (part of `#[warn(unused)]`) on by default
[INFO] [stdout] 
[INFO] [stdout] 
[INFO] [stderr]     Checking spl-pod v0.7.4
[INFO] [stderr]     Checking spl-token-confidential-transfer-proof-generation v0.5.1
[INFO] [stderr]     Checking spl-token-metadata-interface v0.8.0
[INFO] [stderr]     Checking spl-token-confidential-transfer-proof-extraction v0.5.1
[INFO] [stderr]     Checking spl-token-2022-interface v2.1.0
[INFO] [stderr]    Compiling anchor-attribute-error v1.2.0
[INFO] [stderr]    Compiling anchor-attribute-constant v1.2.0
[INFO] [stderr]    Compiling anchor-attribute-account v1.2.0
[INFO] [stderr]    Compiling anchor-attribute-event v1.2.0
[INFO] [stderr]    Compiling anchor-derive-serde v1.2.0
[INFO] [stderr]    Compiling anchor-derive-accounts v1.2.0
[INFO] [stderr]    Compiling anchor-attribute-program v1.2.0
[INFO] [stderr]     Checking anchor-lang-error v1.2.0
[INFO] [stderr]     Checking anchor-lang v1.2.0
[INFO] [stderr]     Checking anchor-spl v1.2.0
[INFO] [stderr]     Checking three_amm v0.1.0 (/opt/rustwide/workdir/programs/three_amm)
[INFO] [stdout] warning: unexpected `cfg` condition value: `no-entrypoint`
[INFO] [stdout]   --> programs/three_amm/src/lib.rs:13:1
[INFO] [stdout]    |
[INFO] [stdout] 13 | #[program]
[INFO] [stdout]    | ^^^^^^^^^^
[INFO] [stdout]    |
[INFO] [stdout]    = note: expected values for `feature` are: `anchor-debug`, `default`, and `idl-build`
[INFO] [stdout]    = note: using a cfg inside a attribute macro will use the cfgs from the destination crate and not the ones from the defining crate
[INFO] [stdout]    = help: try referring to `program` crate for guidance on how handle this unexpected cfg
[INFO] [stdout]    = note: see <https://doc.rust-lang.org/nightly/rustc/check-cfg/cargo-specifics.html> for more information about checking conditional configuration
[INFO] [stdout]    = note: `#[warn(unexpected_cfgs)]` on by default
[INFO] [stdout]    = note: this warning originates in the attribute macro `program` (in Nightly builds, run with -Z macro-backtrace for more info)
[INFO] [stdout] 
[INFO] [stdout] 
[INFO] [stdout] warning: unexpected `cfg` condition value: `cpi`
[INFO] [stdout]   --> programs/three_amm/src/lib.rs:13:1
[INFO] [stdout]    |
[INFO] [stdout] 13 | #[program]
[INFO] [stdout]    | ^^^^^^^^^^
[INFO] [stdout]    |
[INFO] [stdout]    = note: expected values for `feature` are: `anchor-debug`, `default`, and `idl-build`
[INFO] [stdout]    = note: using a cfg inside a attribute macro will use the cfgs from the destination crate and not the ones from the defining crate
[INFO] [stdout]    = help: try referring to `program` crate for guidance on how handle this unexpected cfg
[INFO] [stdout]    = note: see <https://doc.rust-lang.org/nightly/rustc/check-cfg/cargo-specifics.html> for more information about checking conditional configuration
[INFO] [stdout]    = note: this warning originates in the attribute macro `program` (in Nightly builds, run with -Z macro-backtrace for more info)
[INFO] [stdout] 
[INFO] [stdout] 
[INFO] [stdout] warning: unexpected `cfg` condition value: `custom-heap`
[INFO] [stdout]   --> programs/three_amm/src/lib.rs:13:1
[INFO] [stdout]    |
[INFO] [stdout] 13 | #[program]
[INFO] [stdout]    | ^^^^^^^^^^
[INFO] [stdout]    |
[INFO] [stdout]    = note: expected values for `feature` are: `anchor-debug`, `default`, and `idl-build`
[INFO] [stdout]    = note: using a cfg inside a macro will use the cfgs from the destination crate and not the ones from the defining crate
[INFO] [stdout]    = help: try referring to `$crate::custom_heap_default` crate for guidance on how handle this unexpected cfg
[INFO] [stdout]    = note: see <https://doc.rust-lang.org/nightly/rustc/check-cfg/cargo-specifics.html> for more information about checking conditional configuration
[INFO] [stdout]    = note: this warning originates in the macro `$crate::custom_heap_default` which comes from the expansion of the attribute macro `program` (in Nightly builds, run with -Z macro-backtrace for more info)
[INFO] [stdout] 
[INFO] [stdout] 
[INFO] [stdout] warning: unexpected `cfg` condition value: `solana`
[INFO] [stdout]   --> programs/three_amm/src/lib.rs:13:1
[INFO] [stdout]    |
[INFO] [stdout] 13 | #[program]
[INFO] [stdout]    | ^^^^^^^^^^
[INFO] [stdout]    |
[INFO] [stdout]    = note: expected values for `target_os` are: `aix`, `amdhsa`, `android`, `cuda`, `cygwin`, `dragonfly`, `emscripten`, `espidf`, `freebsd`, `fuchsia`, `haiku`, `helenos`, `hermit`, `horizon`, `hurd`, `hyperlight`, `illumos`, `ios`, `l4re`, `linux`, `lynxos178`, `macos`, `managarm`, `motor`, `netbsd`, `none`, `nto`, `nuttx`, `openbsd`, `ps3`, `psp`, `psx`, `qnx`, `qurt`, and `redox` and 17 more
[INFO] [stdout]    = note: using a cfg inside a macro will use the cfgs from the destination crate and not the ones from the defining crate
[INFO] [stdout]    = help: try referring to `$crate::custom_heap_default` crate for guidance on how handle this unexpected cfg
[INFO] [stdout]    = note: see <https://doc.rust-lang.org/nightly/rustc/check-cfg/cargo-specifics.html> for more information about checking conditional configuration
[INFO] [stdout]    = note: this warning originates in the macro `$crate::custom_heap_default` which comes from the expansion of the attribute macro `program` (in Nightly builds, run with -Z macro-backtrace for more info)
[INFO] [stdout] 
[INFO] [stdout] 
[INFO] [stdout] warning: unexpected `cfg` condition value: `custom-panic`
[INFO] [stdout]   --> programs/three_amm/src/lib.rs:13:1
[INFO] [stdout]    |
[INFO] [stdout] 13 | #[program]
[INFO] [stdout]    | ^^^^^^^^^^
[INFO] [stdout]    |
[INFO] [stdout]    = note: expected values for `feature` are: `anchor-debug`, `default`, and `idl-build`
[INFO] [stdout]    = note: using a cfg inside a macro will use the cfgs from the destination crate and not the ones from the defining crate
[INFO] [stdout]    = help: try referring to `$crate::custom_panic_default` crate for guidance on how handle this unexpected cfg
[INFO] [stdout]    = note: see <https://doc.rust-lang.org/nightly/rustc/check-cfg/cargo-specifics.html> for more information about checking conditional configuration
[INFO] [stdout]    = note: this warning originates in the macro `$crate::custom_panic_default` which comes from the expansion of the attribute macro `program` (in Nightly builds, run with -Z macro-backtrace for more info)
[INFO] [stdout] 
[INFO] [stdout] 
[INFO] [stdout] warning: unexpected `cfg` condition value: `solana`
[INFO] [stdout]   --> programs/three_amm/src/lib.rs:13:1
[INFO] [stdout]    |
[INFO] [stdout] 13 | #[program]
[INFO] [stdout]    | ^^^^^^^^^^
[INFO] [stdout]    |
[INFO] [stdout]    = note: expected values for `target_os` are: `aix`, `amdhsa`, `android`, `cuda`, `cygwin`, `dragonfly`, `emscripten`, `espidf`, `freebsd`, `fuchsia`, `haiku`, `helenos`, `hermit`, `horizon`, `hurd`, `hyperlight`, `illumos`, `ios`, `l4re`, `linux`, `lynxos178`, `macos`, `managarm`, `motor`, `netbsd`, `none`, `nto`, `nuttx`, `openbsd`, `ps3`, `psp`, `psx`, `qnx`, `qurt`, and `redox` and 17 more
[INFO] [stdout]    = note: using a cfg inside a macro will use the cfgs from the destination crate and not the ones from the defining crate
[INFO] [stdout]    = help: try referring to `$crate::custom_panic_default` crate for guidance on how handle this unexpected cfg
[INFO] [stdout]    = note: see <https://doc.rust-lang.org/nightly/rustc/check-cfg/cargo-specifics.html> for more information about checking conditional configuration
[INFO] [stdout]    = note: this warning originates in the macro `$crate::custom_panic_default` which comes from the expansion of the attribute macro `program` (in Nightly builds, run with -Z macro-backtrace for more info)
[INFO] [stdout] 
[INFO] [stdout] 
[INFO] [stdout] warning: unexpected `cfg` condition value: `no-log-ix-name`
[INFO] [stdout]   --> programs/three_amm/src/lib.rs:13:1
[INFO] [stdout]    |
[INFO] [stdout] 13 | #[program]
[INFO] [stdout]    | ^^^^^^^^^^
[INFO] [stdout]    |
[INFO] [stdout]    = note: expected values for `feature` are: `anchor-debug`, `default`, and `idl-build`
[INFO] [stdout]    = note: using a cfg inside a attribute macro will use the cfgs from the destination crate and not the ones from the defining crate
[INFO] [stdout]    = help: try referring to `program` crate for guidance on how handle this unexpected cfg
[INFO] [stdout]    = note: see <https://doc.rust-lang.org/nightly/rustc/check-cfg/cargo-specifics.html> for more information about checking conditional configuration
[INFO] [stdout]    = note: this warning originates in the attribute macro `program` (in Nightly builds, run with -Z macro-backtrace for more info)
[INFO] [stdout] 
[INFO] [stdout] 
[INFO] [stdout] warning: unexpected `cfg` condition value: `no-entrypoint`
[INFO] [stdout]   --> programs/three_amm/src/lib.rs:13:1
[INFO] [stdout]    |
[INFO] [stdout] 13 | #[program]
[INFO] [stdout]    | ^^^^^^^^^^
[INFO] [stdout]    |
[INFO] [stdout]    = note: expected values for `feature` are: `anchor-debug`, `default`, and `idl-build`
[INFO] [stdout]    = note: using a cfg inside a attribute macro will use the cfgs from the destination crate and not the ones from the defining crate
[INFO] [stdout]    = help: try referring to `program` crate for guidance on how handle this unexpected cfg
[INFO] [stdout]    = note: see <https://doc.rust-lang.org/nightly/rustc/check-cfg/cargo-specifics.html> for more information about checking conditional configuration
[INFO] [stdout]    = note: `#[warn(unexpected_cfgs)]` on by default
[INFO] [stdout]    = note: this warning originates in the attribute macro `program` (in Nightly builds, run with -Z macro-backtrace for more info)
[INFO] [stdout] 
[INFO] [stdout] 
[INFO] [stdout] warning: unexpected `cfg` condition value: `cpi`
[INFO] [stdout]   --> programs/three_amm/src/lib.rs:13:1
[INFO] [stdout]    |
[INFO] [stdout] 13 | #[program]
[INFO] [stdout]    | ^^^^^^^^^^
[INFO] [stdout]    |
[INFO] [stdout]    = note: expected values for `feature` are: `anchor-debug`, `default`, and `idl-build`
[INFO] [stdout]    = note: using a cfg inside a attribute macro will use the cfgs from the destination crate and not the ones from the defining crate
[INFO] [stdout]    = help: try referring to `program` crate for guidance on how handle this unexpected cfg
[INFO] [stdout]    = note: see <https://doc.rust-lang.org/nightly/rustc/check-cfg/cargo-specifics.html> for more information about checking conditional configuration
[INFO] [stdout]    = note: this warning originates in the attribute macro `program` (in Nightly builds, run with -Z macro-backtrace for more info)
[INFO] [stdout] 
[INFO] [stdout] 
[INFO] [stdout] warning: unexpected `cfg` condition value: `custom-heap`
[INFO] [stdout]   --> programs/three_amm/src/lib.rs:13:1
[INFO] [stdout]    |
[INFO] [stdout] 13 | #[program]
[INFO] [stdout]    | ^^^^^^^^^^
[INFO] [stdout]    |
[INFO] [stdout]    = note: expected values for `feature` are: `anchor-debug`, `default`, and `idl-build`
[INFO] [stdout]    = note: using a cfg inside a macro will use the cfgs from the destination crate and not the ones from the defining crate
[INFO] [stdout]    = help: try referring to `$crate::custom_heap_default` crate for guidance on how handle this unexpected cfg
[INFO] [stdout]    = note: see <https://doc.rust-lang.org/nightly/rustc/check-cfg/cargo-specifics.html> for more information about checking conditional configuration
[INFO] [stdout]    = note: this warning originates in the macro `$crate::custom_heap_default` which comes from the expansion of the attribute macro `program` (in Nightly builds, run with -Z macro-backtrace for more info)
[INFO] [stdout] 
[INFO] [stdout] 
[INFO] [stdout] warning: unexpected `cfg` condition value: `solana`
[INFO] [stdout]   --> programs/three_amm/src/lib.rs:13:1
[INFO] [stdout]    |
[INFO] [stdout] 13 | #[program]
[INFO] [stdout]    | ^^^^^^^^^^
[INFO] [stdout]    |
[INFO] [stdout]    = note: expected values for `target_os` are: `aix`, `amdhsa`, `android`, `cuda`, `cygwin`, `dragonfly`, `emscripten`, `espidf`, `freebsd`, `fuchsia`, `haiku`, `helenos`, `hermit`, `horizon`, `hurd`, `hyperlight`, `illumos`, `ios`, `l4re`, `linux`, `lynxos178`, `macos`, `managarm`, `motor`, `netbsd`, `none`, `nto`, `nuttx`, `openbsd`, `ps3`, `psp`, `psx`, `qnx`, `qurt`, and `redox` and 17 more
[INFO] [stdout]    = note: using a cfg inside a macro will use the cfgs from the destination crate and not the ones from the defining crate
[INFO] [stdout]    = help: try referring to `$crate::custom_heap_default` crate for guidance on how handle this unexpected cfg
[INFO] [stdout]    = note: see <https://doc.rust-lang.org/nightly/rustc/check-cfg/cargo-specifics.html> for more information about checking conditional configuration
[INFO] [stdout]    = note: this warning originates in the macro `$crate::custom_heap_default` which comes from the expansion of the attribute macro `program` (in Nightly builds, run with -Z macro-backtrace for more info)
[INFO] [stdout] 
[INFO] [stdout] 
[INFO] [stdout] warning: unexpected `cfg` condition value: `custom-panic`
[INFO] [stdout]   --> programs/three_amm/src/lib.rs:13:1
[INFO] [stdout]    |
[INFO] [stdout] 13 | #[program]
[INFO] [stdout]    | ^^^^^^^^^^
[INFO] [stdout]    |
[INFO] [stdout]    = note: expected values for `feature` are: `anchor-debug`, `default`, and `idl-build`
[INFO] [stdout]    = note: using a cfg inside a macro will use the cfgs from the destination crate and not the ones from the defining crate
[INFO] [stdout]    = help: try referring to `$crate::custom_panic_default` crate for guidance on how handle this unexpected cfg
[INFO] [stdout]    = note: see <https://doc.rust-lang.org/nightly/rustc/check-cfg/cargo-specifics.html> for more information about checking conditional configuration
[INFO] [stdout]    = note: this warning originates in the macro `$crate::custom_panic_default` which comes from the expansion of the attribute macro `program` (in Nightly builds, run with -Z macro-backtrace for more info)
[INFO] [stdout] 
[INFO] [stdout] 
[INFO] [stdout] warning: unexpected `cfg` condition value: `solana`
[INFO] [stdout]   --> programs/three_amm/src/lib.rs:13:1
[INFO] [stdout]    |
[INFO] [stdout] 13 | #[program]
[INFO] [stdout]    | ^^^^^^^^^^
[INFO] [stdout]    |
[INFO] [stdout]    = note: expected values for `target_os` are: `aix`, `amdhsa`, `android`, `cuda`, `cygwin`, `dragonfly`, `emscripten`, `espidf`, `freebsd`, `fuchsia`, `haiku`, `helenos`, `hermit`, `horizon`, `hurd`, `hyperlight`, `illumos`, `ios`, `l4re`, `linux`, `lynxos178`, `macos`, `managarm`, `motor`, `netbsd`, `none`, `nto`, `nuttx`, `openbsd`, `ps3`, `psp`, `psx`, `qnx`, `qurt`, and `redox` and 17 more
[INFO] [stdout]    = note: using a cfg inside a macro will use the cfgs from the destination crate and not the ones from the defining crate
[INFO] [stdout]    = help: try referring to `$crate::custom_panic_default` crate for guidance on how handle this unexpected cfg
[INFO] [stdout]    = note: see <https://doc.rust-lang.org/nightly/rustc/check-cfg/cargo-specifics.html> for more information about checking conditional configuration
[INFO] [stdout]    = note: this warning originates in the macro `$crate::custom_panic_default` which comes from the expansion of the attribute macro `program` (in Nightly builds, run with -Z macro-backtrace for more info)
[INFO] [stdout] 
[INFO] [stdout] 
[INFO] [stdout] warning: unexpected `cfg` condition value: `no-log-ix-name`
[INFO] [stdout]   --> programs/three_amm/src/lib.rs:13:1
[INFO] [stdout]    |
[INFO] [stdout] 13 | #[program]
[INFO] [stdout]    | ^^^^^^^^^^
[INFO] [stdout]    |
[INFO] [stdout]    = note: expected values for `feature` are: `anchor-debug`, `default`, and `idl-build`
[INFO] [stdout]    = note: using a cfg inside a attribute macro will use the cfgs from the destination crate and not the ones from the defining crate
[INFO] [stdout]    = help: try referring to `program` crate for guidance on how handle this unexpected cfg
[INFO] [stdout]    = note: see <https://doc.rust-lang.org/nightly/rustc/check-cfg/cargo-specifics.html> for more information about checking conditional configuration
[INFO] [stdout]    = note: this warning originates in the attribute macro `program` (in Nightly builds, run with -Z macro-backtrace for more info)
[INFO] [stdout] 
[INFO] [stdout] 
[INFO] [stdout] error[E0308]: mismatched types
[INFO] [stdout]    --> programs/three_amm/src/lib.rs:71:17
[INFO] [stdout]     |
[INFO] [stdout]  70 |             CpiContext::new_with_signer(
[INFO] [stdout]     |             --------------------------- arguments to this function are incorrect
[INFO] [stdout]  71 |                 ctx.accounts.token_program.to_account_info(),
[INFO] [stdout]     |                 ^^^^^^^^^^^^^^^^^^^^^^^^^^^^^^^^^^^^^^^^^^^^ expected `Pubkey`, found `AccountInfo<'_>`
[INFO] [stdout]     |
[INFO] [stdout] note: associated function defined here
[INFO] [stdout]    --> /opt/rustwide/cargo-home/registry/src/index.crates.io-1949cf8c6b5b557f/anchor-lang-1.2.0/src/context.rs:198:12
[INFO] [stdout]     |
[INFO] [stdout] 198 |     pub fn new_with_signer(
[INFO] [stdout]     |            ^^^^^^^^^^^^^^^
[INFO] [stdout] 
[INFO] [stdout] 
[INFO] [stdout] error[E0308]: mismatched types
[INFO] [stdout]    --> programs/three_amm/src/lib.rs:100:17
[INFO] [stdout]     |
[INFO] [stdout]  99 |             CpiContext::new(
[INFO] [stdout]     |             --------------- arguments to this function are incorrect
[INFO] [stdout] 100 |                 ctx.accounts.token_program.to_account_info(),
[INFO] [stdout]     |                 ^^^^^^^^^^^^^^^^^^^^^^^^^^^^^^^^^^^^^^^^^^^^ expected `Pubkey`, found `AccountInfo<'_>`
[INFO] [stdout]     |
[INFO] [stdout] note: associated function defined here
[INFO] [stdout]    --> /opt/rustwide/cargo-home/registry/src/index.crates.io-1949cf8c6b5b557f/anchor-lang-1.2.0/src/context.rs:188:12
[INFO] [stdout]     |
[INFO] [stdout] 188 |     pub fn new(program_id: Pubkey, accounts: T) -> Self {
[INFO] [stdout]     |            ^^^
[INFO] [stdout] 
[INFO] [stdout] 
[INFO] [stdout] error[E0308]: mismatched types
[INFO] [stdout]    --> programs/three_amm/src/lib.rs:120:17
[INFO] [stdout]     |
[INFO] [stdout] 119 |             CpiContext::new_with_signer(
[INFO] [stdout]     |             --------------------------- arguments to this function are incorrect
[INFO] [stdout] 120 |                 ctx.accounts.token_program.to_account_info(),
[INFO] [stdout]     |                 ^^^^^^^^^^^^^^^^^^^^^^^^^^^^^^^^^^^^^^^^^^^^ expected `Pubkey`, found `AccountInfo<'_>`
[INFO] [stdout]     |
[INFO] [stdout] note: associated function defined here
[INFO] [stdout]    --> /opt/rustwide/cargo-home/registry/src/index.crates.io-1949cf8c6b5b557f/anchor-lang-1.2.0/src/context.rs:198:12
[INFO] [stdout]     |
[INFO] [stdout] 198 |     pub fn new_with_signer(
[INFO] [stdout]     |            ^^^^^^^^^^^^^^^
[INFO] [stdout] 
[INFO] [stdout] 
[INFO] [stdout] error[E0308]: mismatched types
[INFO] [stdout]    --> programs/three_amm/src/lib.rs:132:17
[INFO] [stdout]     |
[INFO] [stdout] 131 |             CpiContext::new_with_signer(
[INFO] [stdout]     |             --------------------------- arguments to this function are incorrect
[INFO] [stdout] 132 |                 ctx.accounts.token_program.to_account_info(),
[INFO] [stdout]     |                 ^^^^^^^^^^^^^^^^^^^^^^^^^^^^^^^^^^^^^^^^^^^^ expected `Pubkey`, found `AccountInfo<'_>`
[INFO] [stdout]     |
[INFO] [stdout] note: associated function defined here
[INFO] [stdout]    --> /opt/rustwide/cargo-home/registry/src/index.crates.io-1949cf8c6b5b557f/anchor-lang-1.2.0/src/context.rs:198:12
[INFO] [stdout]     |
[INFO] [stdout] 198 |     pub fn new_with_signer(
[INFO] [stdout]     |            ^^^^^^^^^^^^^^^
[INFO] [stdout] 
[INFO] [stdout] 
[INFO] [stdout] error[E0308]: mismatched types
[INFO] [stdout]    --> programs/three_amm/src/lib.rs:144:17
[INFO] [stdout]     |
[INFO] [stdout] 143 |             CpiContext::new_with_signer(
[INFO] [stdout]     |             --------------------------- arguments to this function are incorrect
[INFO] [stdout] 144 |                 ctx.accounts.token_program.to_account_info(),
[INFO] [stdout]     |                 ^^^^^^^^^^^^^^^^^^^^^^^^^^^^^^^^^^^^^^^^^^^^ expected `Pubkey`, found `AccountInfo<'_>`
[INFO] [stdout]     |
[INFO] [stdout] note: associated function defined here
[INFO] [stdout]    --> /opt/rustwide/cargo-home/registry/src/index.crates.io-1949cf8c6b5b557f/anchor-lang-1.2.0/src/context.rs:198:12
[INFO] [stdout]     |
[INFO] [stdout] 198 |     pub fn new_with_signer(
[INFO] [stdout]     |            ^^^^^^^^^^^^^^^
[INFO] [stdout] 
[INFO] [stdout] 
[INFO] [stdout] error[E0308]: mismatched types
[INFO] [stdout]    --> programs/three_amm/src/lib.rs:202:17
[INFO] [stdout]     |
[INFO] [stdout] 201 |             CpiContext::new(
[INFO] [stdout]     |             --------------- arguments to this function are incorrect
[INFO] [stdout] 202 |                 ctx.accounts.token_program.to_account_info(),
[INFO] [stdout]     |                 ^^^^^^^^^^^^^^^^^^^^^^^^^^^^^^^^^^^^^^^^^^^^ expected `Pubkey`, found `AccountInfo<'_>`
[INFO] [stdout]     |
[INFO] [stdout] note: associated function defined here
[INFO] [stdout]    --> /opt/rustwide/cargo-home/registry/src/index.crates.io-1949cf8c6b5b557f/anchor-lang-1.2.0/src/context.rs:188:12
[INFO] [stdout]     |
[INFO] [stdout] 188 |     pub fn new(program_id: Pubkey, accounts: T) -> Self {
[INFO] [stdout]     |            ^^^
[INFO] [stdout] 
[INFO] [stdout] 
[INFO] [stdout] error[E0308]: mismatched types
[INFO] [stdout]    --> programs/three_amm/src/lib.rs:236:17
[INFO] [stdout]     |
[INFO] [stdout] 235 |             CpiContext::new_with_signer(
[INFO] [stdout]     |             --------------------------- arguments to this function are incorrect
[INFO] [stdout] 236 |                 ctx.accounts.token_program.to_account_info(),
[INFO] [stdout]     |                 ^^^^^^^^^^^^^^^^^^^^^^^^^^^^^^^^^^^^^^^^^^^^ expected `Pubkey`, found `AccountInfo<'_>`
[INFO] [stdout]     |
[INFO] [stdout] note: associated function defined here
[INFO] [stdout]    --> /opt/rustwide/cargo-home/registry/src/index.crates.io-1949cf8c6b5b557f/anchor-lang-1.2.0/src/context.rs:198:12
[INFO] [stdout]     |
[INFO] [stdout] 198 |     pub fn new_with_signer(
[INFO] [stdout]     |            ^^^^^^^^^^^^^^^
[INFO] [stdout] 
[INFO] [stdout] 
[INFO] [stdout] error[E0308]: mismatched types
[INFO] [stdout]    --> programs/three_amm/src/lib.rs:71:17
[INFO] [stdout]     |
[INFO] [stdout]  70 |             CpiContext::new_with_signer(
[INFO] [stdout]     |             --------------------------- arguments to this function are incorrect
[INFO] [stdout]  71 |                 ctx.accounts.token_program.to_account_info(),
[INFO] [stdout]     |                 ^^^^^^^^^^^^^^^^^^^^^^^^^^^^^^^^^^^^^^^^^^^^ expected `Pubkey`, found `AccountInfo<'_>`
[INFO] [stdout]     |
[INFO] [stdout] note: associated function defined here
[INFO] [stdout]    --> /opt/rustwide/cargo-home/registry/src/index.crates.io-1949cf8c6b5b557f/anchor-lang-1.2.0/src/context.rs:198:12
[INFO] [stdout]     |
[INFO] [stdout] 198 |     pub fn new_with_signer(
[INFO] [stdout]     |            ^^^^^^^^^^^^^^^
[INFO] [stdout] 
[INFO] [stdout] 
[INFO] [stdout] error[E0308]: mismatched types
[INFO] [stdout]    --> programs/three_amm/src/lib.rs:100:17
[INFO] [stdout]     |
[INFO] [stdout]  99 |             CpiContext::new(
[INFO] [stdout]     |             --------------- arguments to this function are incorrect
[INFO] [stdout] 100 |                 ctx.accounts.token_program.to_account_info(),
[INFO] [stdout]     |                 ^^^^^^^^^^^^^^^^^^^^^^^^^^^^^^^^^^^^^^^^^^^^ expected `Pubkey`, found `AccountInfo<'_>`
[INFO] [stdout]     |
[INFO] [stdout] note: associated function defined here
[INFO] [stdout]    --> /opt/rustwide/cargo-home/registry/src/index.crates.io-1949cf8c6b5b557f/anchor-lang-1.2.0/src/context.rs:188:12
[INFO] [stdout]     |
[INFO] [stdout] 188 |     pub fn new(program_id: Pubkey, accounts: T) -> Self {
[INFO] [stdout]     |            ^^^
[INFO] [stdout] 
[INFO] [stdout] 
[INFO] [stdout] error[E0308]: mismatched types
[INFO] [stdout]    --> programs/three_amm/src/lib.rs:120:17
[INFO] [stdout]     |
[INFO] [stdout] 119 |             CpiContext::new_with_signer(
[INFO] [stdout]     |             --------------------------- arguments to this function are incorrect
[INFO] [stdout] 120 |                 ctx.accounts.token_program.to_account_info(),
[INFO] [stdout]     |                 ^^^^^^^^^^^^^^^^^^^^^^^^^^^^^^^^^^^^^^^^^^^^ expected `Pubkey`, found `AccountInfo<'_>`
[INFO] [stdout]     |
[INFO] [stdout] note: associated function defined here
[INFO] [stdout]    --> /opt/rustwide/cargo-home/registry/src/index.crates.io-1949cf8c6b5b557f/anchor-lang-1.2.0/src/context.rs:198:12
[INFO] [stdout]     |
[INFO] [stdout] 198 |     pub fn new_with_signer(
[INFO] [stdout]     |            ^^^^^^^^^^^^^^^
[INFO] [stdout] 
[INFO] [stdout] 
[INFO] [stdout] error[E0308]: mismatched types
[INFO] [stdout]    --> programs/three_amm/src/lib.rs:132:17
[INFO] [stdout]     |
[INFO] [stdout] 131 |             CpiContext::new_with_signer(
[INFO] [stdout]     |             --------------------------- arguments to this function are incorrect
[INFO] [stdout] 132 |                 ctx.accounts.token_program.to_account_info(),
[INFO] [stdout]     |                 ^^^^^^^^^^^^^^^^^^^^^^^^^^^^^^^^^^^^^^^^^^^^ expected `Pubkey`, found `AccountInfo<'_>`
[INFO] [stdout]     |
[INFO] [stdout] note: associated function defined here
[INFO] [stdout]    --> /opt/rustwide/cargo-home/registry/src/index.crates.io-1949cf8c6b5b557f/anchor-lang-1.2.0/src/context.rs:198:12
[INFO] [stdout]     |
[INFO] [stdout] 198 |     pub fn new_with_signer(
[INFO] [stdout]     |            ^^^^^^^^^^^^^^^
[INFO] [stdout] 
[INFO] [stdout] 
[INFO] [stdout] error[E0308]: mismatched types
[INFO] [stdout]    --> programs/three_amm/src/lib.rs:144:17
[INFO] [stdout]     |
[INFO] [stdout] 143 |             CpiContext::new_with_signer(
[INFO] [stdout]     |             --------------------------- arguments to this function are incorrect
[INFO] [stdout] 144 |                 ctx.accounts.token_program.to_account_info(),
[INFO] [stdout]     |                 ^^^^^^^^^^^^^^^^^^^^^^^^^^^^^^^^^^^^^^^^^^^^ expected `Pubkey`, found `AccountInfo<'_>`
[INFO] [stdout]     |
[INFO] [stdout] note: associated function defined here
[INFO] [stdout]    --> /opt/rustwide/cargo-home/registry/src/index.crates.io-1949cf8c6b5b557f/anchor-lang-1.2.0/src/context.rs:198:12
[INFO] [stdout]     |
[INFO] [stdout] 198 |     pub fn new_with_signer(
[INFO] [stdout]     |            ^^^^^^^^^^^^^^^
[INFO] [stdout] 
[INFO] [stdout] 
[INFO] [stdout] error[E0308]: mismatched types
[INFO] [stdout]    --> programs/three_amm/src/lib.rs:202:17
[INFO] [stdout]     |
[INFO] [stdout] 201 |             CpiContext::new(
[INFO] [stdout]     |             --------------- arguments to this function are incorrect
[INFO] [stdout] 202 |                 ctx.accounts.token_program.to_account_info(),
[INFO] [stdout]     |                 ^^^^^^^^^^^^^^^^^^^^^^^^^^^^^^^^^^^^^^^^^^^^ expected `Pubkey`, found `AccountInfo<'_>`
[INFO] [stdout]     |
[INFO] [stdout] note: associated function defined here
[INFO] [stdout]    --> /opt/rustwide/cargo-home/registry/src/index.crates.io-1949cf8c6b5b557f/anchor-lang-1.2.0/src/context.rs:188:12
[INFO] [stdout]     |
[INFO] [stdout] 188 |     pub fn new(program_id: Pubkey, accounts: T) -> Self {
[INFO] [stdout]     |            ^^^
[INFO] [stdout] 
[INFO] [stdout] 
[INFO] [stdout] error[E0308]: mismatched types
[INFO] [stdout]    --> programs/three_amm/src/lib.rs:236:17
[INFO] [stdout]     |
[INFO] [stdout] 235 |             CpiContext::new_with_signer(
[INFO] [stdout]     |             --------------------------- arguments to this function are incorrect
[INFO] [stdout] 236 |                 ctx.accounts.token_program.to_account_info(),
[INFO] [stdout]     |                 ^^^^^^^^^^^^^^^^^^^^^^^^^^^^^^^^^^^^^^^^^^^^ expected `Pubkey`, found `AccountInfo<'_>`
[INFO] [stdout]     |
[INFO] [stdout] note: associated function defined here
[INFO] [stdout]    --> /opt/rustwide/cargo-home/registry/src/index.crates.io-1949cf8c6b5b557f/anchor-lang-1.2.0/src/context.rs:198:12
[INFO] [stdout]     |
[INFO] [stdout] 198 |     pub fn new_with_signer(
[INFO] [stdout]     |            ^^^^^^^^^^^^^^^
[INFO] [stdout] 
[INFO] [stdout] 
[INFO] [stdout] error[E0308]: mismatched types
[INFO] [stdout]    --> programs/three_amm/src/lib.rs:363:13
[INFO] [stdout]     |
[INFO] [stdout] 362 |         CpiContext::new(
[INFO] [stdout]     |         --------------- arguments to this function are incorrect
[INFO] [stdout] 363 |             self.token_program.to_account_info(),
[INFO] [stdout]     |             ^^^^^^^^^^^^^^^^^^^^^^^^^^^^^^^^^^^^ expected `Pubkey`, found `AccountInfo<'_>`
[INFO] [stdout]     |
[INFO] [stdout] note: associated function defined here
[INFO] [stdout]    --> /opt/rustwide/cargo-home/registry/src/index.crates.io-1949cf8c6b5b557f/anchor-lang-1.2.0/src/context.rs:188:12
[INFO] [stdout]     |
[INFO] [stdout] 188 |     pub fn new(program_id: Pubkey, accounts: T) -> Self {
[INFO] [stdout]     |            ^^^
[INFO] [stdout] 
[INFO] [stdout] 
[INFO] [stdout] error[E0308]: mismatched types
[INFO] [stdout]    --> programs/three_amm/src/lib.rs:373:13
[INFO] [stdout]     |
[INFO] [stdout] 372 |         CpiContext::new(
[INFO] [stdout]     |         --------------- arguments to this function are incorrect
[INFO] [stdout] 373 |             self.token_program.to_account_info(),
[INFO] [stdout]     |             ^^^^^^^^^^^^^^^^^^^^^^^^^^^^^^^^^^^^ expected `Pubkey`, found `AccountInfo<'_>`
[INFO] [stdout]     |
[INFO] [stdout] note: associated function defined here
[INFO] [stdout]    --> /opt/rustwide/cargo-home/registry/src/index.crates.io-1949cf8c6b5b557f/anchor-lang-1.2.0/src/context.rs:188:12
[INFO] [stdout]     |
[INFO] [stdout] 188 |     pub fn new(program_id: Pubkey, accounts: T) -> Self {
[INFO] [stdout]     |            ^^^
[INFO] [stdout] 
[INFO] [stdout] 
[INFO] [stdout] error[E0308]: mismatched types
[INFO] [stdout]    --> programs/three_amm/src/lib.rs:383:13
[INFO] [stdout]     |
[INFO] [stdout] 382 |         CpiContext::new(
[INFO] [stdout]     |         --------------- arguments to this function are incorrect
[INFO] [stdout] 383 |             self.token_program.to_account_info(),
[INFO] [stdout]     |             ^^^^^^^^^^^^^^^^^^^^^^^^^^^^^^^^^^^^ expected `Pubkey`, found `AccountInfo<'_>`
[INFO] [stdout]     |
[INFO] [stdout] note: associated function defined here
[INFO] [stdout]    --> /opt/rustwide/cargo-home/registry/src/index.crates.io-1949cf8c6b5b557f/anchor-lang-1.2.0/src/context.rs:188:12
[INFO] [stdout]     |
[INFO] [stdout] 188 |     pub fn new(program_id: Pubkey, accounts: T) -> Self {
[INFO] [stdout]     |            ^^^
[INFO] [stdout] 
[INFO] [stdout] 
[INFO] [stdout] error[E0308]: mismatched types
[INFO] [stdout]    --> programs/three_amm/src/lib.rs:363:13
[INFO] [stdout]     |
[INFO] [stdout] 362 |         CpiContext::new(
[INFO] [stdout]     |         --------------- arguments to this function are incorrect
[INFO] [stdout] 363 |             self.token_program.to_account_info(),
[INFO] [stdout]     |             ^^^^^^^^^^^^^^^^^^^^^^^^^^^^^^^^^^^^ expected `Pubkey`, found `AccountInfo<'_>`
[INFO] [stdout]     |
[INFO] [stdout] note: associated function defined here
[INFO] [stdout]    --> /opt/rustwide/cargo-home/registry/src/index.crates.io-1949cf8c6b5b557f/anchor-lang-1.2.0/src/context.rs:188:12
[INFO] [stdout]     |
[INFO] [stdout] 188 |     pub fn new(program_id: Pubkey, accounts: T) -> Self {
[INFO] [stdout]     |            ^^^
[INFO] [stdout] 
[INFO] [stdout] 
[INFO] [stdout] error[E0308]: mismatched types
[INFO] [stdout]    --> programs/three_amm/src/lib.rs:373:13
[INFO] [stdout]     |
[INFO] [stdout] 372 |         CpiContext::new(
[INFO] [stdout]     |         --------------- arguments to this function are incorrect
[INFO] [stdout] 373 |             self.token_program.to_account_info(),
[INFO] [stdout]     |             ^^^^^^^^^^^^^^^^^^^^^^^^^^^^^^^^^^^^ expected `Pubkey`, found `AccountInfo<'_>`
[INFO] [stdout]     |
[INFO] [stdout] note: associated function defined here
[INFO] [stdout]    --> /opt/rustwide/cargo-home/registry/src/index.crates.io-1949cf8c6b5b557f/anchor-lang-1.2.0/src/context.rs:188:12
[INFO] [stdout]     |
[INFO] [stdout] 188 |     pub fn new(program_id: Pubkey, accounts: T) -> Self {
[INFO] [stdout]     |            ^^^
[INFO] [stdout] 
[INFO] [stdout] 
[INFO] [stdout] error[E0308]: mismatched types
[INFO] [stdout]    --> programs/three_amm/src/lib.rs:383:13
[INFO] [stdout]     |
[INFO] [stdout] 382 |         CpiContext::new(
[INFO] [stdout]     |         --------------- arguments to this function are incorrect
[INFO] [stdout] 383 |             self.token_program.to_account_info(),
[INFO] [stdout]     |             ^^^^^^^^^^^^^^^^^^^^^^^^^^^^^^^^^^^^ expected `Pubkey`, found `AccountInfo<'_>`
[INFO] [stdout]     |
[INFO] [stdout] note: associated function defined here
[INFO] [stdout]    --> /opt/rustwide/cargo-home/registry/src/index.crates.io-1949cf8c6b5b557f/anchor-lang-1.2.0/src/context.rs:188:12
[INFO] [stdout]     |
[INFO] [stdout] 188 |     pub fn new(program_id: Pubkey, accounts: T) -> Self {
[INFO] [stdout]     |            ^^^
[INFO] [stdout] 
[INFO] [stdout] 
[INFO] [stdout] For more information about this error, try `rustc --explain E0308`.
[INFO] [stdout] 
[INFO] [stderr] error: could not compile `three_amm` (lib) due to 10 previous errors; 7 warnings emitted
[INFO] [stderr] warning: build failed, waiting for other jobs to finish...
[INFO] [stdout] For more information about this error, try `rustc --explain E0308`.
[INFO] [stdout] 
[INFO] [stderr] error: could not compile `three_amm` (lib test) due to 10 previous errors; 7 warnings emitted
[INFO] running `Command { std: "docker" "inspect" "e2c039c43464088313e4331bd41418bb5fef26299eeef4996101905e7f37c6fd", kill_on_drop: false }`
[INFO] running `Command { std: "docker" "rm" "-f" "e2c039c43464088313e4331bd41418bb5fef26299eeef4996101905e7f37c6fd", kill_on_drop: false }`
[INFO] [stdout] e2c039c43464088313e4331bd41418bb5fef26299eeef4996101905e7f37c6fd
