[INFO] cloning repository https://github.com/seididieci/lane_lunacy
[INFO] running `Command { std: "git" "-c" "credential.helper=" "-c" "credential.helper=/workspace/cargo-home/bin/git-credential-null" "clone" "--bare" "https://github.com/seididieci/lane_lunacy" "/workspace/cache/git-repos/https%3A%2F%2Fgithub.com%2Fseididieci%2Flane_lunacy", kill_on_drop: false }`
[INFO] [stderr] Cloning into bare repository '/workspace/cache/git-repos/https%3A%2F%2Fgithub.com%2Fseididieci%2Flane_lunacy'...
[INFO] running `Command { std: "git" "rev-parse" "HEAD", kill_on_drop: false }`
[INFO] [stdout] 6f62ca61bf09d774a7ceb2a2843f0761cd3f9a15
[INFO] checking seididieci/lane_lunacy against 3154cc1a3e6424e44f438a95007d043ed5ceaaf6+rustflags=-Znext-solver=coherence for pr-133502-30
[INFO] running `Command { std: "git" "clone" "/workspace/cache/git-repos/https%3A%2F%2Fgithub.com%2Fseididieci%2Flane_lunacy" "/workspace/builds/worker-5-tc1/source", kill_on_drop: false }`
[INFO] [stderr] Cloning into '/workspace/builds/worker-5-tc1/source'...
[INFO] [stderr] done.
[INFO] removed /workspace/builds/worker-5-tc1/source/.cargo/config.toml
[INFO] started tweaking git repo https://github.com/seididieci/lane_lunacy
[INFO] finished tweaking git repo https://github.com/seididieci/lane_lunacy
[INFO] tweaked toml for git repo https://github.com/seididieci/lane_lunacy written to /workspace/builds/worker-5-tc1/source/Cargo.toml
[INFO] validating manifest of git repo https://github.com/seididieci/lane_lunacy on toolchain 3154cc1a3e6424e44f438a95007d043ed5ceaaf6
[INFO] running `Command { std: CARGO_HOME="/workspace/cargo-home" RUSTUP_HOME="/workspace/rustup-home" "/workspace/cargo-home/bin/cargo" "+3154cc1a3e6424e44f438a95007d043ed5ceaaf6" "metadata" "--manifest-path" "Cargo.toml" "--no-deps", kill_on_drop: false }`
[INFO] crate git repo https://github.com/seididieci/lane_lunacy already has a lockfile, it will not be regenerated
[INFO] running `Command { std: CARGO_HOME="/workspace/cargo-home" RUSTUP_HOME="/workspace/rustup-home" "/workspace/cargo-home/bin/cargo" "+3154cc1a3e6424e44f438a95007d043ed5ceaaf6" "fetch" "--manifest-path" "Cargo.toml", kill_on_drop: false }`
[INFO] [stderr]     Blocking waiting for file lock on package cache
[INFO] [stderr]     Updating crates.io index
[INFO] [stderr]     Blocking waiting for file lock on package cache
[INFO] [stderr]  Downloading crates ...
[INFO] [stderr]   Downloaded vulkano-macros v0.35.0
[INFO] [stderr]   Downloaded vk-parse v0.15.0
[INFO] [stderr]   Downloaded shaderc v0.10.1
[INFO] [stderr]   Downloaded slabbin v1.2.0
[INFO] [stderr]   Downloaded vulkano v0.35.2
[INFO] [stderr]   Downloaded shaderc-sys v0.10.1
[INFO] running `Command { std: "docker" "create" "-v" "/var/lib/crater-agent-workspace/builds/worker-5-tc1/source:/opt/rustwide/workdir:ro,Z" "-v" "/var/lib/crater-agent-workspace/builds/worker-5-tc1/target:/opt/rustwide/target:rw,Z" "-v" "/var/lib/crater-agent-workspace/cargo-home:/opt/rustwide/cargo-home:ro,Z" "-v" "/var/lib/crater-agent-workspace/rustup-home:/opt/rustwide/rustup-home:ro,Z" "-m" "1610612736" "--network" "none" "ghcr.io/rust-lang/crates-build-env/linux@sha256:77db811e55d90add9212f6832c23229e3de5f1c1f9905e8cb07319ea15df73ac" "sleep" "infinity", kill_on_drop: false }`
[INFO] [stdout] 0c932a530e980f2f90c9694d0df204468f060ebcf1888a344d3606fa0c7c4ec4
[INFO] running `Command { std: "docker" "start" "0c932a530e980f2f90c9694d0df204468f060ebcf1888a344d3606fa0c7c4ec4", kill_on_drop: false }`
[INFO] running `Command { std: "docker" "inspect" "0c932a530e980f2f90c9694d0df204468f060ebcf1888a344d3606fa0c7c4ec4", kill_on_drop: false }`
[INFO] running `Command { std: "docker" "exec" "-e" "SOURCE_DIR=/opt/rustwide/workdir" "-e" "CARGO_HOME=/opt/rustwide/cargo-home" "-e" "RUSTUP_HOME=/opt/rustwide/rustup-home" "-e" "CARGO_TARGET_DIR=/opt/rustwide/target" "-w" "/opt/rustwide/workdir" "--user" "0:0" "0c932a530e980f2f90c9694d0df204468f060ebcf1888a344d3606fa0c7c4ec4" "/opt/rustwide/cargo-home/bin/cargo" "+3154cc1a3e6424e44f438a95007d043ed5ceaaf6" "metadata" "--no-deps" "--format-version=1", kill_on_drop: false }`
[INFO] running `Command { std: "docker" "inspect" "0c932a530e980f2f90c9694d0df204468f060ebcf1888a344d3606fa0c7c4ec4", kill_on_drop: false }`
[INFO] running `Command { std: "docker" "exec" "-e" "SOURCE_DIR=/opt/rustwide/workdir" "-e" "CARGO_HOME=/opt/rustwide/cargo-home" "-e" "RUSTUP_HOME=/opt/rustwide/rustup-home" "-e" "CARGO_TARGET_DIR=/opt/rustwide/target" "-e" "CARGO_INCREMENTAL=0" "-e" "RUST_BACKTRACE=full" "-e" "RUSTFLAGS=--cap-lints=forbid -Znext-solver=coherence" "-e" "RUSTDOCFLAGS=--cap-lints=forbid" "-w" "/opt/rustwide/workdir" "--user" "0:0" "0c932a530e980f2f90c9694d0df204468f060ebcf1888a344d3606fa0c7c4ec4" "/opt/rustwide/cargo-home/bin/cargo" "+3154cc1a3e6424e44f438a95007d043ed5ceaaf6" "check" "--frozen" "--all" "--all-targets" "--message-format=json", kill_on_drop: false }`
[INFO] [stderr]    Compiling cc v1.2.67
[INFO] [stderr]    Compiling wayland-sys v0.31.11
[INFO] [stderr]    Compiling quick-xml v0.39.4
[INFO] [stderr]    Compiling syn v2.0.119
[INFO] [stderr]     Checking rustix v1.1.4
[INFO] [stderr]    Compiling zerocopy v0.8.54
[INFO] [stderr]     Checking num-bigint v0.4.8
[INFO] [stderr]     Checking rayon v1.12.0
[INFO] [stderr]    Compiling libm v0.2.16
[INFO] [stderr]    Compiling built v0.8.1
[INFO] [stderr]    Compiling roxmltree v0.20.0
[INFO] [stderr]     Checking rustix v0.38.44
[INFO] [stderr]     Checking nom v8.0.0
[INFO] [stderr]     Checking no_std_io2 v0.9.4
[INFO] [stderr]    Compiling pulp v0.22.3
[INFO] [stderr]    Compiling alsa-sys v0.4.0
[INFO] [stderr]    Compiling serde_json v1.0.150
[INFO] [stderr]    Compiling toml_parser v1.1.2+spec-1.1.0
[INFO] [stderr]     Checking bitstream-io v4.10.0
[INFO] [stderr]     Checking itertools v0.14.0
[INFO] [stderr]    Compiling simd_helpers v0.1.0
[INFO] [stderr]     Checking raw-cpuid v11.6.0
[INFO] [stderr]     Checking pulp-wasm-simd-flag v0.1.1
[INFO] [stderr]     Checking imgref v1.12.2
[INFO] [stderr]    Compiling rav1e v0.8.1
[INFO] [stderr]     Checking zune-jpeg v0.5.15
[INFO] [stderr]     Checking loop9 v0.1.5
[INFO] [stderr]    Compiling nom v7.1.3
[INFO] [stderr]     Checking num-rational v0.4.2
[INFO] [stderr]    Compiling cmake v0.1.58
[INFO] [stderr]    Compiling wayland-scanner v0.31.10
[INFO] [stderr]    Compiling toml_edit v0.25.13+spec-1.1.0
[INFO] [stderr]    Compiling vk-parse v0.15.0
[INFO] [stderr]     Checking zune-inflate v0.2.54
[INFO] [stderr]     Checking memmap2 v0.9.11
[INFO] [stderr]    Compiling wayland-backend v0.3.15
[INFO] [stderr]    Compiling link-cplusplus v1.0.12
[INFO] [stderr]    Compiling shaderc-sys v0.10.1
[INFO] [stderr]     Checking avif-serialize v0.8.9
[INFO] [stderr]     Checking fax v0.2.7
[INFO] [stderr]    Compiling foldhash v0.1.5
[INFO] [stderr]    Compiling cpal v0.17.3
[INFO] [stderr]     Checking moxcms v0.8.1
[INFO] [stderr]    Compiling proc-macro-crate v3.5.0
[INFO] [stderr]     Checking gif v0.14.2
[INFO] [stderr]     Checking alsa v0.11.0
[INFO] [stderr]     Checking png v0.18.1
[INFO] [stderr]     Checking tracing-core v0.1.36
[INFO] [stderr]     Checking winnow v1.0.4
[INFO] [stderr]     Checking hashbrown v0.15.5
[INFO] [stderr]     Checking parking_lot v0.12.5
[INFO] [stderr]     Checking maybe-rayon v0.1.1
[INFO] [stderr]     Checking ash v0.38.0+1.3.281
[INFO] [stderr]     Checking tracing v0.1.44
[INFO] [stderr]     Checking xkbcommon-dl v0.4.2
[INFO] [stderr]     Checking serde_spanned v1.1.1
[INFO] [stderr]     Checking toml_datetime v0.7.5+spec-1.1.0
[INFO] [stderr]     Checking crossbeam-queue v0.3.13
[INFO] [stderr]     Checking ttf-parser v0.21.1
[INFO] [stderr]     Checking slabbin v1.2.0
[INFO] [stderr]     Checking toml_writer v1.1.2+spec-1.1.0
[INFO] [stderr]     Checking winnow v0.7.15
[INFO] [stderr]     Checking glam v0.29.3
[INFO] [stderr]    Compiling bytemuck_derive v1.11.0
[INFO] [stderr]    Compiling equator-macro v0.4.2
[INFO] [stderr]    Compiling zerocopy-derive v0.8.54
[INFO] [stderr]    Compiling serde_derive v1.0.228
[INFO] [stderr]    Compiling thiserror-impl v2.0.18
[INFO] [stderr]    Compiling thiserror-impl v1.0.69
[INFO] [stderr]    Compiling profiling-procmacros v1.0.18
[INFO] [stderr]    Compiling arg_enum_proc_macro v0.3.4
[INFO] [stderr]     Checking polling v3.11.0
[INFO] [stderr]     Checking profiling v1.0.18
[INFO] [stderr]    Compiling num-derive v0.4.2
[INFO] [stderr]     Checking gethostname v1.1.0
[INFO] [stderr]    Compiling gltf-derive v1.4.1
[INFO] [stderr]     Checking x11rb v0.13.2
[INFO] [stderr] error: could not compile `ash` (lib)
[INFO] [stderr] 
[INFO] [stderr] Caused by:
[INFO] [stderr]   process didn't exit successfully: `/opt/rustwide/rustup-home/toolchains/3154cc1a3e6424e44f438a95007d043ed5ceaaf6/bin/rustc --crate-name ash --edition=2021 /opt/rustwide/cargo-home/registry/src/index.crates.io-1949cf8c6b5b557f/ash-0.38.0+1.3.281/src/lib.rs --error-format=json --json=diagnostic-rendered-ansi,artifacts,future-incompat,unused-externs-silent --crate-type lib --emit=dep-info,metadata -C embed-bitcode=no -C debuginfo=2 --cfg 'feature="debug"' --cfg 'feature="default"' --cfg 'feature="libloading"' --cfg 'feature="loaded"' --cfg 'feature="std"' --check-cfg 'cfg(docsrs,test)' --check-cfg 'cfg(feature, values("debug", "default", "libloading", "linked", "loaded", "std"))' -C metadata=be734a1d7acca22c -C extra-filename=-ed931d387f0be27d --out-dir /opt/rustwide/target/debug/build/ash/ed931d387f0be27d/out -L dependency=/opt/rustwide/target/debug/build/cfg-if/455a21b2886a1534/out --extern libloading=/opt/rustwide/target/debug/build/libloading/d1a134efd1f96232/out/liblibloading-d1a134efd1f96232.rmeta --cap-lints allow --cap-lints=forbid -Znext-solver=coherence --force-warn=unused_crate_dependencies` (signal: 9, SIGKILL: kill)
[INFO] [stderr] warning: build failed, waiting for other jobs to finish...
[INFO] [stderr] error: could not compile `glam` (lib)
[INFO] [stderr] 
[INFO] [stderr] Caused by:
[INFO] [stderr]   process didn't exit successfully: `/opt/rustwide/rustup-home/toolchains/3154cc1a3e6424e44f438a95007d043ed5ceaaf6/bin/rustc --crate-name glam --edition=2021 /opt/rustwide/cargo-home/registry/src/index.crates.io-1949cf8c6b5b557f/glam-0.29.3/src/lib.rs --error-format=json --json=diagnostic-rendered-ansi,artifacts,future-incompat,unused-externs-silent --crate-type lib --emit=dep-info,metadata -C embed-bitcode=no -C debuginfo=2 --cfg 'feature="default"' --cfg 'feature="std"' --check-cfg 'cfg(docsrs,test)' --check-cfg 'cfg(feature, values("approx", "bytecheck", "bytemuck", "core-simd", "cuda", "debug-glam-assert", "default", "fast-math", "glam-assert", "libm", "mint", "nostd-libm", "rand", "rkyv", "scalar-math", "serde", "std"))' -C metadata=3c826383e560619b -C extra-filename=-00bf440c59c1bce0 --out-dir /opt/rustwide/target/debug/build/glam/00bf440c59c1bce0/out --cap-lints allow --cap-lints=forbid -Znext-solver=coherence --force-warn=unused_crate_dependencies` (signal: 9, SIGKILL: kill)
[INFO] [stderr] error: could not compile `moxcms` (lib)
[INFO] [stderr] 
[INFO] [stderr] Caused by:
[INFO] [stderr]   process didn't exit successfully: `/opt/rustwide/rustup-home/toolchains/3154cc1a3e6424e44f438a95007d043ed5ceaaf6/bin/rustc --crate-name moxcms --edition=2024 /opt/rustwide/cargo-home/registry/src/index.crates.io-1949cf8c6b5b557f/moxcms-0.8.1/src/lib.rs --error-format=json --json=diagnostic-rendered-ansi,artifacts,future-incompat,unused-externs-silent --crate-type lib --emit=dep-info,metadata -C embed-bitcode=no -C debuginfo=2 --cfg 'feature="avx"' --cfg 'feature="avx_luts"' --cfg 'feature="avx_shaper_fixed_point_paths"' --cfg 'feature="avx_shaper_paths"' --cfg 'feature="default"' --cfg 'feature="lut"' --cfg 'feature="neon"' --cfg 'feature="neon_luts"' --cfg 'feature="neon_shaper_fixed_point_paths"' --cfg 'feature="neon_shaper_paths"' --cfg 'feature="sse"' --cfg 'feature="sse_luts"' --cfg 'feature="sse_shaper_fixed_point_paths"' --cfg 'feature="sse_shaper_paths"' --check-cfg 'cfg(docsrs,test)' --check-cfg 'cfg(feature, values("any_to_any", "avx", "avx512", "avx512_shaper_fixed_point_paths", "avx512_shaper_optimized_paths", "avx_luts", "avx_shaper_fixed_point_paths", "avx_shaper_optimized_paths", "avx_shaper_paths", "default", "extended_range", "in_place", "lut", "neon", "neon_luts", "neon_shaper_fixed_point_paths", "neon_shaper_optimized_paths", "neon_shaper_paths", "options", "sse", "sse_luts", "sse_shaper_fixed_point_paths", "sse_shaper_optimized_paths", "sse_shaper_paths"))' -C metadata=ab80c4349b7ba7d7 -C extra-filename=-68b846cc28f37924 --out-dir /opt/rustwide/target/debug/build/moxcms/68b846cc28f37924/out --extern num_traits=/opt/rustwide/target/debug/build/num-traits/d48d04855fc991bc/out/libnum_traits-d48d04855fc991bc.rmeta --extern pxfm=/opt/rustwide/target/debug/build/pxfm/2ee659f68f34e9e8/out/libpxfm-2ee659f68f34e9e8.rmeta --cap-lints allow --cap-lints=forbid -Znext-solver=coherence --force-warn=unused_crate_dependencies` (signal: 9, SIGKILL: kill)
[INFO] [stderr] error: could not compile `thiserror-impl` (lib)
[INFO] [stderr] 
[INFO] [stderr] Caused by:
[INFO] [stderr]   process didn't exit successfully: `/opt/rustwide/rustup-home/toolchains/3154cc1a3e6424e44f438a95007d043ed5ceaaf6/bin/rustc --crate-name thiserror_impl --edition=2021 /opt/rustwide/cargo-home/registry/src/index.crates.io-1949cf8c6b5b557f/thiserror-impl-1.0.69/src/lib.rs --error-format=json --json=diagnostic-rendered-ansi,artifacts,future-incompat,unused-externs-silent --crate-type proc-macro --emit=dep-info,link -C prefer-dynamic -C embed-bitcode=no --check-cfg 'cfg(docsrs,test)' --check-cfg 'cfg(feature, values())' -C metadata=f7020fcc91fc4566 -C extra-filename=-43f31ebf8225903d --out-dir /opt/rustwide/target/debug/build/thiserror-impl/43f31ebf8225903d/out -L dependency=/opt/rustwide/target/debug/build/proc-macro2/f6f4bc4dc2357b71/out -L dependency=/opt/rustwide/target/debug/build/quote/126b5278d3f346c7/out -L dependency=/opt/rustwide/target/debug/build/unicode-ident/69fd460968039056/out --extern proc_macro2=/opt/rustwide/target/debug/build/proc-macro2/f6f4bc4dc2357b71/out/libproc_macro2-f6f4bc4dc2357b71.rlib --extern proc_macro2=/opt/rustwide/target/debug/build/proc-macro2/f6f4bc4dc2357b71/out/libproc_macro2-f6f4bc4dc2357b71.rmeta --extern quote=/opt/rustwide/target/debug/build/quote/126b5278d3f346c7/out/libquote-126b5278d3f346c7.rlib --extern quote=/opt/rustwide/target/debug/build/quote/126b5278d3f346c7/out/libquote-126b5278d3f346c7.rmeta --extern syn=/opt/rustwide/target/debug/build/syn/b0acf358991c40c6/out/libsyn-b0acf358991c40c6.rlib --extern syn=/opt/rustwide/target/debug/build/syn/b0acf358991c40c6/out/libsyn-b0acf358991c40c6.rmeta --extern proc_macro --cap-lints allow --cap-lints=forbid -Znext-solver=coherence --force-warn=unused_crate_dependencies` (signal: 9, SIGKILL: kill)
[INFO] [stderr] error: could not compile `x11rb` (lib)
[INFO] [stderr] 
[INFO] [stderr] Caused by:
[INFO] [stderr]   process didn't exit successfully: `/opt/rustwide/rustup-home/toolchains/3154cc1a3e6424e44f438a95007d043ed5ceaaf6/bin/rustc --crate-name x11rb --edition=2021 /opt/rustwide/cargo-home/registry/src/index.crates.io-1949cf8c6b5b557f/x11rb-0.13.2/src/lib.rs --error-format=json --json=diagnostic-rendered-ansi,artifacts,future-incompat,unused-externs-silent --crate-type lib --emit=dep-info,metadata -C embed-bitcode=no -C debuginfo=2 --cfg 'feature="allow-unsafe-code"' --cfg 'feature="as-raw-xcb-connection"' --cfg 'feature="dl-libxcb"' --cfg 'feature="libc"' --cfg 'feature="libloading"' --cfg 'feature="once_cell"' --cfg 'feature="randr"' --cfg 'feature="render"' --cfg 'feature="resource_manager"' --cfg 'feature="shape"' --cfg 'feature="xfixes"' --cfg 'feature="xinput"' --cfg 'feature="xkb"' --check-cfg 'cfg(docsrs,test)' --check-cfg 'cfg(feature, values("all-extensions", "allow-unsafe-code", "as-raw-xcb-connection", "composite", "cursor", "damage", "dbe", "dl-libxcb", "dpms", "dri2", "dri3", "extra-traits", "glx", "image", "libc", "libloading", "once_cell", "present", "randr", "raw-window-handle", "record", "render", "request-parsing", "res", "resource_manager", "screensaver", "shape", "shm", "sync", "tracing", "xcursor", "xevie", "xf86dri", "xf86vidmode", "xfixes", "xinerama", "xinput", "xkb", "xprint", "xselinux", "xtest", "xv", "xvmc"))' -C metadata=2d883258c3b97525 -C extra-filename=-3b31e7f0fce02b8a --out-dir /opt/rustwide/target/debug/build/x11rb/3b31e7f0fce02b8a/out -L dependency=/opt/rustwide/target/debug/build/bitflags/3072e252b120c0c1/out -L dependency=/opt/rustwide/target/debug/build/cfg-if/455a21b2886a1534/out -L dependency=/opt/rustwide/target/debug/build/linux-raw-sys/f9e13b1b40081109/out -L dependency=/opt/rustwide/target/debug/build/rustix/e3049f422d92ccb8/out --extern as_raw_xcb_connection=/opt/rustwide/target/debug/build/as-raw-xcb-connection/ebbce63f0734ccd0/out/libas_raw_xcb_connection-ebbce63f0734ccd0.rmeta --extern gethostname=/opt/rustwide/target/debug/build/gethostname/f380b636ee3b51f9/out/libgethostname-f380b636ee3b51f9.rmeta --extern libc=/opt/rustwide/target/debug/build/libc/46c6b83d1bc81e80/out/liblibc-46c6b83d1bc81e80.rmeta --extern libloading=/opt/rustwide/target/debug/build/libloading/d1a134efd1f96232/out/liblibloading-d1a134efd1f96232.rmeta --extern once_cell=/opt/rustwide/target/debug/build/once_cell/c3517054d55a7dff/out/libonce_cell-c3517054d55a7dff.rmeta --extern rustix=/opt/rustwide/target/debug/build/rustix/e3049f422d92ccb8/out/librustix-e3049f422d92ccb8.rmeta --extern x11rb_protocol=/opt/rustwide/target/debug/build/x11rb-protocol/70ed19996e27d84e/out/libx11rb_protocol-70ed19996e27d84e.rmeta --cap-lints allow --cap-lints=forbid -Znext-solver=coherence --force-warn=unused_crate_dependencies` (signal: 9, SIGKILL: kill)
[INFO] [stderr] error: could not compile `serde_derive` (lib)
[INFO] [stderr] 
[INFO] [stderr] Caused by:
[INFO] [stderr]   process didn't exit successfully: `/opt/rustwide/rustup-home/toolchains/3154cc1a3e6424e44f438a95007d043ed5ceaaf6/bin/rustc --crate-name serde_derive --edition=2021 /opt/rustwide/cargo-home/registry/src/index.crates.io-1949cf8c6b5b557f/serde_derive-1.0.228/src/lib.rs --error-format=json --json=diagnostic-rendered-ansi,artifacts,future-incompat,unused-externs-silent --crate-type proc-macro --emit=dep-info,link -C prefer-dynamic -C embed-bitcode=no --cfg 'feature="default"' --check-cfg 'cfg(docsrs,test)' --check-cfg 'cfg(feature, values("default", "deserialize_in_place"))' -C metadata=8d13c7459e8f58af -C extra-filename=-2594fc32a7c742eb --out-dir /opt/rustwide/target/debug/build/serde_derive/2594fc32a7c742eb/out -L dependency=/opt/rustwide/target/debug/build/proc-macro2/f6f4bc4dc2357b71/out -L dependency=/opt/rustwide/target/debug/build/quote/126b5278d3f346c7/out -L dependency=/opt/rustwide/target/debug/build/unicode-ident/69fd460968039056/out --extern proc_macro2=/opt/rustwide/target/debug/build/proc-macro2/f6f4bc4dc2357b71/out/libproc_macro2-f6f4bc4dc2357b71.rlib --extern proc_macro2=/opt/rustwide/target/debug/build/proc-macro2/f6f4bc4dc2357b71/out/libproc_macro2-f6f4bc4dc2357b71.rmeta --extern quote=/opt/rustwide/target/debug/build/quote/126b5278d3f346c7/out/libquote-126b5278d3f346c7.rlib --extern quote=/opt/rustwide/target/debug/build/quote/126b5278d3f346c7/out/libquote-126b5278d3f346c7.rmeta --extern syn=/opt/rustwide/target/debug/build/syn/b0acf358991c40c6/out/libsyn-b0acf358991c40c6.rlib --extern syn=/opt/rustwide/target/debug/build/syn/b0acf358991c40c6/out/libsyn-b0acf358991c40c6.rmeta --extern proc_macro --cap-lints allow --cap-lints=forbid -Znext-solver=coherence --force-warn=unused_crate_dependencies` (signal: 9, SIGKILL: kill)
[INFO] [stderr] warning: shaderc-sys@0.10.1: shaderc: requested to build from source
[INFO] [stderr] error: failed to run custom build command for `shaderc-sys v0.10.1`
[INFO] [stderr] note: To improve backtraces for build dependencies, set the CARGO_PROFILE_DEV_BUILD_OVERRIDE_DEBUG=true environment variable to enable debug information generation.
[INFO] [stderr] 
[INFO] [stderr] Caused by:
[INFO] [stderr]   process didn't exit successfully: `/opt/rustwide/target/debug/build/shaderc-sys/d1ad8dc934db23a0/out/build_script_build` (exit status: 101)
[INFO] [stderr]   --- stdout
[INFO] [stderr]   cargo:warning=shaderc: requested to build from source
[INFO] [stderr]   CMAKE_TOOLCHAIN_FILE_x86_64-unknown-linux-gnu = None
[INFO] [stderr]   CMAKE_TOOLCHAIN_FILE_x86_64_unknown_linux_gnu = None
[INFO] [stderr]   HOST_CMAKE_TOOLCHAIN_FILE = None
[INFO] [stderr]   CMAKE_TOOLCHAIN_FILE = None
[INFO] [stderr]   CMAKE_PREFIX_PATH_x86_64-unknown-linux-gnu = None
[INFO] [stderr]   CMAKE_PREFIX_PATH_x86_64_unknown_linux_gnu = None
[INFO] [stderr]   HOST_CMAKE_PREFIX_PATH = None
[INFO] [stderr]   CMAKE_PREFIX_PATH = None
[INFO] [stderr]   CMAKE_x86_64-unknown-linux-gnu = None
[INFO] [stderr]   CMAKE_x86_64_unknown_linux_gnu = None
[INFO] [stderr]   HOST_CMAKE = None
[INFO] [stderr]   CMAKE = None
[INFO] [stderr]   -- The C compiler identification is GNU 15.2.0
[INFO] [stderr]   -- The CXX compiler identification is GNU 15.2.0
[INFO] [stderr]   -- Detecting C compiler ABI info
[INFO] [stderr]   -- Detecting C compiler ABI info - done
[INFO] [stderr]   -- Check for working C compiler: /usr/bin/cc - skipped
[INFO] [stderr]   -- Detecting C compile features
[INFO] [stderr]   -- Detecting C compile features - done
[INFO] [stderr]   -- Detecting CXX compiler ABI info
[INFO] [stderr]   -- Detecting CXX compiler ABI info - done
[INFO] [stderr]   -- Check for working CXX compiler: /usr/bin/c++ - skipped
[INFO] [stderr]   -- Detecting CXX compile features
[INFO] [stderr]   -- Detecting CXX compile features - done
[INFO] [stderr]   -- Found Python3: /usr/bin/python3 (found version "3.14.4") found components: Interpreter
[INFO] [stderr]   -- optimizer enabled
[INFO] [stderr]   -- Performing Test CMAKE_HAVE_LIBC_PTHREAD
[INFO] [stderr]   -- Performing Test CMAKE_HAVE_LIBC_PTHREAD - Success
[INFO] [stderr]   -- Found Threads: TRUE
[INFO] [stderr]   -- Shaderc: build type is "Release".
[INFO] [stderr]   -- Configuring Shaderc to avoid building tests.
[INFO] [stderr]   -- Configuring Shaderc to build examples.
[INFO] [stderr]   -- Configuring Shaderc to build executables.
[INFO] [stderr]   -- Configuring Shaderc to check copyrights.
[INFO] [stderr]   -- asciidoctor was not found - no documentation will be generated
[INFO] [stderr]   -- Found Python: /usr/bin/python3 (found version "3.14.4") found components: Interpreter
[INFO] [stderr]   -- Performing Test COMPILER_SUPPORTS_FALLTHROUGH_WARNING
[INFO] [stderr]   -- Performing Test COMPILER_SUPPORTS_FALLTHROUGH_WARNING - Success
[INFO] [stderr]   -- Performing Test COMPILER_SUPPORTS_EXTRA_SEMI_WARNING
[INFO] [stderr]   -- Performing Test COMPILER_SUPPORTS_EXTRA_SEMI_WARNING - Success
[INFO] [stderr]   -- Performing Test COMPILER_SUPPORTS_PIC
[INFO] [stderr]   -- Performing Test COMPILER_SUPPORTS_PIC - Success
[INFO] [stderr]   -- Configuring done (12.8s)
[INFO] [stderr]   -- Generating done (1.3s)
[INFO] [stderr]   -- Build files have been written to: /opt/rustwide/target/debug/build/shaderc-sys/128cfdb09fba14c9/out/build
[INFO] [stderr]   [1/412] cd /opt/rustwide/target/debug/build/shaderc-sys/128cfdb09fba14c9/out/build/shaderc && /usr/bin/cmake -DCHANGES_FILE=/opt/rustwide/cargo-home/registry/src/index.crates.io-1949cf8c6b5b557f/shaderc-sys-0.10.1/build/shaderc/CHANGES -DTEMPLATE_FILE=/opt/rustwide/cargo-home/registry/src/index.crates.io-1949cf8c6b5b557f/shaderc-sys-0.10.1/build/shaderc/cmake/shaderc.pc.in -DOUT_FILE=/opt/rustwide/target/debug/build/shaderc-sys/128cfdb09fba14c9/out/build/shaderc/shaderc.pc -DCMAKE_INSTALL_PREFIX=/opt/rustwide/target/debug/build/shaderc-sys/128cfdb09fba14c9/out -DCMAKE_INSTALL_LIBDIR=lib -DCMAKE_INSTALL_INCLUDEDIR=include -DLIBS=-lshaderc_shared -P /opt/rustwide/cargo-home/registry/src/index.crates.io-1949cf8c6b5b557f/shaderc-sys-0.10.1/build/shaderc/cmake/write_pkg_config.cmake
[INFO] [stderr]   [2/412] Generating SPIRV-Tools.pc
[INFO] [stderr]   [3/412] Generating SPIRV-Tools-shared.pc
[INFO] [stderr]   [4/412] cd /opt/rustwide/target/debug/build/shaderc-sys/128cfdb09fba14c9/out/build/shaderc && /usr/bin/cmake -DCHANGES_FILE=/opt/rustwide/cargo-home/registry/src/index.crates.io-1949cf8c6b5b557f/shaderc-sys-0.10.1/build/shaderc/CHANGES -DTEMPLATE_FILE=/opt/rustwide/cargo-home/registry/src/index.crates.io-1949cf8c6b5b557f/shaderc-sys-0.10.1/build/shaderc/cmake/shaderc_static.pc.in -DOUT_FILE=/opt/rustwide/target/debug/build/shaderc-sys/128cfdb09fba14c9/out/build/shaderc/shaderc_static.pc -DCMAKE_INSTALL_PREFIX=/opt/rustwide/target/debug/build/shaderc-sys/128cfdb09fba14c9/out -DCMAKE_INSTALL_LIBDIR=lib -DCMAKE_INSTALL_INCLUDEDIR=include -DLIBS=-lshaderc\ \ -lshaderc_util -P /opt/rustwide/cargo-home/registry/src/index.crates.io-1949cf8c6b5b557f/shaderc-sys-0.10.1/build/shaderc/cmake/write_pkg_config.cmake
[INFO] [stderr]   [5/412] Building CXX object glslang/glslang/CMakeFiles/GenericCodeGen.dir/stub.cpp.o
[INFO] [stderr]   [6/412] cd /opt/rustwide/target/debug/build/shaderc-sys/128cfdb09fba14c9/out/build/shaderc && /usr/bin/cmake -DCHANGES_FILE=/opt/rustwide/cargo-home/registry/src/index.crates.io-1949cf8c6b5b557f/shaderc-sys-0.10.1/build/shaderc/CHANGES -DTEMPLATE_FILE=/opt/rustwide/cargo-home/registry/src/index.crates.io-1949cf8c6b5b557f/shaderc-sys-0.10.1/build/shaderc/cmake/shaderc_combined.pc.in -DOUT_FILE=/opt/rustwide/target/debug/build/shaderc-sys/128cfdb09fba14c9/out/build/shaderc/shaderc_combined.pc -DCMAKE_INSTALL_PREFIX=/opt/rustwide/target/debug/build/shaderc-sys/128cfdb09fba14c9/out -DCMAKE_INSTALL_LIBDIR=lib -DCMAKE_INSTALL_INCLUDEDIR=include -DLIBS=-lshaderc_combined -P /opt/rustwide/cargo-home/registry/src/index.crates.io-1949cf8c6b5b557f/shaderc-sys-0.10.1/build/shaderc/cmake/write_pkg_config.cmake
[INFO] [stderr]   [7/412] Building CXX object glslang/glslang/CMakeFiles/MachineIndependent.dir/stub.cpp.o
[INFO] [stderr]   [8/412] Building CXX object glslang/glslang/OSDependent/Unix/CMakeFiles/OSDependent.dir/__/__/stub.cpp.o
[INFO] [stderr]   [9/412] Generate tables based on the SPIR-V XML registry.
[INFO] [stderr]   [10/412] Update build-version.inc in the Shaderc build directory (if necessary).
[INFO] [stderr]   [11/412] Check copyright
[INFO] [stderr]   [12/412] Generate language specific header for DebugInfo.
[INFO] [stderr]   [13/412] Linking CXX static library glslang/glslang/libGenericCodeGen.a
[INFO] [stderr]   [14/412] Generate language specific header for OpenCLDebugInfo100.
[INFO] [stderr]   [15/412] Generate language specific header for NonSemanticShaderDebugInfo100.
[INFO] [stderr]   [16/412] Linking CXX static library glslang/glslang/libMachineIndependent.a
[INFO] [stderr]   [17/412] Update build-version.inc in the SPIRV-Tools build directory (if necessary).
[INFO] [stderr]   [18/412] Linking CXX static library glslang/glslang/OSDependent/Unix/libOSDependent.a
[INFO] [stderr]   [19/412] Generate grammar tables
[INFO] [stderr]   [20/412] Building CXX object glslang/glslang/CMakeFiles/glslang-default-resource-limits.dir/ResourceLimits/resource_limits_c.cpp.o
[INFO] [stderr]   [21/412] Building CXX object spirv-tools/source/CMakeFiles/SPIRV-Tools-static.dir/print.cpp.o
[INFO] [stderr]   [22/412] Building CXX object spirv-tools/source/CMakeFiles/SPIRV-Tools-static.dir/util/string_utils.cpp.o
[INFO] [stderr]   [23/412] Building CXX object spirv-tools/source/CMakeFiles/SPIRV-Tools-static.dir/util/bit_vector.cpp.o
[INFO] [stderr]   [24/412] Building CXX object spirv-tools/source/CMakeFiles/SPIRV-Tools-static.dir/ext_inst.cpp.o
[INFO] [stderr]   [25/412] Building CXX object spirv-tools/source/CMakeFiles/SPIRV-Tools-static.dir/software_version.cpp.o
[INFO] [stderr]   [26/412] Building CXX object spirv-tools/source/CMakeFiles/SPIRV-Tools-static.dir/libspirv.cpp.o
[INFO] [stderr]   [27/412] Building CXX object spirv-tools/source/CMakeFiles/SPIRV-Tools-static.dir/spirv_endian.cpp.o
[INFO] [stderr]   [28/412] Building CXX object glslang/glslang/CMakeFiles/glslang-default-resource-limits.dir/ResourceLimits/ResourceLimits.cpp.o
[INFO] [stderr]   [29/412] Building CXX object spirv-tools/source/CMakeFiles/SPIRV-Tools-static.dir/assembly_grammar.cpp.o
[INFO] [stderr]   [30/412] Building CXX object spirv-tools/source/CMakeFiles/SPIRV-Tools-static.dir/spirv_optimizer_options.cpp.o
[INFO] [stderr]   [31/412] Building CXX object spirv-tools/source/CMakeFiles/SPIRV-Tools-static.dir/spirv_validator_options.cpp.o
[INFO] [stderr]   [32/412] Building CXX object spirv-tools/source/CMakeFiles/SPIRV-Tools-static.dir/opcode.cpp.o
[INFO] [stderr]   [33/412] Building CXX object spirv-tools/source/CMakeFiles/SPIRV-Tools-static.dir/extensions.cpp.o
[INFO] [stderr]   [34/412] Building CXX object spirv-tools/source/CMakeFiles/SPIRV-Tools-static.dir/spirv_fuzzer_options.cpp.o
[INFO] [stderr]   [35/412] Building CXX object spirv-tools/source/CMakeFiles/SPIRV-Tools-static.dir/spirv_reducer_options.cpp.o
[INFO] [stderr]   [36/412] Building CXX object spirv-tools/source/CMakeFiles/SPIRV-Tools-static.dir/parsed_operand.cpp.o
[INFO] [stderr]   [37/412] Building CXX object spirv-tools/source/CMakeFiles/SPIRV-Tools-static.dir/diagnostic.cpp.o
[INFO] [stderr]   [38/412] Building CXX object spirv-tools/source/CMakeFiles/SPIRV-Tools-static.dir/table.cpp.o
[INFO] [stderr]   [39/412] Building CXX object spirv-tools/source/CMakeFiles/SPIRV-Tools-static.dir/to_string.cpp.o
[INFO] [stderr]   [40/412] Building CXX object spirv-tools/source/CMakeFiles/SPIRV-Tools-static.dir/operand.cpp.o
[INFO] [stderr]   [41/412] Building CXX object spirv-tools/source/CMakeFiles/SPIRV-Tools-static.dir/spirv_target_env.cpp.o
[INFO] [stderr]   [42/412] Building CXX object spirv-tools/source/CMakeFiles/SPIRV-Tools-static.dir/disassemble.cpp.o
[INFO] [stderr]   FAILED: [code=1] spirv-tools/source/CMakeFiles/SPIRV-Tools-static.dir/disassemble.cpp.o 
[INFO] [stderr]   /usr/bin/c++ -DSPIRV_COLOR_TERMINAL -DSPIRV_TIMER_ENABLED -I/opt/rustwide/cargo-home/registry/src/index.crates.io-1949cf8c6b5b557f/shaderc-sys-0.10.1/build/spirv-tools -I/opt/rustwide/cargo-home/registry/src/index.crates.io-1949cf8c6b5b557f/shaderc-sys-0.10.1/build/spirv-tools/include -I/opt/rustwide/target/debug/build/shaderc-sys/128cfdb09fba14c9/out/build/spirv-tools -I/opt/rustwide/cargo-home/registry/src/index.crates.io-1949cf8c6b5b557f/shaderc-sys-0.10.1/build/spirv-headers/include -ffunction-sections -fdata-sections -fPIC -m64 -w -O3 -DNDEBUG -std=c++17 -fPIC -fno-rtti -Wall -Wextra -Wnon-virtual-dtor -Wno-missing-field-initializers -Wno-long-long -Wshadow -Wundef -Wconversion -Wno-sign-conversion -fno-exceptions -MD -MT spirv-tools/source/CMakeFiles/SPIRV-Tools-static.dir/disassemble.cpp.o -MF spirv-tools/source/CMakeFiles/SPIRV-Tools-static.dir/disassemble.cpp.o.d -o spirv-tools/source/CMakeFiles/SPIRV-Tools-static.dir/disassemble.cpp.o -c /opt/rustwide/cargo-home/registry/src/index.crates.io-1949cf8c6b5b557f/shaderc-sys-0.10.1/build/spirv-tools/source/disassemble.cpp
[INFO] [stderr]   c++: fatal error: Killed signal terminated program cc1plus
[INFO] [stderr]   compilation terminated.
[INFO] [stderr]   [43/412] Building CXX object spirv-tools/source/CMakeFiles/SPIRV-Tools-static.dir/table2.cpp.o
[INFO] [stderr]   [44/412] Building CXX object spirv-tools/source/CMakeFiles/SPIRV-Tools-static.dir/text.cpp.o
[INFO] [stderr]   FAILED: [code=1] spirv-tools/source/CMakeFiles/SPIRV-Tools-static.dir/text.cpp.o 
[INFO] [stderr]   /usr/bin/c++ -DSPIRV_COLOR_TERMINAL -DSPIRV_TIMER_ENABLED -I/opt/rustwide/cargo-home/registry/src/index.crates.io-1949cf8c6b5b557f/shaderc-sys-0.10.1/build/spirv-tools -I/opt/rustwide/cargo-home/registry/src/index.crates.io-1949cf8c6b5b557f/shaderc-sys-0.10.1/build/spirv-tools/include -I/opt/rustwide/target/debug/build/shaderc-sys/128cfdb09fba14c9/out/build/spirv-tools -I/opt/rustwide/cargo-home/registry/src/index.crates.io-1949cf8c6b5b557f/shaderc-sys-0.10.1/build/spirv-headers/include -ffunction-sections -fdata-sections -fPIC -m64 -w -O3 -DNDEBUG -std=c++17 -fPIC -fno-rtti -Wall -Wextra -Wnon-virtual-dtor -Wno-missing-field-initializers -Wno-long-long -Wshadow -Wundef -Wconversion -Wno-sign-conversion -fno-exceptions -MD -MT spirv-tools/source/CMakeFiles/SPIRV-Tools-static.dir/text.cpp.o -MF spirv-tools/source/CMakeFiles/SPIRV-Tools-static.dir/text.cpp.o.d -o spirv-tools/source/CMakeFiles/SPIRV-Tools-static.dir/text.cpp.o -c /opt/rustwide/cargo-home/registry/src/index.crates.io-1949cf8c6b5b557f/shaderc-sys-0.10.1/build/spirv-tools/source/text.cpp
[INFO] [stderr]   c++: fatal error: Killed signal terminated program cc1plus
[INFO] [stderr]   compilation terminated.
[INFO] [stderr]   [45/412] Building CXX object spirv-tools/source/CMakeFiles/SPIRV-Tools-static.dir/name_mapper.cpp.o
[INFO] [stderr]   [46/412] Building CXX object spirv-tools/source/CMakeFiles/SPIRV-Tools-static.dir/text_handler.cpp.o
[INFO] [stderr]   FAILED: [code=1] spirv-tools/source/CMakeFiles/SPIRV-Tools-static.dir/text_handler.cpp.o 
[INFO] [stderr]   /usr/bin/c++ -DSPIRV_COLOR_TERMINAL -DSPIRV_TIMER_ENABLED -I/opt/rustwide/cargo-home/registry/src/index.crates.io-1949cf8c6b5b557f/shaderc-sys-0.10.1/build/spirv-tools -I/opt/rustwide/cargo-home/registry/src/index.crates.io-1949cf8c6b5b557f/shaderc-sys-0.10.1/build/spirv-tools/include -I/opt/rustwide/target/debug/build/shaderc-sys/128cfdb09fba14c9/out/build/spirv-tools -I/opt/rustwide/cargo-home/registry/src/index.crates.io-1949cf8c6b5b557f/shaderc-sys-0.10.1/build/spirv-headers/include -ffunction-sections -fdata-sections -fPIC -m64 -w -O3 -DNDEBUG -std=c++17 -fPIC -fno-rtti -Wall -Wextra -Wnon-virtual-dtor -Wno-missing-field-initializers -Wno-long-long -Wshadow -Wundef -Wconversion -Wno-sign-conversion -fno-exceptions -MD -MT spirv-tools/source/CMakeFiles/SPIRV-Tools-static.dir/text_handler.cpp.o -MF spirv-tools/source/CMakeFiles/SPIRV-Tools-static.dir/text_handler.cpp.o.d -o spirv-tools/source/CMakeFiles/SPIRV-Tools-static.dir/text_handler.cpp.o -c /opt/rustwide/cargo-home/registry/src/index.crates.io-1949cf8c6b5b557f/shaderc-sys-0.10.1/build/spirv-tools/source/text_handler.cpp
[INFO] [stderr]   c++: fatal error: Killed signal terminated program cc1plus
[INFO] [stderr]   compilation terminated.
[INFO] [stderr]   [47/412] Building CXX object spirv-tools/source/CMakeFiles/SPIRV-Tools-static.dir/val/validate.cpp.o
[INFO] [stderr]   FAILED: [code=1] spirv-tools/source/CMakeFiles/SPIRV-Tools-static.dir/val/validate.cpp.o 
[INFO] [stderr]   /usr/bin/c++ -DSPIRV_COLOR_TERMINAL -DSPIRV_TIMER_ENABLED -I/opt/rustwide/cargo-home/registry/src/index.crates.io-1949cf8c6b5b557f/shaderc-sys-0.10.1/build/spirv-tools -I/opt/rustwide/cargo-home/registry/src/index.crates.io-1949cf8c6b5b557f/shaderc-sys-0.10.1/build/spirv-tools/include -I/opt/rustwide/target/debug/build/shaderc-sys/128cfdb09fba14c9/out/build/spirv-tools -I/opt/rustwide/cargo-home/registry/src/index.crates.io-1949cf8c6b5b557f/shaderc-sys-0.10.1/build/spirv-headers/include -ffunction-sections -fdata-sections -fPIC -m64 -w -O3 -DNDEBUG -std=c++17 -fPIC -fno-rtti -Wall -Wextra -Wnon-virtual-dtor -Wno-missing-field-initializers -Wno-long-long -Wshadow -Wundef -Wconversion -Wno-sign-conversion -fno-exceptions -MD -MT spirv-tools/source/CMakeFiles/SPIRV-Tools-static.dir/val/validate.cpp.o -MF spirv-tools/source/CMakeFiles/SPIRV-Tools-static.dir/val/validate.cpp.o.d -o spirv-tools/source/CMakeFiles/SPIRV-Tools-static.dir/val/validate.cpp.o -c /opt/rustwide/cargo-home/registry/src/index.crates.io-1949cf8c6b5b557f/shaderc-sys-0.10.1/build/spirv-tools/source/val/validate.cpp
[INFO] [stderr]   c++: fatal error: Killed signal terminated program cc1plus
[INFO] [stderr]   compilation terminated.
[INFO] [stderr]   [48/412] Building CXX object spirv-tools/source/CMakeFiles/SPIRV-Tools-static.dir/val/validate_annotation.cpp.o
[INFO] [stderr]   FAILED: [code=1] spirv-tools/source/CMakeFiles/SPIRV-Tools-static.dir/val/validate_annotation.cpp.o 
[INFO] [stderr]   /usr/bin/c++ -DSPIRV_COLOR_TERMINAL -DSPIRV_TIMER_ENABLED -I/opt/rustwide/cargo-home/registry/src/index.crates.io-1949cf8c6b5b557f/shaderc-sys-0.10.1/build/spirv-tools -I/opt/rustwide/cargo-home/registry/src/index.crates.io-1949cf8c6b5b557f/shaderc-sys-0.10.1/build/spirv-tools/include -I/opt/rustwide/target/debug/build/shaderc-sys/128cfdb09fba14c9/out/build/spirv-tools -I/opt/rustwide/cargo-home/registry/src/index.crates.io-1949cf8c6b5b557f/shaderc-sys-0.10.1/build/spirv-headers/include -ffunction-sections -fdata-sections -fPIC -m64 -w -O3 -DNDEBUG -std=c++17 -fPIC -fno-rtti -Wall -Wextra -Wnon-virtual-dtor -Wno-missing-field-initializers -Wno-long-long -Wshadow -Wundef -Wconversion -Wno-sign-conversion -fno-exceptions -MD -MT spirv-tools/source/CMakeFiles/SPIRV-Tools-static.dir/val/validate_annotation.cpp.o -MF spirv-tools/source/CMakeFiles/SPIRV-Tools-static.dir/val/validate_annotation.cpp.o.d -o spirv-tools/source/CMakeFiles/SPIRV-Tools-static.dir/val/validate_annotation.cpp.o -c /opt/rustwide/cargo-home/registry/src/index.crates.io-1949cf8c6b5b557f/shaderc-sys-0.10.1/build/spirv-tools/source/val/validate_annotation.cpp
[INFO] [stderr]   c++: fatal error: Killed signal terminated program cc1plus
[INFO] [stderr]   compilation terminated.
[INFO] [stderr]   [49/412] Building CXX object spirv-tools/source/CMakeFiles/SPIRV-Tools-static.dir/binary.cpp.o
[INFO] [stderr]   [50/412] Building CXX object spirv-tools/source/CMakeFiles/SPIRV-Tools-static.dir/val/validate_adjacency.cpp.o
[INFO] [stderr]   [51/412] Building CXX object spirv-tools/source/CMakeFiles/SPIRV-Tools-static.dir/val/validate_barriers.cpp.o
[INFO] [stderr]   [52/412] Building CXX object spirv-tools/source/CMakeFiles/SPIRV-Tools-static.dir/val/validate_atomics.cpp.o
[INFO] [stderr]   [53/412] Building CXX object spirv-tools/source/CMakeFiles/SPIRV-Tools-static.dir/val/validate_bitwise.cpp.o
[INFO] [stderr]   [54/412] Building CXX object spirv-tools/source/CMakeFiles/SPIRV-Tools-static.dir/val/validate_capability.cpp.o
[INFO] [stderr]   [55/412] Building CXX object spirv-tools/source/CMakeFiles/SPIRV-Tools-static.dir/util/parse_number.cpp.o
[INFO] [stderr]   [56/412] Building CXX object spirv-tools/source/CMakeFiles/SPIRV-Tools-static.dir/val/validate_arithmetics.cpp.o
[INFO] [stderr]   [57/412] Building CXX object spirv-tools/source/CMakeFiles/SPIRV-Tools-static.dir/val/validate_builtins.cpp.o
[INFO] [stderr]   ninja: build stopped: subcommand failed.
[INFO] [stderr] 
[INFO] [stderr]   --- stderr
[INFO] [stderr]   running: cd "/opt/rustwide/target/debug/build/shaderc-sys/128cfdb09fba14c9/out/build" && CMAKE_PREFIX_PATH="" LC_ALL="C" "cmake" "/opt/rustwide/cargo-home/registry/src/index.crates.io-1949cf8c6b5b557f/shaderc-sys-0.10.1/build" "-B" "/opt/rustwide/target/debug/build/shaderc-sys/128cfdb09fba14c9/out/build" "-G" "Ninja" "-DCMAKE_INSTALL_LIBDIR=lib" "-DCMAKE_POSITION_INDEPENDENT_CODE=ON" "-DENABLE_SPVREMAPPER=OFF" "-DENABLE_GLSLANG_BINARIES=OFF" "-DSHADERC_SKIP_TESTS=ON" "-DSPIRV_SKIP_EXECUTABLES=ON" "-DSPIRV_WERROR=OFF" "-DCMAKE_INSTALL_PREFIX=/opt/rustwide/target/debug/build/shaderc-sys/128cfdb09fba14c9/out" "-DCMAKE_C_FLAGS= -ffunction-sections -fdata-sections -fPIC -m64 -w" "-DCMAKE_C_COMPILER=/usr/bin/cc" "-DCMAKE_CXX_FLAGS= -ffunction-sections -fdata-sections -fPIC -m64 -w" "-DCMAKE_CXX_COMPILER=/usr/bin/c++" "-DCMAKE_ASM_FLAGS= -ffunction-sections -fdata-sections -fPIC -m64 -w" "-DCMAKE_ASM_COMPILER=/usr/bin/cc" "-DCMAKE_BUILD_TYPE=Release"
[INFO] [stderr]   CMake Warning:
[INFO] [stderr]     Manually-specified variables were not used by the project:
[INFO] [stderr] 
[INFO] [stderr]       CMAKE_ASM_COMPILER
[INFO] [stderr]       CMAKE_ASM_FLAGS
[INFO] [stderr] 
[INFO] [stderr] 
[INFO] [stderr]   running: cd "/opt/rustwide/target/debug/build/shaderc-sys/128cfdb09fba14c9/out/build" && LC_ALL="C" "cmake" "--build" "/opt/rustwide/target/debug/build/shaderc-sys/128cfdb09fba14c9/out/build" "--target" "install" "--config" "Release" "--parallel" "16"
[INFO] [stderr] 
[INFO] [stderr]   thread 'main' (579) panicked at /opt/rustwide/cargo-home/registry/src/index.crates.io-1949cf8c6b5b557f/cmake-0.1.58/src/lib.rs:1132:5:
[INFO] [stderr] 
[INFO] [stderr]   command did not execute successfully, got: exit status: 1
[INFO] [stderr] 
[INFO] [stderr]   build script failed, must exit now
[INFO] [stderr]   stack backtrace:
[INFO] [stderr]      0:     0x64d216dfb961 - std[3164a59e47d3bde]::backtrace_rs::backtrace::libunwind::trace
[INFO] [stderr]                                  at /rustc/3154cc1a3e6424e44f438a95007d043ed5ceaaf6/library/std/src/../../backtrace/src/backtrace/libunwind.rs:117:9
[INFO] [stderr]      1:     0x64d216dfb961 - std[3164a59e47d3bde]::backtrace_rs::backtrace::trace_unsynchronized::<std[3164a59e47d3bde]::sys::backtrace::_print_fmt::{closure#1}>
[INFO] [stderr]                                  at /rustc/3154cc1a3e6424e44f438a95007d043ed5ceaaf6/library/std/src/../../backtrace/src/backtrace/mod.rs:66:14
[INFO] [stderr]      2:     0x64d216dfb961 - std[3164a59e47d3bde]::sys::backtrace::_print_fmt
[INFO] [stderr]                                  at /rustc/3154cc1a3e6424e44f438a95007d043ed5ceaaf6/library/std/src/sys/backtrace.rs:74:9
[INFO] [stderr]      3:     0x64d216dfb961 - <<std[3164a59e47d3bde]::sys::backtrace::BacktraceLock>::print::DisplayBacktrace as core[934024a1e6126fb4]::fmt::Display>::fmt
[INFO] [stderr]                                  at /rustc/3154cc1a3e6424e44f438a95007d043ed5ceaaf6/library/std/src/sys/backtrace.rs:44:26
[INFO] [stderr]      4:     0x64d216e0feca - <core[934024a1e6126fb4]::fmt::rt::Argument>::fmt
[INFO] [stderr]                                  at /rustc/3154cc1a3e6424e44f438a95007d043ed5ceaaf6/library/core/src/fmt/rt.rs:152:76
[INFO] [stderr]      5:     0x64d216e0feca - core[934024a1e6126fb4]::fmt::write
[INFO] [stderr]      6:     0x64d216e013bc - core[934024a1e6126fb4]::io::write::default_write_fmt::<std[3164a59e47d3bde]::sys::stdio::unix::Stderr>
[INFO] [stderr]                                  at /rustc/3154cc1a3e6424e44f438a95007d043ed5ceaaf6/library/core/src/io/write.rs:402:11
[INFO] [stderr]      7:     0x64d216e013bc - <std[3164a59e47d3bde]::sys::stdio::unix::Stderr as core[934024a1e6126fb4]::io::write::Write>::write_fmt
[INFO] [stderr]                                  at /rustc/3154cc1a3e6424e44f438a95007d043ed5ceaaf6/library/core/src/io/write.rs:335:13
[INFO] [stderr]      8:     0x64d216dda466 - <std[3164a59e47d3bde]::sys::backtrace::BacktraceLock>::print
[INFO] [stderr]                                  at /rustc/3154cc1a3e6424e44f438a95007d043ed5ceaaf6/library/std/src/sys/backtrace.rs:47:9
[INFO] [stderr]      9:     0x64d216dda466 - std[3164a59e47d3bde]::panicking::default_hook::{closure#0}
[INFO] [stderr]                                  at /rustc/3154cc1a3e6424e44f438a95007d043ed5ceaaf6/library/std/src/panicking.rs:289:27
[INFO] [stderr]     10:     0x64d216df61a1 - std[3164a59e47d3bde]::panicking::default_hook
[INFO] [stderr]                                  at /rustc/3154cc1a3e6424e44f438a95007d043ed5ceaaf6/library/std/src/panicking.rs:316:9
[INFO] [stderr]     11:     0x64d216df635b - std[3164a59e47d3bde]::panicking::panic_with_hook
[INFO] [stderr]                                  at /rustc/3154cc1a3e6424e44f438a95007d043ed5ceaaf6/library/std/src/panicking.rs:811:13
[INFO] [stderr]     12:     0x64d216dda512 - std[3164a59e47d3bde]::panicking::panic_handler::{closure#0}
[INFO] [stderr]                                  at /rustc/3154cc1a3e6424e44f438a95007d043ed5ceaaf6/library/std/src/panicking.rs:685:13
[INFO] [stderr]     13:     0x64d216dd3029 - std[3164a59e47d3bde]::sys::backtrace::__rust_end_short_backtrace::<std[3164a59e47d3bde]::panicking::panic_handler::{closure#0}, !>
[INFO] [stderr]                                  at /rustc/3154cc1a3e6424e44f438a95007d043ed5ceaaf6/library/std/src/sys/backtrace.rs:182:18
[INFO] [stderr]     14:     0x64d216ddacfd - __rustc[2e7b49d4226056d3]::rust_begin_unwind
[INFO] [stderr]                                  at /rustc/3154cc1a3e6424e44f438a95007d043ed5ceaaf6/library/std/src/panicking.rs:676:5
[INFO] [stderr]     15:     0x64d216e106bc - core[934024a1e6126fb4]::panicking::panic_fmt
[INFO] [stderr]                                  at /rustc/3154cc1a3e6424e44f438a95007d043ed5ceaaf6/library/core/src/panicking.rs:80:14
[INFO] [stderr]     16:     0x64d216d647a7 - cmake[b0c03ccf27bb39d9]::fail
[INFO] [stderr]     17:     0x64d216d64433 - cmake[b0c03ccf27bb39d9]::run
[INFO] [stderr]     18:     0x64d216d6a405 - <cmake[b0c03ccf27bb39d9]::Config>::build
[INFO] [stderr]     19:     0x64d216d15acf - build_script_build[f8501162bc7f84fa]::build_shaderc_unix
[INFO] [stderr]     20:     0x64d216d151e8 - build_script_build[f8501162bc7f84fa]::build_from_source
[INFO] [stderr]     21:     0x64d216d18715 - build_script_build[f8501162bc7f84fa]::main
[INFO] [stderr]     22:     0x64d216d197a3 - <fn() as core[934024a1e6126fb4]::ops::function::FnOnce<()>>::call_once
[INFO] [stderr]     23:     0x64d216d0edfe - std[3164a59e47d3bde]::sys::backtrace::__rust_begin_short_backtrace::<fn(), ()>
[INFO] [stderr]     24:     0x64d216d0f009 - std[3164a59e47d3bde]::rt::lang_start::<()>::{closure#0}
[INFO] [stderr]     25:     0x64d216df54a8 - <&dyn core[934024a1e6126fb4]::ops::function::Fn<(), Output = i32> + core[934024a1e6126fb4]::marker::Sync + core[934024a1e6126fb4]::panic::unwind_safe::RefUnwindSafe as core[934024a1e6126fb4]::ops::function::FnOnce<()>>::call_once
[INFO] [stderr]                                  at /rustc/3154cc1a3e6424e44f438a95007d043ed5ceaaf6/library/core/src/ops/function.rs:287:21
[INFO] [stderr]     26:     0x64d216df54a8 - std[3164a59e47d3bde]::panicking::catch_unwind::do_call::<&dyn core[934024a1e6126fb4]::ops::function::Fn<(), Output = i32> + core[934024a1e6126fb4]::marker::Sync + core[934024a1e6126fb4]::panic::unwind_safe::RefUnwindSafe, i32>
[INFO] [stderr]                                  at /rustc/3154cc1a3e6424e44f438a95007d043ed5ceaaf6/library/std/src/panicking.rs:573:43
[INFO] [stderr]     27:     0x64d216df54a8 - std[3164a59e47d3bde]::panicking::catch_unwind::<i32, &dyn core[934024a1e6126fb4]::ops::function::Fn<(), Output = i32> + core[934024a1e6126fb4]::marker::Sync + core[934024a1e6126fb4]::panic::unwind_safe::RefUnwindSafe>
[INFO] [stderr]                                  at /rustc/3154cc1a3e6424e44f438a95007d043ed5ceaaf6/library/std/src/panicking.rs:541:19
[INFO] [stderr]     28:     0x64d216df54a8 - std[3164a59e47d3bde]::panic::catch_unwind::<&dyn core[934024a1e6126fb4]::ops::function::Fn<(), Output = i32> + core[934024a1e6126fb4]::marker::Sync + core[934024a1e6126fb4]::panic::unwind_safe::RefUnwindSafe, i32>
[INFO] [stderr]                                  at /rustc/3154cc1a3e6424e44f438a95007d043ed5ceaaf6/library/std/src/panic.rs:359:14
[INFO] [stderr]     29:     0x64d216df54a8 - std[3164a59e47d3bde]::rt::lang_start_internal::{closure#0}
[INFO] [stderr]                                  at /rustc/3154cc1a3e6424e44f438a95007d043ed5ceaaf6/library/std/src/rt.rs:175:24
[INFO] [stderr]     30:     0x64d216df54a8 - std[3164a59e47d3bde]::panicking::catch_unwind::do_call::<std[3164a59e47d3bde]::rt::lang_start_internal::{closure#0}, isize>
[INFO] [stderr]                                  at /rustc/3154cc1a3e6424e44f438a95007d043ed5ceaaf6/library/std/src/panicking.rs:573:43
[INFO] [stderr]     31:     0x64d216df54a8 - std[3164a59e47d3bde]::panicking::catch_unwind::<isize, std[3164a59e47d3bde]::rt::lang_start_internal::{closure#0}>
[INFO] [stderr]                                  at /rustc/3154cc1a3e6424e44f438a95007d043ed5ceaaf6/library/std/src/panicking.rs:541:19
[INFO] [stderr]     32:     0x64d216df54a8 - std[3164a59e47d3bde]::panic::catch_unwind::<std[3164a59e47d3bde]::rt::lang_start_internal::{closure#0}, isize>
[INFO] [stderr]                                  at /rustc/3154cc1a3e6424e44f438a95007d043ed5ceaaf6/library/std/src/panic.rs:359:14
[INFO] [stderr]     33:     0x64d216df54a8 - std[3164a59e47d3bde]::rt::lang_start_internal
[INFO] [stderr]                                  at /rustc/3154cc1a3e6424e44f438a95007d043ed5ceaaf6/library/std/src/rt.rs:171:5
[INFO] [stderr]     34:     0x64d216d0edf1 - std[3164a59e47d3bde]::rt::lang_start::<()>
[INFO] [stderr]     35:     0x64d216d198d5 - main
[INFO] [stderr]     36:     0x72a4d110f601 - <unknown>
[INFO] [stderr]     37:     0x72a4d110f718 - __libc_start_main
[INFO] [stderr]     38:     0x64d216d0c375 - _start
[INFO] [stderr]     39:                0x0 - <unknown>
[INFO] running `Command { std: "docker" "inspect" "0c932a530e980f2f90c9694d0df204468f060ebcf1888a344d3606fa0c7c4ec4", kill_on_drop: false }`
[INFO] running `Command { std: "docker" "rm" "-f" "0c932a530e980f2f90c9694d0df204468f060ebcf1888a344d3606fa0c7c4ec4", kill_on_drop: false }`
[INFO] [stdout] 0c932a530e980f2f90c9694d0df204468f060ebcf1888a344d3606fa0c7c4ec4
