[INFO] cloning repository https://github.com/segfo/Frenalia-public
[INFO] running `Command { std: "git" "-c" "credential.helper=" "-c" "credential.helper=/workspace/cargo-home/bin/git-credential-null" "clone" "--bare" "https://github.com/segfo/Frenalia-public" "/workspace/cache/git-repos/https%3A%2F%2Fgithub.com%2Fsegfo%2FFrenalia-public", kill_on_drop: false }`
[INFO] [stderr] Cloning into bare repository '/workspace/cache/git-repos/https%3A%2F%2Fgithub.com%2Fsegfo%2FFrenalia-public'...
[INFO] running `Command { std: "git" "rev-parse" "HEAD", kill_on_drop: false }`
[INFO] [stdout] 7bb62f259bb2809ecc37f73bb78e510b8a276e20
[INFO] checking segfo/Frenalia-public against 3154cc1a3e6424e44f438a95007d043ed5ceaaf6+rustflags=-Znext-solver=coherence for pr-133502-30
[INFO] running `Command { std: "git" "clone" "/workspace/cache/git-repos/https%3A%2F%2Fgithub.com%2Fsegfo%2FFrenalia-public" "/workspace/builds/worker-3-tc1/source", kill_on_drop: false }`
[INFO] [stderr] Cloning into '/workspace/builds/worker-3-tc1/source'...
[INFO] [stderr] done.
[INFO] started tweaking git repo https://github.com/segfo/Frenalia-public
[INFO] finished tweaking git repo https://github.com/segfo/Frenalia-public
[INFO] tweaked toml for git repo https://github.com/segfo/Frenalia-public written to /workspace/builds/worker-3-tc1/source/Cargo.toml
[INFO] validating manifest of git repo https://github.com/segfo/Frenalia-public on toolchain 3154cc1a3e6424e44f438a95007d043ed5ceaaf6
[INFO] running `Command { std: CARGO_HOME="/workspace/cargo-home" RUSTUP_HOME="/workspace/rustup-home" "/workspace/cargo-home/bin/cargo" "+3154cc1a3e6424e44f438a95007d043ed5ceaaf6" "metadata" "--manifest-path" "Cargo.toml" "--no-deps", kill_on_drop: false }`
[INFO] crate git repo https://github.com/segfo/Frenalia-public already has a lockfile, it will not be regenerated
[INFO] running `Command { std: CARGO_HOME="/workspace/cargo-home" RUSTUP_HOME="/workspace/rustup-home" "/workspace/cargo-home/bin/cargo" "+3154cc1a3e6424e44f438a95007d043ed5ceaaf6" "fetch" "--manifest-path" "Cargo.toml", kill_on_drop: false }`
[INFO] [stderr]     Updating crates.io index
[INFO] [stderr]  Downloading crates ...
[INFO] [stderr]   Downloaded cap-std v4.0.2
[INFO] [stderr]   Downloaded cap-primitives v4.0.2
[INFO] [stderr]   Downloaded grep-searcher v0.1.16
[INFO] [stderr]   Downloaded grep-matcher v0.1.8
[INFO] [stderr]   Downloaded grep-regex v0.1.14
[INFO] [stderr]   Downloaded codewandler-markdown-stream v0.2.1
[INFO] [stderr]   Downloaded codewandler-markdown-ratatui v0.2.1
[INFO] [stderr]   Downloaded retour v0.4.0-alpha.4
[INFO] [stderr]   Downloaded mmap-fixed-fixed v0.1.3
[INFO] [stderr]   Downloaded slice-pool2 v0.4.3
[INFO] [stderr]   Downloaded iced-x86 v1.21.0
[INFO] running `Command { std: "docker" "create" "-v" "/var/lib/crater-agent-workspace/builds/worker-3-tc1/source:/opt/rustwide/workdir:ro,Z" "-v" "/var/lib/crater-agent-workspace/builds/worker-3-tc1/target:/opt/rustwide/target:rw,Z" "-v" "/var/lib/crater-agent-workspace/cargo-home:/opt/rustwide/cargo-home:ro,Z" "-v" "/var/lib/crater-agent-workspace/rustup-home:/opt/rustwide/rustup-home:ro,Z" "-m" "1610612736" "--network" "none" "ghcr.io/rust-lang/crates-build-env/linux@sha256:77db811e55d90add9212f6832c23229e3de5f1c1f9905e8cb07319ea15df73ac" "sleep" "infinity", kill_on_drop: false }`
[INFO] [stdout] 8ea89250ca1e0070c25296ae95f58ebce90f539c93f528d8455411898e753157
[INFO] running `Command { std: "docker" "start" "8ea89250ca1e0070c25296ae95f58ebce90f539c93f528d8455411898e753157", kill_on_drop: false }`
[INFO] running `Command { std: "docker" "inspect" "8ea89250ca1e0070c25296ae95f58ebce90f539c93f528d8455411898e753157", kill_on_drop: false }`
[INFO] running `Command { std: "docker" "exec" "-e" "SOURCE_DIR=/opt/rustwide/workdir" "-e" "CARGO_HOME=/opt/rustwide/cargo-home" "-e" "RUSTUP_HOME=/opt/rustwide/rustup-home" "-e" "CARGO_TARGET_DIR=/opt/rustwide/target" "-w" "/opt/rustwide/workdir" "--user" "0:0" "8ea89250ca1e0070c25296ae95f58ebce90f539c93f528d8455411898e753157" "/opt/rustwide/cargo-home/bin/cargo" "+3154cc1a3e6424e44f438a95007d043ed5ceaaf6" "metadata" "--no-deps" "--format-version=1", kill_on_drop: false }`
[INFO] running `Command { std: "docker" "inspect" "8ea89250ca1e0070c25296ae95f58ebce90f539c93f528d8455411898e753157", kill_on_drop: false }`
[INFO] running `Command { std: "docker" "exec" "-e" "SOURCE_DIR=/opt/rustwide/workdir" "-e" "CARGO_HOME=/opt/rustwide/cargo-home" "-e" "RUSTUP_HOME=/opt/rustwide/rustup-home" "-e" "CARGO_TARGET_DIR=/opt/rustwide/target" "-e" "CARGO_INCREMENTAL=0" "-e" "RUST_BACKTRACE=full" "-e" "RUSTFLAGS=--cap-lints=forbid -Znext-solver=coherence" "-e" "RUSTDOCFLAGS=--cap-lints=forbid" "-w" "/opt/rustwide/workdir" "--user" "0:0" "8ea89250ca1e0070c25296ae95f58ebce90f539c93f528d8455411898e753157" "/opt/rustwide/cargo-home/bin/cargo" "+3154cc1a3e6424e44f438a95007d043ed5ceaaf6" "check" "--frozen" "--all" "--all-targets" "--message-format=json", kill_on_drop: false }`
[INFO] [stderr]    Compiling quote v1.0.46
[INFO] [stderr]    Compiling serde_json v1.0.150
[INFO] [stderr]    Compiling rustix v1.1.4
[INFO] [stderr]     Checking linux-raw-sys v0.12.1
[INFO] [stderr]     Checking indexmap v2.14.0
[INFO] [stderr]     Checking dirs-sys v0.5.0
[INFO] [stderr]     Checking either v1.16.0
[INFO] [stderr]     Checking getrandom v0.4.3
[INFO] [stderr]     Checking aho-corasick v1.1.4
[INFO] [stderr]    Compiling syn v2.0.118
[INFO] [stderr]    Compiling io-lifetimes v2.0.4
[INFO] [stderr]    Compiling cc v1.2.65
[INFO] [stderr]    Compiling io-lifetimes v3.0.1
[INFO] [stderr]    Compiling harness-build-id v0.1.0 (/opt/rustwide/workdir/crates/harness-build-id)
[INFO] [stderr]    Compiling io-extras v0.19.0
[INFO] [stderr]    Compiling cap-primitives v4.0.2
[INFO] [stderr]     Checking directories v6.0.0
[INFO] [stderr]    Compiling cap-std v4.0.2
[INFO] [stderr]     Checking maybe-owned v0.3.4
[INFO] [stderr]     Checking ambient-authority v0.0.2
[INFO] [stderr]     Checking env_home v0.1.0
[INFO] [stderr]     Checking similar v2.7.0
[INFO] [stderr]    Compiling aws-lc-rs v1.17.1
[INFO] [stderr]     Checking rustls-pki-types v1.15.0
[INFO] [stderr]    Compiling rustls v0.23.41
[INFO] [stderr]     Checking http-body-util v0.1.3
[INFO] [stderr]    Compiling crc32fast v1.5.2
[INFO] [stderr]     Checking miniz_oxide v0.9.1
[INFO] [stderr]    Compiling time-macros v0.2.31
[INFO] [stderr]     Checking grep-matcher v0.1.8
[INFO] [stderr]     Checking encoding_rs_io v0.1.7
[INFO] [stderr]     Checking nom v7.1.3
[INFO] [stderr]     Checking castaway v0.2.4
[INFO] [stderr]    Compiling harness-sandbox v0.1.0 (/opt/rustwide/workdir/crates/harness-sandbox)
[INFO] [stderr]     Checking rustls-native-certs v0.8.4
[INFO] [stderr]     Checking itertools v0.14.0
[INFO] [stderr]    Compiling instability v0.3.12
[INFO] [stderr]     Checking compact_str v0.9.1
[INFO] [stderr] warning: harness-sandbox@0.1.0: skipping the i686 redirector/probe build: the build target is not Windows
[INFO] [stderr]     Checking lru v0.18.0
[INFO] [stderr]     Checking signal-hook v0.3.18
[INFO] [stderr]     Checking parking_lot_core v0.9.12
[INFO] [stderr]     Checking line-clipping v0.3.7
[INFO] [stderr]     Checking uuid v1.23.4
[INFO] [stderr]     Checking flate2 v1.1.10
[INFO] [stderr]    Compiling oid-registry v0.8.1
[INFO] [stderr]     Checking tracing-subscriber v0.3.23
[INFO] [stderr]     Checking regex-automata v0.4.14
[INFO] [stderr]     Checking parking_lot v0.12.5
[INFO] [stderr]     Checking signal-hook-mio v0.2.5
[INFO] [stderr]     Checking codewandler-markdown-stream v0.2.1
[INFO] [stderr]     Checking symlink v0.1.0
[INFO] [stderr]     Checking getrandom v0.2.17
[INFO] [stderr]    Compiling harness-redirector v0.1.0 (/opt/rustwide/workdir/crates/harness-redirector)
[INFO] [stderr]     Checking tier2a-proc-probe v0.1.0 (/opt/rustwide/workdir/crates/tier2a-proc-probe)
[INFO] [stdout] warning: unused import: `std::process::Command`
[INFO] [stdout]   --> crates/tier2a-proc-probe/tests/fault_log_e2e.rs:23:5
[INFO] [stdout]    |
[INFO] [stdout] 23 | use std::process::Command;
[INFO] [stdout]    |     ^^^^^^^^^^^^^^^^^^^^^
[INFO] [stdout]    |
[INFO] [stdout]    = note: `#[warn(unused_imports)]` (part of `#[warn(unused)]`) on by default
[INFO] [stdout] 
[INFO] [stdout] 
[INFO] [stdout] warning: function `scratch` is never used
[INFO] [stdout]   --> crates/tier2a-proc-probe/tests/fault_log_e2e.rs:26:4
[INFO] [stdout]    |
[INFO] [stdout] 26 | fn scratch(tag: &str) -> PathBuf {
[INFO] [stdout]    |    ^^^^^^^
[INFO] [stdout]    |
[INFO] [stdout]    = note: `#[warn(dead_code)]` (part of `#[warn(unused)]`) on by default
[INFO] [stdout] 
[INFO] [stdout] 
[INFO] [stdout] warning: function `probe` is never used
[INFO] [stdout]   --> crates/tier2a-proc-probe/tests/fault_log_e2e.rs:37:4
[INFO] [stdout]    |
[INFO] [stdout] 37 | fn probe() -> &'static str {
[INFO] [stdout]    |    ^^^^^
[INFO] [stdout] 
[INFO] [stdout] 
[INFO] [stderr]     Checking tier2a-mock-netfilterd v0.1.0 (/opt/rustwide/workdir/crates/tier2a-mock-netfilterd)
[INFO] [stdout] error[E0433]: cannot find `winid` in the crate root
[INFO] [stdout]    --> crates/tier2a-proc-probe/src/spike_handles.rs:105:28
[INFO] [stdout]     |
[INFO] [stdout] 105 |         "identity": crate::winid::collect_identity(),
[INFO] [stdout]     |                            ^^^^^ could not find `winid` in the crate root
[INFO] [stdout]     |
[INFO] [stdout] note: found an item that was configured out
[INFO] [stdout]    --> crates/tier2a-proc-probe/src/main.rs:43:5
[INFO] [stdout]     |
[INFO] [stdout]  42 | #[cfg(windows)]
[INFO] [stdout]     |       ------- the item is gated here
[INFO] [stdout]  43 | mod winid;
[INFO] [stdout]     |     ^^^^^
[INFO] [stdout] 
[INFO] [stdout] 
[INFO] [stdout] warning: unused imports: `Value` and `json`
[INFO] [stdout]   --> crates/tier2a-proc-probe/src/spawn_report.rs:16:18
[INFO] [stdout]    |
[INFO] [stdout] 16 | use serde_json::{json, Value};
[INFO] [stdout]    |                  ^^^^  ^^^^^
[INFO] [stdout]    |
[INFO] [stdout]    = note: `#[warn(unused_imports)]` (part of `#[warn(unused)]`) on by default
[INFO] [stdout] 
[INFO] [stdout] 
[INFO] [stderr]    Compiling cmake v0.1.58
[INFO] [stdout] error[E0433]: cannot find module or crate `winid` in this scope
[INFO] [stdout]    --> crates/tier2a-proc-probe/src/main.rs:932:20
[INFO] [stdout]     |
[INFO] [stdout] 932 |     let identity = winid::collect_identity();
[INFO] [stdout]     |                    ^^^^^ use of unresolved module or unlinked crate `winid`
[INFO] [stdout]     |
[INFO] [stdout] note: found an item that was configured out
[INFO] [stdout]    --> crates/tier2a-proc-probe/src/main.rs:43:5
[INFO] [stdout]     |
[INFO] [stdout]  42 | #[cfg(windows)]
[INFO] [stdout]     |       ------- the item is gated here
[INFO] [stdout]  43 | mod winid;
[INFO] [stdout]     |     ^^^^^
[INFO] [stdout] help: to make use of source file crates/tier2a-proc-probe/src/winid.rs, use `mod winid` in this file to declare the module
[INFO] [stdout]     |
[INFO] [stdout]  16 + mod winid;
[INFO] [stdout]     |
[INFO] [stdout] 
[INFO] [stdout] 
[INFO] [stdout] For more information about this error, try `rustc --explain E0433`.
[INFO] [stdout] 
[INFO] [stderr] error: could not compile `tier2a-proc-probe` (bin "tier2a_proc_probe" test) due to 2 previous errors; 1 warning emitted
[INFO] [stderr] warning: build failed, waiting for other jobs to finish...
[INFO] [stdout] error[E0433]: cannot find `winid` in the crate root
[INFO] [stdout]    --> crates/tier2a-proc-probe/src/spike_handles.rs:105:28
[INFO] [stdout]     |
[INFO] [stdout] 105 |         "identity": crate::winid::collect_identity(),
[INFO] [stdout]     |                            ^^^^^ could not find `winid` in the crate root
[INFO] [stdout]     |
[INFO] [stdout] note: found an item that was configured out
[INFO] [stdout]    --> crates/tier2a-proc-probe/src/main.rs:43:5
[INFO] [stdout]     |
[INFO] [stdout]  42 | #[cfg(windows)]
[INFO] [stdout]     |       ------- the item is gated here
[INFO] [stdout]  43 | mod winid;
[INFO] [stdout]     |     ^^^^^
[INFO] [stdout] 
[INFO] [stdout] 
[INFO] [stdout] warning: unused imports: `Value` and `json`
[INFO] [stdout]   --> crates/tier2a-proc-probe/src/spawn_report.rs:16:18
[INFO] [stdout]    |
[INFO] [stdout] 16 | use serde_json::{json, Value};
[INFO] [stdout]    |                  ^^^^  ^^^^^
[INFO] [stdout]    |
[INFO] [stdout]    = note: `#[warn(unused_imports)]` (part of `#[warn(unused)]`) on by default
[INFO] [stdout] 
[INFO] [stdout] 
[INFO] [stdout] error[E0433]: cannot find module or crate `winid` in this scope
[INFO] [stdout]    --> crates/tier2a-proc-probe/src/main.rs:932:20
[INFO] [stdout]     |
[INFO] [stdout] 932 |     let identity = winid::collect_identity();
[INFO] [stdout]     |                    ^^^^^ use of unresolved module or unlinked crate `winid`
[INFO] [stdout]     |
[INFO] [stdout] note: found an item that was configured out
[INFO] [stdout]    --> crates/tier2a-proc-probe/src/main.rs:43:5
[INFO] [stdout]     |
[INFO] [stdout]  42 | #[cfg(windows)]
[INFO] [stdout]     |       ------- the item is gated here
[INFO] [stdout]  43 | mod winid;
[INFO] [stdout]     |     ^^^^^
[INFO] [stdout] help: to make use of source file crates/tier2a-proc-probe/src/winid.rs, use `mod winid` in this file to declare the module
[INFO] [stdout]     |
[INFO] [stdout]  16 + mod winid;
[INFO] [stdout]     |
[INFO] [stdout] 
[INFO] [stdout] 
[INFO] [stdout] For more information about this error, try `rustc --explain E0433`.
[INFO] [stdout] 
[INFO] [stderr] error: could not compile `tier2a-proc-probe` (bin "tier2a_proc_probe") due to 2 previous errors; 1 warning emitted
[INFO] running `Command { std: "docker" "inspect" "8ea89250ca1e0070c25296ae95f58ebce90f539c93f528d8455411898e753157", kill_on_drop: false }`
[INFO] running `Command { std: "docker" "rm" "-f" "8ea89250ca1e0070c25296ae95f58ebce90f539c93f528d8455411898e753157", kill_on_drop: false }`
[INFO] [stdout] 8ea89250ca1e0070c25296ae95f58ebce90f539c93f528d8455411898e753157
