[INFO] cloning repository https://github.com/seanchatmangpt/wasm4pm-compat
[INFO] running `Command { std: "git" "-c" "credential.helper=" "-c" "credential.helper=/workspace/cargo-home/bin/git-credential-null" "clone" "--bare" "https://github.com/seanchatmangpt/wasm4pm-compat" "/workspace/cache/git-repos/https%3A%2F%2Fgithub.com%2Fseanchatmangpt%2Fwasm4pm-compat", kill_on_drop: false }`
[INFO] [stderr] Cloning into bare repository '/workspace/cache/git-repos/https%3A%2F%2Fgithub.com%2Fseanchatmangpt%2Fwasm4pm-compat'...
[INFO] running `Command { std: "git" "rev-parse" "HEAD", kill_on_drop: false }`
[INFO] [stdout] 4c523e0d81a5bb52fda21cea992201f608e088b5
[INFO] checking seanchatmangpt/wasm4pm-compat against 3154cc1a3e6424e44f438a95007d043ed5ceaaf6 for pr-133502-30
[INFO] running `Command { std: "git" "clone" "/workspace/cache/git-repos/https%3A%2F%2Fgithub.com%2Fseanchatmangpt%2Fwasm4pm-compat" "/workspace/builds/worker-1-tc2/source", kill_on_drop: false }`
[INFO] [stderr] Cloning into '/workspace/builds/worker-1-tc2/source'...
[INFO] [stderr] done.
[INFO] removed /workspace/builds/worker-1-tc2/source/.cargo/config.toml
[INFO] removed /workspace/builds/worker-1-tc2/source/rust-toolchain.toml
[INFO] started tweaking git repo https://github.com/seanchatmangpt/wasm4pm-compat
[INFO] finished tweaking git repo https://github.com/seanchatmangpt/wasm4pm-compat
[INFO] tweaked toml for git repo https://github.com/seanchatmangpt/wasm4pm-compat written to /workspace/builds/worker-1-tc2/source/Cargo.toml
[INFO] validating manifest of git repo https://github.com/seanchatmangpt/wasm4pm-compat on toolchain 3154cc1a3e6424e44f438a95007d043ed5ceaaf6
[INFO] running `Command { std: CARGO_HOME="/workspace/cargo-home" RUSTUP_HOME="/workspace/rustup-home" "/workspace/cargo-home/bin/cargo" "+3154cc1a3e6424e44f438a95007d043ed5ceaaf6" "metadata" "--manifest-path" "Cargo.toml" "--no-deps", kill_on_drop: false }`
[INFO] crate git repo https://github.com/seanchatmangpt/wasm4pm-compat already has a lockfile, it will not be regenerated
[INFO] running `Command { std: CARGO_HOME="/workspace/cargo-home" RUSTUP_HOME="/workspace/rustup-home" "/workspace/cargo-home/bin/cargo" "+3154cc1a3e6424e44f438a95007d043ed5ceaaf6" "fetch" "--manifest-path" "Cargo.toml", kill_on_drop: false }`
[INFO] running `Command { std: "docker" "create" "-v" "/var/lib/crater-agent-workspace/builds/worker-1-tc2/source:/opt/rustwide/workdir:ro,Z" "-v" "/var/lib/crater-agent-workspace/builds/worker-1-tc2/target:/opt/rustwide/target:rw,Z" "-v" "/var/lib/crater-agent-workspace/cargo-home:/opt/rustwide/cargo-home:ro,Z" "-v" "/var/lib/crater-agent-workspace/rustup-home:/opt/rustwide/rustup-home:ro,Z" "-m" "1610612736" "--network" "none" "ghcr.io/rust-lang/crates-build-env/linux@sha256:77db811e55d90add9212f6832c23229e3de5f1c1f9905e8cb07319ea15df73ac" "sleep" "infinity", kill_on_drop: false }`
[INFO] [stdout] 81107f2dffecfce985e7734463d00ac4e51dea8937a13673b50e16d35f904cca
[INFO] running `Command { std: "docker" "start" "81107f2dffecfce985e7734463d00ac4e51dea8937a13673b50e16d35f904cca", kill_on_drop: false }`
[INFO] running `Command { std: "docker" "inspect" "81107f2dffecfce985e7734463d00ac4e51dea8937a13673b50e16d35f904cca", kill_on_drop: false }`
[INFO] running `Command { std: "docker" "exec" "-e" "SOURCE_DIR=/opt/rustwide/workdir" "-e" "CARGO_HOME=/opt/rustwide/cargo-home" "-e" "RUSTUP_HOME=/opt/rustwide/rustup-home" "-e" "CARGO_TARGET_DIR=/opt/rustwide/target" "-w" "/opt/rustwide/workdir" "--user" "0:0" "81107f2dffecfce985e7734463d00ac4e51dea8937a13673b50e16d35f904cca" "/opt/rustwide/cargo-home/bin/cargo" "+3154cc1a3e6424e44f438a95007d043ed5ceaaf6" "metadata" "--no-deps" "--format-version=1", kill_on_drop: false }`
[INFO] running `Command { std: "docker" "inspect" "81107f2dffecfce985e7734463d00ac4e51dea8937a13673b50e16d35f904cca", kill_on_drop: false }`
[INFO] running `Command { std: "docker" "exec" "-e" "SOURCE_DIR=/opt/rustwide/workdir" "-e" "CARGO_HOME=/opt/rustwide/cargo-home" "-e" "RUSTUP_HOME=/opt/rustwide/rustup-home" "-e" "CARGO_TARGET_DIR=/opt/rustwide/target" "-e" "CARGO_INCREMENTAL=0" "-e" "RUST_BACKTRACE=full" "-e" "RUSTFLAGS=--cap-lints=forbid" "-e" "RUSTDOCFLAGS=--cap-lints=forbid" "-w" "/opt/rustwide/workdir" "--user" "0:0" "81107f2dffecfce985e7734463d00ac4e51dea8937a13673b50e16d35f904cca" "/opt/rustwide/cargo-home/bin/cargo" "+3154cc1a3e6424e44f438a95007d043ed5ceaaf6" "check" "--frozen" "--all" "--all-targets" "--message-format=json", kill_on_drop: false }`
[INFO] [stderr]    Compiling cc v1.4.1
[INFO] [stderr]     Checking either v1.17.0
[INFO] [stderr]     Checking winnow v1.0.4
[INFO] [stderr]    Compiling target-triple v1.0.1
[INFO] [stderr]    Compiling zerocopy-derive v0.8.56
[INFO] [stderr]     Checking uuid v1.24.0
[INFO] [stderr]     Checking serde_spanned v1.1.1
[INFO] [stderr]     Checking clap_builder v4.6.6
[INFO] [stderr]     Checking toml_datetime v1.1.1+spec-1.1.0
[INFO] [stderr]     Checking quick-xml v0.41.0
[INFO] [stderr]     Checking serde v1.0.229
[INFO] [stderr]     Checking regex-automata v0.4.18
[INFO] [stderr]     Checking hashbrown v0.17.1
[INFO] [stderr]     Checking toml_writer v1.1.2+spec-1.1.0
[INFO] [stderr]     Checking is-terminal v0.4.17
[INFO] [stderr]     Checking itertools v0.10.5
[INFO] [stderr]     Checking rayon v1.12.0
[INFO] [stderr]     Checking toml_parser v1.1.3+spec-1.1.0
[INFO] [stderr]     Checking chrono v0.4.45
[INFO] [stderr]     Checking tinytemplate v1.2.1
[INFO] [stderr]     Checking toml v1.1.4+spec-1.1.0
[INFO] [stderr]     Checking zerocopy v0.8.56
[INFO] [stderr]    Compiling blake3 v1.8.6
[INFO] [stderr]     Checking criterion-plot v0.5.0
[INFO] [stderr]     Checking trybuild v1.0.120
[INFO] [stderr]     Checking clap v4.6.6
[INFO] [stderr]     Checking regex v1.13.1
[INFO] [stderr]     Checking wasm4pm-compat v26.8.7 (/opt/rustwide/workdir)
[INFO] [stdout] warning: `feature(generic_const_exprs)` is not supported with the next-generation trait solver
[INFO] [stdout]    --> src/lib.rs:148:12
[INFO] [stdout]     |
[INFO] [stdout] 148 | #![feature(generic_const_exprs)]
[INFO] [stdout]     |            ^^^^^^^^^^^^^^^^^^^
[INFO] [stdout]     |
[INFO] [stdout]     = note: `-Znext-solver=globally` is currently enabled by default for testing
[INFO] [stdout]     = note: reverted the setting to `-Znext-solver=coherence` for this crate
[INFO] [stdout]     = note: the currently stable trait solver will be used for this crate
[INFO] [stdout]     = note: see issues #160895 <https://github.com/rust-lang/rust/issues/160895> for more information
[INFO] [stdout] 
[INFO] [stdout] 
[INFO] [stderr]     Checking half v2.7.1
[INFO] [stderr]     Checking ciborium-ll v0.2.2
[INFO] [stderr]     Checking ciborium v0.2.2
[INFO] [stderr]     Checking criterion v0.5.1
[INFO] [stdout] warning: `feature(generic_const_exprs)` is not supported with the next-generation trait solver
[INFO] [stdout]    --> src/lib.rs:148:12
[INFO] [stdout]     |
[INFO] [stdout] 148 | #![feature(generic_const_exprs)]
[INFO] [stdout]     |            ^^^^^^^^^^^^^^^^^^^
[INFO] [stdout]     |
[INFO] [stdout]     = note: `-Znext-solver=globally` is currently enabled by default for testing
[INFO] [stdout]     = note: reverted the setting to `-Znext-solver=coherence` for this crate
[INFO] [stdout]     = note: the currently stable trait solver will be used for this crate
[INFO] [stdout]     = note: see issues #160895 <https://github.com/rust-lang/rust/issues/160895> for more information
[INFO] [stdout] 
[INFO] [stdout] 
[INFO] [stdout] error[E0432]: unresolved import `wasm4pm_compat::certification`
[INFO] [stdout]    --> tests/ws4_learning_121_certification_grounded_mapping.rs:1:21
[INFO] [stdout]     |
[INFO] [stdout]   1 | use wasm4pm_compat::certification::{CertificationFramework, ControlId, ControlMapping};
[INFO] [stdout]     |                     ^^^^^^^^^^^^^ could not find `certification` in `wasm4pm_compat`
[INFO] [stdout]     |
[INFO] [stdout] note: found an item that was configured out
[INFO] [stdout]    --> src/lib.rs:355:9
[INFO] [stdout]     |
[INFO] [stdout] 354 | #[cfg(feature = "strict")]
[INFO] [stdout]     |       ------------------ the item is gated behind the `strict` feature
[INFO] [stdout] 355 | pub mod certification;
[INFO] [stdout]     |         ^^^^^^^^^^^^^
[INFO] [stdout] 
[INFO] [stdout] 
[INFO] [stdout] error[E0432]: unresolved import `wasm4pm_compat::strict`
[INFO] [stdout]    --> tests/ws4_learning_111_strict_emits_events_witness.rs:1:21
[INFO] [stdout]     |
[INFO] [stdout]   1 | use wasm4pm_compat::strict::{ProcessBoundary, ProcessBoundaryKind, StrictCheck, StrictViolation};
[INFO] [stdout]     |                     ^^^^^^ could not find `strict` in `wasm4pm_compat`
[INFO] [stdout]     |
[INFO] [stdout] note: found an item that was configured out
[INFO] [stdout]    --> src/lib.rs:364:9
[INFO] [stdout]     |
[INFO] [stdout] 363 | #[cfg(feature = "strict")]
[INFO] [stdout]     |       ------------------ the item is gated behind the `strict` feature
[INFO] [stdout] 364 | pub mod strict;
[INFO] [stdout]     |         ^^^^^^
[INFO] [stdout] 
[INFO] [stdout] 
[INFO] [stdout] For more information about this error, try `rustc --explain E0432`.
[INFO] [stdout] 
[INFO] [stderr] error: could not compile `wasm4pm-compat` (test "ws4_learning_121_certification_grounded_mapping") due to 1 previous error
[INFO] [stderr] warning: build failed, waiting for other jobs to finish...
[INFO] [stdout] For more information about this error, try `rustc --explain E0432`.
[INFO] [stdout] 
[INFO] [stderr] error: could not compile `wasm4pm-compat` (test "ws4_learning_111_strict_emits_events_witness") due to 1 previous error
[INFO] [stderr] 
[INFO] [stderr] thread 'rustc' (398) panicked at /rustc-dev/3154cc1a3e6424e44f438a95007d043ed5ceaaf6/compiler/rustc_infer/src/infer/mod.rs:1705:64:
[INFO] [stderr] internal error: entered unreachable code
[INFO] [stderr] stack backtrace:
[INFO] [stdout] error[E0432]: unresolved import `wasm4pm_compat::certification`
[INFO] [stdout]    --> tests/ws4_learning_126_certification_accumulates.rs:1:21
[INFO] [stdout]     |
[INFO] [stdout]   1 | use wasm4pm_compat::certification::{
[INFO] [stdout]     |                     ^^^^^^^^^^^^^ could not find `certification` in `wasm4pm_compat`
[INFO] [stdout]     |
[INFO] [stdout] note: found an item that was configured out
[INFO] [stdout]    --> src/lib.rs:355:9
[INFO] [stdout]     |
[INFO] [stdout] 354 | #[cfg(feature = "strict")]
[INFO] [stdout]     |       ------------------ the item is gated behind the `strict` feature
[INFO] [stdout] 355 | pub mod certification;
[INFO] [stdout]     |         ^^^^^^^^^^^^^
[INFO] [stdout] 
[INFO] [stdout] 
[INFO] [stdout] error[E0432]: unresolved import `wasm4pm_compat::strict`
[INFO] [stdout]    --> tests/ws4_learning_116_strict_receipt_shape.rs:1:21
[INFO] [stdout]     |
[INFO] [stdout]   1 | use wasm4pm_compat::strict::{ProcessBoundary, ProcessBoundaryKind, StrictCheck, StrictViolation};
[INFO] [stdout]     |                     ^^^^^^ could not find `strict` in `wasm4pm_compat`
[INFO] [stdout]     |
[INFO] [stdout] note: found an item that was configured out
[INFO] [stdout]    --> src/lib.rs:364:9
[INFO] [stdout]     |
[INFO] [stdout] 363 | #[cfg(feature = "strict")]
[INFO] [stdout]     |       ------------------ the item is gated behind the `strict` feature
[INFO] [stdout] 364 | pub mod strict;
[INFO] [stdout]     |         ^^^^^^
[INFO] [stdout] 
[INFO] [stdout] 
[INFO] [stderr]    0:     0x78905cbfda86 - <<std[3164a59e47d3bde]::sys::backtrace::BacktraceLock>::print::DisplayBacktrace as core[934024a1e6126fb4]::fmt::Display>::fmt
[INFO] [stderr]    1:     0x78905d20b58f - core[934024a1e6126fb4]::fmt::write
[INFO] [stderr]    2:     0x78905cc1407c - <std[3164a59e47d3bde]::sys::stdio::unix::Stderr as core[934024a1e6126fb4]::io::write::Write>::write_fmt
[INFO] [stderr]    3:     0x78905cbced4a - std[3164a59e47d3bde]::panicking::default_hook::{closure#0}
[INFO] [stderr]    4:     0x78905cbf12c3 - std[3164a59e47d3bde]::panicking::default_hook
[INFO] [stderr]    5:     0x78905b96d915 - std[3164a59e47d3bde]::panicking::update_hook::<alloc[b96ed41a801e996d]::boxed::Box<rustc_driver_impl[4d41c45c6d37fa8c]::install_ice_hook::{closure#1}>>::{closure#0}
[INFO] [stderr]    6:     0x78905cbf1762 - std[3164a59e47d3bde]::panicking::panic_with_hook
[INFO] [stderr]    7:     0x78905cbcee34 - std[3164a59e47d3bde]::panicking::panic_handler::{closure#0}
[INFO] [stderr]    8:     0x78905cbc63a9 - std[3164a59e47d3bde]::sys::backtrace::__rust_end_short_backtrace::<std[3164a59e47d3bde]::panicking::panic_handler::{closure#0}, !>
[INFO] [stderr]    9:     0x78905cbd09dd - __rustc[2e7b49d4226056d3]::rust_begin_unwind
[INFO] [stderr]   10:     0x789059645a5c - core[934024a1e6126fb4]::panicking::panic_fmt
[INFO] [stderr]   11:     0x789059c19492 - core[934024a1e6126fb4]::panicking::panic
[INFO] [stderr]   12:     0x78905d57852e - <rustc_next_trait_solver[b3acf562f09fbe6a]::solve::eval_ctxt::EvalCtxt<rustc_trait_selection[579280d4a5e4d181]::solve::delegate::SolverDelegate, rustc_middle[9749cded0b0e17c3]::ty::context::TyCtxt>>::evaluate_const
[INFO] [stderr]   13:     0x78905d547bb9 - <rustc_next_trait_solver[b3acf562f09fbe6a]::solve::eval_ctxt::EvalCtxt<rustc_trait_selection[579280d4a5e4d181]::solve::delegate::SolverDelegate, rustc_middle[9749cded0b0e17c3]::ty::context::TyCtxt>>::evaluate_const_and_instantiate_projection_term
[INFO] [stderr]   14:     0x78905e0c2651 - <rustc_next_trait_solver[b3acf562f09fbe6a]::solve::eval_ctxt::EvalCtxt<rustc_trait_selection[579280d4a5e4d181]::solve::delegate::SolverDelegate, rustc_middle[9749cded0b0e17c3]::ty::context::TyCtxt>>::evaluate_goal_no_fast_paths
[INFO] [stderr]   15:     0x78905d6746c0 - <rustc_trait_selection[579280d4a5e4d181]::solve::delegate::SolverDelegate as rustc_next_trait_solver[b3acf562f09fbe6a]::solve::eval_ctxt::SolverDelegateEvalExt>::evaluate_root_goal
[INFO] [stderr]   16:     0x78905d674295 - <rustc_next_trait_solver[b3acf562f09fbe6a]::normalize::NormalizationFolder<rustc_infer[378f9c2af57772fb]::infer::InferCtxt, rustc_middle[9749cded0b0e17c3]::ty::context::TyCtxt, rustc_trait_selection[579280d4a5e4d181]::solve::normalize::normalize_with_universes<rustc_middle[9749cded0b0e17c3]::ty::Ty>::{closure#0}>>::normalize_alias_term
[INFO] [stderr]   17:     0x78905d671ddc - <rustc_next_trait_solver[b3acf562f09fbe6a]::normalize::NormalizationFolder<rustc_infer[378f9c2af57772fb]::infer::InferCtxt, rustc_middle[9749cded0b0e17c3]::ty::context::TyCtxt, rustc_trait_selection[579280d4a5e4d181]::solve::normalize::normalize_with_universes<rustc_middle[9749cded0b0e17c3]::ty::Ty>::{closure#0}> as rustc_type_ir[aff52ad0bd0f686]::fold::FallibleTypeFolder<rustc_middle[9749cded0b0e17c3]::ty::context::TyCtxt>>::try_fold_const::{closure#0}
[INFO] [stderr]   18:     0x78905d6725cf - <&rustc_middle[9749cded0b0e17c3]::ty::list::RawList<(), rustc_middle[9749cded0b0e17c3]::ty::generic_args::GenericArg> as rustc_type_ir[aff52ad0bd0f686]::fold::TypeFoldable<rustc_middle[9749cded0b0e17c3]::ty::context::TyCtxt>>::try_fold_with::<rustc_next_trait_solver[b3acf562f09fbe6a]::normalize::NormalizationFolder<rustc_infer[378f9c2af57772fb]::infer::InferCtxt, rustc_middle[9749cded0b0e17c3]::ty::context::TyCtxt, rustc_trait_selection[579280d4a5e4d181]::solve::normalize::normalize_with_universes<rustc_middle[9749cded0b0e17c3]::ty::Ty>::{closure#0}>>
[INFO] [stderr]   19:     0x78905d672c74 - <rustc_next_trait_solver[b3acf562f09fbe6a]::normalize::NormalizationFolder<rustc_infer[378f9c2af57772fb]::infer::InferCtxt, rustc_middle[9749cded0b0e17c3]::ty::context::TyCtxt, rustc_trait_selection[579280d4a5e4d181]::solve::normalize::normalize_with_universes<rustc_middle[9749cded0b0e17c3]::ty::Ty>::{closure#0}> as rustc_type_ir[aff52ad0bd0f686]::fold::FallibleTypeFolder<rustc_middle[9749cded0b0e17c3]::ty::context::TyCtxt>>::try_fold_ty::{closure#0}
[INFO] [stderr]   20:     0x78905d44010f - <rustc_hir_typeck[52f5caf1595d1c05]::fn_ctxt::FnCtxt>::normalize::<rustc_middle[9749cded0b0e17c3]::ty::Ty>
[INFO] [stderr]   21:     0x78905d9bb163 - <dyn rustc_hir_analysis[13793032b16b77dc]::hir_ty_lowering::HirTyLowerer>::lower_ty
[INFO] [stderr]   22:     0x78905d49fefa - <rustc_hir_typeck[52f5caf1595d1c05]::gather_locals::GatherLocalsVisitor>::declare
[INFO] [stderr]   23:     0x78905d49bb21 - <rustc_hir_typeck[52f5caf1595d1c05]::fn_ctxt::FnCtxt>::check_expr_block
[INFO] [stderr]   24:     0x78905d4a8dc9 - <rustc_hir_typeck[52f5caf1595d1c05]::fn_ctxt::FnCtxt>::check_expr_with_expectation_and_args
[INFO] [stderr]   25:     0x78905d473716 - rustc_hir_typeck[52f5caf1595d1c05]::check::check_fn
[INFO] [stderr]   26:     0x78905e645da8 - rustc_hir_typeck[52f5caf1595d1c05]::typeck_with_inspect::{closure#0}
[INFO] [stderr]   27:     0x78905e6441f0 - rustc_query_impl[d183d205595bb26e]::query_vtables::typeck_root::invoke_provider_fn::__rust_begin_short_backtrace
[INFO] [stderr]   28:     0x78905d7a1fd3 - rustc_query_impl[d183d205595bb26e]::execution::try_execute_query::<rustc_data_structures[beb512ccbba93d65]::vec_cache::VecCache<rustc_span[86848bd09168975a]::def_id::LocalDefId, rustc_middle[9749cded0b0e17c3]::query::erase::ErasedData<[u8; 8usize]>, rustc_middle[9749cded0b0e17c3]::dep_graph::graph::DepNodeIndex>, false>
[INFO] [stderr]   29:     0x78905d7a1c27 - rustc_query_impl[d183d205595bb26e]::query_vtables::typeck_root::execute_query_non_incr::__rust_end_short_backtrace
[INFO] [stderr]   30:     0x78905d916634 - <rustc_middle[9749cded0b0e17c3]::ty::context::TyCtxt>::par_hir_body_owners::<rustc_hir_analysis[13793032b16b77dc]::check_crate::{closure#1}>::{closure#0}
[INFO] [stderr]   31:     0x78905d915ce5 - rustc_hir_analysis[13793032b16b77dc]::check_crate
[INFO] [stderr]   32:     0x78905d79e8b9 - rustc_interface[7316318c9ebc3ad]::passes::analysis
[INFO] [stderr]   33:     0x78905e41b847 - rustc_query_impl[d183d205595bb26e]::execution::try_execute_query::<rustc_middle[9749cded0b0e17c3]::query::caches::SingleCache<rustc_middle[9749cded0b0e17c3]::query::erase::ErasedData<[u8; 0usize]>>, false>
[INFO] [stderr]   34:     0x78905e41b62b - rustc_query_impl[d183d205595bb26e]::query_vtables::analysis::execute_query_non_incr::__rust_end_short_backtrace
[INFO] [stderr]   35:     0x78905e4e1490 - rustc_interface[7316318c9ebc3ad]::interface::run_compiler::<(), rustc_driver_impl[4d41c45c6d37fa8c]::compiler_entrypoint::{closure#0}>::{closure#2}
[INFO] [stderr]   36:     0x78905e511782 - std[3164a59e47d3bde]::sys::backtrace::__rust_begin_short_backtrace::<rustc_interface[7316318c9ebc3ad]::util::run_in_thread_with_globals<rustc_interface[7316318c9ebc3ad]::util::run_in_thread_pool_with_globals<rustc_interface[7316318c9ebc3ad]::interface::run_compiler<(), rustc_driver_impl[4d41c45c6d37fa8c]::compiler_entrypoint::{closure#0}>::{closure#2}, ()>::{closure#0}, ()>::{closure#0}::{closure#0}, ()>
[INFO] [stderr]   37:     0x78905e51152d - <std[3164a59e47d3bde]::thread::lifecycle::spawn_unchecked<rustc_interface[7316318c9ebc3ad]::util::run_in_thread_with_globals<rustc_interface[7316318c9ebc3ad]::util::run_in_thread_pool_with_globals<rustc_interface[7316318c9ebc3ad]::interface::run_compiler<(), rustc_driver_impl[4d41c45c6d37fa8c]::compiler_entrypoint::{closure#0}>::{closure#2}, ()>::{closure#0}, ()>::{closure#0}::{closure#0}, ()>::{closure#1} as core[934024a1e6126fb4]::ops::function::FnOnce<()>>::call_once::{shim:vtable#0}
[INFO] [stderr]   38:     0x78905e50fa5b - <std[3164a59e47d3bde]::sys::thread::unix::Thread>::new::thread_start
[INFO] [stderr]   39:     0x789057682dfa - <unknown>
[INFO] [stderr]   40:     0x7890577163d4 - clone
[INFO] [stderr]   41:                0x0 - <unknown>
[INFO] [stderr] 
[INFO] [stderr] error: the compiler unexpectedly panicked. This is a bug
[INFO] [stderr] 
[INFO] [stderr] note: we would appreciate a bug report: https://github.com/rust-lang/rust/issues/new?labels=C-bug%2C+I-ICE%2C+T-compiler&template=ice.md
[INFO] [stderr] 
[INFO] [stderr] note: please make sure that you have updated to the latest nightly
[INFO] [stderr] 
[INFO] [stderr] warning: the ICE couldn't be written to `/opt/rustwide/workdir/rustc-ice-2026-10-11T07_44_36-394.txt`: Read-only file system (os error 30)
[INFO] [stderr] 
[INFO] [stderr] note: rustc 1.101.0-nightly (3154cc1a3 2026-10-09) running on x86_64-unknown-linux-gnu
[INFO] [stderr] 
[INFO] [stderr] note: compiler flags: --crate-type bin -C embed-bitcode=no -C debuginfo=2
[INFO] [stderr] 
[INFO] [stderr] note: some of the compiler flags provided by cargo are hidden
[INFO] [stderr] 
[INFO] [stderr] query stack during panic:
[INFO] [stderr] #0 [typeck_root] type-checking `main`
[INFO] [stderr] #1 [analysis] running analysis passes on crate `object_lifecycle_phases`
[INFO] [stderr] end of query stack
[INFO] [stderr] error: could not compile `wasm4pm-compat` (example "object_lifecycle_phases")
[INFO] [stderr] 
[INFO] [stderr] Caused by:
[INFO] [stderr]   process didn't exit successfully: `/opt/rustwide/rustup-home/toolchains/3154cc1a3e6424e44f438a95007d043ed5ceaaf6/bin/rustc --crate-name object_lifecycle_phases --edition=2021 examples/object_lifecycle_phases.rs --error-format=json --json=diagnostic-rendered-ansi,artifacts,future-incompat,unused-externs-silent --crate-type bin --emit=dep-info,metadata -C embed-bitcode=no -C debuginfo=2 --cfg 'feature="default"' --cfg 'feature="formats"' --check-cfg 'cfg(docsrs,test)' --check-cfg 'cfg(feature, values("default", "formats", "strict", "wasm4pm"))' -C metadata=2819c6f23de5e22d -C extra-filename=-9f6f2c50f3bc8e3d --out-dir /opt/rustwide/target/debug/build/wasm4pm-compat/9f6f2c50f3bc8e3d/out -L dependency=/opt/rustwide/target/debug/build/allocator-api2/34319c28828d46c3/out -L dependency=/opt/rustwide/target/debug/build/anes/50e2f161468e4df0/out -L dependency=/opt/rustwide/target/debug/build/anstyle/0afc68cbfd0d2137/out -L dependency=/opt/rustwide/target/debug/build/arrayref/4d71eac3f20c682f/out -L dependency=/opt/rustwide/target/debug/build/arrayvec/be7ca1398238350f/out -L dependency=/opt/rustwide/target/debug/build/blake3/091fcb2c4e45a927/out -L dependency=/opt/rustwide/target/debug/build/cast/5b941ec4a54758a4/out -L dependency=/opt/rustwide/target/debug/build/cfg-if/190c9021fd162845/out -L dependency=/opt/rustwide/target/debug/build/chrono/7ba0301baba3ad4f/out -L dependency=/opt/rustwide/target/debug/build/ciborium-io/790645915b84d60f/out -L dependency=/opt/rustwide/target/debug/build/ciborium-ll/862787adee056017/out -L dependency=/opt/rustwide/target/debug/build/ciborium/edddad89ac79d692/out -L dependency=/opt/rustwide/target/debug/build/clap/82b709f7852894a4/out -L dependency=/opt/rustwide/target/debug/build/clap_builder/ad291ef690570a9b/out -L dependency=/opt/rustwide/target/debug/build/clap_lex/c6984b853e70a248/out -L dependency=/opt/rustwide/target/debug/build/constant_time_eq/0fcf6b9848f268b2/out -L dependency=/opt/rustwide/target/debug/build/cpufeatures/d73b58fdf77d9fc5/out -L dependency=/opt/rustwide/target/debug/build/criterion-plot/ae12fef1c11e014e/out -L dependency=/opt/rustwide/target/debug/build/crossbeam-deque/8276e8ac1863dbd1/out -L dependency=/opt/rustwide/target/debug/build/crossbeam-epoch/8f4743d06fdd5f2e/out -L dependency=/opt/rustwide/target/debug/build/crossbeam-utils/438f252b9b1e5e6c/out -L dependency=/opt/rustwide/target/debug/build/either/10d0d1b77f3b30c6/out -L dependency=/opt/rustwide/target/debug/build/equivalent/d23b026399a51038/out -L dependency=/opt/rustwide/target/debug/build/foldhash/7cc0e6b6b64910e8/out -L dependency=/opt/rustwide/target/debug/build/getrandom/a717291fd2ff3614/out -L dependency=/opt/rustwide/target/debug/build/glob/d6c6681e19d65e40/out -L dependency=/opt/rustwide/target/debug/build/half/bf795fa981c7c184/out -L dependency=/opt/rustwide/target/debug/build/hashbrown/cb5b5912c8d3e150/out -L dependency=/opt/rustwide/target/debug/build/iana-time-zone/4c741fc3ef3881f8/out -L dependency=/opt/rustwide/target/debug/build/is-terminal/dd5bc8e9f31fbe49/out -L dependency=/opt/rustwide/target/debug/build/itertools/c5ecaf24a248c403/out -L dependency=/opt/rustwide/target/debug/build/itoa/488dcf4f13423b18/out -L dependency=/opt/rustwide/target/debug/build/libc/5b122225efee376b/out -L dependency=/opt/rustwide/target/debug/build/memchr/b924193483665774/out -L dependency=/opt/rustwide/target/debug/build/num-traits/f66f4b200fc490bc/out -L dependency=/opt/rustwide/target/debug/build/once_cell/6f8123b0c2eed634/out -L dependency=/opt/rustwide/target/debug/build/oorandom/853c32b69019c6d9/out -L dependency=/opt/rustwide/target/debug/build/plotters-backend/0fe7a4822caf9b55/out -L dependency=/opt/rustwide/target/debug/build/plotters-svg/f07d6ea308ad794b/out -L dependency=/opt/rustwide/target/debug/build/plotters/480faf8404e3b14a/out -L dependency=/opt/rustwide/target/debug/build/quick-xml/4b6d0a1097091bd3/out -L dependency=/opt/rustwide/target/debug/build/rayon-core/121f0037400e163a/out -L dependency=/opt/rustwide/target/debug/build/rayon/e4cfe53541cac876/out -L dependency=/opt/rustwide/target/debug/build/regex-automata/3fd26dab8c28c46a/out -L dependency=/opt/rustwide/target/debug/build/regex-syntax/0b8b8323288fc4b3/out -L dependency=/opt/rustwide/target/debug/build/regex/8b85a28f4985a9e3/out -L dependency=/opt/rustwide/target/debug/build/rustc-hash/9f55c8acc6427e18/out -L dependency=/opt/rustwide/target/debug/build/same-file/b7226876f34d02dd/out -L dependency=/opt/rustwide/target/debug/build/serde/8157c0dbb5616c2f/out -L dependency=/opt/rustwide/target/debug/build/serde_core/31ebf1ee06936497/out -L dependency=/opt/rustwide/target/debug/build/serde_derive/0c976aff251b4cac/out -L dependency=/opt/rustwide/target/debug/build/serde_json/8d1a7617cb1234fa/out -L dependency=/opt/rustwide/target/debug/build/serde_spanned/baad9f65db6fcbf6/out -L dependency=/opt/rustwide/target/debug/build/target-triple/ebe4358370313d44/out -L dependency=/opt/rustwide/target/debug/build/termcolor/3163ee63a16b7335/out -L dependency=/opt/rustwide/target/debug/build/tinytemplate/b0c9a413f8b36bd3/out -L dependency=/opt/rustwide/target/debug/build/toml/348dcf583e5cef11/out -L dependency=/opt/rustwide/target/debug/build/toml_datetime/64d639ea158e1052/out -L dependency=/opt/rustwide/target/debug/build/toml_parser/4b56f1fcc80bee0d/out -L dependency=/opt/rustwide/target/debug/build/toml_writer/8f810326993a9f23/out -L dependency=/opt/rustwide/target/debug/build/uuid/37b62b4023c79174/out -L dependency=/opt/rustwide/target/debug/build/walkdir/1278d11b181efceb/out -L dependency=/opt/rustwide/target/debug/build/winnow/633517ba2cbc48a7/out -L dependency=/opt/rustwide/target/debug/build/zerocopy-derive/f46480effe3670ee/out -L dependency=/opt/rustwide/target/debug/build/zerocopy/470337d8ccc20650/out -L dependency=/opt/rustwide/target/debug/build/zmij/93cb3e10a525d438/out --extern blake3=/opt/rustwide/target/debug/build/blake3/091fcb2c4e45a927/out/libblake3-091fcb2c4e45a927.rmeta --extern chrono=/opt/rustwide/target/debug/build/chrono/7ba0301baba3ad4f/out/libchrono-7ba0301baba3ad4f.rmeta --extern criterion=/opt/rustwide/target/debug/build/criterion/8359b81a75dfad2d/out/libcriterion-8359b81a75dfad2d.rmeta --extern hashbrown=/opt/rustwide/target/debug/build/hashbrown/cb5b5912c8d3e150/out/libhashbrown-cb5b5912c8d3e150.rmeta --extern quick_xml=/opt/rustwide/target/debug/build/quick-xml/4b6d0a1097091bd3/out/libquick_xml-4b6d0a1097091bd3.rmeta --extern rustc_hash=/opt/rustwide/target/debug/build/rustc-hash/9f55c8acc6427e18/out/librustc_hash-9f55c8acc6427e18.rmeta --extern serde=/opt/rustwide/target/debug/build/serde/8157c0dbb5616c2f/out/libserde-8157c0dbb5616c2f.rmeta --extern serde_json=/opt/rustwide/target/debug/build/serde_json/8d1a7617cb1234fa/out/libserde_json-8d1a7617cb1234fa.rmeta --extern trybuild=/opt/rustwide/target/debug/build/trybuild/f423751c17a17eeb/out/libtrybuild-f423751c17a17eeb.rmeta --extern uuid=/opt/rustwide/target/debug/build/uuid/37b62b4023c79174/out/libuuid-37b62b4023c79174.rmeta --extern wasm4pm_compat=/opt/rustwide/target/debug/build/wasm4pm-compat/4e8b04944a833039/out/libwasm4pm_compat-4e8b04944a833039.rmeta --cap-lints=forbid --force-warn=unused_crate_dependencies -L native=/opt/rustwide/target/debug/build/blake3/e1a3097b0a8367aa/out -L native=/opt/rustwide/target/debug/build/blake3/e1a3097b0a8367aa/out` (exit status: 101)
[INFO] [stdout] For more information about this error, try `rustc --explain E0432`.
[INFO] [stdout] 
[INFO] [stdout] For more information about this error, try `rustc --explain E0432`.
[INFO] [stdout] 
[INFO] [stderr] error: could not compile `wasm4pm-compat` (test "ws4_learning_126_certification_accumulates") due to 1 previous error
[INFO] [stderr] error: could not compile `wasm4pm-compat` (test "ws4_learning_116_strict_receipt_shape") due to 1 previous error
[INFO] running `Command { std: "docker" "inspect" "81107f2dffecfce985e7734463d00ac4e51dea8937a13673b50e16d35f904cca", kill_on_drop: false }`
[INFO] running `Command { std: "docker" "rm" "-f" "81107f2dffecfce985e7734463d00ac4e51dea8937a13673b50e16d35f904cca", kill_on_drop: false }`
[INFO] [stdout] 81107f2dffecfce985e7734463d00ac4e51dea8937a13673b50e16d35f904cca
