[INFO] cloning repository https://github.com/seanchatmangpt/chicago-tdd-tools
[INFO] running `Command { std: "git" "-c" "credential.helper=" "-c" "credential.helper=/workspace/cargo-home/bin/git-credential-null" "clone" "--bare" "https://github.com/seanchatmangpt/chicago-tdd-tools" "/workspace/cache/git-repos/https%3A%2F%2Fgithub.com%2Fseanchatmangpt%2Fchicago-tdd-tools", kill_on_drop: false }`
[INFO] [stderr] Cloning into bare repository '/workspace/cache/git-repos/https%3A%2F%2Fgithub.com%2Fseanchatmangpt%2Fchicago-tdd-tools'...
[INFO] running `Command { std: "git" "rev-parse" "HEAD", kill_on_drop: false }`
[INFO] [stdout] 5edb69355d0b5fc933ae602aee0dfb151864070e
[INFO] checking seanchatmangpt/chicago-tdd-tools against 3154cc1a3e6424e44f438a95007d043ed5ceaaf6 for pr-133502-30
[INFO] running `Command { std: "git" "clone" "/workspace/cache/git-repos/https%3A%2F%2Fgithub.com%2Fseanchatmangpt%2Fchicago-tdd-tools" "/workspace/builds/worker-0-tc2/source", kill_on_drop: false }`
[INFO] [stderr] Cloning into '/workspace/builds/worker-0-tc2/source'...
[INFO] [stderr] done.
[INFO] removed /workspace/builds/worker-0-tc2/source/rust-toolchain.toml
[INFO] started tweaking git repo https://github.com/seanchatmangpt/chicago-tdd-tools
[INFO] removed 0 missing examples
[INFO] finished tweaking git repo https://github.com/seanchatmangpt/chicago-tdd-tools
[INFO] tweaked toml for git repo https://github.com/seanchatmangpt/chicago-tdd-tools written to /workspace/builds/worker-0-tc2/source/Cargo.toml
[INFO] validating manifest of git repo https://github.com/seanchatmangpt/chicago-tdd-tools on toolchain 3154cc1a3e6424e44f438a95007d043ed5ceaaf6
[INFO] running `Command { std: CARGO_HOME="/workspace/cargo-home" RUSTUP_HOME="/workspace/rustup-home" "/workspace/cargo-home/bin/cargo" "+3154cc1a3e6424e44f438a95007d043ed5ceaaf6" "metadata" "--manifest-path" "Cargo.toml" "--no-deps", kill_on_drop: false }`
[INFO] crate git repo https://github.com/seanchatmangpt/chicago-tdd-tools already has a lockfile, it will not be regenerated
[INFO] running `Command { std: CARGO_HOME="/workspace/cargo-home" RUSTUP_HOME="/workspace/rustup-home" "/workspace/cargo-home/bin/cargo" "+3154cc1a3e6424e44f438a95007d043ed5ceaaf6" "fetch" "--manifest-path" "Cargo.toml", kill_on_drop: false }`
[INFO] running `Command { std: "docker" "create" "-v" "/var/lib/crater-agent-workspace/builds/worker-0-tc2/source:/opt/rustwide/workdir:ro,Z" "-v" "/var/lib/crater-agent-workspace/builds/worker-0-tc2/target:/opt/rustwide/target:rw,Z" "-v" "/var/lib/crater-agent-workspace/cargo-home:/opt/rustwide/cargo-home:ro,Z" "-v" "/var/lib/crater-agent-workspace/rustup-home:/opt/rustwide/rustup-home:ro,Z" "-m" "1610612736" "--network" "none" "ghcr.io/rust-lang/crates-build-env/linux@sha256:77db811e55d90add9212f6832c23229e3de5f1c1f9905e8cb07319ea15df73ac" "sleep" "infinity", kill_on_drop: false }`
[INFO] [stdout] c71bb137f437f2f305b47cd1ea17c22da02d973bf52091a0338142a2853116dc
[INFO] running `Command { std: "docker" "start" "c71bb137f437f2f305b47cd1ea17c22da02d973bf52091a0338142a2853116dc", kill_on_drop: false }`
[INFO] running `Command { std: "docker" "inspect" "c71bb137f437f2f305b47cd1ea17c22da02d973bf52091a0338142a2853116dc", kill_on_drop: false }`
[INFO] running `Command { std: "docker" "exec" "-e" "SOURCE_DIR=/opt/rustwide/workdir" "-e" "CARGO_HOME=/opt/rustwide/cargo-home" "-e" "RUSTUP_HOME=/opt/rustwide/rustup-home" "-e" "CARGO_TARGET_DIR=/opt/rustwide/target" "-w" "/opt/rustwide/workdir" "--user" "0:0" "c71bb137f437f2f305b47cd1ea17c22da02d973bf52091a0338142a2853116dc" "/opt/rustwide/cargo-home/bin/cargo" "+3154cc1a3e6424e44f438a95007d043ed5ceaaf6" "metadata" "--no-deps" "--format-version=1", kill_on_drop: false }`
[INFO] running `Command { std: "docker" "inspect" "c71bb137f437f2f305b47cd1ea17c22da02d973bf52091a0338142a2853116dc", kill_on_drop: false }`
[INFO] running `Command { std: "docker" "exec" "-e" "SOURCE_DIR=/opt/rustwide/workdir" "-e" "CARGO_HOME=/opt/rustwide/cargo-home" "-e" "RUSTUP_HOME=/opt/rustwide/rustup-home" "-e" "CARGO_TARGET_DIR=/opt/rustwide/target" "-e" "CARGO_INCREMENTAL=0" "-e" "RUST_BACKTRACE=full" "-e" "RUSTFLAGS=--cap-lints=forbid" "-e" "RUSTDOCFLAGS=--cap-lints=forbid" "-w" "/opt/rustwide/workdir" "--user" "0:0" "c71bb137f437f2f305b47cd1ea17c22da02d973bf52091a0338142a2853116dc" "/opt/rustwide/cargo-home/bin/cargo" "+3154cc1a3e6424e44f438a95007d043ed5ceaaf6" "check" "--frozen" "--all" "--all-targets" "--message-format=json", kill_on_drop: false }`
[INFO] [stderr]     Checking memchr v2.8.2
[INFO] [stderr]    Compiling proc-macro2 v1.0.107
[INFO] [stderr]    Compiling serde_json v1.0.151
[INFO] [stderr]     Checking hashbrown v0.17.1
[INFO] [stderr]    Compiling num-traits v0.2.19
[INFO] [stderr]     Checking getrandom v0.4.2
[INFO] [stderr]     Checking bytes v1.11.1
[INFO] [stderr]     Checking futures-channel v0.3.34
[INFO] [stderr]     Checking futures-io v0.3.34
[INFO] [stderr]    Compiling zerocopy v0.8.52
[INFO] [stderr]     Checking uuid v1.24.0
[INFO] [stderr]     Checking rustix v1.1.4
[INFO] [stderr]     Checking getrandom v0.3.4
[INFO] [stderr]    Compiling quote v1.0.47
[INFO] [stderr]     Checking winnow v1.0.3
[INFO] [stderr]     Checking rand_core v0.9.5
[INFO] [stderr]     Checking toml_datetime v1.1.1+spec-1.1.0
[INFO] [stderr]     Checking toml_parser v1.1.2+spec-1.1.0
[INFO] [stderr]    Compiling syn v3.0.6
[INFO] [stderr]    Compiling syn v2.0.119
[INFO] [stderr]     Checking indexmap v2.14.0
[INFO] [stderr]     Checking serde_spanned v1.1.1
[INFO] [stderr]     Checking toml_writer v1.1.2+spec-1.1.0
[INFO] [stderr]     Checking wait-timeout v0.2.1
[INFO] [stderr]     Checking quick-error v1.2.3
[INFO] [stderr]     Checking bit-vec v0.8.0
[INFO] [stderr]     Checking rand v0.9.4
[INFO] [stderr]     Checking bit-set v0.8.0
[INFO] [stderr]     Checking rand_xorshift v0.4.0
[INFO] [stderr]     Checking unarray v0.1.4
[INFO] [stderr]     Checking crypto-common v0.1.7
[INFO] [stderr]     Checking unsafe-libyaml v0.2.11
[INFO] [stderr]    Compiling chicago-tdd-tools v26.8.9 (/opt/rustwide/workdir)
[INFO] [stderr]     Checking digest v0.10.7
[INFO] [stderr]     Checking tempfile v3.27.0
[INFO] [stderr]    Compiling cc v1.2.63
[INFO] [stderr]     Checking log v0.4.34
[INFO] [stderr]     Checking sha2 v0.10.9
[INFO] [stderr]     Checking rusty-fork v0.3.1
[INFO] [stderr]     Checking crossbeam-epoch v0.9.20
[INFO] [stderr]     Checking either v1.16.0
[INFO] [stderr]     Checking toml v1.1.3+spec-1.1.0
[INFO] [stderr]    Compiling syn v1.0.109
[INFO] [stderr]     Checking crossbeam-deque v0.8.6
[INFO] [stderr]     Checking ciborium-io v0.2.2
[INFO] [stderr]    Compiling target-tuple v1.0.2
[INFO] [stderr]     Checking arrayvec v0.7.6
[INFO] [stderr]     Checking constant_time_eq v0.4.2
[INFO] [stderr]     Checking plotters-backend v0.3.7
[INFO] [stderr]     Checking clap_builder v4.6.0
[INFO] [stderr]     Checking plotters-svg v0.3.7
[INFO] [stderr]     Checking rayon-core v1.13.0
[INFO] [stderr]     Checking itertools v0.10.5
[INFO] [stderr]    Compiling blake3 v1.8.7
[INFO] [stderr]     Checking regex-automata v0.4.18
[INFO] [stderr]     Checking quick-xml v0.36.2
[INFO] [stderr]    Compiling toml_edit v0.25.12+spec-1.1.0
[INFO] [stderr]     Checking rustc-hash v2.1.2
[INFO] [stderr]     Checking cast v0.3.0
[INFO] [stderr]     Checking clap v4.6.1
[INFO] [stderr]     Checking rayon v1.12.0
[INFO] [stderr]     Checking plotters v0.3.7
[INFO] [stderr]    Compiling proc-macro-crate v3.5.0
[INFO] [stderr]     Checking criterion-plot v0.5.0
[INFO] [stderr]     Checking anes v0.1.6
[INFO] [stderr]     Checking regex v1.12.4
[INFO] [stderr]     Checking glob v0.3.3
[INFO] [stderr]     Checking oorandom v11.1.5
[INFO] [stderr]    Compiling serde_core v1.0.229
[INFO] [stderr]    Compiling darling_core v0.24.0
[INFO] [stderr]    Compiling nix v0.31.3
[INFO] [stderr]    Compiling ref-cast v1.0.25
[INFO] [stderr]    Compiling serde_derive v1.0.229
[INFO] [stderr]    Compiling thiserror-impl v2.0.20
[INFO] [stderr]    Compiling futures-macro v0.3.34
[INFO] [stderr]    Compiling chicago-tdd-tools-proc-macros v26.8.9 (/opt/rustwide/workdir/proc_macros)
[INFO] [stderr]    Compiling ntest_timeout v0.9.5
[INFO] [stderr]     Checking futures-util v0.3.34
[INFO] [stderr]    Compiling ntest_test_cases v0.9.5
[INFO] [stderr]    Compiling serde_derive_internals v0.29.1
[INFO] [stderr]    Compiling tokio-macros v2.7.0
[INFO] [stderr]    Compiling zerocopy-derive v0.8.52
[INFO] [stderr]     Checking thiserror v2.0.20
[INFO] [stderr]    Compiling star-toml-derive v26.6.30
[INFO] [stderr]     Checking tokio v1.53.1
[INFO] [stderr]     Checking ntest v0.9.5
[INFO] [stderr]    Compiling tracing-attributes v0.1.31
[INFO] [stderr]     Checking serde v1.0.229
[INFO] [stderr]    Compiling darling_macro v0.24.0
[INFO] [stderr]    Compiling ref-cast-impl v1.0.25
[INFO] [stderr]    Compiling darling v0.24.0
[INFO] [stderr]    Compiling schemars_derive v1.2.1
[INFO] [stderr]    Compiling rmcp v3.1.1
[INFO] [stderr]     Checking tracing v0.1.44
[INFO] [stderr]     Checking chrono v0.4.45
[INFO] [stderr]     Checking serde_yaml v0.9.34+deprecated
[INFO] [stderr]     Checking tinytemplate v1.2.1
[INFO] [stderr]     Checking trybuild v1.0.121
[INFO] [stderr]     Checking wasm4pm-compat v26.6.29
[INFO] [stderr]     Checking schemars v1.2.1
[INFO] [stderr]     Checking futures-executor v0.3.34
[INFO] [stderr]     Checking futures v0.3.34
[INFO] [stderr]     Checking console v0.16.3
[INFO] [stderr]     Checking similar v2.7.0
[INFO] [stderr]    Compiling pastey v0.2.3
[INFO] [stderr]    Compiling rmcp-macros v3.1.2
[INFO] [stderr]     Checking base64 v0.23.0
[INFO] [stderr]     Checking tokio-stream v0.1.19
[INFO] [stderr]     Checking process-wrap v9.1.0
[INFO] [stderr]     Checking tokio-util v0.7.18
[INFO] [stderr]     Checking insta v1.48.0
[INFO] [stderr]     Checking which v8.0.6
[INFO] [stderr]     Checking tokio-test v0.4.5
[INFO] [stderr]     Checking chicago-tdd-mcp v26.7.1 (/opt/rustwide/workdir/crates/chicago-tdd-mcp)
[INFO] [stderr]    Compiling libc v0.2.186
[INFO] [stderr]     Checking ppv-lite86 v0.2.21
[INFO] [stderr]     Checking half v2.7.1
[INFO] [stderr]     Checking ciborium-ll v0.2.2
[INFO] [stderr]     Checking rand_chacha v0.9.0
[INFO] [stderr]     Checking ciborium v0.2.2
[INFO] [stderr]     Checking proptest v1.11.0
[INFO] [stderr]     Checking chicago-tdd-mcp-macros v26.7.1 (/opt/rustwide/workdir/proc_macros/chicago-tdd-mcp-macros)
[INFO] [stderr]     Checking criterion v0.5.1
[INFO] [stderr]     Checking chicago-claims v26.7.1 (/opt/rustwide/workdir/crates/chicago-claims)
[INFO] [stdout] warning: constant `EMPTY` is never used
[INFO] [stdout]   --> crates/chicago-claims/src/../tests/fixtures/baseline_correct.rs:17:11
[INFO] [stdout]    |
[INFO] [stdout] 17 | pub const EMPTY: u32 = 0;
[INFO] [stdout]    |           ^^^^^
[INFO] [stdout]    |
[INFO] [stdout]    = note: `#[warn(dead_code)]` (part of `#[warn(unused)]`) on by default
[INFO] [stdout] 
[INFO] [stdout] 
[INFO] [stdout] warning: constant `EMPTY` is never used
[INFO] [stdout]  --> crates/chicago-claims/src/../tests/fixtures/left_only.rs:8:11
[INFO] [stdout]   |
[INFO] [stdout] 8 | pub const EMPTY: u32 = 0;
[INFO] [stdout]   |           ^^^^^
[INFO] [stdout] 
[INFO] [stdout] 
[INFO] [stdout] warning: constant `EMPTY` is never used
[INFO] [stdout]  --> crates/chicago-claims/src/../tests/fixtures/right_only.rs:8:11
[INFO] [stdout]   |
[INFO] [stdout] 8 | pub const EMPTY: u32 = 0;
[INFO] [stdout]   |           ^^^^^
[INFO] [stdout] 
[INFO] [stdout] 
[INFO] [stdout] warning: constant `EMPTY` is never used
[INFO] [stdout]   --> crates/chicago-claims/src/../tests/fixtures/overwrite.rs:26:11
[INFO] [stdout]    |
[INFO] [stdout] 26 | pub const EMPTY: u32 = 0;
[INFO] [stdout]    |           ^^^^^
[INFO] [stdout] 
[INFO] [stdout] 
[INFO] [stdout] warning: constant `EMPTY` is never used
[INFO] [stdout]   --> crates/chicago-claims/src/../tests/fixtures/baseline_correct.rs:17:11
[INFO] [stdout]    |
[INFO] [stdout] 17 | pub const EMPTY: u32 = 0;
[INFO] [stdout]    |           ^^^^^
[INFO] [stdout]    |
[INFO] [stdout]    = note: `#[warn(dead_code)]` (part of `#[warn(unused)]`) on by default
[INFO] [stdout] 
[INFO] [stdout] 
[INFO] [stdout] warning: constant `EMPTY` is never used
[INFO] [stdout]  --> crates/chicago-claims/src/../tests/fixtures/left_only.rs:8:11
[INFO] [stdout]   |
[INFO] [stdout] 8 | pub const EMPTY: u32 = 0;
[INFO] [stdout]   |           ^^^^^
[INFO] [stdout] 
[INFO] [stdout] 
[INFO] [stdout] warning: constant `EMPTY` is never used
[INFO] [stdout]  --> crates/chicago-claims/src/../tests/fixtures/right_only.rs:8:11
[INFO] [stdout]   |
[INFO] [stdout] 8 | pub const EMPTY: u32 = 0;
[INFO] [stdout]   |           ^^^^^
[INFO] [stdout] 
[INFO] [stdout] 
[INFO] [stdout] warning: constant `EMPTY` is never used
[INFO] [stdout]   --> crates/chicago-claims/src/../tests/fixtures/overwrite.rs:26:11
[INFO] [stdout]    |
[INFO] [stdout] 26 | pub const EMPTY: u32 = 0;
[INFO] [stdout]    |           ^^^^^
[INFO] [stdout] 
[INFO] [stdout] 
[INFO] [stderr]     Checking star-toml v26.7.3
[INFO] [stdout] error[E0432]: unresolved import `chicago_tdd_mcp::McpServerHarnessBuilder`
[INFO] [stdout]   --> crates/chicago-tdd-mcp/tests/snapshot_tests.rs:9:5
[INFO] [stdout]    |
[INFO] [stdout]  9 | use chicago_tdd_mcp::McpServerHarnessBuilder;
[INFO] [stdout]    |     ^^^^^^^^^^^^^^^^^-----------------------
[INFO] [stdout]    |                      |
[INFO] [stdout]    |                      no `McpServerHarnessBuilder` in the root
[INFO] [stdout]    |
[INFO] [stdout] note: found an item that was configured out
[INFO] [stdout]   --> crates/chicago-tdd-mcp/src/lib.rs:65:45
[INFO] [stdout]    |
[INFO] [stdout] 64 | #[cfg(feature = "testing")]
[INFO] [stdout]    |       ------------------- the item is gated behind the `testing` feature
[INFO] [stdout] 65 | pub use harness::server::{McpServerHarness, McpServerHarnessBuilder};
[INFO] [stdout]    |                                             ^^^^^^^^^^^^^^^^^^^^^^^
[INFO] [stdout] 
[INFO] [stdout] 
[INFO] [stdout] error: unused import: `tokio::process::Command`
[INFO] [stdout]   --> crates/chicago-tdd-mcp/tests/snapshot_tests.rs:10:5
[INFO] [stdout]    |
[INFO] [stdout] 10 | use tokio::process::Command;
[INFO] [stdout]    |     ^^^^^^^^^^^^^^^^^^^^^^^
[INFO] [stdout]    |
[INFO] [stdout]    = note: `-D unused-imports` implied by `-D warnings`
[INFO] [stdout]    = help: to override `-D warnings` add `#[allow(unused_imports)]`
[INFO] [stdout] 
[INFO] [stdout] 
[INFO] [stdout] error[E0432]: unresolved import `chicago_tdd_mcp::assert`
[INFO] [stdout]   --> crates/chicago-tdd-mcp/tests/error_tests.rs:6:22
[INFO] [stdout]    |
[INFO] [stdout]  6 | use chicago_tdd_mcp::assert::{error_scenarios, McpErrorAssert};
[INFO] [stdout]    |                      ^^^^^^ could not find `assert` in `chicago_tdd_mcp`
[INFO] [stdout]    |
[INFO] [stdout] note: found an item that was configured out
[INFO] [stdout]   --> crates/chicago-tdd-mcp/src/lib.rs:42:9
[INFO] [stdout]    |
[INFO] [stdout] 41 | #[cfg(feature = "testing")]
[INFO] [stdout]    |       ------------------- the item is gated behind the `testing` feature
[INFO] [stdout] 42 | pub mod assert;
[INFO] [stdout]    |         ^^^^^^
[INFO] [stdout] 
[INFO] [stdout] 
[INFO] [stdout] For more information about this error, try `rustc --explain E0432`.
[INFO] [stdout] 
[INFO] [stdout] error[E0432]: unresolved imports `chicago_tdd_mcp::McpServerHarnessBuilder`, `chicago_tdd_mcp::McpSession`
[INFO] [stdout]   --> crates/chicago-tdd-mcp/tests/error_tests.rs:7:23
[INFO] [stdout]    |
[INFO] [stdout]  7 | use chicago_tdd_mcp::{McpServerHarnessBuilder, McpSession};
[INFO] [stdout]    |                       ^^^^^^^^^^^^^^^^^^^^^^^  ^^^^^^^^^^ no `McpSession` in the root
[INFO] [stdout]    |                       |
[INFO] [stdout]    |                       no `McpServerHarnessBuilder` in the root
[INFO] [stdout]    |
[INFO] [stdout] note: found an item that was configured out
[INFO] [stdout]   --> crates/chicago-tdd-mcp/src/lib.rs:65:45
[INFO] [stdout]    |
[INFO] [stdout] 64 | #[cfg(feature = "testing")]
[INFO] [stdout]    |       ------------------- the item is gated behind the `testing` feature
[INFO] [stdout] 65 | pub use harness::server::{McpServerHarness, McpServerHarnessBuilder};
[INFO] [stdout]    |                                             ^^^^^^^^^^^^^^^^^^^^^^^
[INFO] [stdout] note: found an item that was configured out
[INFO] [stdout]   --> crates/chicago-tdd-mcp/src/lib.rs:67:36
[INFO] [stdout]    |
[INFO] [stdout] 66 | #[cfg(feature = "testing")]
[INFO] [stdout]    |       ------------------- the item is gated behind the `testing` feature
[INFO] [stdout] 67 | pub use harness::session::{Closed, McpSession, Ready, Uninitialized};
[INFO] [stdout]    |                                    ^^^^^^^^^^
[INFO] [stdout] 
[INFO] [stdout] 
[INFO] [stdout] error[E0432]: unresolved imports `chicago_tdd_mcp::McpServerHarnessBuilder`, `chicago_tdd_mcp::McpSession`
[INFO] [stdout]   --> crates/chicago-tdd-mcp/tests/e2e_oclnr_mcp.rs:13:23
[INFO] [stdout]    |
[INFO] [stdout] 13 | use chicago_tdd_mcp::{McpServerHarnessBuilder, McpSession};
[INFO] [stdout]    |                       ^^^^^^^^^^^^^^^^^^^^^^^  ^^^^^^^^^^ no `McpSession` in the root
[INFO] [stdout]    |                       |
[INFO] [stdout]    |                       no `McpServerHarnessBuilder` in the root
[INFO] [stdout]    |
[INFO] [stdout] note: found an item that was configured out
[INFO] [stdout]   --> crates/chicago-tdd-mcp/src/lib.rs:65:45
[INFO] [stdout]    |
[INFO] [stdout] 64 | #[cfg(feature = "testing")]
[INFO] [stdout]    |       ------------------- the item is gated behind the `testing` feature
[INFO] [stdout] 65 | pub use harness::server::{McpServerHarness, McpServerHarnessBuilder};
[INFO] [stdout]    |                                             ^^^^^^^^^^^^^^^^^^^^^^^
[INFO] [stdout] note: found an item that was configured out
[INFO] [stdout]   --> crates/chicago-tdd-mcp/src/lib.rs:67:36
[INFO] [stdout]    |
[INFO] [stdout] 66 | #[cfg(feature = "testing")]
[INFO] [stdout]    |       ------------------- the item is gated behind the `testing` feature
[INFO] [stdout] 67 | pub use harness::session::{Closed, McpSession, Ready, Uninitialized};
[INFO] [stdout]    |                                    ^^^^^^^^^^
[INFO] [stdout] 
[INFO] [stdout] 
[INFO] [stdout] error[E0433]: cannot find `McpTestError` in `chicago_tdd_mcp`
[INFO] [stdout]   --> crates/chicago-tdd-mcp/tests/error_tests.rs:57:30
[INFO] [stdout]    |
[INFO] [stdout] 57 |         Err(chicago_tdd_mcp::McpTestError::Rmcp(_)) => { /* expected */ }
[INFO] [stdout]    |                              ^^^^^^^^^^^^ could not find `McpTestError` in `chicago_tdd_mcp`
[INFO] [stdout]    |
[INFO] [stdout] note: found an item that was configured out
[INFO] [stdout]   --> crates/chicago-tdd-mcp/src/lib.rs:61:16
[INFO] [stdout]    |
[INFO] [stdout] 60 | #[cfg(feature = "testing")]
[INFO] [stdout]    |       ------------------- the item is gated behind the `testing` feature
[INFO] [stdout] 61 | pub use error::McpTestError;
[INFO] [stdout]    |                ^^^^^^^^^^^^
[INFO] [stdout] help: consider importing this enum
[INFO] [stdout]    |
[INFO] [stdout]  3 + use chicago_tdd_mcp::error::McpTestError;
[INFO] [stdout]    |
[INFO] [stdout] help: if you import `McpTestError`, refer to it directly
[INFO] [stdout]    |
[INFO] [stdout] 57 -         Err(chicago_tdd_mcp::McpTestError::Rmcp(_)) => { /* expected */ }
[INFO] [stdout] 57 +         Err(McpTestError::Rmcp(_)) => { /* expected */ }
[INFO] [stdout]    |
[INFO] [stdout] 
[INFO] [stdout] 
[INFO] [stderr] error: could not compile `chicago-tdd-mcp` (test "snapshot_tests") due to 2 previous errors
[INFO] [stderr] warning: build failed, waiting for other jobs to finish...
[INFO] [stdout] error[E0433]: cannot find `assert` in `chicago_tdd_mcp`
[INFO] [stdout]    --> crates/chicago-tdd-mcp/tests/e2e_oclnr_mcp.rs:118:22
[INFO] [stdout]     |
[INFO] [stdout] 118 |     chicago_tdd_mcp::assert::assert_content_array(&result);
[INFO] [stdout]     |                      ^^^^^^ could not find `assert` in `chicago_tdd_mcp`
[INFO] [stdout]     |
[INFO] [stdout] note: found an item that was configured out
[INFO] [stdout]    --> crates/chicago-tdd-mcp/src/lib.rs:42:9
[INFO] [stdout]     |
[INFO] [stdout]  41 | #[cfg(feature = "testing")]
[INFO] [stdout]     |       ------------------- the item is gated behind the `testing` feature
[INFO] [stdout]  42 | pub mod assert;
[INFO] [stdout]     |         ^^^^^^
[INFO] [stdout] 
[INFO] [stdout] 
[INFO] [stdout] error[E0433]: cannot find `assert` in `chicago_tdd_mcp`
[INFO] [stdout]    --> crates/chicago-tdd-mcp/tests/e2e_oclnr_mcp.rs:156:22
[INFO] [stdout]     |
[INFO] [stdout] 156 |     chicago_tdd_mcp::assert::assert_content_array(&r);
[INFO] [stdout]     |                      ^^^^^^ could not find `assert` in `chicago_tdd_mcp`
[INFO] [stdout]     |
[INFO] [stdout] note: found an item that was configured out
[INFO] [stdout]    --> crates/chicago-tdd-mcp/src/lib.rs:42:9
[INFO] [stdout]     |
[INFO] [stdout]  41 | #[cfg(feature = "testing")]
[INFO] [stdout]     |       ------------------- the item is gated behind the `testing` feature
[INFO] [stdout]  42 | pub mod assert;
[INFO] [stdout]     |         ^^^^^^
[INFO] [stdout] 
[INFO] [stdout] 
[INFO] [stdout] error[E0432]: unresolved imports `chicago_tdd_mcp::McpServerHarnessBuilder`, `chicago_tdd_mcp::McpSession`
[INFO] [stdout]   --> crates/chicago-tdd-mcp/tests/server_harness_tests.rs:6:23
[INFO] [stdout]    |
[INFO] [stdout]  6 | use chicago_tdd_mcp::{McpServerHarnessBuilder, McpSession};
[INFO] [stdout]    |                       ^^^^^^^^^^^^^^^^^^^^^^^  ^^^^^^^^^^ no `McpSession` in the root
[INFO] [stdout]    |                       |
[INFO] [stdout]    |                       no `McpServerHarnessBuilder` in the root
[INFO] [stdout]    |
[INFO] [stdout] note: found an item that was configured out
[INFO] [stdout]   --> crates/chicago-tdd-mcp/src/lib.rs:65:45
[INFO] [stdout]    |
[INFO] [stdout] 64 | #[cfg(feature = "testing")]
[INFO] [stdout]    |       ------------------- the item is gated behind the `testing` feature
[INFO] [stdout] 65 | pub use harness::server::{McpServerHarness, McpServerHarnessBuilder};
[INFO] [stdout]    |                                             ^^^^^^^^^^^^^^^^^^^^^^^
[INFO] [stdout] note: found an item that was configured out
[INFO] [stdout]   --> crates/chicago-tdd-mcp/src/lib.rs:67:36
[INFO] [stdout]    |
[INFO] [stdout] 66 | #[cfg(feature = "testing")]
[INFO] [stdout]    |       ------------------- the item is gated behind the `testing` feature
[INFO] [stdout] 67 | pub use harness::session::{Closed, McpSession, Ready, Uninitialized};
[INFO] [stdout]    |                                    ^^^^^^^^^^
[INFO] [stdout] 
[INFO] [stdout] 
[INFO] [stdout] error[E0433]: cannot find `assert` in `chicago_tdd_mcp`
[INFO] [stdout]    --> crates/chicago-tdd-mcp/tests/e2e_oclnr_mcp.rs:171:22
[INFO] [stdout]     |
[INFO] [stdout] 171 |     chicago_tdd_mcp::assert::assert_content_array(&r);
[INFO] [stdout]     |                      ^^^^^^ could not find `assert` in `chicago_tdd_mcp`
[INFO] [stdout]     |
[INFO] [stdout] note: found an item that was configured out
[INFO] [stdout]    --> crates/chicago-tdd-mcp/src/lib.rs:42:9
[INFO] [stdout]     |
[INFO] [stdout]  41 | #[cfg(feature = "testing")]
[INFO] [stdout]     |       ------------------- the item is gated behind the `testing` feature
[INFO] [stdout]  42 | pub mod assert;
[INFO] [stdout]     |         ^^^^^^
[INFO] [stdout] 
[INFO] [stdout] 
[INFO] [stdout] error[E0433]: cannot find `assert` in `chicago_tdd_mcp`
[INFO] [stdout]   --> crates/chicago-tdd-mcp/tests/server_harness_tests.rs:85:22
[INFO] [stdout]    |
[INFO] [stdout] 85 |     chicago_tdd_mcp::assert::assert_content_array(&result);
[INFO] [stdout]    |                      ^^^^^^ could not find `assert` in `chicago_tdd_mcp`
[INFO] [stdout]    |
[INFO] [stdout] note: found an item that was configured out
[INFO] [stdout]   --> crates/chicago-tdd-mcp/src/lib.rs:42:9
[INFO] [stdout]    |
[INFO] [stdout] 41 | #[cfg(feature = "testing")]
[INFO] [stdout]    |       ------------------- the item is gated behind the `testing` feature
[INFO] [stdout] 42 | pub mod assert;
[INFO] [stdout]    |         ^^^^^^
[INFO] [stdout] 
[INFO] [stdout] 
[INFO] [stdout] Some errors have detailed explanations: E0432, E0433.
[INFO] [stdout] 
[INFO] [stdout] For more information about an error, try `rustc --explain E0432`.
[INFO] [stdout] 
[INFO] [stdout] error[E0433]: cannot find `assert` in `chicago_tdd_mcp`
[INFO] [stdout]    --> crates/chicago-tdd-mcp/tests/e2e_oclnr_mcp.rs:185:22
[INFO] [stdout]     |
[INFO] [stdout] 185 |     chicago_tdd_mcp::assert::assert_content_array(&r);
[INFO] [stdout]     |                      ^^^^^^ could not find `assert` in `chicago_tdd_mcp`
[INFO] [stdout]     |
[INFO] [stdout] note: found an item that was configured out
[INFO] [stdout]    --> crates/chicago-tdd-mcp/src/lib.rs:42:9
[INFO] [stdout]     |
[INFO] [stdout]  41 | #[cfg(feature = "testing")]
[INFO] [stdout]     |       ------------------- the item is gated behind the `testing` feature
[INFO] [stdout]  42 | pub mod assert;
[INFO] [stdout]     |         ^^^^^^
[INFO] [stdout] 
[INFO] [stdout] 
[INFO] [stdout] error[E0433]: cannot find `assert` in `chicago_tdd_mcp`
[INFO] [stdout]    --> crates/chicago-tdd-mcp/tests/server_harness_tests.rs:136:22
[INFO] [stdout]     |
[INFO] [stdout] 136 |     chicago_tdd_mcp::assert::assert_content_array(&result);
[INFO] [stdout]     |                      ^^^^^^ could not find `assert` in `chicago_tdd_mcp`
[INFO] [stdout]     |
[INFO] [stdout] note: found an item that was configured out
[INFO] [stdout]    --> crates/chicago-tdd-mcp/src/lib.rs:42:9
[INFO] [stdout]     |
[INFO] [stdout]  41 | #[cfg(feature = "testing")]
[INFO] [stdout]     |       ------------------- the item is gated behind the `testing` feature
[INFO] [stdout]  42 | pub mod assert;
[INFO] [stdout]     |         ^^^^^^
[INFO] [stdout] 
[INFO] [stdout] 
[INFO] [stdout] error[E0433]: cannot find `assert` in `chicago_tdd_mcp`
[INFO] [stdout]    --> crates/chicago-tdd-mcp/tests/e2e_oclnr_mcp.rs:199:22
[INFO] [stdout]     |
[INFO] [stdout] 199 |     chicago_tdd_mcp::assert::assert_content_array(&r);
[INFO] [stdout]     |                      ^^^^^^ could not find `assert` in `chicago_tdd_mcp`
[INFO] [stdout]     |
[INFO] [stdout] note: found an item that was configured out
[INFO] [stdout]    --> crates/chicago-tdd-mcp/src/lib.rs:42:9
[INFO] [stdout]     |
[INFO] [stdout]  41 | #[cfg(feature = "testing")]
[INFO] [stdout]     |       ------------------- the item is gated behind the `testing` feature
[INFO] [stdout]  42 | pub mod assert;
[INFO] [stdout]     |         ^^^^^^
[INFO] [stdout] 
[INFO] [stdout] 
[INFO] [stderr] error: could not compile `chicago-tdd-mcp` (test "error_tests") due to 3 previous errors
[INFO] [stdout] error[E0433]: cannot find `assert` in `chicago_tdd_mcp`
[INFO] [stdout]    --> crates/chicago-tdd-mcp/tests/e2e_oclnr_mcp.rs:213:22
[INFO] [stdout]     |
[INFO] [stdout] 213 |     chicago_tdd_mcp::assert::assert_content_array(&r);
[INFO] [stdout]     |                      ^^^^^^ could not find `assert` in `chicago_tdd_mcp`
[INFO] [stdout]     |
[INFO] [stdout] note: found an item that was configured out
[INFO] [stdout]    --> crates/chicago-tdd-mcp/src/lib.rs:42:9
[INFO] [stdout]     |
[INFO] [stdout]  41 | #[cfg(feature = "testing")]
[INFO] [stdout]     |       ------------------- the item is gated behind the `testing` feature
[INFO] [stdout]  42 | pub mod assert;
[INFO] [stdout]     |         ^^^^^^
[INFO] [stdout] 
[INFO] [stdout] 
[INFO] [stdout] error[E0433]: cannot find `assert` in `chicago_tdd_mcp`
[INFO] [stdout]    --> crates/chicago-tdd-mcp/tests/e2e_oclnr_mcp.rs:223:22
[INFO] [stdout]     |
[INFO] [stdout] 223 |     chicago_tdd_mcp::assert::assert_content_array(&r);
[INFO] [stdout]     |                      ^^^^^^ could not find `assert` in `chicago_tdd_mcp`
[INFO] [stdout]     |
[INFO] [stdout] note: found an item that was configured out
[INFO] [stdout]    --> crates/chicago-tdd-mcp/src/lib.rs:42:9
[INFO] [stdout]     |
[INFO] [stdout]  41 | #[cfg(feature = "testing")]
[INFO] [stdout]     |       ------------------- the item is gated behind the `testing` feature
[INFO] [stdout]  42 | pub mod assert;
[INFO] [stdout]     |         ^^^^^^
[INFO] [stdout] 
[INFO] [stdout] 
[INFO] [stdout] Some errors have detailed explanations: E0432, E0433.
[INFO] [stdout] 
[INFO] [stdout] For more information about an error, try `rustc --explain E0432`.
[INFO] [stdout] 
[INFO] [stderr] error: could not compile `chicago-tdd-mcp` (test "server_harness_tests") due to 3 previous errors
[INFO] [stdout] error[E0433]: cannot find `assert` in `chicago_tdd_mcp`
[INFO] [stdout]    --> crates/chicago-tdd-mcp/tests/e2e_oclnr_mcp.rs:230:22
[INFO] [stdout]     |
[INFO] [stdout] 230 |     chicago_tdd_mcp::assert::assert_content_array(&r);
[INFO] [stdout]     |                      ^^^^^^ could not find `assert` in `chicago_tdd_mcp`
[INFO] [stdout]     |
[INFO] [stdout] note: found an item that was configured out
[INFO] [stdout]    --> crates/chicago-tdd-mcp/src/lib.rs:42:9
[INFO] [stdout]     |
[INFO] [stdout]  41 | #[cfg(feature = "testing")]
[INFO] [stdout]     |       ------------------- the item is gated behind the `testing` feature
[INFO] [stdout]  42 | pub mod assert;
[INFO] [stdout]     |         ^^^^^^
[INFO] [stdout] 
[INFO] [stdout] 
[INFO] [stdout] error[E0433]: cannot find `assert` in `chicago_tdd_mcp`
[INFO] [stdout]    --> crates/chicago-tdd-mcp/tests/e2e_oclnr_mcp.rs:245:22
[INFO] [stdout]     |
[INFO] [stdout] 245 |     chicago_tdd_mcp::assert::assert_content_array(&r);
[INFO] [stdout]     |                      ^^^^^^ could not find `assert` in `chicago_tdd_mcp`
[INFO] [stdout]     |
[INFO] [stdout] note: found an item that was configured out
[INFO] [stdout]    --> crates/chicago-tdd-mcp/src/lib.rs:42:9
[INFO] [stdout]     |
[INFO] [stdout]  41 | #[cfg(feature = "testing")]
[INFO] [stdout]     |       ------------------- the item is gated behind the `testing` feature
[INFO] [stdout]  42 | pub mod assert;
[INFO] [stdout]     |         ^^^^^^
[INFO] [stdout] 
[INFO] [stdout] 
[INFO] [stdout] error[E0433]: cannot find `assert` in `chicago_tdd_mcp`
[INFO] [stdout]    --> crates/chicago-tdd-mcp/tests/e2e_oclnr_mcp.rs:255:22
[INFO] [stdout]     |
[INFO] [stdout] 255 |     chicago_tdd_mcp::assert::assert_content_array(&r);
[INFO] [stdout]     |                      ^^^^^^ could not find `assert` in `chicago_tdd_mcp`
[INFO] [stdout]     |
[INFO] [stdout] note: found an item that was configured out
[INFO] [stdout]    --> crates/chicago-tdd-mcp/src/lib.rs:42:9
[INFO] [stdout]     |
[INFO] [stdout]  41 | #[cfg(feature = "testing")]
[INFO] [stdout]     |       ------------------- the item is gated behind the `testing` feature
[INFO] [stdout]  42 | pub mod assert;
[INFO] [stdout]     |         ^^^^^^
[INFO] [stdout] 
[INFO] [stdout] 
[INFO] [stdout] error[E0433]: cannot find `assert` in `chicago_tdd_mcp`
[INFO] [stdout]    --> crates/chicago-tdd-mcp/tests/e2e_oclnr_mcp.rs:271:22
[INFO] [stdout]     |
[INFO] [stdout] 271 |     chicago_tdd_mcp::assert::assert_content_array(&r);
[INFO] [stdout]     |                      ^^^^^^ could not find `assert` in `chicago_tdd_mcp`
[INFO] [stdout]     |
[INFO] [stdout] note: found an item that was configured out
[INFO] [stdout]    --> crates/chicago-tdd-mcp/src/lib.rs:42:9
[INFO] [stdout]     |
[INFO] [stdout]  41 | #[cfg(feature = "testing")]
[INFO] [stdout]     |       ------------------- the item is gated behind the `testing` feature
[INFO] [stdout]  42 | pub mod assert;
[INFO] [stdout]     |         ^^^^^^
[INFO] [stdout] 
[INFO] [stdout] 
[INFO] [stdout] error[E0433]: cannot find `assert` in `chicago_tdd_mcp`
[INFO] [stdout]    --> crates/chicago-tdd-mcp/tests/e2e_oclnr_mcp.rs:283:22
[INFO] [stdout]     |
[INFO] [stdout] 283 |     chicago_tdd_mcp::assert::assert_content_array(&r);
[INFO] [stdout]     |                      ^^^^^^ could not find `assert` in `chicago_tdd_mcp`
[INFO] [stdout]     |
[INFO] [stdout] note: found an item that was configured out
[INFO] [stdout]    --> crates/chicago-tdd-mcp/src/lib.rs:42:9
[INFO] [stdout]     |
[INFO] [stdout]  41 | #[cfg(feature = "testing")]
[INFO] [stdout]     |       ------------------- the item is gated behind the `testing` feature
[INFO] [stdout]  42 | pub mod assert;
[INFO] [stdout]     |         ^^^^^^
[INFO] [stdout] 
[INFO] [stdout] 
[INFO] [stdout] error[E0433]: cannot find `assert` in `chicago_tdd_mcp`
[INFO] [stdout]    --> crates/chicago-tdd-mcp/tests/e2e_oclnr_mcp.rs:293:22
[INFO] [stdout]     |
[INFO] [stdout] 293 |     chicago_tdd_mcp::assert::assert_content_array(&r);
[INFO] [stdout]     |                      ^^^^^^ could not find `assert` in `chicago_tdd_mcp`
[INFO] [stdout]     |
[INFO] [stdout] note: found an item that was configured out
[INFO] [stdout]    --> crates/chicago-tdd-mcp/src/lib.rs:42:9
[INFO] [stdout]     |
[INFO] [stdout]  41 | #[cfg(feature = "testing")]
[INFO] [stdout]     |       ------------------- the item is gated behind the `testing` feature
[INFO] [stdout]  42 | pub mod assert;
[INFO] [stdout]     |         ^^^^^^
[INFO] [stdout] 
[INFO] [stdout] 
[INFO] [stdout] error[E0433]: cannot find `assert` in `chicago_tdd_mcp`
[INFO] [stdout]    --> crates/chicago-tdd-mcp/tests/e2e_oclnr_mcp.rs:303:22
[INFO] [stdout]     |
[INFO] [stdout] 303 |     chicago_tdd_mcp::assert::assert_content_array(&r);
[INFO] [stdout]     |                      ^^^^^^ could not find `assert` in `chicago_tdd_mcp`
[INFO] [stdout]     |
[INFO] [stdout] note: found an item that was configured out
[INFO] [stdout]    --> crates/chicago-tdd-mcp/src/lib.rs:42:9
[INFO] [stdout]     |
[INFO] [stdout]  41 | #[cfg(feature = "testing")]
[INFO] [stdout]     |       ------------------- the item is gated behind the `testing` feature
[INFO] [stdout]  42 | pub mod assert;
[INFO] [stdout]     |         ^^^^^^
[INFO] [stdout] 
[INFO] [stdout] 
[INFO] [stdout] error[E0433]: cannot find `assert` in `chicago_tdd_mcp`
[INFO] [stdout]    --> crates/chicago-tdd-mcp/tests/e2e_oclnr_mcp.rs:310:22
[INFO] [stdout]     |
[INFO] [stdout] 310 |     chicago_tdd_mcp::assert::assert_content_array(&r);
[INFO] [stdout]     |                      ^^^^^^ could not find `assert` in `chicago_tdd_mcp`
[INFO] [stdout]     |
[INFO] [stdout] note: found an item that was configured out
[INFO] [stdout]    --> crates/chicago-tdd-mcp/src/lib.rs:42:9
[INFO] [stdout]     |
[INFO] [stdout]  41 | #[cfg(feature = "testing")]
[INFO] [stdout]     |       ------------------- the item is gated behind the `testing` feature
[INFO] [stdout]  42 | pub mod assert;
[INFO] [stdout]     |         ^^^^^^
[INFO] [stdout] 
[INFO] [stdout] 
[INFO] [stdout] error[E0433]: cannot find `assert` in `chicago_tdd_mcp`
[INFO] [stdout]    --> crates/chicago-tdd-mcp/tests/e2e_oclnr_mcp.rs:324:22
[INFO] [stdout]     |
[INFO] [stdout] 324 |     chicago_tdd_mcp::assert::assert_tool_error(&r);
[INFO] [stdout]     |                      ^^^^^^ could not find `assert` in `chicago_tdd_mcp`
[INFO] [stdout]     |
[INFO] [stdout] note: found an item that was configured out
[INFO] [stdout]    --> crates/chicago-tdd-mcp/src/lib.rs:42:9
[INFO] [stdout]     |
[INFO] [stdout]  41 | #[cfg(feature = "testing")]
[INFO] [stdout]     |       ------------------- the item is gated behind the `testing` feature
[INFO] [stdout]  42 | pub mod assert;
[INFO] [stdout]     |         ^^^^^^
[INFO] [stdout] 
[INFO] [stdout] 
[INFO] [stdout] error[E0433]: cannot find `assert` in `chicago_tdd_mcp`
[INFO] [stdout]    --> crates/chicago-tdd-mcp/tests/e2e_oclnr_mcp.rs:333:22
[INFO] [stdout]     |
[INFO] [stdout] 333 |     chicago_tdd_mcp::assert::assert_tool_error(&r);
[INFO] [stdout]     |                      ^^^^^^ could not find `assert` in `chicago_tdd_mcp`
[INFO] [stdout]     |
[INFO] [stdout] note: found an item that was configured out
[INFO] [stdout]    --> crates/chicago-tdd-mcp/src/lib.rs:42:9
[INFO] [stdout]     |
[INFO] [stdout]  41 | #[cfg(feature = "testing")]
[INFO] [stdout]     |       ------------------- the item is gated behind the `testing` feature
[INFO] [stdout]  42 | pub mod assert;
[INFO] [stdout]     |         ^^^^^^
[INFO] [stdout] 
[INFO] [stdout] 
[INFO] [stdout] error[E0433]: cannot find `assert` in `chicago_tdd_mcp`
[INFO] [stdout]    --> crates/chicago-tdd-mcp/tests/e2e_oclnr_mcp.rs:343:22
[INFO] [stdout]     |
[INFO] [stdout] 343 |     chicago_tdd_mcp::assert::assert_content_array(&r);
[INFO] [stdout]     |                      ^^^^^^ could not find `assert` in `chicago_tdd_mcp`
[INFO] [stdout]     |
[INFO] [stdout] note: found an item that was configured out
[INFO] [stdout]    --> crates/chicago-tdd-mcp/src/lib.rs:42:9
[INFO] [stdout]     |
[INFO] [stdout]  41 | #[cfg(feature = "testing")]
[INFO] [stdout]     |       ------------------- the item is gated behind the `testing` feature
[INFO] [stdout]  42 | pub mod assert;
[INFO] [stdout]     |         ^^^^^^
[INFO] [stdout] 
[INFO] [stdout] 
[INFO] [stdout] error[E0433]: cannot find `assert` in `chicago_tdd_mcp`
[INFO] [stdout]    --> crates/chicago-tdd-mcp/tests/e2e_oclnr_mcp.rs:353:22
[INFO] [stdout]     |
[INFO] [stdout] 353 |     chicago_tdd_mcp::assert::assert_content_array(&r);
[INFO] [stdout]     |                      ^^^^^^ could not find `assert` in `chicago_tdd_mcp`
[INFO] [stdout]     |
[INFO] [stdout] note: found an item that was configured out
[INFO] [stdout]    --> crates/chicago-tdd-mcp/src/lib.rs:42:9
[INFO] [stdout]     |
[INFO] [stdout]  41 | #[cfg(feature = "testing")]
[INFO] [stdout]     |       ------------------- the item is gated behind the `testing` feature
[INFO] [stdout]  42 | pub mod assert;
[INFO] [stdout]     |         ^^^^^^
[INFO] [stdout] 
[INFO] [stdout] 
[INFO] [stdout] error[E0433]: cannot find `assert` in `chicago_tdd_mcp`
[INFO] [stdout]    --> crates/chicago-tdd-mcp/tests/e2e_oclnr_mcp.rs:360:22
[INFO] [stdout]     |
[INFO] [stdout] 360 |     chicago_tdd_mcp::assert::assert_content_array(&r);
[INFO] [stdout]     |                      ^^^^^^ could not find `assert` in `chicago_tdd_mcp`
[INFO] [stdout]     |
[INFO] [stdout] note: found an item that was configured out
[INFO] [stdout]    --> crates/chicago-tdd-mcp/src/lib.rs:42:9
[INFO] [stdout]     |
[INFO] [stdout]  41 | #[cfg(feature = "testing")]
[INFO] [stdout]     |       ------------------- the item is gated behind the `testing` feature
[INFO] [stdout]  42 | pub mod assert;
[INFO] [stdout]     |         ^^^^^^
[INFO] [stdout] 
[INFO] [stdout] 
[INFO] [stdout] Some errors have detailed explanations: E0432, E0433.
[INFO] [stdout] 
[INFO] [stdout] For more information about an error, try `rustc --explain E0432`.
[INFO] [stdout] 
[INFO] [stderr] error: could not compile `chicago-tdd-mcp` (test "e2e_oclnr_mcp") due to 21 previous errors
[INFO] [stderr] warning: unused dependency `serde_json`
[INFO] [stderr]   --> crates/chicago-claims/Cargo.toml:17:1
[INFO] [stderr]    |
[INFO] [stderr] 17 | serde_json = "1.0"
[INFO] [stderr]    | ^^^^^^^^^^^^^^^^^^
[INFO] [stderr]    |
[INFO] [stderr]    = note: `cargo::unused_dependencies` is set to `warn` by default
[INFO] [stderr] help: consider removing the dependency on `serde_json`
[INFO] [stderr] warning: `chicago-claims` (manifest) generated 1 warning
[INFO] [stderr] warning: unused dependency `which`
[INFO] [stderr]   --> proc_macros/chicago-tdd-mcp-macros/Cargo.toml:19:1
[INFO] [stderr]    |
[INFO] [stderr] 19 | which = "8"
[INFO] [stderr]    | ^^^^^^^^^^^
[INFO] [stderr]    |
[INFO] [stderr]    = note: `cargo::unused_dependencies` is set to `warn` by default
[INFO] [stderr] help: consider removing the dependency on `which`
[INFO] [stderr] warning: `chicago-tdd-mcp-macros` (manifest) generated 1 warning
[INFO] running `Command { std: "docker" "inspect" "c71bb137f437f2f305b47cd1ea17c22da02d973bf52091a0338142a2853116dc", kill_on_drop: false }`
[INFO] running `Command { std: "docker" "rm" "-f" "c71bb137f437f2f305b47cd1ea17c22da02d973bf52091a0338142a2853116dc", kill_on_drop: false }`
[INFO] [stdout] c71bb137f437f2f305b47cd1ea17c22da02d973bf52091a0338142a2853116dc
