[INFO] cloning repository https://github.com/screwys/Rufin
[INFO] running `Command { std: "git" "-c" "credential.helper=" "-c" "credential.helper=/workspace/cargo-home/bin/git-credential-null" "clone" "--bare" "https://github.com/screwys/Rufin" "/workspace/cache/git-repos/https%3A%2F%2Fgithub.com%2Fscrewys%2FRufin", kill_on_drop: false }`
[INFO] [stderr] Cloning into bare repository '/workspace/cache/git-repos/https%3A%2F%2Fgithub.com%2Fscrewys%2FRufin'...
[INFO] running `Command { std: "git" "rev-parse" "HEAD", kill_on_drop: false }`
[INFO] [stdout] 1b934f9c40b0d5e59a4d461a13cab93f37afb2da
[INFO] checking screwys/Rufin against 3154cc1a3e6424e44f438a95007d043ed5ceaaf6+rustflags=-Znext-solver=coherence for pr-133502-30
[INFO] running `Command { std: "git" "clone" "/workspace/cache/git-repos/https%3A%2F%2Fgithub.com%2Fscrewys%2FRufin" "/workspace/builds/worker-3-tc1/source", kill_on_drop: false }`
[INFO] [stderr] Cloning into '/workspace/builds/worker-3-tc1/source'...
[INFO] [stderr] done.
[INFO] removed /workspace/builds/worker-3-tc1/source/.cargo/config.toml
[INFO] started tweaking git repo https://github.com/screwys/Rufin
[INFO] finished tweaking git repo https://github.com/screwys/Rufin
[INFO] tweaked toml for git repo https://github.com/screwys/Rufin written to /workspace/builds/worker-3-tc1/source/Cargo.toml
[INFO] validating manifest of git repo https://github.com/screwys/Rufin on toolchain 3154cc1a3e6424e44f438a95007d043ed5ceaaf6
[INFO] running `Command { std: CARGO_HOME="/workspace/cargo-home" RUSTUP_HOME="/workspace/rustup-home" "/workspace/cargo-home/bin/cargo" "+3154cc1a3e6424e44f438a95007d043ed5ceaaf6" "metadata" "--manifest-path" "Cargo.toml" "--no-deps", kill_on_drop: false }`
[INFO] crate git repo https://github.com/screwys/Rufin already has a lockfile, it will not be regenerated
[INFO] running `Command { std: CARGO_HOME="/workspace/cargo-home" RUSTUP_HOME="/workspace/rustup-home" "/workspace/cargo-home/bin/cargo" "+3154cc1a3e6424e44f438a95007d043ed5ceaaf6" "fetch" "--manifest-path" "Cargo.toml", kill_on_drop: false }`
[INFO] [stderr]     Updating crates.io index
[INFO] [stderr]  Downloading crates ...
[INFO] [stderr]   Downloaded array-init v2.1.0
[INFO] [stderr]   Downloaded smb-msg-derive v0.12.1
[INFO] [stderr]   Downloaded smb-dtyp-derive v0.12.1
[INFO] [stderr]   Downloaded modular-bitfield-impl v0.11.2
[INFO] [stderr]   Downloaded rustcrypto-ff_derive v0.14.0-rc.0
[INFO] [stderr]   Downloaded addchain v0.2.1
[INFO] [stderr]   Downloaded resvg v0.48.1
[INFO] [stderr]   Downloaded imagesize v0.15.0
[INFO] [stderr]   Downloaded owo-colors v4.4.0
[INFO] [stderr]   Downloaded smb-fscc v0.12.1
[INFO] [stderr]   Downloaded smb-dtyp v0.12.1
[INFO] [stderr]   Downloaded rustcrypto-group v0.14.0-rc.1
[INFO] [stderr]   Downloaded usvg v0.48.1
[INFO] [stderr]   Downloaded modular-bitfield v0.11.2
[INFO] [stderr]   Downloaded rustcrypto-ff v0.14.0-rc.1
[INFO] [stderr]   Downloaded binrw_derive v0.15.2
[INFO] [stderr]   Downloaded smb-msg v0.12.1
[INFO] [stderr]   Downloaded binrw v0.15.2
[INFO] [stderr]   Downloaded fontdb v0.24.0
[INFO] [stderr]   Downloaded num-bigint v0.3.3
[INFO] [stderr]   Downloaded primeorder v0.14.0-rc.14
[INFO] [stderr]   Downloaded picky-asn1-der v0.5.6
[INFO] [stderr]   Downloaded picky-asn1 v0.10.1
[INFO] [stderr]   Downloaded oid v0.2.1
[INFO] [stderr]   Downloaded smb v0.12.1
[INFO] [stderr]   Downloaded sspi v0.21.3
[INFO] [stderr]   Downloaded picky-krb v0.12.4
[INFO] [stderr]   Downloaded picky-asn1-x509 v0.15.4
[INFO] [stderr]   Downloaded winsafe v0.0.29
[INFO] [stderr]   Downloaded rfc6979 v0.6.0-pre.0
[INFO] [stderr]   Downloaded p384 v0.14.0-rc.14
[INFO] [stderr]   Downloaded md4 v0.10.2
[INFO] [stderr]   Downloaded x25519-dalek v3.0.0-rc.1
[INFO] [stderr]   Downloaded ecdsa v0.17.0-rc.22
[INFO] [stderr]   Downloaded p256 v0.14.0-rc.14
[INFO] [stderr]   Downloaded ed25519-dalek v3.0.0-rc.1
[INFO] [stderr]   Downloaded aes v0.9.3
[INFO] [stderr]   Downloaded p521 v0.14.0-rc.14
[INFO] [stderr]   Downloaded picky v7.0.0-rc.25
[INFO] [stderr]   Downloaded async-dnssd v0.5.1
[INFO] [stderr]   Downloaded kbkdf v0.1.0-rc.1
[INFO] [stderr]   Downloaded curve25519-dalek v5.0.0-rc.1
[INFO] [stderr]   Downloaded smb-transport v0.12.1
[INFO] [stderr]   Downloaded smb-rpc v0.12.1
[INFO] [stderr]   Downloaded dbl v0.5.0
[INFO] [stderr]   Downloaded ccm v0.6.1
[INFO] [stderr]   Downloaded cmac v0.8.0
[INFO] [stderr]   Downloaded hashlink v0.11.1
[INFO] [stderr]   Downloaded kqueue v1.2.0
[INFO] [stderr]   Downloaded bytecheck_derive v0.8.2
[INFO] [stderr]   Downloaded munge_macro v0.4.7
[INFO] [stderr]   Downloaded libsqlite3-sys v0.37.0
[INFO] [stderr]   Downloaded wana_kana v5.0.0
[INFO] [stderr]   Downloaded lindera v6.2.0
[INFO] [stderr]   Downloaded lindera-dictionary v6.2.0
[INFO] [stderr]   Downloaded rkyv v0.8.17
[INFO] [stderr]   Downloaded rkyv_derive v0.8.17
[INFO] [stderr]   Downloaded rend v0.5.4
[INFO] [stderr]   Downloaded bytecheck v0.8.2
[INFO] [stderr]   Downloaded rancor v0.1.2
[INFO] [stderr]   Downloaded ptr_meta v0.3.1
[INFO] [stderr]   Downloaded munge v0.4.7
[INFO] [stderr]   Downloaded crawdad v0.4.1
[INFO] [stderr]   Downloaded ogg_pager v0.7.2
[INFO] [stderr]   Downloaded jxl-image-rs-integration v0.7.4
[INFO] [stderr]   Downloaded ptr_meta_derive v0.3.1
[INFO] [stderr]   Downloaded daachorse v5.0.0
[INFO] [stderr]   Downloaded lofty v0.25.4
[INFO] [stderr]   Downloaded lofty_attr v0.13.0
[INFO] [stderr]   Downloaded jxl_transforms v0.7.4
[INFO] [stderr]   Downloaded jxl v0.7.4
[INFO] [stderr]   Downloaded jxl_simd v0.7.4
[INFO] [stderr]   Downloaded jxl_macros v0.7.4
[INFO] [stderr]   Downloaded gstreamer-video-sys v0.25.3
[INFO] [stderr]   Downloaded gstreamer-pbutils v0.25.4
[INFO] [stderr]   Downloaded gstreamer-base-sys v0.25.3
[INFO] [stderr]   Downloaded gstreamer-base v0.25.3
[INFO] [stderr]   Downloaded kstring v2.0.2
[INFO] [stderr]   Downloaded muldiv v1.0.1
[INFO] [stderr]   Downloaded gstreamer-sys v0.25.2
[INFO] [stderr]   Downloaded option-operations v0.6.1
[INFO] [stderr]   Downloaded atomic_refcell v0.1.14
[INFO] [stderr]   Downloaded gstreamer-pbutils-sys v0.25.2
[INFO] [stderr]   Downloaded gstreamer-audio-sys v0.25.3
[INFO] [stderr]   Downloaded gstreamer-video v0.25.3
[INFO] [stderr]   Downloaded gstreamer v0.25.4
[INFO] [stderr]   Downloaded glib v0.22.10
[INFO] [stderr]   Downloaded digest_auth v0.3.1
[INFO] [stderr]   Downloaded gstreamer-audio v0.25.4
[INFO] [stderr]   Downloaded windows-link v0.100.0
[INFO] [stderr]   Downloaded windows-registry v0.100.0
[INFO] [stderr]   Downloaded apple-native-keyring-store v1.0.2
[INFO] [stderr]   Downloaded windows-strings v0.100.0
[INFO] [stderr]   Downloaded windows-result v0.100.0
[INFO] [stderr]   Downloaded matrix-pickle-derive v0.2.3
[INFO] [stderr]   Downloaded matrix-pickle v0.2.3
[INFO] [stderr]   Downloaded vodozemac v0.10.0
[INFO] [stderr]   Downloaded loro v1.16.2
[INFO] [stderr]   Downloaded loro-kv-store v1.16.0
[INFO] [stderr]   Downloaded quick_cache v0.6.24
[INFO] [stderr]   Downloaded loro-common v1.16.0
[INFO] [stderr]   Downloaded serde_columnar_derive v0.3.7
[INFO] [stderr]   Downloaded serde_columnar v0.3.14
[INFO] [stderr]   Downloaded loro-rle v1.6.0
[INFO] [stderr]   Downloaded append-only-bytes v0.1.12
[INFO] [stderr]   Downloaded leb128 v0.2.7
[INFO] [stderr]   Downloaded ensure-cov v0.1.0
[INFO] [stderr]   Downloaded generic-btree v0.10.7
[INFO] [stderr]   Downloaded loro_fractional_index v1.13.0
[INFO] [stderr]   Downloaded loro-delta v1.13.0
[INFO] [stderr]   Downloaded arref v0.1.0
[INFO] [stderr]   Downloaded loro-internal v1.16.2
[INFO] [stderr]   Downloaded loro-thunderdome v0.6.2
[INFO] [stderr]   Downloaded enum-as-inner v0.5.1
[INFO] [stderr]   Downloaded generator v0.8.10
[INFO] [stderr]   Downloaded iroh-mdns-address-lookup v0.5.0
[INFO] [stderr]   Downloaded swarm-discovery v0.6.3
[INFO] [stderr]   Downloaded acto v0.8.2
[INFO] [stderr]   Downloaded hickory-proto v0.26.3
[INFO] [stderr]   Downloaded smol_str v0.1.24
[INFO] [stderr]   Downloaded n0-error v1.0.1
[INFO] [stderr]   Downloaded n0-error-macros v1.0.1
[INFO] [stderr]   Downloaded iroh-base v1.2.0
[INFO] [stderr]   Downloaded iroh v1.2.0
[INFO] [stderr]   Downloaded noq-udp v1.3.0
[INFO] [stderr]   Downloaded papaya v0.2.5
[INFO] [stderr]   Downloaded enum-assoc v1.4.1
[INFO] [stderr]   Downloaded noq-proto v1.3.0
[INFO] [stderr]   Downloaded noq v1.3.0
[INFO] [stderr]   Downloaded netwatch v0.19.3
[INFO] [stderr]   Downloaded netdev v0.46.3
[INFO] [stderr]   Downloaded netlink-sys v0.9.0
[INFO] [stderr]   Downloaded netlink-packet-core v0.9.0
[INFO] [stderr]   Downloaded netlink-packet-route v0.33.0
[INFO] [stderr]   Downloaded netdev v0.45.1
[INFO] [stderr]   Downloaded iroh-relay v1.2.0
[INFO] [stderr]   Downloaded system-configuration v0.8.0
[INFO] [stderr]   Downloaded iroh-io v0.6.2
[INFO] [stderr]   Downloaded iroh-dns v1.3.0
[INFO] [stderr]   Downloaded simple-dns v0.12.0
[INFO] [stderr]   Downloaded n0-dns-resolver v0.1.0
[INFO] [stderr]   Downloaded binary-merge v0.1.2
[INFO] [stderr]   Downloaded iroh-tickets v1.0.0
[INFO] [stderr]   Downloaded genawaiter v0.99.1
[INFO] [stderr]   Downloaded genawaiter-proc-macro v0.99.1
[INFO] [stderr]   Downloaded proc-macro-error v0.4.12
[INFO] [stderr]   Downloaded proc-macro-error-attr v0.4.12
[INFO] [stderr]   Downloaded syn-mid v0.5.4
[INFO] [stderr]   Downloaded range-collections v0.4.6
[INFO] [stderr]   Downloaded inplace-vec-builder v0.1.1
[INFO] [stderr]   Downloaded nested_enum_utils v0.2.3
[INFO] [stderr]   Downloaded irpc v0.17.0
[INFO] [stderr]   Downloaded irpc-derive v0.17.0
[INFO] [stderr]   Downloaded iroh-util v0.6.0
[INFO] [stderr]   Downloaded bao-tree v0.16.1
[INFO] [stderr]   Downloaded iroh-blobs v0.103.0
[INFO] [stderr]   Downloaded genawaiter-macro v0.99.1
[INFO] [stderr]   Downloaded age v0.12.1
[INFO] [stderr]   Downloaded positioned-io v0.3.5
[INFO] [stderr]   Downloaded age-core v0.12.0
[INFO] [stderr]   Downloaded fcast-sender-sdk v0.3.0
[INFO] [stderr]   Downloaded mdns-sd v0.21.4
[INFO] [stderr]   Downloaded socket-pktinfo v0.4.1
[INFO] [stderr]   Downloaded google-cast-protocol v0.1.0
[INFO] [stderr]   Downloaded hpke v0.12.0
[INFO] [stderr]   Downloaded gettext-rs v0.8.0
[INFO] [stderr]   Downloaded gstreamer-app v0.25.2
[INFO] [stderr]   Downloaded gstreamer-app-sys v0.25.0
[INFO] [stderr]   Downloaded ebur128 v0.1.10
[INFO] [stderr]   Downloaded spiritless_po v1.1.0
[INFO] [stderr]   Downloaded constant_time_eq v0.6.0
[INFO] [stderr]   Downloaded uniffi_pipeline v0.32.1
[INFO] [stderr]   Downloaded askama_parser v0.16.1
[INFO] [stderr]   Downloaded uniffi_meta v0.32.1
[INFO] [stderr]   Downloaded uniffi_udl v0.32.1
[INFO] [stderr]   Downloaded askama v0.16.1
[INFO] [stderr]   Downloaded askama_macros v0.16.1
[INFO] [stderr]   Downloaded uniffi v0.32.1
[INFO] [stderr]   Downloaded uniffi_internal_macros v0.32.1
[INFO] [stderr]   Downloaded uniffi_macros v0.32.1
[INFO] [stderr]   Downloaded fs-err v3.3.1
[INFO] [stderr]   Downloaded weedle2 v5.0.0
[INFO] [stderr]   Downloaded textwrap v0.16.4
[INFO] [stderr]   Downloaded smawk v0.3.3
[INFO] [stderr]   Downloaded cargo-platform v0.3.3
[INFO] [stderr]   Downloaded uniffi_bindgen v0.32.1
[INFO] [stderr]   Downloaded cargo_metadata v0.23.1
[INFO] [stderr]   Downloaded uniffi_core v0.32.1
[INFO] [stderr]   Downloaded askama_derive v0.16.1
[INFO] [stderr]   Downloaded gstreamer-controller-sys v0.25.4
[INFO] [stderr]   Downloaded gstreamer-controller v0.25.2
[INFO] [stderr]   Downloaded gtk4-sys v0.11.5
[INFO] [stderr]   Downloaded glib-build-tools v0.22.8
[INFO] [stderr]   Downloaded tray-icon v0.25.1
[INFO] [stderr]   Downloaded gtk4 v0.11.5
[INFO] [stderr]   Downloaded muda v0.20.0
[INFO] [stderr]   Downloaded trait-variant v0.1.3
[INFO] [stderr]   Downloaded mpris-server v0.10.0
[INFO] [stderr]   Downloaded doom-fish-utils v0.3.3
[INFO] [stderr]   Downloaded apple-cf v0.6.0
[INFO] [stderr]   Downloaded mediaplayer v0.4.3
[INFO] [stderr]   Downloaded gettext-sys v0.27.0
[INFO] running `Command { std: "docker" "create" "-v" "/var/lib/crater-agent-workspace/builds/worker-3-tc1/source:/opt/rustwide/workdir:ro,Z" "-v" "/var/lib/crater-agent-workspace/builds/worker-3-tc1/target:/opt/rustwide/target:rw,Z" "-v" "/var/lib/crater-agent-workspace/cargo-home:/opt/rustwide/cargo-home:ro,Z" "-v" "/var/lib/crater-agent-workspace/rustup-home:/opt/rustwide/rustup-home:ro,Z" "-m" "1610612736" "--network" "none" "ghcr.io/rust-lang/crates-build-env/linux@sha256:77db811e55d90add9212f6832c23229e3de5f1c1f9905e8cb07319ea15df73ac" "sleep" "infinity", kill_on_drop: false }`
[INFO] [stdout] 782125699f2bd5975d8bf3901bd995ce4b7f6243194c0bea95850a60b779fdac
[INFO] running `Command { std: "docker" "start" "782125699f2bd5975d8bf3901bd995ce4b7f6243194c0bea95850a60b779fdac", kill_on_drop: false }`
[INFO] running `Command { std: "docker" "inspect" "782125699f2bd5975d8bf3901bd995ce4b7f6243194c0bea95850a60b779fdac", kill_on_drop: false }`
[INFO] running `Command { std: "docker" "exec" "-e" "SOURCE_DIR=/opt/rustwide/workdir" "-e" "CARGO_HOME=/opt/rustwide/cargo-home" "-e" "RUSTUP_HOME=/opt/rustwide/rustup-home" "-e" "CARGO_TARGET_DIR=/opt/rustwide/target" "-w" "/opt/rustwide/workdir" "--user" "0:0" "782125699f2bd5975d8bf3901bd995ce4b7f6243194c0bea95850a60b779fdac" "/opt/rustwide/cargo-home/bin/cargo" "+3154cc1a3e6424e44f438a95007d043ed5ceaaf6" "metadata" "--no-deps" "--format-version=1", kill_on_drop: false }`
[INFO] running `Command { std: "docker" "inspect" "782125699f2bd5975d8bf3901bd995ce4b7f6243194c0bea95850a60b779fdac", kill_on_drop: false }`
[INFO] running `Command { std: "docker" "exec" "-e" "SOURCE_DIR=/opt/rustwide/workdir" "-e" "CARGO_HOME=/opt/rustwide/cargo-home" "-e" "RUSTUP_HOME=/opt/rustwide/rustup-home" "-e" "CARGO_TARGET_DIR=/opt/rustwide/target" "-e" "CARGO_INCREMENTAL=0" "-e" "RUST_BACKTRACE=full" "-e" "RUSTFLAGS=--cap-lints=forbid -Znext-solver=coherence" "-e" "RUSTDOCFLAGS=--cap-lints=forbid" "-w" "/opt/rustwide/workdir" "--user" "0:0" "782125699f2bd5975d8bf3901bd995ce4b7f6243194c0bea95850a60b779fdac" "/opt/rustwide/cargo-home/bin/cargo" "+3154cc1a3e6424e44f438a95007d043ed5ceaaf6" "check" "--frozen" "--all" "--all-targets" "--message-format=json", kill_on_drop: false }`
[INFO] [stderr]    Compiling quote v1.0.47
[INFO] [stderr]     Checking cfg-if v1.0.4
[INFO] [stderr]    Compiling libc v0.2.189
[INFO] [stderr]    Compiling serde v1.0.229
[INFO] [stderr]    Compiling serde_core v1.0.229
[INFO] [stderr]     Checking typenum v1.20.1
[INFO] [stderr]     Checking subtle v2.6.1
[INFO] [stderr]     Checking memchr v2.8.3
[INFO] [stderr]    Compiling winnow v1.0.4
[INFO] [stderr]     Checking pin-project-lite v0.2.17
[INFO] [stderr]    Compiling toml_datetime v1.1.1+spec-1.1.0
[INFO] [stderr]    Compiling syn v2.0.119
[INFO] [stderr]    Compiling syn v3.0.6
[INFO] [stderr]     Checking rand_core v0.10.1
[INFO] [stderr]     Checking log v0.4.34
[INFO] [stderr]     Checking futures-core v0.3.34
[INFO] [stderr]    Compiling getrandom v0.4.3
[INFO] [stderr]    Compiling thiserror v2.0.21
[INFO] [stderr]    Compiling portable-atomic v1.15.0
[INFO] [stderr]     Checking critical-section v1.2.0
[INFO] [stderr]     Checking futures-io v0.3.34
[INFO] [stderr]     Checking bitflags v2.13.1
[INFO] [stderr]     Checking slab v0.4.12
[INFO] [stderr]    Compiling parking_lot_core v0.9.12
[INFO] [stderr]     Checking scopeguard v1.2.0
[INFO] [stderr]     Checking getrandom v0.2.17
[INFO] [stderr]     Checking lock_api v0.4.14
[INFO] [stderr]     Checking futures-sink v0.3.34
[INFO] [stderr]     Checking rand_core v0.6.4
[INFO] [stderr]    Compiling serde_spanned v1.1.1
[INFO] [stderr]     Checking futures-channel v0.3.34
[INFO] [stderr]    Compiling generic-array v0.14.7
[INFO] [stderr]    Compiling num-traits v0.2.19
[INFO] [stderr]     Checking futures-task v0.3.34
[INFO] [stderr]    Compiling toml_parser v1.1.2+spec-1.1.0
[INFO] [stderr]    Compiling cfg-expr v0.20.8
[INFO] [stderr]     Checking stable_deref_trait v1.2.1
[INFO] [stderr]     Checking errno v0.3.14
[INFO] [stderr]     Checking socket2 v0.6.5
[INFO] [stderr]     Checking signal-hook-registry v1.4.8
[INFO] [stderr]    Compiling toml v1.1.3+spec-1.1.0
[INFO] [stderr]    Compiling jobserver v0.1.35
[INFO] [stderr]     Checking mio v1.2.2
[INFO] [stderr]    Compiling cc v1.4.0
[INFO] [stderr]     Checking itoa v1.0.18
[INFO] [stderr]     Checking fastrand v2.5.0
[INFO] [stderr]    Compiling zmij v1.0.23
[INFO] [stderr]     Checking equivalent v1.0.2
[INFO] [stderr]    Compiling icu_properties_data v2.2.0
[INFO] [stderr]    Compiling icu_normalizer_data v2.2.0
[INFO] [stderr]     Checking cpufeatures v0.3.0
[INFO] [stderr]     Checking allocator-api2 v0.2.21
[INFO] [stderr]     Checking foldhash v0.2.0
[INFO] [stderr]     Checking cpufeatures v0.2.17
[INFO] [stderr]    Compiling serde_json v1.0.151
[INFO] [stderr]     Checking parking v2.2.1
[INFO] [stderr]    Compiling crossbeam-utils v0.8.22
[INFO] [stderr]     Checking cmov v0.5.4
[INFO] [stderr]     Checking hashbrown v0.17.1
[INFO] [stderr]     Checking ctutils v0.4.2
[INFO] [stderr]    Compiling system-deps v7.0.8
[INFO] [stderr]     Checking percent-encoding v2.3.2
[INFO] [stderr]     Checking litemap v0.8.2
[INFO] [stderr]     Checking writeable v0.6.3
[INFO] [stderr]     Checking utf8_iter v1.0.4
[INFO] [stderr]    Compiling rustix v1.1.5
[INFO] [stderr]     Checking linux-raw-sys v0.12.1
[INFO] [stderr]     Checking form_urlencoded v1.2.2
[INFO] [stderr]     Checking either v1.16.0
[INFO] [stderr]     Checking const-oid v0.10.2
[INFO] [stderr]     Checking indexmap v2.14.0
[INFO] [stderr]    Compiling zerocopy v0.8.55
[INFO] [stderr]     Checking concurrent-queue v2.5.0
[INFO] [stderr]     Checking spin v0.9.9
[INFO] [stderr]    Compiling glib-sys v0.22.8
[INFO] [stderr]    Compiling gobject-sys v0.22.6
[INFO] [stderr]     Checking base64 v0.22.1
[INFO] [stderr]     Checking event-listener v5.4.1
[INFO] [stderr]     Checking byteorder v1.5.0
[INFO] [stderr]    Compiling anyhow v1.0.104
[INFO] [stderr]     Checking regex-syntax v0.8.11
[INFO] [stderr]    Compiling synstructure v0.13.2
[INFO] [stderr]    Compiling crypto-common v0.1.7
[INFO] [stderr]    Compiling block-buffer v0.10.4
[INFO] [stderr]     Checking atomic-waker v1.1.2
[INFO] [stderr]    Compiling cmake v0.1.58
[INFO] [stderr]     Checking num-integer v0.1.46
[INFO] [stderr]    Compiling digest v0.10.7
[INFO] [stderr]    Compiling serde_derive v1.0.229
[INFO] [stderr]    Compiling thiserror-impl v2.0.21
[INFO] [stderr]    Compiling futures-macro v0.3.34
[INFO] [stderr]    Compiling sha2 v0.10.9
[INFO] [stderr]     Checking aho-corasick v1.1.4
[INFO] [stderr]     Checking futures-util v0.3.34
[INFO] [stderr]     Checking base64ct v1.8.3
[INFO] [stderr]    Compiling zeroize_derive v1.5.0
[INFO] [stderr]    Compiling zerofrom-derive v0.1.7
[INFO] [stderr]    Compiling yoke-derive v0.8.2
[INFO] [stderr]    Compiling zerovec-derive v0.11.3
[INFO] [stderr]    Compiling displaydoc v0.2.6
[INFO] [stderr]     Checking zeroize v1.9.0
[INFO] [stderr]    Compiling tracing-attributes v0.1.31
[INFO] [stderr]    Compiling tokio-macros v2.7.1
[INFO] [stderr]     Checking zerofrom v0.1.8
[INFO] [stderr]     Checking yoke v0.8.3
[INFO] [stderr]     Checking hybrid-array v0.4.13
[INFO] [stderr]     Checking zerovec v0.11.6
[INFO] [stderr]     Checking zerotrie v0.2.4
[INFO] [stderr]    Compiling zerocopy-derive v0.8.55
[INFO] [stderr]     Checking crypto-common v0.2.2
[INFO] [stderr]     Checking block-buffer v0.12.1
[INFO] [stderr]     Checking futures-executor v0.3.33
[INFO] [stderr]    Compiling aws-lc-sys v0.44.0
[INFO] [stderr]     Checking tinystr v0.8.3
[INFO] [stderr]     Checking potential_utf v0.1.5
[INFO] [stderr]     Checking icu_collections v2.2.0
[INFO] [stderr]     Checking icu_locale_core v2.2.0
[INFO] [stderr]     Checking smallvec v1.15.2
[INFO] [stderr]     Checking bytes v1.12.1
[INFO] [stderr]     Checking arrayvec v0.7.8
[INFO] [stderr]     Checking parking_lot v0.12.5
[INFO] [stderr]     Checking digest v0.11.3
[INFO] [stderr]     Checking once_cell v1.21.4
[INFO] [stderr]     Checking regex-automata v0.4.16
[INFO] [stderr]     Checking tracing-core v0.1.36
[INFO] [stderr]     Checking tempfile v3.27.0
[INFO] [stderr]     Checking icu_provider v2.2.0
[INFO] [stderr]     Checking tokio v1.53.1
[INFO] [stderr]     Checking icu_properties v2.2.0
[INFO] [stderr]     Checking tracing v0.1.44
[INFO] [stderr]     Checking icu_normalizer v2.2.0
[INFO] [stderr]     Checking pem-rfc7468 v1.0.0
[INFO] [stderr]    Compiling gio-sys v0.22.8
[INFO] [stderr]     Checking der v0.8.2
[INFO] [stderr]    Compiling ring v0.17.14
[INFO] [stderr]    Compiling aws-lc-rs v1.18.0
[INFO] [stderr]     Checking idna_adapter v1.2.2
[INFO] [stderr]     Checking idna v1.1.0
[INFO] [stderr]     Checking url v2.5.8
[INFO] [stderr]     Checking http v1.4.2
[INFO] [stderr]     Checking regex v1.13.1
[INFO] [stderr]     Checking rustls-pki-types v1.15.1
[INFO] [stderr]    Compiling blake3 v1.8.7
[INFO] [stderr]     Checking hashbrown v0.16.1
[INFO] [stderr]    Compiling syn v1.0.109
[INFO] [stderr]     Checking fnv v1.0.7
[INFO] [stderr]     Checking spki v0.8.0
[INFO] [stderr]     Checking serde_bytes v0.11.19
[INFO] [stderr]     Checking untrusted v0.9.0
[INFO] [stderr]     Checking base64 v0.23.1
[INFO] [stderr]     Checking constant_time_eq v0.4.2
[INFO] [stderr]     Checking tokio-util v0.7.19
[INFO] [stderr]    Compiling libsqlite3-sys v0.37.0
[INFO] [stderr]    Compiling curve25519-dalek-derive v0.1.1
[INFO] [stderr]     Checking num-bigint v0.4.8
[INFO] [stderr]     Checking tokio-stream v0.1.19
[INFO] [stderr]     Checking chacha20 v0.10.1
[INFO] [stderr]    Compiling rustls v0.23.45
[INFO] [stderr]     Checking base16ct v1.0.0
[INFO] [stderr]     Checking rand v0.10.2
[INFO] [stderr]     Checking num-rational v0.4.2
[INFO] [stderr]    Compiling hashlink v0.11.1
[INFO] [stderr]     Checking ppv-lite86 v0.2.21
[INFO] [stderr]     Checking pkcs8 v0.11.0
[INFO] [stderr]     Checking http-body v1.1.0
[INFO] [stderr]    Compiling futures-intrusive v0.5.0
[INFO] [stderr]    Compiling bytemuck_derive v1.12.1
[INFO] [stderr]     Checking ipnet v2.12.0
[INFO] [stderr]    Compiling httparse v1.10.1
[INFO] [stderr]    Compiling getrandom v0.3.4
[INFO] [stderr]    Compiling flume v0.12.0
[INFO] [stderr]    Compiling atoi v2.0.0
[INFO] [stderr]     Checking roxmltree v0.21.1
[INFO] [stderr]     Checking simd-adler32 v0.3.10
[INFO] [stderr]     Checking crc-catalog v2.5.0
[INFO] [stderr]     Checking static_assertions v1.1.0
[INFO] [stderr]     Checking tower-service v0.3.3
[INFO] [stderr]     Checking crc v3.4.0
[INFO] [stderr]     Checking bytemuck v1.25.2
[INFO] [stderr]     Checking signature v3.0.0
[INFO] [stderr]    Compiling glib-macros v0.22.6
[INFO] [stderr]     Checking crossbeam-queue v0.3.13
[INFO] [stderr]    Compiling toml_edit v0.25.13+spec-1.1.0
[INFO] [stderr]     Checking sync_wrapper v1.0.2
[INFO] [stderr]     Checking try-lock v0.2.5
[INFO] [stderr]     Checking adler2 v2.0.1
[INFO] [stderr]     Checking ryu v1.0.23
[INFO] [stderr]    Compiling time-macros v0.2.32
[INFO] [stderr]    Compiling crc32fast v1.5.0
[INFO] [stderr]     Checking want v0.3.1
[INFO] [stderr]     Checking sqlx-core v0.9.0
[INFO] [stderr]     Checking h2 v0.4.16
[INFO] [stderr]    Compiling proc-macro-crate v3.5.0
[INFO] [stderr]     Checking httpdate v1.0.3
[INFO] [stderr]     Checking num-conv v0.2.2
[INFO] [stderr]     Checking powerfmt v0.2.0
[INFO] [stderr]     Checking time-core v0.1.9
[INFO] [stderr]     Checking iana-time-zone v0.1.65
[INFO] [stderr]     Checking deranged v0.5.8
[INFO] [stderr]     Checking chrono v0.4.45
[INFO] [stderr]     Checking glib v0.22.10
[INFO] [stderr]     Checking miniz_oxide v0.9.1
[INFO] [stderr]     Checking time v0.3.55
[INFO] [stderr]    Compiling gstreamer-sys v0.25.2
[INFO] [stderr]     Checking tower-layer v0.3.3
[INFO] [stderr]     Checking cpubits v0.1.1
[INFO] [stderr]     Checking flate2 v1.1.10
[INFO] [stderr]     Checking hyper v1.11.1
[INFO] [stderr]     Checking http-body-util v0.1.5
[INFO] [stderr]     Checking rand_chacha v0.3.1
[INFO] [stderr]     Checking process-memory v0.16.6 (/opt/rustwide/workdir/crates/process-memory)
[INFO] [stderr]     Checking sha2 v0.11.0
[INFO] [stderr]     Checking futures-lite v2.6.1
[INFO] [stderr]    Compiling curve25519-dalek v5.0.0-rc.1
[INFO] [stderr]     Checking mime v0.3.17
[INFO] [stderr]     Checking hyper-util v0.1.21
[INFO] [stderr]     Checking lazy_static v1.5.0
[INFO] [stderr]     Checking rand v0.8.8
[INFO] [stderr]     Checking tower v0.5.3
[INFO] [stderr]     Checking block-padding v0.3.3
[INFO] [stderr]     Checking openssl-probe v0.2.1
[INFO] [stderr]     Checking unicase v2.9.0
[INFO] [stderr]     Checking rustls-native-certs v0.8.4
[INFO] [stderr]     Checking inout v0.1.4
[INFO] [stderr]    Compiling mime_guess v2.0.5
[INFO] [stderr]     Checking serde_urlencoded v0.7.1
[INFO] [stderr]     Checking serdect v0.4.3
[INFO] [stderr]     Checking simdutf8 v0.1.5
[INFO] [stderr]     Checking ed25519 v3.0.0
[INFO] [stderr]     Checking cipher v0.4.4
[INFO] [stderr]     Checking tower-http v0.6.11
[INFO] [stderr]    Compiling gstreamer-base-sys v0.25.3
[INFO] [stderr]     Checking hex v0.4.3
[INFO] [stderr]     Checking data-encoding v2.11.1
[INFO] [stderr]     Checking crypto-bigint v0.7.5
[INFO] [stderr]     Checking block-padding v0.4.2
[INFO] [stderr]    Compiling strum_macros v0.28.0
[INFO] [stderr]     Checking ed25519-dalek v3.0.0-rc.1
[INFO] [stderr]     Checking rustc-hash v2.1.3
[INFO] [stderr]    Compiling proc-macro2 v1.0.107
[INFO] [stderr]     Checking inout v0.2.2
[INFO] [stderr]     Checking hmac v0.13.0
[INFO] [stderr]     Checking unicode-ident v1.0.24
[INFO] [stderr]    Compiling pastey v0.2.3
[INFO] [stderr]     Checking event-listener-strategy v0.5.4
[INFO] [stderr]     Checking option-operations v0.6.1
[INFO] [stderr]     Checking kstring v2.0.2
[INFO] [stderr]     Checking itertools v0.15.0
[INFO] [stderr]     Checking ff v0.14.0
[INFO] [stderr]     Checking muldiv v1.0.1
[INFO] [stderr]    Compiling rustversion v1.0.22
[INFO] [stderr]     Checking same-file v1.0.6
[INFO] [stderr]     Checking walkdir v2.5.0
[INFO] [stderr]     Checking cipher v0.5.2
[INFO] [stderr]     Checking strum v0.28.0
[INFO] [stderr]     Checking uuid v1.24.0
[INFO] [stderr]     Checking group v0.14.0
[INFO] [stderr]     Checking async-channel v2.5.0
[INFO] [stderr]     Checking hkdf v0.13.0
[INFO] [stderr]     Checking sec1 v0.8.1
[INFO] [stderr]     Checking universal-hash v0.5.1
[INFO] [stderr]     Checking gstreamer v0.25.4
[INFO] [stderr]    Compiling async-recursion v1.1.1
[INFO] [stderr]    Compiling ptr_meta_derive v0.3.1
[INFO] [stderr]    Compiling gstreamer-audio-sys v0.25.3
[INFO] [stderr]     Checking memmap2 v0.9.11
[INFO] [stderr]    Compiling binrw_derive v0.15.2
[INFO] [stderr]     Checking atomic_refcell v0.1.14
[INFO] [stderr]     Checking opaque-debug v0.3.1
[INFO] [stderr]    Compiling crossbeam-epoch v0.9.21
[INFO] [stderr]     Checking array-init v2.1.0
[INFO] [stderr]     Checking ptr_meta v0.3.1
[INFO] [stderr]     Checking elliptic-curve v0.14.1
[INFO] [stderr]     Checking aes v0.8.4
[INFO] [stderr]     Checking miniz_oxide v0.8.9
[INFO] [stderr]     Checking fdeflate v0.3.7
[INFO] [stderr]    Compiling pin-project-internal v1.1.13
[INFO] [stderr]     Checking weezl v0.1.12
[INFO] [stderr]    Compiling crossbeam-deque v0.8.8
[INFO] [stderr]    Compiling binrw v0.15.2
[INFO] [stderr]     Checking quick-error v2.0.1
[INFO] [stderr]    Compiling radium v0.7.0
[INFO] [stderr]    Compiling owo-colors v4.4.0
[INFO] [stderr]     Checking zune-core v0.5.1
[INFO] [stderr]    Compiling derive_more-impl v2.1.1
[INFO] [stderr]     Checking zune-jpeg v0.5.15
[INFO] [stderr]     Checking pin-project v1.1.13
[INFO] [stderr]     Checking png v0.18.1
[INFO] [stderr]     Checking rancor v0.1.2
[INFO] [stderr]     Checking primefield v0.14.0
[INFO] [stderr]     Checking rfc6979 v0.6.0-pre.0
[INFO] [stderr]     Checking oid v0.2.1
[INFO] [stderr]    Compiling bytecheck_derive v0.8.2
[INFO] [stderr]     Checking num-complex v0.4.6
[INFO] [stderr]    Compiling num-bigint v0.3.3
[INFO] [stderr] warning: libsqlite3-sys@0.37.0: cc: fatal error: Killed signal terminated program cc1
[INFO] [stderr] warning: libsqlite3-sys@0.37.0: compilation terminated.
[INFO] [stderr] error: failed to run custom build command for `libsqlite3-sys v0.37.0`
[INFO] [stderr] note: To improve backtraces for build dependencies, set the CARGO_PROFILE_DEV_BUILD_OVERRIDE_DEBUG=true environment variable to enable debug information generation.
[INFO] [stderr] 
[INFO] [stderr] Caused by:
[INFO] [stderr]   process didn't exit successfully: `/opt/rustwide/target/debug/build/libsqlite3-sys/60f537e14575ae56/out/build_script_build` (exit status: 1)
[INFO] [stderr]   --- stdout
[INFO] [stderr]   cargo:rerun-if-env-changed=LIBSQLITE3_SYS_USE_PKG_CONFIG
[INFO] [stderr]   cargo:include=/opt/rustwide/cargo-home/registry/src/index.crates.io-1949cf8c6b5b557f/libsqlite3-sys-0.37.0/sqlite3
[INFO] [stderr]   cargo:rerun-if-changed=sqlite3/sqlite3.c
[INFO] [stderr]   cargo:rerun-if-changed=sqlite3/wasm32-wasi-vfs.c
[INFO] [stderr]   cargo:rerun-if-env-changed=SQLITE_MAX_VARIABLE_NUMBER
[INFO] [stderr]   cargo:rerun-if-env-changed=SQLITE_MAX_EXPR_DEPTH
[INFO] [stderr]   cargo:rerun-if-env-changed=SQLITE_MAX_COLUMN
[INFO] [stderr]   cargo:rerun-if-env-changed=LIBSQLITE3_FLAGS
[INFO] [stderr]   cargo:rerun-if-env-changed=CC_FORCE_DISABLE
[INFO] [stderr]   CC_FORCE_DISABLE = None
[INFO] [stderr]   cargo:rerun-if-env-changed=CC_x86_64-unknown-linux-gnu
[INFO] [stderr]   CC_x86_64-unknown-linux-gnu = None
[INFO] [stderr]   cargo:rerun-if-env-changed=CC_x86_64_unknown_linux_gnu
[INFO] [stderr]   CC_x86_64_unknown_linux_gnu = None
[INFO] [stderr]   cargo:rerun-if-env-changed=HOST_CC
[INFO] [stderr]   HOST_CC = None
[INFO] [stderr]   cargo:rerun-if-env-changed=CC
[INFO] [stderr]   CC = None
[INFO] [stderr]   cargo:rerun-if-env-changed=CC_ENABLE_DEBUG_OUTPUT
[INFO] [stderr]   cargo:rerun-if-env-changed=CRATE_CC_NO_DEFAULTS
[INFO] [stderr]   CRATE_CC_NO_DEFAULTS = None
[INFO] [stderr]   cargo:rerun-if-env-changed=CFLAGS
[INFO] [stderr]   CFLAGS = None
[INFO] [stderr]   cargo:rerun-if-env-changed=HOST_CFLAGS
[INFO] [stderr]   HOST_CFLAGS = None
[INFO] [stderr]   cargo:rerun-if-env-changed=CFLAGS_x86_64_unknown_linux_gnu
[INFO] [stderr]   CFLAGS_x86_64_unknown_linux_gnu = None
[INFO] [stderr]   cargo:rerun-if-env-changed=CFLAGS_x86_64-unknown-linux-gnu
[INFO] [stderr]   CFLAGS_x86_64-unknown-linux-gnu = None
[INFO] [stderr]   cargo:warning=cc: fatal error: Killed signal terminated program cc1
[INFO] [stderr]   cargo:warning=compilation terminated.
[INFO] [stderr] 
[INFO] [stderr]   --- stderr
[INFO] [stderr] 
[INFO] [stderr] 
[INFO] [stderr]   error occurred in cc-rs: command did not execute successfully (status code exit status: 1): LC_ALL="C" "cc" "-O3" "-ffunction-sections" "-fdata-sections" "-fPIC" "-g" "-gdwarf-4" "-fno-omit-frame-pointer" "-m64" "-w" "-DSQLITE_CORE" "-DSQLITE_DEFAULT_FOREIGN_KEYS=1" "-DSQLITE_ENABLE_API_ARMOR" "-DSQLITE_ENABLE_COLUMN_METADATA" "-DSQLITE_ENABLE_DBSTAT_VTAB" "-DSQLITE_ENABLE_FTS3" "-DSQLITE_ENABLE_FTS3_PARENTHESIS" "-DSQLITE_ENABLE_FTS5" "-DSQLITE_ENABLE_JSON1" "-DSQLITE_ENABLE_LOAD_EXTENSION=1" "-DSQLITE_ENABLE_MEMORY_MANAGEMENT" "-DSQLITE_ENABLE_RTREE" "-DSQLITE_ENABLE_STAT4" "-DSQLITE_SOUNDEX" "-DSQLITE_THREADSAFE=1" "-DSQLITE_USE_URI" "-DHAVE_USLEEP=1" "-DHAVE_ISNAN" "-D_POSIX_THREAD_SAFE_FUNCTIONS" "-DHAVE_LOCALTIME_R" "-DSQLITE_ENABLE_UNLOCK_NOTIFY" "-o" "/opt/rustwide/target/debug/build/libsqlite3-sys/5fb0d6d21ffca504/out/c877a2978823c39d-sqlite3.o" "-c" "sqlite3/sqlite3.c"
[INFO] [stderr] 
[INFO] [stderr] 
[INFO] [stderr] warning: build failed, waiting for other jobs to finish...
[INFO] [stderr] warning: libsqlite3-sys@0.37.0: cc: fatal error: Killed signal terminated program cc1
[INFO] [stderr] warning: libsqlite3-sys@0.37.0: compilation terminated.
[INFO] [stderr] error: failed to run custom build command for `libsqlite3-sys v0.37.0`
[INFO] [stderr] note: To improve backtraces for build dependencies, set the CARGO_PROFILE_DEV_BUILD_OVERRIDE_DEBUG=true environment variable to enable debug information generation.
[INFO] [stderr] 
[INFO] [stderr] Caused by:
[INFO] [stderr]   process didn't exit successfully: `/opt/rustwide/target/debug/build/libsqlite3-sys/b63cb40539db0567/out/build_script_build` (exit status: 1)
[INFO] [stderr]   --- stdout
[INFO] [stderr]   cargo:rerun-if-env-changed=LIBSQLITE3_SYS_USE_PKG_CONFIG
[INFO] [stderr]   cargo:include=/opt/rustwide/cargo-home/registry/src/index.crates.io-1949cf8c6b5b557f/libsqlite3-sys-0.37.0/sqlite3
[INFO] [stderr]   cargo:rerun-if-changed=sqlite3/sqlite3.c
[INFO] [stderr]   cargo:rerun-if-changed=sqlite3/wasm32-wasi-vfs.c
[INFO] [stderr]   cargo:rerun-if-env-changed=SQLITE_MAX_VARIABLE_NUMBER
[INFO] [stderr]   cargo:rerun-if-env-changed=SQLITE_MAX_EXPR_DEPTH
[INFO] [stderr]   cargo:rerun-if-env-changed=SQLITE_MAX_COLUMN
[INFO] [stderr]   cargo:rerun-if-env-changed=LIBSQLITE3_FLAGS
[INFO] [stderr]   cargo:rerun-if-env-changed=CC_FORCE_DISABLE
[INFO] [stderr]   CC_FORCE_DISABLE = None
[INFO] [stderr]   cargo:rerun-if-env-changed=CC_x86_64-unknown-linux-gnu
[INFO] [stderr]   CC_x86_64-unknown-linux-gnu = None
[INFO] [stderr]   cargo:rerun-if-env-changed=CC_x86_64_unknown_linux_gnu
[INFO] [stderr]   CC_x86_64_unknown_linux_gnu = None
[INFO] [stderr]   cargo:rerun-if-env-changed=HOST_CC
[INFO] [stderr]   HOST_CC = None
[INFO] [stderr]   cargo:rerun-if-env-changed=CC
[INFO] [stderr]   CC = None
[INFO] [stderr]   cargo:rerun-if-env-changed=CC_ENABLE_DEBUG_OUTPUT
[INFO] [stderr]   cargo:rerun-if-env-changed=CRATE_CC_NO_DEFAULTS
[INFO] [stderr]   CRATE_CC_NO_DEFAULTS = None
[INFO] [stderr]   cargo:rerun-if-env-changed=CFLAGS
[INFO] [stderr]   CFLAGS = None
[INFO] [stderr]   cargo:rerun-if-env-changed=HOST_CFLAGS
[INFO] [stderr]   HOST_CFLAGS = None
[INFO] [stderr]   cargo:rerun-if-env-changed=CFLAGS_x86_64_unknown_linux_gnu
[INFO] [stderr]   CFLAGS_x86_64_unknown_linux_gnu = None
[INFO] [stderr]   cargo:rerun-if-env-changed=CFLAGS_x86_64-unknown-linux-gnu
[INFO] [stderr]   CFLAGS_x86_64-unknown-linux-gnu = None
[INFO] [stderr]   cargo:warning=cc: fatal error: Killed signal terminated program cc1
[INFO] [stderr]   cargo:warning=compilation terminated.
[INFO] [stderr] 
[INFO] [stderr]   --- stderr
[INFO] [stderr] 
[INFO] [stderr] 
[INFO] [stderr]   error occurred in cc-rs: command did not execute successfully (status code exit status: 1): LC_ALL="C" "cc" "-O3" "-ffunction-sections" "-fdata-sections" "-fPIC" "-m64" "-w" "-DSQLITE_CORE" "-DSQLITE_DEFAULT_FOREIGN_KEYS=1" "-DSQLITE_ENABLE_API_ARMOR" "-DSQLITE_ENABLE_COLUMN_METADATA" "-DSQLITE_ENABLE_DBSTAT_VTAB" "-DSQLITE_ENABLE_FTS3" "-DSQLITE_ENABLE_FTS3_PARENTHESIS" "-DSQLITE_ENABLE_FTS5" "-DSQLITE_ENABLE_JSON1" "-DSQLITE_ENABLE_LOAD_EXTENSION=1" "-DSQLITE_ENABLE_MEMORY_MANAGEMENT" "-DSQLITE_ENABLE_RTREE" "-DSQLITE_ENABLE_STAT4" "-DSQLITE_SOUNDEX" "-DSQLITE_THREADSAFE=1" "-DSQLITE_USE_URI" "-DHAVE_USLEEP=1" "-DHAVE_ISNAN" "-D_POSIX_THREAD_SAFE_FUNCTIONS" "-DHAVE_LOCALTIME_R" "-o" "/opt/rustwide/target/debug/build/libsqlite3-sys/29042946fbd25104/out/c877a2978823c39d-sqlite3.o" "-c" "sqlite3/sqlite3.c"
[INFO] [stderr] 
[INFO] [stderr] 
[INFO] running `Command { std: "docker" "inspect" "782125699f2bd5975d8bf3901bd995ce4b7f6243194c0bea95850a60b779fdac", kill_on_drop: false }`
[INFO] running `Command { std: "docker" "rm" "-f" "782125699f2bd5975d8bf3901bd995ce4b7f6243194c0bea95850a60b779fdac", kill_on_drop: false }`
[INFO] [stdout] 782125699f2bd5975d8bf3901bd995ce4b7f6243194c0bea95850a60b779fdac
