[INFO] cloning repository https://github.com/sbansal05/indexer
[INFO] running `Command { std: "git" "-c" "credential.helper=" "-c" "credential.helper=/workspace/cargo-home/bin/git-credential-null" "clone" "--bare" "https://github.com/sbansal05/indexer" "/workspace/cache/git-repos/https%3A%2F%2Fgithub.com%2Fsbansal05%2Findexer", kill_on_drop: false }`
[INFO] [stderr] Cloning into bare repository '/workspace/cache/git-repos/https%3A%2F%2Fgithub.com%2Fsbansal05%2Findexer'...
[INFO] running `Command { std: "git" "rev-parse" "HEAD", kill_on_drop: false }`
[INFO] [stdout] d4294d6827aaefa7c11d155d4b2b272f164e5a35
[INFO] checking sbansal05/indexer against 3154cc1a3e6424e44f438a95007d043ed5ceaaf6 for pr-133502-30
[INFO] running `Command { std: "git" "clone" "/workspace/cache/git-repos/https%3A%2F%2Fgithub.com%2Fsbansal05%2Findexer" "/workspace/builds/worker-5-tc2/source", kill_on_drop: false }`
[INFO] [stderr] Cloning into '/workspace/builds/worker-5-tc2/source'...
[INFO] [stderr] done.
[INFO] started tweaking git repo https://github.com/sbansal05/indexer
[INFO] finished tweaking git repo https://github.com/sbansal05/indexer
[INFO] tweaked toml for git repo https://github.com/sbansal05/indexer written to /workspace/builds/worker-5-tc2/source/Cargo.toml
[INFO] validating manifest of git repo https://github.com/sbansal05/indexer on toolchain 3154cc1a3e6424e44f438a95007d043ed5ceaaf6
[INFO] running `Command { std: CARGO_HOME="/workspace/cargo-home" RUSTUP_HOME="/workspace/rustup-home" "/workspace/cargo-home/bin/cargo" "+3154cc1a3e6424e44f438a95007d043ed5ceaaf6" "metadata" "--manifest-path" "Cargo.toml" "--no-deps", kill_on_drop: false }`
[INFO] crate git repo https://github.com/sbansal05/indexer already has a lockfile, it will not be regenerated
[INFO] running `Command { std: CARGO_HOME="/workspace/cargo-home" RUSTUP_HOME="/workspace/rustup-home" "/workspace/cargo-home/bin/cargo" "+3154cc1a3e6424e44f438a95007d043ed5ceaaf6" "fetch" "--manifest-path" "Cargo.toml", kill_on_drop: false }`
[INFO] running `Command { std: "docker" "create" "-v" "/var/lib/crater-agent-workspace/builds/worker-5-tc2/source:/opt/rustwide/workdir:ro,Z" "-v" "/var/lib/crater-agent-workspace/builds/worker-5-tc2/target:/opt/rustwide/target:rw,Z" "-v" "/var/lib/crater-agent-workspace/cargo-home:/opt/rustwide/cargo-home:ro,Z" "-v" "/var/lib/crater-agent-workspace/rustup-home:/opt/rustwide/rustup-home:ro,Z" "-m" "1610612736" "--network" "none" "ghcr.io/rust-lang/crates-build-env/linux@sha256:77db811e55d90add9212f6832c23229e3de5f1c1f9905e8cb07319ea15df73ac" "sleep" "infinity", kill_on_drop: false }`
[INFO] [stdout] d720b988de5b81505fa709f6c243d4d5a2e1849d2d3e71fe484175c6fb253847
[INFO] running `Command { std: "docker" "start" "d720b988de5b81505fa709f6c243d4d5a2e1849d2d3e71fe484175c6fb253847", kill_on_drop: false }`
[INFO] running `Command { std: "docker" "inspect" "d720b988de5b81505fa709f6c243d4d5a2e1849d2d3e71fe484175c6fb253847", kill_on_drop: false }`
[INFO] running `Command { std: "docker" "exec" "-e" "SOURCE_DIR=/opt/rustwide/workdir" "-e" "CARGO_HOME=/opt/rustwide/cargo-home" "-e" "RUSTUP_HOME=/opt/rustwide/rustup-home" "-e" "CARGO_TARGET_DIR=/opt/rustwide/target" "-w" "/opt/rustwide/workdir" "--user" "0:0" "d720b988de5b81505fa709f6c243d4d5a2e1849d2d3e71fe484175c6fb253847" "/opt/rustwide/cargo-home/bin/cargo" "+3154cc1a3e6424e44f438a95007d043ed5ceaaf6" "metadata" "--no-deps" "--format-version=1", kill_on_drop: false }`
[INFO] running `Command { std: "docker" "inspect" "d720b988de5b81505fa709f6c243d4d5a2e1849d2d3e71fe484175c6fb253847", kill_on_drop: false }`
[INFO] running `Command { std: "docker" "exec" "-e" "SOURCE_DIR=/opt/rustwide/workdir" "-e" "CARGO_HOME=/opt/rustwide/cargo-home" "-e" "RUSTUP_HOME=/opt/rustwide/rustup-home" "-e" "CARGO_TARGET_DIR=/opt/rustwide/target" "-e" "CARGO_INCREMENTAL=0" "-e" "RUST_BACKTRACE=full" "-e" "RUSTFLAGS=--cap-lints=forbid" "-e" "RUSTDOCFLAGS=--cap-lints=forbid" "-w" "/opt/rustwide/workdir" "--user" "0:0" "d720b988de5b81505fa709f6c243d4d5a2e1849d2d3e71fe484175c6fb253847" "/opt/rustwide/cargo-home/bin/cargo" "+3154cc1a3e6424e44f438a95007d043ed5ceaaf6" "check" "--frozen" "--all" "--all-targets" "--message-format=json", kill_on_drop: false }`
[INFO] [stderr]    Compiling syn v3.0.5
[INFO] [stderr]     Checking five8_core v1.0.0
[INFO] [stderr]     Checking bytemuck v1.25.2
[INFO] [stderr]     Checking crypto-common v0.1.7
[INFO] [stderr]     Checking solana-program-error v3.0.1
[INFO] [stderr]     Checking solana-sanitize v3.0.1
[INFO] [stderr]    Compiling cc v1.4.5
[INFO] [stderr]     Checking sha2-const-stable v0.1.0
[INFO] [stderr]     Checking solana-atomic-u64 v3.0.1
[INFO] [stderr]     Checking five8 v1.0.0
[INFO] [stderr]     Checking digest v0.10.7
[INFO] [stderr]     Checking five8_const v1.0.0
[INFO] [stderr]     Checking mio v1.2.3
[INFO] [stderr]    Compiling rustix v1.1.4
[INFO] [stderr]    Compiling pulldown-cmark v0.13.4
[INFO] [stderr]    Compiling getrandom v0.4.3
[INFO] [stderr]    Compiling regex-syntax v0.8.11
[INFO] [stderr]     Checking sha2 v0.10.9
[INFO] [stderr]    Compiling prettyplease v0.2.37
[INFO] [stderr]    Compiling petgraph v0.8.3
[INFO] [stderr]    Compiling protoc-bin-vendored-win32 v3.2.0
[INFO] [stderr]    Compiling protoc-bin-vendored-linux-x86_32 v3.2.0
[INFO] [stderr]    Compiling protoc-bin-vendored-macos-x86_64 v3.2.0
[INFO] [stderr]    Compiling protoc-bin-vendored-linux-s390_64 v3.2.0
[INFO] [stderr]    Compiling protoc-bin-vendored-macos-aarch_64 v3.2.0
[INFO] [stderr]    Compiling protoc-bin-vendored-linux-ppcle_64 v3.2.0
[INFO] [stderr]    Compiling protoc-bin-vendored-linux-x86_64 v3.2.0
[INFO] [stderr]    Compiling protoc-bin-vendored-linux-aarch_64 v3.2.0
[INFO] [stderr]    Compiling protoc-bin-vendored v3.2.0
[INFO] [stderr]    Compiling tonic-build v0.14.6
[INFO] [stderr]    Compiling generic-array v0.14.7
[INFO] [stderr]    Compiling ring v0.17.14
[INFO] [stderr]    Compiling regex-automata v0.4.18
[INFO] [stderr]    Compiling pulldown-cmark-to-cmark v22.0.1
[INFO] [stderr]    Compiling zstd-sys v2.1.0+zstd.1.5.7
[INFO] [stderr]    Compiling crossbeam-utils v0.8.23
[INFO] [stderr]    Compiling getrandom v0.2.17
[INFO] [stderr]    Compiling zstd-safe v7.3.0
[INFO] [stderr]    Compiling crc32fast v1.5.1
[INFO] [stderr]    Compiling block-buffer v0.10.4
[INFO] [stderr]     Checking solana-instruction-error v2.5.0
[INFO] [stderr]    Compiling bigdecimal v0.4.10
[INFO] [stderr]    Compiling zeroize v1.9.0
[INFO] [stderr]     Checking axum-core v0.5.6
[INFO] [stderr]    Compiling rustls-pki-types v1.15.1
[INFO] [stderr]    Compiling tempfile v3.27.0
[INFO] [stderr]    Compiling solana-sdk-macro v3.0.1
[INFO] [stderr]    Compiling pin-project-internal v1.1.13
[INFO] [stderr]    Compiling toml_write v0.1.2
[INFO] [stderr]    Compiling winnow v0.7.15
[INFO] [stderr]    Compiling borsh v1.8.1
[INFO] [stderr]    Compiling regex v1.13.1
[INFO] [stderr]     Checking flate2 v1.1.10
[INFO] [stderr]     Checking pin-project v1.1.13
[INFO] [stderr]    Compiling toml_edit v0.25.13+spec-1.1.0
[INFO] [stderr]     Checking hmac v0.12.1
[INFO] [stderr]    Compiling zerocopy v0.8.56
[INFO] [stderr]     Checking inout v0.1.4
[INFO] [stderr]    Compiling utf8parse v0.2.2
[INFO] [stderr]    Compiling rustls v0.23.44
[INFO] [stderr]    Compiling tinyvec v1.13.2
[INFO] [stderr]    Compiling tokio v1.53.1
[INFO] [stderr]    Compiling proc-macro-crate v3.5.0
[INFO] [stderr]    Compiling serde_derive v1.0.229
[INFO] [stderr]    Compiling bytemuck_derive v1.12.1
[INFO] [stderr]    Compiling zerovec-derive v0.11.6
[INFO] [stderr]    Compiling displaydoc v0.2.7
[INFO] [stderr]    Compiling thiserror-impl v2.0.20
[INFO] [stderr]    Compiling tokio-macros v2.7.2
[INFO] [stderr]    Compiling futures-macro v0.3.34
[INFO] [stderr]    Compiling zerovec v0.11.8
[INFO] [stderr]     Checking futures-util v0.3.34
[INFO] [stderr]    Compiling thiserror v2.0.20
[INFO] [stderr]    Compiling tinystr v0.8.4
[INFO] [stderr]    Compiling icu_locale_core v2.3.0
[INFO] [stderr]    Compiling potential_utf v0.1.6
[INFO] [stderr]    Compiling zerotrie v0.2.5
[INFO] [stderr]     Checking rustls-webpki v0.103.15
[INFO] [stderr]    Compiling icu_collections v2.3.0
[INFO] [stderr]    Compiling icu_provider v2.3.1
[INFO] [stderr]     Checking serde v1.0.229
[INFO] [stderr]     Checking solana-hash v4.6.0
[INFO] [stderr]     Checking solana-sha256-hasher v3.1.0
[INFO] [stderr]     Checking solana-address v2.7.0
[INFO] [stderr]     Checking smallvec v1.16.0
[INFO] [stderr]    Compiling either v1.18.0
[INFO] [stderr]     Checking solana-sdk-ids v3.1.0
[INFO] [stderr]     Checking solana-pubkey v4.3.0
[INFO] [stderr]     Checking solana-get-sysvar v1.0.0
[INFO] [stderr]     Checking solana-sysvar-id v3.1.0
[INFO] [stderr]     Checking parking_lot_core v0.9.12
[INFO] [stderr]    Compiling toml_datetime v0.6.11
[INFO] [stderr]    Compiling serde_spanned v0.6.9
[INFO] [stderr]     Checking parking_lot v0.12.5
[INFO] [stderr]    Compiling itertools v0.14.0
[INFO] [stderr]    Compiling toml_edit v0.22.27
[INFO] [stderr]    Compiling icu_normalizer v2.3.0
[INFO] [stderr]     Checking solana-instruction v4.0.0
[INFO] [stderr]    Compiling icu_properties v2.3.0
[INFO] [stderr]    Compiling async-trait v0.1.92
[INFO] [stderr]     Checking solana-instruction v3.5.1
[INFO] [stderr]     Checking solana-address v1.1.0
[INFO] [stderr]    Compiling idna_adapter v1.2.2
[INFO] [stderr]    Compiling prost-derive v0.14.4
[INFO] [stderr]    Compiling clap_derive v4.6.4
[INFO] [stderr]    Compiling idna v1.1.0
[INFO] [stderr]     Checking solana-pubkey v3.0.0
[INFO] [stderr]    Compiling toml v0.8.23
[INFO] [stderr]    Compiling cargo_toml v0.20.5
[INFO] [stderr]    Compiling prost v0.14.4
[INFO] [stderr]    Compiling prost-types v0.14.4
[INFO] [stderr]    Compiling ppv-lite86 v0.2.21
[INFO] [stderr]    Compiling anstyle-parse v1.0.0
[INFO] [stderr]     Checking cipher v0.4.4
[INFO] [stderr]    Compiling webpki-roots v1.0.9
[INFO] [stderr]    Compiling rand_core v0.6.4
[INFO] [stderr]    Compiling libm v0.2.16
[INFO] [stderr]    Compiling derive_more-impl v1.0.0
[INFO] [stderr]     Checking solana-program-memory v3.1.0
[INFO] [stderr]    Compiling is_terminal_polyfill v1.70.2
[INFO] [stderr]    Compiling colorchoice v1.0.5
[INFO] [stderr]    Compiling anstyle-query v1.1.5
[INFO] [stderr]    Compiling prost-build v0.14.4
[INFO] [stderr]    Compiling crossbeam-queue v0.3.14
[INFO] [stderr]    Compiling anstream v1.0.0
[INFO] [stderr]     Checking zstd v0.13.3
[INFO] [stderr]     Checking tokio-util v0.7.19
[INFO] [stderr]     Checking tokio-rustls v0.26.5
[INFO] [stderr]    Compiling codama-errors v0.9.3
[INFO] [stderr]    Compiling derive_more v1.0.0
[INFO] [stderr]    Compiling tonic-prost-build v0.14.6
[INFO] [stderr]     Checking solana-account-info v3.1.1
[INFO] [stderr]     Checking terminal_size v0.4.4
[INFO] [stderr]    Compiling tracing v0.1.44
[INFO] [stderr]    Compiling rand_chacha v0.3.1
[INFO] [stderr]    Compiling webpki-roots v0.26.11
[INFO] [stderr]     Checking h2 v0.4.19
[INFO] [stderr]     Checking tokio-stream v0.1.19
[INFO] [stderr]     Checking tower v0.5.3
[INFO] [stderr]     Checking rand v0.8.8
[INFO] [stderr]    Compiling yellowstone-grpc-proto v12.7.0
[INFO] [stderr]    Compiling curve25519-dalek v4.1.3
[INFO] [stderr]    Compiling url v2.5.8
[INFO] [stderr]    Compiling futures-intrusive v0.5.0
[INFO] [stderr]     Checking axum v0.8.9
[INFO] [stderr]     Checking bincode v1.3.3
[INFO] [stderr]    Compiling num_enum_derive v0.7.6
[INFO] [stderr]    Compiling unicode-normalization v0.1.25
[INFO] [stderr]     Checking uriparse v0.6.4
[INFO] [stderr]     Checking num-integer v0.1.47
[INFO] [stderr]     Checking qstring v0.7.2
[INFO] [stderr]     Checking universal-hash v0.5.1
[INFO] [stderr]    Compiling num-derive v0.4.2
[INFO] [stderr]     Checking derivation-path v0.2.0
[INFO] [stderr]    Compiling clap_lex v1.1.0
[INFO] [stderr]    Compiling stringprep v0.1.5
[INFO] [stderr]    Compiling clap_builder v4.6.6
[INFO] [stderr]     Checking num_enum v0.7.6
[INFO] [stderr]     Checking num-bigint v0.4.8
[INFO] [stderr]     Checking solana-derivation-path v3.0.0
[INFO] [stderr]     Checking polyval v0.6.2
[INFO] [stderr]    Compiling hkdf v0.12.4
[INFO] [stderr]     Checking bv v0.11.1
[INFO] [stderr]    Compiling codama-syn-helpers v0.9.3
[INFO] [stderr]     Checking aes v0.8.4
[INFO] [stderr]     Checking ctr v0.9.2
[INFO] [stderr]     Checking solana-clock v4.0.0
[INFO] [stderr]    Compiling md-5 v0.10.6
[INFO] [stderr]    Compiling atoi v2.0.0
[INFO] [stderr]     Checking solana-transaction-error v3.4.0
[INFO] [stderr]     Checking pbkdf2 v0.11.0
[INFO] [stderr]     Checking solana-signature v3.5.2
[INFO] [stderr]    Compiling sqlx-core v0.8.6
[INFO] [stderr]     Checking aead v0.5.2
[INFO] [stderr]     Checking solana-define-syscall v4.0.1
[INFO] [stderr]     Checking solana-program-option v3.1.0
[INFO] [stderr]    Compiling siphasher v1.0.3
[INFO] [stderr]     Checking hyper v1.11.1
[INFO] [stderr]     Checking solana-program-entrypoint v3.1.1
[INFO] [stderr]     Checking aes-gcm-siv v0.11.1
[INFO] [stderr]    Compiling clap v4.6.6
[INFO] [stderr]     Checking solana-signer v3.0.1
[INFO] [stderr]     Checking solana-seed-phrase v3.0.0
[INFO] [stderr]     Checking hyper-util v0.1.20
[INFO] [stderr]     Checking solana-clock v3.2.1
[INFO] [stderr]    Compiling codama-nodes-derive v0.9.3
[INFO] [stderr]     Checking solana-slot-history v3.2.0
[INFO] [stderr]     Checking solana-seed-derivable v3.0.0
[INFO] [stderr]     Checking sha3 v0.10.9
[INFO] [stderr]     Checking merlin v3.0.0
[INFO] [stderr]     Checking itertools v0.12.1
[INFO] [stderr]     Checking solana-epoch-schedule v3.3.0
[INFO] [stderr]     Checking solana-last-restart-slot v3.2.0
[INFO] [stderr]     Checking solana-rent v3.1.0
[INFO] [stderr]     Checking solana-slot-hashes v3.2.0
[INFO] [stderr]     Checking solana-epoch-rewards v3.2.0
[INFO] [stderr]     Checking solana-fee-calculator v3.3.0
[INFO] [stderr]    Compiling thiserror v1.0.69
[INFO] [stderr]     Checking solana-program-pack v3.1.0
[INFO] [stderr]     Checking bs58 v0.5.1
[INFO] [stderr]     Checking solana-sysvar v3.1.1
[INFO] [stderr]     Checking spl-token-interface v2.0.0
[INFO] [stderr]    Compiling codama-nodes v0.9.1
[INFO] [stderr]     Checking solana-cpi v3.1.0
[INFO] [stderr]     Checking futures-executor v0.3.34
[INFO] [stderr]     Checking solana-zero-copy v1.2.0
[INFO] [stderr]    Compiling shipstern-core v0.9.0
[INFO] [stderr]     Checking solana-msg v3.1.0
[INFO] [stderr]     Checking futures v0.3.34
[INFO] [stderr]     Checking spl-token v9.0.0
[INFO] [stderr]     Checking tracing-log v0.2.0
[INFO] [stderr]     Checking hyper-timeout v0.5.2
[INFO] [stderr]     Checking tracing-subscriber v0.3.23
[INFO] [stderr]     Checking tonic v0.14.6
[INFO] [stderr]    Compiling sqlx-postgres v0.8.6
[INFO] [stderr]     Checking solana-zk-sdk v4.0.0
[INFO] [stderr]     Checking spl-pod v0.7.4
[INFO] [stderr]     Checking tonic-prost v0.14.6
[INFO] [stderr]     Checking tonic-health v0.14.6
[INFO] [stderr]    Compiling shipstern-proc-macro v0.9.0
[INFO] [stderr]     Checking yellowstone-grpc-client v13.5.0
[INFO] [stderr]     Checking shipstern-parser v0.9.0
[INFO] [stderr]    Compiling sqlx-macros-core v0.8.6
[INFO] [stderr]    Compiling sqlx-macros v0.8.6
[INFO] [stderr]     Checking shipstern-spl-token-parser v0.9.0
[INFO] [stderr]     Checking sqlx v0.8.6
[INFO] [stderr]     Checking indexer v0.1.0 (/opt/rustwide/workdir)
[INFO] [stdout] error[E0583]: file not found for module `db`
[INFO] [stdout]  --> src/main.rs:1:1
[INFO] [stdout]   |
[INFO] [stdout] 1 | mod db;
[INFO] [stdout]   | ^^^^^^^
[INFO] [stdout]   |
[INFO] [stdout]   = help: to create the module `db`, create file "src/db.rs" or "src/db/mod.rs"
[INFO] [stdout]   = note: if there is a `mod db` elsewhere in the crate already, import it with `use crate::...` instead
[INFO] [stdout] 
[INFO] [stdout] 
[INFO] [stdout] error[E0583]: file not found for module `db`
[INFO] [stdout]  --> src/main.rs:1:1
[INFO] [stdout]   |
[INFO] [stdout] 1 | mod db;
[INFO] [stdout]   | ^^^^^^^
[INFO] [stdout]   |
[INFO] [stdout]   = help: to create the module `db`, create file "src/db.rs" or "src/db/mod.rs"
[INFO] [stdout]   = note: if there is a `mod db` elsewhere in the crate already, import it with `use crate::...` instead
[INFO] [stdout] 
[INFO] [stdout] 
[INFO] [stdout] warning: method call on a diverging inference variable
[INFO] [stdout]   --> src/main.rs:15:31
[INFO] [stdout]    |
[INFO] [stdout] 15 |     let from_slot = watermark.map(|s| s as u64);
[INFO] [stdout]    |                               ^^^
[INFO] [stdout]    |
[INFO] [stdout]    = help: consider providing a type annotation
[INFO] [stdout]    = warning: this was previously accepted by the compiler but is being phased out; it will become a hard error in a future release!
[INFO] [stdout]    = note: for more information, see issue #156047 <https://github.com/rust-lang/rust/issues/156047>
[INFO] [stdout]    = note: `#[warn(method_call_on_diverging_infer_var)]` (part of `#[warn(future_incompatible)]`) on by default
[INFO] [stdout] 
[INFO] [stdout] 
[INFO] [stdout] warning: method call on a diverging inference variable
[INFO] [stdout]   --> src/main.rs:15:31
[INFO] [stdout]    |
[INFO] [stdout] 15 |     let from_slot = watermark.map(|s| s as u64);
[INFO] [stdout]    |                               ^^^
[INFO] [stdout]    |
[INFO] [stdout]    = help: consider providing a type annotation
[INFO] [stdout]    = warning: this was previously accepted by the compiler but is being phased out; it will become a hard error in a future release!
[INFO] [stdout]    = note: for more information, see issue #156047 <https://github.com/rust-lang/rust/issues/156047>
[INFO] [stdout]    = note: `#[warn(method_call_on_diverging_infer_var)]` (part of `#[warn(future_incompatible)]`) on by default
[INFO] [stdout] 
[INFO] [stdout] 
[INFO] [stdout] error[E0599]: `!` is not an iterator
[INFO] [stdout]   --> src/main.rs:15:31
[INFO] [stdout]    |
[INFO] [stdout] 15 |     let from_slot = watermark.map(|s| s as u64);
[INFO] [stdout]    |                               ^^^ `!` is not an iterator
[INFO] [stdout]    |
[INFO] [stdout]    = note: the following trait bounds were not satisfied:
[INFO] [stdout]            `!: Iterator`
[INFO] [stdout]            which is required by `&mut !: Iterator`
[INFO] [stdout] 
[INFO] [stdout] 
[INFO] [stdout] error[E0599]: `!` is not an iterator
[INFO] [stdout]   --> src/main.rs:15:31
[INFO] [stdout]    |
[INFO] [stdout] 15 |     let from_slot = watermark.map(|s| s as u64);
[INFO] [stdout]    |                               ^^^ `!` is not an iterator
[INFO] [stdout]    |
[INFO] [stdout]    = note: the following trait bounds were not satisfied:
[INFO] [stdout]            `!: Iterator`
[INFO] [stdout]            which is required by `&mut !: Iterator`
[INFO] [stdout] 
[INFO] [stdout] 
[INFO] [stdout] Some errors have detailed explanations: E0583, E0599.
[INFO] [stdout] 
[INFO] [stdout] For more information about an error, try `rustc --explain E0583`.
[INFO] [stdout] 
[INFO] [stdout] Some errors have detailed explanations: E0583, E0599.
[INFO] [stdout] 
[INFO] [stdout] For more information about an error, try `rustc --explain E0583`.
[INFO] [stdout] 
[INFO] [stderr] error: could not compile `indexer` (bin "indexer") due to 2 previous errors; 2 warnings emitted
[INFO] [stderr] warning: build failed, waiting for other jobs to finish...
[INFO] [stderr] error: could not compile `indexer` (bin "indexer" test) due to 2 previous errors; 2 warnings emitted
[INFO] [stderr] warning: unused dependency `tracing-subscriber`
[INFO] [stderr]  --> Cargo.toml:9:1
[INFO] [stderr]   |
[INFO] [stderr] 9 | tracing-subscriber = "0.3"
[INFO] [stderr]   | ^^^^^^^^^^^^^^^^^^^^^^^^^^
[INFO] [stderr]   |
[INFO] [stderr]   = note: `cargo::unused_dependencies` is set to `warn` by default
[INFO] [stderr] help: consider removing the dependency on `tracing-subscriber`
[INFO] [stderr] warning: `indexer` (manifest) generated 1 warning
[INFO] running `Command { std: "docker" "inspect" "d720b988de5b81505fa709f6c243d4d5a2e1849d2d3e71fe484175c6fb253847", kill_on_drop: false }`
[INFO] running `Command { std: "docker" "rm" "-f" "d720b988de5b81505fa709f6c243d4d5a2e1849d2d3e71fe484175c6fb253847", kill_on_drop: false }`
[INFO] [stdout] d720b988de5b81505fa709f6c243d4d5a2e1849d2d3e71fe484175c6fb253847
