[INFO] cloning repository https://github.com/satyapalsharma/dungeon-crawler-rpg-engine-v2
[INFO] running `Command { std: "git" "-c" "credential.helper=" "-c" "credential.helper=/workspace/cargo-home/bin/git-credential-null" "clone" "--bare" "https://github.com/satyapalsharma/dungeon-crawler-rpg-engine-v2" "/workspace/cache/git-repos/https%3A%2F%2Fgithub.com%2Fsatyapalsharma%2Fdungeon-crawler-rpg-engine-v2", kill_on_drop: false }`
[INFO] [stderr] Cloning into bare repository '/workspace/cache/git-repos/https%3A%2F%2Fgithub.com%2Fsatyapalsharma%2Fdungeon-crawler-rpg-engine-v2'...
[INFO] running `Command { std: "git" "rev-parse" "HEAD", kill_on_drop: false }`
[INFO] [stdout] 8c16a77a951f22e8d2478ba6b45469afc72322a5
[INFO] checking satyapalsharma/dungeon-crawler-rpg-engine-v2 against 3154cc1a3e6424e44f438a95007d043ed5ceaaf6 for pr-133502-30
[INFO] running `Command { std: "git" "clone" "/workspace/cache/git-repos/https%3A%2F%2Fgithub.com%2Fsatyapalsharma%2Fdungeon-crawler-rpg-engine-v2" "/workspace/builds/worker-6-tc2/source", kill_on_drop: false }`
[INFO] [stderr] Cloning into '/workspace/builds/worker-6-tc2/source'...
[INFO] [stderr] done.
[INFO] started tweaking git repo https://github.com/satyapalsharma/dungeon-crawler-rpg-engine-v2
[INFO] finished tweaking git repo https://github.com/satyapalsharma/dungeon-crawler-rpg-engine-v2
[INFO] tweaked toml for git repo https://github.com/satyapalsharma/dungeon-crawler-rpg-engine-v2 written to /workspace/builds/worker-6-tc2/source/Cargo.toml
[INFO] validating manifest of git repo https://github.com/satyapalsharma/dungeon-crawler-rpg-engine-v2 on toolchain 3154cc1a3e6424e44f438a95007d043ed5ceaaf6
[INFO] running `Command { std: CARGO_HOME="/workspace/cargo-home" RUSTUP_HOME="/workspace/rustup-home" "/workspace/cargo-home/bin/cargo" "+3154cc1a3e6424e44f438a95007d043ed5ceaaf6" "metadata" "--manifest-path" "Cargo.toml" "--no-deps", kill_on_drop: false }`
[INFO] crate git repo https://github.com/satyapalsharma/dungeon-crawler-rpg-engine-v2 already has a lockfile, it will not be regenerated
[INFO] running `Command { std: CARGO_HOME="/workspace/cargo-home" RUSTUP_HOME="/workspace/rustup-home" "/workspace/cargo-home/bin/cargo" "+3154cc1a3e6424e44f438a95007d043ed5ceaaf6" "fetch" "--manifest-path" "Cargo.toml", kill_on_drop: false }`
[INFO] running `Command { std: "docker" "create" "-v" "/var/lib/crater-agent-workspace/builds/worker-6-tc2/source:/opt/rustwide/workdir:ro,Z" "-v" "/var/lib/crater-agent-workspace/builds/worker-6-tc2/target:/opt/rustwide/target:rw,Z" "-v" "/var/lib/crater-agent-workspace/cargo-home:/opt/rustwide/cargo-home:ro,Z" "-v" "/var/lib/crater-agent-workspace/rustup-home:/opt/rustwide/rustup-home:ro,Z" "-m" "1610612736" "--network" "none" "ghcr.io/rust-lang/crates-build-env/linux@sha256:77db811e55d90add9212f6832c23229e3de5f1c1f9905e8cb07319ea15df73ac" "sleep" "infinity", kill_on_drop: false }`
[INFO] [stdout] 0926050f7b7ee329a9e927f22bc859f987ec878bd45953a22a77cbbae925ca22
[INFO] running `Command { std: "docker" "start" "0926050f7b7ee329a9e927f22bc859f987ec878bd45953a22a77cbbae925ca22", kill_on_drop: false }`
[INFO] running `Command { std: "docker" "inspect" "0926050f7b7ee329a9e927f22bc859f987ec878bd45953a22a77cbbae925ca22", kill_on_drop: false }`
[INFO] running `Command { std: "docker" "exec" "-e" "SOURCE_DIR=/opt/rustwide/workdir" "-e" "CARGO_HOME=/opt/rustwide/cargo-home" "-e" "RUSTUP_HOME=/opt/rustwide/rustup-home" "-e" "CARGO_TARGET_DIR=/opt/rustwide/target" "-w" "/opt/rustwide/workdir" "--user" "0:0" "0926050f7b7ee329a9e927f22bc859f987ec878bd45953a22a77cbbae925ca22" "/opt/rustwide/cargo-home/bin/cargo" "+3154cc1a3e6424e44f438a95007d043ed5ceaaf6" "metadata" "--no-deps" "--format-version=1", kill_on_drop: false }`
[INFO] running `Command { std: "docker" "inspect" "0926050f7b7ee329a9e927f22bc859f987ec878bd45953a22a77cbbae925ca22", kill_on_drop: false }`
[INFO] running `Command { std: "docker" "exec" "-e" "SOURCE_DIR=/opt/rustwide/workdir" "-e" "CARGO_HOME=/opt/rustwide/cargo-home" "-e" "RUSTUP_HOME=/opt/rustwide/rustup-home" "-e" "CARGO_TARGET_DIR=/opt/rustwide/target" "-e" "CARGO_INCREMENTAL=0" "-e" "RUST_BACKTRACE=full" "-e" "RUSTFLAGS=--cap-lints=forbid" "-e" "RUSTDOCFLAGS=--cap-lints=forbid" "-w" "/opt/rustwide/workdir" "--user" "0:0" "0926050f7b7ee329a9e927f22bc859f987ec878bd45953a22a77cbbae925ca22" "/opt/rustwide/cargo-home/bin/cargo" "+3154cc1a3e6424e44f438a95007d043ed5ceaaf6" "check" "--frozen" "--all" "--all-targets" "--message-format=json", kill_on_drop: false }`
[INFO] [stderr]    Compiling proc-macro2 v1.0.107
[INFO] [stderr]    Compiling quote v1.0.47
[INFO] [stderr]    Compiling zerocopy v0.8.56
[INFO] [stderr]    Compiling serde_core v1.0.229
[INFO] [stderr]    Compiling libc v0.2.189
[INFO] [stderr]    Compiling serde v1.0.229
[INFO] [stderr]     Checking once_cell v1.21.4
[INFO] [stderr]    Compiling libsqlite3-sys v0.28.0
[INFO] [stderr]    Compiling num-traits v0.2.19
[INFO] [stderr]    Compiling serde_json v1.0.151
[INFO] [stderr]     Checking fallible-streaming-iterator v0.1.9
[INFO] [stderr]     Checking bitflags v2.13.1
[INFO] [stderr]     Checking smallvec v1.15.2
[INFO] [stderr]     Checking fallible-iterator v0.3.0
[INFO] [stderr]    Compiling syn v3.0.3
[INFO] [stderr]     Checking chrono v0.4.45
[INFO] [stderr]     Checking getrandom v0.2.17
[INFO] [stderr]     Checking rand_core v0.6.4
[INFO] [stderr]    Compiling serde_derive v1.0.229
[INFO] [stderr]     Checking ahash v0.8.12
[INFO] [stderr]     Checking ppv-lite86 v0.2.21
[INFO] [stderr]     Checking hashbrown v0.14.5
[INFO] [stderr]     Checking rand_chacha v0.3.1
[INFO] [stderr]     Checking rand v0.8.7
[INFO] [stderr]     Checking hashlink v0.9.1
[INFO] [stderr]     Checking toml_datetime v0.6.11
[INFO] [stderr]     Checking serde_spanned v0.6.9
[INFO] [stderr]     Checking toml_edit v0.22.27
[INFO] [stderr]     Checking toml v0.8.23
[INFO] [stderr]     Checking rusqlite v0.31.0
[INFO] [stderr]     Checking app v0.1.0 (/opt/rustwide/workdir)
[INFO] [stdout] error[E0432]: unresolved import `crate::quest`
[INFO] [stdout]  --> src/game/state.rs:5:12
[INFO] [stdout]   |
[INFO] [stdout] 5 | use crate::quest::{generate_quest, QuestEvent, QuestManager};
[INFO] [stdout]   |            ^^^^^ could not find `quest` in the crate root
[INFO] [stdout] 
[INFO] [stdout] 
[INFO] [stdout] error[E0432]: unresolved import `crate::error::Result`
[INFO] [stdout]  --> src/models/character.rs:1:27
[INFO] [stdout]   |
[INFO] [stdout] 1 | use crate::error::{Error, Result};
[INFO] [stdout]   |                           ^^^^^^ no `Result` in `error`
[INFO] [stdout]   |
[INFO] [stdout]   = help: consider importing one of these items instead:
[INFO] [stdout]           std::fmt::Result
[INFO] [stdout]           std::io::Result
[INFO] [stdout]           std::result::Result
[INFO] [stdout]           std::thread::Result
[INFO] [stdout]           core::fmt::Result
[INFO] [stdout]           core::io::Result
[INFO] [stdout]           core::result::Result
[INFO] [stdout]           rusqlite::Result
[INFO] [stdout]           serde_json::Result
[INFO] [stdout] 
[INFO] [stdout] 
[INFO] [stdout] error[E0432]: unresolved import `crate::error::Result`
[INFO] [stdout]  --> src/models/room.rs:1:27
[INFO] [stdout]   |
[INFO] [stdout] 1 | use crate::error::{Error, Result};
[INFO] [stdout]   |                           ^^^^^^ no `Result` in `error`
[INFO] [stdout]   |
[INFO] [stdout]   = help: consider importing one of these items instead:
[INFO] [stdout]           std::fmt::Result
[INFO] [stdout]           std::io::Result
[INFO] [stdout]           std::result::Result
[INFO] [stdout]           std::thread::Result
[INFO] [stdout]           core::fmt::Result
[INFO] [stdout]           core::io::Result
[INFO] [stdout]           core::result::Result
[INFO] [stdout]           rusqlite::Result
[INFO] [stdout]           serde_json::Result
[INFO] [stdout] 
[INFO] [stdout] 
[INFO] [stdout] error[E0432]: unresolved import `crate::error::Result`
[INFO] [stdout]  --> src/models/item.rs:1:27
[INFO] [stdout]   |
[INFO] [stdout] 1 | use crate::error::{Error, Result};
[INFO] [stdout]   |                           ^^^^^^ no `Result` in `error`
[INFO] [stdout]   |
[INFO] [stdout]   = help: consider importing one of these items instead:
[INFO] [stdout]           std::fmt::Result
[INFO] [stdout]           std::io::Result
[INFO] [stdout]           std::result::Result
[INFO] [stdout]           std::thread::Result
[INFO] [stdout]           core::fmt::Result
[INFO] [stdout]           core::io::Result
[INFO] [stdout]           core::result::Result
[INFO] [stdout]           rusqlite::Result
[INFO] [stdout]           serde_json::Result
[INFO] [stdout] 
[INFO] [stdout] 
[INFO] [stdout] error[E0432]: unresolved import `crate::error::Result`
[INFO] [stdout]  --> src/models/monster.rs:1:27
[INFO] [stdout]   |
[INFO] [stdout] 1 | use crate::error::{Error, Result};
[INFO] [stdout]   |                           ^^^^^^ no `Result` in `error`
[INFO] [stdout]   |
[INFO] [stdout]   = help: consider importing one of these items instead:
[INFO] [stdout]           std::fmt::Result
[INFO] [stdout]           std::io::Result
[INFO] [stdout]           std::result::Result
[INFO] [stdout]           std::thread::Result
[INFO] [stdout]           core::fmt::Result
[INFO] [stdout]           core::io::Result
[INFO] [stdout]           core::result::Result
[INFO] [stdout]           rusqlite::Result
[INFO] [stdout]           serde_json::Result
[INFO] [stdout] 
[INFO] [stdout] 
[INFO] [stdout] error[E0432]: unresolved import `crate::error::Result`
[INFO] [stdout]  --> src/models/save_state.rs:1:5
[INFO] [stdout]   |
[INFO] [stdout] 1 | use crate::error::Result;
[INFO] [stdout]   |     ^^^^^^^^^^^^^^------
[INFO] [stdout]   |                   |
[INFO] [stdout]   |                   no `Result` in `error`
[INFO] [stdout]   |
[INFO] [stdout] help: consider importing one of these items instead
[INFO] [stdout]   |
[INFO] [stdout] 1 - use crate::error::Result;
[INFO] [stdout] 1 + use std::fmt::Result;
[INFO] [stdout]   |
[INFO] [stdout] 1 - use crate::error::Result;
[INFO] [stdout] 1 + use std::io::Result;
[INFO] [stdout]   |
[INFO] [stdout] 1 - use crate::error::Result;
[INFO] [stdout] 1 + use std::result::Result;
[INFO] [stdout]   |
[INFO] [stdout] 1 - use crate::error::Result;
[INFO] [stdout] 1 + use std::thread::Result;
[INFO] [stdout]   |
[INFO] [stdout]   = and 5 other candidates
[INFO] [stdout] 
[INFO] [stdout] 
[INFO] [stdout] error[E0432]: unresolved import `crate::error::Result`
[INFO] [stdout]  --> src/plugins/template.rs:1:27
[INFO] [stdout]   |
[INFO] [stdout] 1 | use crate::error::{Error, Result};
[INFO] [stdout]   |                           ^^^^^^ no `Result` in `error`
[INFO] [stdout]   |
[INFO] [stdout]   = help: consider importing one of these items instead:
[INFO] [stdout]           std::fmt::Result
[INFO] [stdout]           std::io::Result
[INFO] [stdout]           std::result::Result
[INFO] [stdout]           std::thread::Result
[INFO] [stdout]           core::fmt::Result
[INFO] [stdout]           core::io::Result
[INFO] [stdout]           core::result::Result
[INFO] [stdout]           rusqlite::Result
[INFO] [stdout]           serde_json::Result
[INFO] [stdout] 
[INFO] [stdout] 
[INFO] [stdout] error[E0432]: unresolved import `crate::quest`
[INFO] [stdout]  --> src/game/state.rs:5:12
[INFO] [stdout]   |
[INFO] [stdout] 5 | use crate::quest::{generate_quest, QuestEvent, QuestManager};
[INFO] [stdout]   |            ^^^^^ could not find `quest` in the crate root
[INFO] [stdout] 
[INFO] [stdout] 
[INFO] [stdout] error[E0432]: unresolved import `crate::error::Result`
[INFO] [stdout]  --> src/models/character.rs:1:27
[INFO] [stdout]   |
[INFO] [stdout] 1 | use crate::error::{Error, Result};
[INFO] [stdout]   |                           ^^^^^^ no `Result` in `error`
[INFO] [stdout]   |
[INFO] [stdout]   = help: consider importing one of these items instead:
[INFO] [stdout]           std::fmt::Result
[INFO] [stdout]           std::io::Result
[INFO] [stdout]           std::result::Result
[INFO] [stdout]           std::thread::Result
[INFO] [stdout]           core::fmt::Result
[INFO] [stdout]           core::io::Result
[INFO] [stdout]           core::result::Result
[INFO] [stdout]           rusqlite::Result
[INFO] [stdout]           serde_json::Result
[INFO] [stdout] 
[INFO] [stdout] 
[INFO] [stdout] error[E0432]: unresolved import `crate::error::Result`
[INFO] [stdout]  --> src/storage/sqlite.rs:1:27
[INFO] [stdout]   |
[INFO] [stdout] 1 | use crate::error::{Error, Result};
[INFO] [stdout]   |                           ^^^^^^ no `Result` in `error`
[INFO] [stdout]   |
[INFO] [stdout]   = help: consider importing one of these items instead:
[INFO] [stdout]           std::fmt::Result
[INFO] [stdout]           std::io::Result
[INFO] [stdout]           std::result::Result
[INFO] [stdout]           std::thread::Result
[INFO] [stdout]           core::fmt::Result
[INFO] [stdout]           core::io::Result
[INFO] [stdout]           core::result::Result
[INFO] [stdout]           rusqlite::Result
[INFO] [stdout]           serde_json::Result
[INFO] [stdout] 
[INFO] [stdout] 
[INFO] [stdout] error[E0432]: unresolved import `crate::error::Result`
[INFO] [stdout]  --> src/models/room.rs:1:27
[INFO] [stdout]   |
[INFO] [stdout] 1 | use crate::error::{Error, Result};
[INFO] [stdout]   |                           ^^^^^^ no `Result` in `error`
[INFO] [stdout]   |
[INFO] [stdout]   = help: consider importing one of these items instead:
[INFO] [stdout]           std::fmt::Result
[INFO] [stdout]           std::io::Result
[INFO] [stdout]           std::result::Result
[INFO] [stdout]           std::thread::Result
[INFO] [stdout]           core::fmt::Result
[INFO] [stdout]           core::io::Result
[INFO] [stdout]           core::result::Result
[INFO] [stdout]           rusqlite::Result
[INFO] [stdout]           serde_json::Result
[INFO] [stdout] 
[INFO] [stdout] 
[INFO] [stdout] error[E0432]: unresolved import `crate::error::Result`
[INFO] [stdout]  --> src/game/state.rs:1:5
[INFO] [stdout]   |
[INFO] [stdout] 1 | use crate::error::Result;
[INFO] [stdout]   |     ^^^^^^^^^^^^^^------
[INFO] [stdout]   |                   |
[INFO] [stdout]   |                   no `Result` in `error`
[INFO] [stdout]   |
[INFO] [stdout] help: consider importing one of these items instead
[INFO] [stdout]   |
[INFO] [stdout] 1 - use crate::error::Result;
[INFO] [stdout] 1 + use std::fmt::Result;
[INFO] [stdout]   |
[INFO] [stdout] 1 - use crate::error::Result;
[INFO] [stdout] 1 + use std::io::Result;
[INFO] [stdout]   |
[INFO] [stdout] 1 - use crate::error::Result;
[INFO] [stdout] 1 + use std::result::Result;
[INFO] [stdout]   |
[INFO] [stdout] 1 - use crate::error::Result;
[INFO] [stdout] 1 + use std::thread::Result;
[INFO] [stdout]   |
[INFO] [stdout]   = and 5 other candidates
[INFO] [stdout] 
[INFO] [stdout] 
[INFO] [stdout] error[E0432]: unresolved import `crate::error::Result`
[INFO] [stdout]  --> src/game/commands.rs:1:5
[INFO] [stdout]   |
[INFO] [stdout] 1 | use crate::error::Result;
[INFO] [stdout]   |     ^^^^^^^^^^^^^^------
[INFO] [stdout]   |                   |
[INFO] [stdout]   |                   no `Result` in `error`
[INFO] [stdout]   |
[INFO] [stdout] help: consider importing one of these items instead
[INFO] [stdout]   |
[INFO] [stdout] 1 - use crate::error::Result;
[INFO] [stdout] 1 + use std::fmt::Result;
[INFO] [stdout]   |
[INFO] [stdout] 1 - use crate::error::Result;
[INFO] [stdout] 1 + use std::io::Result;
[INFO] [stdout]   |
[INFO] [stdout] 1 - use crate::error::Result;
[INFO] [stdout] 1 + use std::result::Result;
[INFO] [stdout]   |
[INFO] [stdout] 1 - use crate::error::Result;
[INFO] [stdout] 1 + use std::thread::Result;
[INFO] [stdout]   |
[INFO] [stdout]   = and 5 other candidates
[INFO] [stdout] 
[INFO] [stdout] 
[INFO] [stdout] error[E0432]: unresolved import `crate::error::Result`
[INFO] [stdout]  --> src/models/item.rs:1:27
[INFO] [stdout]   |
[INFO] [stdout] 1 | use crate::error::{Error, Result};
[INFO] [stdout]   |                           ^^^^^^ no `Result` in `error`
[INFO] [stdout]   |
[INFO] [stdout]   = help: consider importing one of these items instead:
[INFO] [stdout]           std::fmt::Result
[INFO] [stdout]           std::io::Result
[INFO] [stdout]           std::result::Result
[INFO] [stdout]           std::thread::Result
[INFO] [stdout]           core::fmt::Result
[INFO] [stdout]           core::io::Result
[INFO] [stdout]           core::result::Result
[INFO] [stdout]           rusqlite::Result
[INFO] [stdout]           serde_json::Result
[INFO] [stdout] 
[INFO] [stdout] 
[INFO] [stdout] error[E0432]: unresolved import `crate::error::Result`
[INFO] [stdout]  --> src/models/monster.rs:1:27
[INFO] [stdout]   |
[INFO] [stdout] 1 | use crate::error::{Error, Result};
[INFO] [stdout]   |                           ^^^^^^ no `Result` in `error`
[INFO] [stdout]   |
[INFO] [stdout]   = help: consider importing one of these items instead:
[INFO] [stdout]           std::fmt::Result
[INFO] [stdout]           std::io::Result
[INFO] [stdout]           std::result::Result
[INFO] [stdout]           std::thread::Result
[INFO] [stdout]           core::fmt::Result
[INFO] [stdout]           core::io::Result
[INFO] [stdout]           core::result::Result
[INFO] [stdout]           rusqlite::Result
[INFO] [stdout]           serde_json::Result
[INFO] [stdout] 
[INFO] [stdout] 
[INFO] [stdout] error[E0432]: unresolved import `crate::error::Result`
[INFO] [stdout]  --> src/models/save_state.rs:1:5
[INFO] [stdout]   |
[INFO] [stdout] 1 | use crate::error::Result;
[INFO] [stdout]   |     ^^^^^^^^^^^^^^------
[INFO] [stdout]   |                   |
[INFO] [stdout]   |                   no `Result` in `error`
[INFO] [stdout]   |
[INFO] [stdout] help: consider importing one of these items instead
[INFO] [stdout]   |
[INFO] [stdout] 1 - use crate::error::Result;
[INFO] [stdout] 1 + use std::fmt::Result;
[INFO] [stdout]   |
[INFO] [stdout] 1 - use crate::error::Result;
[INFO] [stdout] 1 + use std::io::Result;
[INFO] [stdout]   |
[INFO] [stdout] 1 - use crate::error::Result;
[INFO] [stdout] 1 + use std::result::Result;
[INFO] [stdout]   |
[INFO] [stdout] 1 - use crate::error::Result;
[INFO] [stdout] 1 + use std::thread::Result;
[INFO] [stdout]   |
[INFO] [stdout]   = and 5 other candidates
[INFO] [stdout] 
[INFO] [stdout] 
[INFO] [stdout] error[E0432]: unresolved import `crate::error::Result`
[INFO] [stdout]  --> src/plugins/template.rs:1:27
[INFO] [stdout]   |
[INFO] [stdout] 1 | use crate::error::{Error, Result};
[INFO] [stdout]   |                           ^^^^^^ no `Result` in `error`
[INFO] [stdout]   |
[INFO] [stdout]   = help: consider importing one of these items instead:
[INFO] [stdout]           std::fmt::Result
[INFO] [stdout]           std::io::Result
[INFO] [stdout]           std::result::Result
[INFO] [stdout]           std::thread::Result
[INFO] [stdout]           core::fmt::Result
[INFO] [stdout]           core::io::Result
[INFO] [stdout]           core::result::Result
[INFO] [stdout]           rusqlite::Result
[INFO] [stdout]           serde_json::Result
[INFO] [stdout] 
[INFO] [stdout] 
[INFO] [stdout] error[E0432]: unresolved import `crate::error::Result`
[INFO] [stdout]  --> src/storage/sqlite.rs:1:27
[INFO] [stdout]   |
[INFO] [stdout] 1 | use crate::error::{Error, Result};
[INFO] [stdout]   |                           ^^^^^^ no `Result` in `error`
[INFO] [stdout]   |
[INFO] [stdout]   = help: consider importing one of these items instead:
[INFO] [stdout]           std::fmt::Result
[INFO] [stdout]           std::io::Result
[INFO] [stdout]           std::result::Result
[INFO] [stdout]           std::thread::Result
[INFO] [stdout]           core::fmt::Result
[INFO] [stdout]           core::io::Result
[INFO] [stdout]           core::result::Result
[INFO] [stdout]           rusqlite::Result
[INFO] [stdout]           serde_json::Result
[INFO] [stdout] 
[INFO] [stdout] 
[INFO] [stdout] error[E0432]: unresolved import `crate::error::Result`
[INFO] [stdout]  --> src/game/state.rs:1:5
[INFO] [stdout]   |
[INFO] [stdout] 1 | use crate::error::Result;
[INFO] [stdout]   |     ^^^^^^^^^^^^^^------
[INFO] [stdout]   |                   |
[INFO] [stdout]   |                   no `Result` in `error`
[INFO] [stdout]   |
[INFO] [stdout] help: consider importing one of these items instead
[INFO] [stdout]   |
[INFO] [stdout] 1 - use crate::error::Result;
[INFO] [stdout] 1 + use std::fmt::Result;
[INFO] [stdout]   |
[INFO] [stdout] 1 - use crate::error::Result;
[INFO] [stdout] 1 + use std::io::Result;
[INFO] [stdout]   |
[INFO] [stdout] 1 - use crate::error::Result;
[INFO] [stdout] 1 + use std::result::Result;
[INFO] [stdout]   |
[INFO] [stdout] 1 - use crate::error::Result;
[INFO] [stdout] 1 + use std::thread::Result;
[INFO] [stdout]   |
[INFO] [stdout]   = and 5 other candidates
[INFO] [stdout] 
[INFO] [stdout] 
[INFO] [stdout] error[E0432]: unresolved import `crate::error::Result`
[INFO] [stdout]  --> src/game/commands.rs:1:5
[INFO] [stdout]   |
[INFO] [stdout] 1 | use crate::error::Result;
[INFO] [stdout]   |     ^^^^^^^^^^^^^^------
[INFO] [stdout]   |                   |
[INFO] [stdout]   |                   no `Result` in `error`
[INFO] [stdout]   |
[INFO] [stdout] help: consider importing one of these items instead
[INFO] [stdout]   |
[INFO] [stdout] 1 - use crate::error::Result;
[INFO] [stdout] 1 + use std::fmt::Result;
[INFO] [stdout]   |
[INFO] [stdout] 1 - use crate::error::Result;
[INFO] [stdout] 1 + use std::io::Result;
[INFO] [stdout]   |
[INFO] [stdout] 1 - use crate::error::Result;
[INFO] [stdout] 1 + use std::result::Result;
[INFO] [stdout]   |
[INFO] [stdout] 1 - use crate::error::Result;
[INFO] [stdout] 1 + use std::thread::Result;
[INFO] [stdout]   |
[INFO] [stdout]   = and 5 other candidates
[INFO] [stdout] 
[INFO] [stdout] 
[INFO] [stdout] error[E0433]: cannot find `quest` in the crate root
[INFO] [stdout]    --> src/game/commands.rs:177:52
[INFO] [stdout]     |
[INFO] [stdout] 177 |         state.quest_manager.update_progress(crate::quest::QuestEvent::MonsterKilled {
[INFO] [stdout]     |                                                    ^^^^^ could not find `quest` in the crate root
[INFO] [stdout] 
[INFO] [stdout] 
[INFO] [stdout] error[E0433]: cannot find `quest` in the crate root
[INFO] [stdout]    --> src/game/commands.rs:214:48
[INFO] [stdout]     |
[INFO] [stdout] 214 |     state.quest_manager.update_progress(crate::quest::QuestEvent::ItemFound { name: item_name });
[INFO] [stdout]     |                                                ^^^^^ could not find `quest` in the crate root
[INFO] [stdout] 
[INFO] [stdout] 
[INFO] [stdout] error[E0433]: cannot find `quest` in the crate root
[INFO] [stdout]    --> src/game/commands.rs:177:52
[INFO] [stdout]     |
[INFO] [stdout] 177 |         state.quest_manager.update_progress(crate::quest::QuestEvent::MonsterKilled {
[INFO] [stdout]     |                                                    ^^^^^ could not find `quest` in the crate root
[INFO] [stdout] 
[INFO] [stdout] 
[INFO] [stdout] error[E0433]: cannot find `quest` in the crate root
[INFO] [stdout]    --> src/game/commands.rs:214:48
[INFO] [stdout]     |
[INFO] [stdout] 214 |     state.quest_manager.update_progress(crate::quest::QuestEvent::ItemFound { name: item_name });
[INFO] [stdout]     |                                                ^^^^^ could not find `quest` in the crate root
[INFO] [stdout] 
[INFO] [stdout] 
[INFO] [stdout] warning: unused import: `Error`
[INFO] [stdout]  --> src/models/character.rs:1:20
[INFO] [stdout]   |
[INFO] [stdout] 1 | use crate::error::{Error, Result};
[INFO] [stdout]   |                    ^^^^^
[INFO] [stdout]   |
[INFO] [stdout]   = note: `#[warn(unused_imports)]` (part of `#[warn(unused)]`) on by default
[INFO] [stdout] 
[INFO] [stdout] 
[INFO] [stdout] warning: unused import: `Error`
[INFO] [stdout]  --> src/models/room.rs:1:20
[INFO] [stdout]   |
[INFO] [stdout] 1 | use crate::error::{Error, Result};
[INFO] [stdout]   |                    ^^^^^
[INFO] [stdout] 
[INFO] [stdout] 
[INFO] [stdout] warning: unused import: `crate::utils::rng::Rng`
[INFO] [stdout]  --> src/models/item.rs:3:5
[INFO] [stdout]   |
[INFO] [stdout] 3 | use crate::utils::rng::Rng;
[INFO] [stdout]   |     ^^^^^^^^^^^^^^^^^^^^^^
[INFO] [stdout] 
[INFO] [stdout] 
[INFO] [stdout] warning: unused import: `Error`
[INFO] [stdout]  --> src/models/monster.rs:1:20
[INFO] [stdout]   |
[INFO] [stdout] 1 | use crate::error::{Error, Result};
[INFO] [stdout]   |                    ^^^^^
[INFO] [stdout] 
[INFO] [stdout] 
[INFO] [stdout] warning: unused import: `crate::types::combat::CombatLog`
[INFO] [stdout]  --> src/models/monster.rs:2:5
[INFO] [stdout]   |
[INFO] [stdout] 2 | use crate::types::combat::CombatLog;
[INFO] [stdout]   |     ^^^^^^^^^^^^^^^^^^^^^^^^^^^^^^^
[INFO] [stdout] 
[INFO] [stdout] 
[INFO] [stdout] warning: unused import: `crate::types::character::CharacterClass`
[INFO] [stdout]  --> src/models/monster.rs:3:5
[INFO] [stdout]   |
[INFO] [stdout] 3 | use crate::types::character::CharacterClass;
[INFO] [stdout]   |     ^^^^^^^^^^^^^^^^^^^^^^^^^^^^^^^^^^^^^^^
[INFO] [stdout] 
[INFO] [stdout] 
[INFO] [stdout] warning: unused import: `Room`
[INFO] [stdout]  --> src/plugins/template.rs:2:26
[INFO] [stdout]   |
[INFO] [stdout] 2 | use crate::types::room::{Room, RoomType};
[INFO] [stdout]   |                          ^^^^
[INFO] [stdout] 
[INFO] [stdout] 
[INFO] [stdout] warning: unused import: `Error`
[INFO] [stdout]  --> src/models/character.rs:1:20
[INFO] [stdout]   |
[INFO] [stdout] 1 | use crate::error::{Error, Result};
[INFO] [stdout]   |                    ^^^^^
[INFO] [stdout]   |
[INFO] [stdout]   = note: `#[warn(unused_imports)]` (part of `#[warn(unused)]`) on by default
[INFO] [stdout] 
[INFO] [stdout] 
[INFO] [stdout] warning: unused import: `Error`
[INFO] [stdout]  --> src/models/room.rs:1:20
[INFO] [stdout]   |
[INFO] [stdout] 1 | use crate::error::{Error, Result};
[INFO] [stdout]   |                    ^^^^^
[INFO] [stdout] 
[INFO] [stdout] 
[INFO] [stdout] warning: unused import: `crate::utils::rng::Rng`
[INFO] [stdout]  --> src/models/item.rs:3:5
[INFO] [stdout]   |
[INFO] [stdout] 3 | use crate::utils::rng::Rng;
[INFO] [stdout]   |     ^^^^^^^^^^^^^^^^^^^^^^
[INFO] [stdout] 
[INFO] [stdout] 
[INFO] [stdout] warning: unused import: `Error`
[INFO] [stdout]  --> src/models/monster.rs:1:20
[INFO] [stdout]   |
[INFO] [stdout] 1 | use crate::error::{Error, Result};
[INFO] [stdout]   |                    ^^^^^
[INFO] [stdout] 
[INFO] [stdout] 
[INFO] [stdout] warning: unused import: `crate::types::combat::CombatLog`
[INFO] [stdout]  --> src/models/monster.rs:2:5
[INFO] [stdout]   |
[INFO] [stdout] 2 | use crate::types::combat::CombatLog;
[INFO] [stdout]   |     ^^^^^^^^^^^^^^^^^^^^^^^^^^^^^^^
[INFO] [stdout] 
[INFO] [stdout] 
[INFO] [stdout] warning: unused import: `crate::types::character::CharacterClass`
[INFO] [stdout]  --> src/models/monster.rs:3:5
[INFO] [stdout]   |
[INFO] [stdout] 3 | use crate::types::character::CharacterClass;
[INFO] [stdout]   |     ^^^^^^^^^^^^^^^^^^^^^^^^^^^^^^^^^^^^^^^
[INFO] [stdout] 
[INFO] [stdout] 
[INFO] [stdout] warning: unused import: `Room`
[INFO] [stdout]  --> src/plugins/template.rs:2:26
[INFO] [stdout]   |
[INFO] [stdout] 2 | use crate::types::room::{Room, RoomType};
[INFO] [stdout]   |                          ^^^^
[INFO] [stdout] 
[INFO] [stdout] 
[INFO] [stdout] error[E0599]: no variant, associated function, or constant named `invalid_input` found for enum `error::Error` in the current scope
[INFO] [stdout]   --> src/models/item.rs:59:27
[INFO] [stdout]    |
[INFO] [stdout] 59 |         return Err(Error::invalid_input("Item is not consumable"));
[INFO] [stdout]    |                           ^^^^^^^^^^^^^ variant, associated function, or constant not found in `error::Error`
[INFO] [stdout]    |
[INFO] [stdout]   ::: src/error.rs:5:1
[INFO] [stdout]    |
[INFO] [stdout]  5 | pub enum Error {
[INFO] [stdout]    | -------------- variant, associated function, or constant `invalid_input` not found for this enum
[INFO] [stdout]    |
[INFO] [stdout] help: there is a variant with a similar name
[INFO] [stdout]    |
[INFO] [stdout] 59 -         return Err(Error::invalid_input("Item is not consumable"));
[INFO] [stdout] 59 +         return Err(Error::InvalidInput("Item is not consumable"));
[INFO] [stdout]    |
[INFO] [stdout] 
[INFO] [stdout] 
[INFO] [stdout] error[E0599]: no variant, associated function, or constant named `invalid_input` found for enum `error::Error` in the current scope
[INFO] [stdout]   --> src/models/item.rs:62:27
[INFO] [stdout]    |
[INFO] [stdout] 62 |         return Err(Error::invalid_input("Item quantity is zero"));
[INFO] [stdout]    |                           ^^^^^^^^^^^^^ variant, associated function, or constant not found in `error::Error`
[INFO] [stdout]    |
[INFO] [stdout]   ::: src/error.rs:5:1
[INFO] [stdout]    |
[INFO] [stdout]  5 | pub enum Error {
[INFO] [stdout]    | -------------- variant, associated function, or constant `invalid_input` not found for this enum
[INFO] [stdout]    |
[INFO] [stdout] help: there is a variant with a similar name
[INFO] [stdout]    |
[INFO] [stdout] 62 -         return Err(Error::invalid_input("Item quantity is zero"));
[INFO] [stdout] 62 +         return Err(Error::InvalidInput("Item quantity is zero"));
[INFO] [stdout]    |
[INFO] [stdout] 
[INFO] [stdout] 
[INFO] [stdout] error[E0599]: no variant, associated function, or constant named `storage` found for enum `error::Error` in the current scope
[INFO] [stdout]   --> src/utils/config.rs:77:47
[INFO] [stdout]    |
[INFO] [stdout] 77 |             .map_err(|e| crate::error::Error::storage(format!("Failed to read config: {}", e)))?;
[INFO] [stdout]    |                                               ^^^^^^^ variant, associated function, or constant not found in `error::Error`
[INFO] [stdout]    |
[INFO] [stdout]   ::: src/error.rs:5:1
[INFO] [stdout]    |
[INFO] [stdout]  5 | pub enum Error {
[INFO] [stdout]    | -------------- variant, associated function, or constant `storage` not found for this enum
[INFO] [stdout] 
[INFO] [stdout] 
[INFO] [stdout] error[E0599]: no variant, associated function, or constant named `invalid_input` found for enum `error::Error` in the current scope
[INFO] [stdout]   --> src/utils/config.rs:79:47
[INFO] [stdout]    |
[INFO] [stdout] 79 |             .map_err(|e| crate::error::Error::invalid_input(format!("Failed to parse config: {}", e)))?;
[INFO] [stdout]    |                                               ^^^^^^^^^^^^^ variant, associated function, or constant not found in `error::Error`
[INFO] [stdout]    |
[INFO] [stdout]   ::: src/error.rs:5:1
[INFO] [stdout]    |
[INFO] [stdout]  5 | pub enum Error {
[INFO] [stdout]    | -------------- variant, associated function, or constant `invalid_input` not found for this enum
[INFO] [stdout]    |
[INFO] [stdout] help: there is a variant with a similar name
[INFO] [stdout]    |
[INFO] [stdout] 79 -             .map_err(|e| crate::error::Error::invalid_input(format!("Failed to parse config: {}", e)))?;
[INFO] [stdout] 79 +             .map_err(|e| crate::error::Error::InvalidInput(format!("Failed to parse config: {}", e)))?;
[INFO] [stdout]    |
[INFO] [stdout] 
[INFO] [stdout] 
[INFO] [stdout] error[E0599]: no variant, associated function, or constant named `plugin` found for enum `error::Error` in the current scope
[INFO] [stdout]   --> src/plugins/template.rs:53:33
[INFO] [stdout]    |
[INFO] [stdout] 53 |             .map_err(|e| Error::plugin(format!("Failed to read plugin file: {}", e)))?;
[INFO] [stdout]    |                                 ^^^^^^ variant, associated function, or constant not found in `error::Error`
[INFO] [stdout]    |
[INFO] [stdout]   ::: src/error.rs:5:1
[INFO] [stdout]    |
[INFO] [stdout]  5 | pub enum Error {
[INFO] [stdout]    | -------------- variant, associated function, or constant `plugin` not found for this enum
[INFO] [stdout] 
[INFO] [stdout] 
[INFO] [stdout] error[E0599]: no variant, associated function, or constant named `plugin` found for enum `error::Error` in the current scope
[INFO] [stdout]   --> src/plugins/template.rs:55:33
[INFO] [stdout]    |
[INFO] [stdout] 55 |             .map_err(|e| Error::plugin(format!("Failed to parse plugin file: {}", e)))?;
[INFO] [stdout]    |                                 ^^^^^^ variant, associated function, or constant not found in `error::Error`
[INFO] [stdout]    |
[INFO] [stdout]   ::: src/error.rs:5:1
[INFO] [stdout]    |
[INFO] [stdout]  5 | pub enum Error {
[INFO] [stdout]    | -------------- variant, associated function, or constant `plugin` not found for this enum
[INFO] [stdout] 
[INFO] [stdout] 
[INFO] [stdout] error[E0599]: no variant, associated function, or constant named `storage` found for enum `error::Error` in the current scope
[INFO] [stdout]   --> src/storage/sqlite.rs:15:33
[INFO] [stdout]    |
[INFO] [stdout] 15 |             .map_err(|e| Error::storage(format!("Failed to open database: {}", e)))?;
[INFO] [stdout]    |                                 ^^^^^^^ variant, associated function, or constant not found in `error::Error`
[INFO] [stdout]    |
[INFO] [stdout]   ::: src/error.rs:5:1
[INFO] [stdout]    |
[INFO] [stdout]  5 | pub enum Error {
[INFO] [stdout]    | -------------- variant, associated function, or constant `storage` not found for this enum
[INFO] [stdout] 
[INFO] [stdout] 
[INFO] [stdout] error[E0599]: no variant, associated function, or constant named `storage` found for enum `error::Error` in the current scope
[INFO] [stdout]   --> src/storage/sqlite.rs:33:30
[INFO] [stdout]    |
[INFO] [stdout] 33 |         ).map_err(|e| Error::storage(format!("Failed to create schema: {}", e)))?;
[INFO] [stdout]    |                              ^^^^^^^ variant, associated function, or constant not found in `error::Error`
[INFO] [stdout]    |
[INFO] [stdout]   ::: src/error.rs:5:1
[INFO] [stdout]    |
[INFO] [stdout]  5 | pub enum Error {
[INFO] [stdout]    | -------------- variant, associated function, or constant `storage` not found for this enum
[INFO] [stdout] 
[INFO] [stdout] 
[INFO] [stdout] error[E0599]: no variant, associated function, or constant named `storage` found for enum `error::Error` in the current scope
[INFO] [stdout]   --> src/storage/sqlite.rs:39:33
[INFO] [stdout]    |
[INFO] [stdout] 39 |             .map_err(|e| Error::storage(format!("Failed to serialize character: {}", e)))?;
[INFO] [stdout]    |                                 ^^^^^^^ variant, associated function, or constant not found in `error::Error`
[INFO] [stdout]    |
[INFO] [stdout]   ::: src/error.rs:5:1
[INFO] [stdout]    |
[INFO] [stdout]  5 | pub enum Error {
[INFO] [stdout]    | -------------- variant, associated function, or constant `storage` not found for this enum
[INFO] [stdout] 
[INFO] [stdout] 
[INFO] [stdout] error[E0599]: no variant, associated function, or constant named `storage` found for enum `error::Error` in the current scope
[INFO] [stdout]   --> src/storage/sqlite.rs:41:33
[INFO] [stdout]    |
[INFO] [stdout] 41 |             .map_err(|e| Error::storage(format!("Failed to serialize rooms: {}", e)))?;
[INFO] [stdout]    |                                 ^^^^^^^ variant, associated function, or constant not found in `error::Error`
[INFO] [stdout]    |
[INFO] [stdout]   ::: src/error.rs:5:1
[INFO] [stdout]    |
[INFO] [stdout]  5 | pub enum Error {
[INFO] [stdout]    | -------------- variant, associated function, or constant `storage` not found for this enum
[INFO] [stdout] 
[INFO] [stdout] 
[INFO] [stdout] error[E0599]: no variant, associated function, or constant named `storage` found for enum `error::Error` in the current scope
[INFO] [stdout]   --> src/storage/sqlite.rs:43:33
[INFO] [stdout]    |
[INFO] [stdout] 43 |             .map_err(|e| Error::storage(format!("Failed to serialize inventory: {}", e)))?;
[INFO] [stdout]    |                                 ^^^^^^^ variant, associated function, or constant not found in `error::Error`
[INFO] [stdout]    |
[INFO] [stdout]   ::: src/error.rs:5:1
[INFO] [stdout]    |
[INFO] [stdout]  5 | pub enum Error {
[INFO] [stdout]    | -------------- variant, associated function, or constant `storage` not found for this enum
[INFO] [stdout] 
[INFO] [stdout] 
[INFO] [stdout] error[E0599]: no variant, associated function, or constant named `storage` found for enum `error::Error` in the current scope
[INFO] [stdout]   --> src/storage/sqlite.rs:57:30
[INFO] [stdout]    |
[INFO] [stdout] 57 |         ).map_err(|e| Error::storage(format!("Failed to save state: {}", e)))?;
[INFO] [stdout]    |                              ^^^^^^^ variant, associated function, or constant not found in `error::Error`
[INFO] [stdout]    |
[INFO] [stdout]   ::: src/error.rs:5:1
[INFO] [stdout]    |
[INFO] [stdout]  5 | pub enum Error {
[INFO] [stdout]    | -------------- variant, associated function, or constant `storage` not found for this enum
[INFO] [stdout] 
[INFO] [stdout] 
[INFO] [stdout] error[E0599]: no variant, associated function, or constant named `storage` found for enum `error::Error` in the current scope
[INFO] [stdout]   --> src/storage/sqlite.rs:65:30
[INFO] [stdout]    |
[INFO] [stdout] 65 |         ).map_err(|e| Error::storage(format!("Failed to prepare statement: {}", e)))?;
[INFO] [stdout]    |                              ^^^^^^^ variant, associated function, or constant not found in `error::Error`
[INFO] [stdout]    |
[INFO] [stdout]   ::: src/error.rs:5:1
[INFO] [stdout]    |
[INFO] [stdout]  5 | pub enum Error {
[INFO] [stdout]    | -------------- variant, associated function, or constant `storage` not found for this enum
[INFO] [stdout] 
[INFO] [stdout] 
[INFO] [stdout] error[E0599]: no variant, associated function, or constant named `storage` found for enum `error::Error` in the current scope
[INFO] [stdout]    --> src/storage/sqlite.rs:108:34
[INFO] [stdout]     |
[INFO] [stdout] 108 |             Err(e) => Err(Error::storage(format!("Failed to load state: {}", e))),
[INFO] [stdout]     |                                  ^^^^^^^ variant, associated function, or constant not found in `error::Error`
[INFO] [stdout]     |
[INFO] [stdout]    ::: src/error.rs:5:1
[INFO] [stdout]     |
[INFO] [stdout]   5 | pub enum Error {
[INFO] [stdout]     | -------------- variant, associated function, or constant `storage` not found for this enum
[INFO] [stdout] 
[INFO] [stdout] 
[INFO] [stdout] error[E0599]: no variant, associated function, or constant named `storage` found for enum `error::Error` in the current scope
[INFO] [stdout]    --> src/storage/sqlite.rs:116:30
[INFO] [stdout]     |
[INFO] [stdout] 116 |         ).map_err(|e| Error::storage(format!("Failed to delete state: {}", e)))?;
[INFO] [stdout]     |                              ^^^^^^^ variant, associated function, or constant not found in `error::Error`
[INFO] [stdout]     |
[INFO] [stdout]    ::: src/error.rs:5:1
[INFO] [stdout]     |
[INFO] [stdout]   5 | pub enum Error {
[INFO] [stdout]     | -------------- variant, associated function, or constant `storage` not found for this enum
[INFO] [stdout] 
[INFO] [stdout] 
[INFO] [stdout] error[E0599]: no variant, associated function, or constant named `storage` found for enum `error::Error` in the current scope
[INFO] [stdout]    --> src/storage/sqlite.rs:122:33
[INFO] [stdout]     |
[INFO] [stdout] 122 |             .map_err(|e| Error::storage(format!("Failed to prepare statement: {}", e)))?;
[INFO] [stdout]     |                                 ^^^^^^^ variant, associated function, or constant not found in `error::Error`
[INFO] [stdout]     |
[INFO] [stdout]    ::: src/error.rs:5:1
[INFO] [stdout]     |
[INFO] [stdout]   5 | pub enum Error {
[INFO] [stdout]     | -------------- variant, associated function, or constant `storage` not found for this enum
[INFO] [stdout] 
[INFO] [stdout] 
[INFO] [stdout] error[E0599]: no variant, associated function, or constant named `storage` found for enum `error::Error` in the current scope
[INFO] [stdout]    --> src/storage/sqlite.rs:124:33
[INFO] [stdout]     |
[INFO] [stdout] 124 |             .map_err(|e| Error::storage(format!("Failed to query saves: {}", e)))?;
[INFO] [stdout]     |                                 ^^^^^^^ variant, associated function, or constant not found in `error::Error`
[INFO] [stdout]     |
[INFO] [stdout]    ::: src/error.rs:5:1
[INFO] [stdout]     |
[INFO] [stdout]   5 | pub enum Error {
[INFO] [stdout]     | -------------- variant, associated function, or constant `storage` not found for this enum
[INFO] [stdout] 
[INFO] [stdout] 
[INFO] [stdout] error[E0599]: no variant, associated function, or constant named `storage` found for enum `error::Error` in the current scope
[INFO] [stdout]    --> src/storage/sqlite.rs:127:47
[INFO] [stdout]     |
[INFO] [stdout] 127 |             result.push(id.map_err(|e| Error::storage(format!("Failed to read id: {}", e)))?);
[INFO] [stdout]     |                                               ^^^^^^^ variant, associated function, or constant not found in `error::Error`
[INFO] [stdout]     |
[INFO] [stdout]    ::: src/error.rs:5:1
[INFO] [stdout]     |
[INFO] [stdout]   5 | pub enum Error {
[INFO] [stdout]     | -------------- variant, associated function, or constant `storage` not found for this enum
[INFO] [stdout] 
[INFO] [stdout] 
[INFO] [stdout] error[E0599]: no variant, associated function, or constant named `not_found` found for enum `error::Error` in the current scope
[INFO] [stdout]   --> src/game/state.rs:66:45
[INFO] [stdout]    |
[INFO] [stdout] 66 |             return Err(crate::error::Error::not_found("Room not found"));
[INFO] [stdout]    |                                             ^^^^^^^^^ variant, associated function, or constant not found in `error::Error`
[INFO] [stdout]    |
[INFO] [stdout]   ::: src/error.rs:5:1
[INFO] [stdout]    |
[INFO] [stdout]  5 | pub enum Error {
[INFO] [stdout]    | -------------- variant, associated function, or constant `not_found` not found for this enum
[INFO] [stdout]    |
[INFO] [stdout] help: there is a variant with a similar name
[INFO] [stdout]    |
[INFO] [stdout] 66 -             return Err(crate::error::Error::not_found("Room not found"));
[INFO] [stdout] 66 +             return Err(crate::error::Error::NotFound("Room not found"));
[INFO] [stdout]    |
[INFO] [stdout] 
[INFO] [stdout] 
[INFO] [stdout] error[E0599]: no variant, associated function, or constant named `invalid_input` found for enum `error::Error` in the current scope
[INFO] [stdout]   --> src/models/item.rs:59:27
[INFO] [stdout]    |
[INFO] [stdout] 59 |         return Err(Error::invalid_input("Item is not consumable"));
[INFO] [stdout]    |                           ^^^^^^^^^^^^^ variant, associated function, or constant not found in `error::Error`
[INFO] [stdout]    |
[INFO] [stdout]   ::: src/error.rs:5:1
[INFO] [stdout]    |
[INFO] [stdout]  5 | pub enum Error {
[INFO] [stdout]    | -------------- variant, associated function, or constant `invalid_input` not found for this enum
[INFO] [stdout]    |
[INFO] [stdout] help: there is a variant with a similar name
[INFO] [stdout]    |
[INFO] [stdout] 59 -         return Err(Error::invalid_input("Item is not consumable"));
[INFO] [stdout] 59 +         return Err(Error::InvalidInput("Item is not consumable"));
[INFO] [stdout]    |
[INFO] [stdout] 
[INFO] [stdout] 
[INFO] [stdout] error[E0599]: no variant, associated function, or constant named `not_found` found for enum `error::Error` in the current scope
[INFO] [stdout]   --> src/game/state.rs:79:38
[INFO] [stdout]    |
[INFO] [stdout] 79 |                 crate::error::Error::not_found("No current room")
[INFO] [stdout]    |                                      ^^^^^^^^^ variant, associated function, or constant not found in `error::Error`
[INFO] [stdout]    |
[INFO] [stdout]   ::: src/error.rs:5:1
[INFO] [stdout]    |
[INFO] [stdout]  5 | pub enum Error {
[INFO] [stdout]    | -------------- variant, associated function, or constant `not_found` not found for this enum
[INFO] [stdout]    |
[INFO] [stdout] help: there is a variant with a similar name
[INFO] [stdout]    |
[INFO] [stdout] 79 -                 crate::error::Error::not_found("No current room")
[INFO] [stdout] 79 +                 crate::error::Error::NotFound("No current room")
[INFO] [stdout]    |
[INFO] [stdout] 
[INFO] [stdout] 
[INFO] [stdout] error[E0599]: no variant, associated function, or constant named `not_found` found for enum `error::Error` in the current scope
[INFO] [stdout]   --> src/game/state.rs:82:38
[INFO] [stdout]    |
[INFO] [stdout] 82 |                 crate::error::Error::not_found("Item not found in room")
[INFO] [stdout]    |                                      ^^^^^^^^^ variant, associated function, or constant not found in `error::Error`
[INFO] [stdout]    |
[INFO] [stdout]   ::: src/error.rs:5:1
[INFO] [stdout]    |
[INFO] [stdout]  5 | pub enum Error {
[INFO] [stdout]    | -------------- variant, associated function, or constant `not_found` not found for this enum
[INFO] [stdout]    |
[INFO] [stdout] help: there is a variant with a similar name
[INFO] [stdout]    |
[INFO] [stdout] 82 -                 crate::error::Error::not_found("Item not found in room")
[INFO] [stdout] 82 +                 crate::error::Error::NotFound("Item not found in room")
[INFO] [stdout]    |
[INFO] [stdout] 
[INFO] [stdout] 
[INFO] [stdout] error[E0599]: no variant, associated function, or constant named `invalid_input` found for enum `error::Error` in the current scope
[INFO] [stdout]   --> src/models/item.rs:62:27
[INFO] [stdout]    |
[INFO] [stdout] 62 |         return Err(Error::invalid_input("Item quantity is zero"));
[INFO] [stdout]    |                           ^^^^^^^^^^^^^ variant, associated function, or constant not found in `error::Error`
[INFO] [stdout]    |
[INFO] [stdout]   ::: src/error.rs:5:1
[INFO] [stdout]    |
[INFO] [stdout]  5 | pub enum Error {
[INFO] [stdout]    | -------------- variant, associated function, or constant `invalid_input` not found for this enum
[INFO] [stdout]    |
[INFO] [stdout] help: there is a variant with a similar name
[INFO] [stdout]    |
[INFO] [stdout] 62 -         return Err(Error::invalid_input("Item quantity is zero"));
[INFO] [stdout] 62 +         return Err(Error::InvalidInput("Item quantity is zero"));
[INFO] [stdout]    |
[INFO] [stdout] 
[INFO] [stdout] 
[INFO] [stdout] error[E0599]: no variant, associated function, or constant named `not_found` found for enum `error::Error` in the current scope
[INFO] [stdout]   --> src/game/state.rs:88:34
[INFO] [stdout]    |
[INFO] [stdout] 88 |             crate::error::Error::not_found("Item data not found")
[INFO] [stdout]    |                                  ^^^^^^^^^ variant, associated function, or constant not found in `error::Error`
[INFO] [stdout]    |
[INFO] [stdout]   ::: src/error.rs:5:1
[INFO] [stdout]    |
[INFO] [stdout]  5 | pub enum Error {
[INFO] [stdout]    | -------------- variant, associated function, or constant `not_found` not found for this enum
[INFO] [stdout]    |
[INFO] [stdout] help: there is a variant with a similar name
[INFO] [stdout]    |
[INFO] [stdout] 88 -             crate::error::Error::not_found("Item data not found")
[INFO] [stdout] 88 +             crate::error::Error::NotFound("Item data not found")
[INFO] [stdout]    |
[INFO] [stdout] 
[INFO] [stdout] 
[INFO] [stdout] error[E0599]: no variant, associated function, or constant named `not_found` found for enum `error::Error` in the current scope
[INFO] [stdout]    --> src/game/commands.rs:110:34
[INFO] [stdout]     |
[INFO] [stdout] 110 |             crate::error::Error::not_found("No current room")
[INFO] [stdout]     |                                  ^^^^^^^^^ variant, associated function, or constant not found in `error::Error`
[INFO] [stdout]     |
[INFO] [stdout]    ::: src/error.rs:5:1
[INFO] [stdout]     |
[INFO] [stdout]   5 | pub enum Error {
[INFO] [stdout]     | -------------- variant, associated function, or constant `not_found` not found for this enum
[INFO] [stdout]     |
[INFO] [stdout] help: there is a variant with a similar name
[INFO] [stdout]     |
[INFO] [stdout] 110 -             crate::error::Error::not_found("No current room")
[INFO] [stdout] 110 +             crate::error::Error::NotFound("No current room")
[INFO] [stdout]     |
[INFO] [stdout] 
[INFO] [stdout] 
[INFO] [stdout] error[E0599]: no variant, associated function, or constant named `not_found` found for enum `error::Error` in the current scope
[INFO] [stdout]    --> src/game/commands.rs:113:34
[INFO] [stdout]     |
[INFO] [stdout] 113 |             crate::error::Error::not_found("Monster not found in room")
[INFO] [stdout]     |                                  ^^^^^^^^^ variant, associated function, or constant not found in `error::Error`
[INFO] [stdout]     |
[INFO] [stdout]    ::: src/error.rs:5:1
[INFO] [stdout]     |
[INFO] [stdout]   5 | pub enum Error {
[INFO] [stdout]     | -------------- variant, associated function, or constant `not_found` not found for this enum
[INFO] [stdout]     |
[INFO] [stdout] help: there is a variant with a similar name
[INFO] [stdout]     |
[INFO] [stdout] 113 -             crate::error::Error::not_found("Monster not found in room")
[INFO] [stdout] 113 +             crate::error::Error::NotFound("Monster not found in room")
[INFO] [stdout]     |
[INFO] [stdout] 
[INFO] [stdout] 
[INFO] [stdout] error[E0599]: no variant, associated function, or constant named `not_found` found for enum `error::Error` in the current scope
[INFO] [stdout]    --> src/game/commands.rs:118:30
[INFO] [stdout]     |
[INFO] [stdout] 118 |         crate::error::Error::not_found("Monster data not found")
[INFO] [stdout]     |                              ^^^^^^^^^ variant, associated function, or constant not found in `error::Error`
[INFO] [stdout]     |
[INFO] [stdout]    ::: src/error.rs:5:1
[INFO] [stdout]     |
[INFO] [stdout]   5 | pub enum Error {
[INFO] [stdout]     | -------------- variant, associated function, or constant `not_found` not found for this enum
[INFO] [stdout]     |
[INFO] [stdout] help: there is a variant with a similar name
[INFO] [stdout]     |
[INFO] [stdout] 118 -         crate::error::Error::not_found("Monster data not found")
[INFO] [stdout] 118 +         crate::error::Error::NotFound("Monster data not found")
[INFO] [stdout]     |
[INFO] [stdout] 
[INFO] [stdout] 
[INFO] [stdout] error[E0599]: no variant, associated function, or constant named `not_found` found for enum `error::Error` in the current scope
[INFO] [stdout]    --> src/game/commands.rs:199:34
[INFO] [stdout]     |
[INFO] [stdout] 199 |             crate::error::Error::not_found("No current room")
[INFO] [stdout]     |                                  ^^^^^^^^^ variant, associated function, or constant not found in `error::Error`
[INFO] [stdout]     |
[INFO] [stdout]    ::: src/error.rs:5:1
[INFO] [stdout]     |
[INFO] [stdout]   5 | pub enum Error {
[INFO] [stdout]     | -------------- variant, associated function, or constant `not_found` not found for this enum
[INFO] [stdout]     |
[INFO] [stdout] help: there is a variant with a similar name
[INFO] [stdout]     |
[INFO] [stdout] 199 -             crate::error::Error::not_found("No current room")
[INFO] [stdout] 199 +             crate::error::Error::NotFound("No current room")
[INFO] [stdout]     |
[INFO] [stdout] 
[INFO] [stdout] 
[INFO] [stdout] error[E0599]: no variant, associated function, or constant named `not_found` found for enum `error::Error` in the current scope
[INFO] [stdout]    --> src/game/commands.rs:202:34
[INFO] [stdout]     |
[INFO] [stdout] 202 |             crate::error::Error::not_found("Item not found in room")
[INFO] [stdout]     |                                  ^^^^^^^^^ variant, associated function, or constant not found in `error::Error`
[INFO] [stdout]     |
[INFO] [stdout]    ::: src/error.rs:5:1
[INFO] [stdout]     |
[INFO] [stdout]   5 | pub enum Error {
[INFO] [stdout]     | -------------- variant, associated function, or constant `not_found` not found for this enum
[INFO] [stdout]     |
[INFO] [stdout] help: there is a variant with a similar name
[INFO] [stdout]     |
[INFO] [stdout] 202 -             crate::error::Error::not_found("Item not found in room")
[INFO] [stdout] 202 +             crate::error::Error::NotFound("Item not found in room")
[INFO] [stdout]     |
[INFO] [stdout] 
[INFO] [stdout] 
[INFO] [stdout] error[E0599]: no variant, associated function, or constant named `not_found` found for enum `error::Error` in the current scope
[INFO] [stdout]    --> src/game/commands.rs:208:30
[INFO] [stdout]     |
[INFO] [stdout] 208 |         crate::error::Error::not_found("Item data not found")
[INFO] [stdout]     |                              ^^^^^^^^^ variant, associated function, or constant not found in `error::Error`
[INFO] [stdout]     |
[INFO] [stdout]    ::: src/error.rs:5:1
[INFO] [stdout]     |
[INFO] [stdout]   5 | pub enum Error {
[INFO] [stdout]     | -------------- variant, associated function, or constant `not_found` not found for this enum
[INFO] [stdout]     |
[INFO] [stdout] help: there is a variant with a similar name
[INFO] [stdout]     |
[INFO] [stdout] 208 -         crate::error::Error::not_found("Item data not found")
[INFO] [stdout] 208 +         crate::error::Error::NotFound("Item data not found")
[INFO] [stdout]     |
[INFO] [stdout] 
[INFO] [stdout] 
[INFO] [stdout] error[E0063]: missing fields `inventory`, `items`, `monsters` and 1 other field in initializer of `GameState`
[INFO] [stdout]    --> src/db.rs:379:22
[INFO] [stdout]     |
[INFO] [stdout] 379 |     let game_state = GameState {
[INFO] [stdout]     |                      ^^^^^^^^^ missing `inventory`, `items`, `monsters` and 1 other field
[INFO] [stdout] 
[INFO] [stdout] 
[INFO] [stdout] error[E0599]: no variant, associated function, or constant named `storage` found for enum `error::Error` in the current scope
[INFO] [stdout]   --> src/utils/config.rs:77:47
[INFO] [stdout]    |
[INFO] [stdout] 77 |             .map_err(|e| crate::error::Error::storage(format!("Failed to read config: {}", e)))?;
[INFO] [stdout]    |                                               ^^^^^^^ variant, associated function, or constant not found in `error::Error`
[INFO] [stdout]    |
[INFO] [stdout]   ::: src/error.rs:5:1
[INFO] [stdout]    |
[INFO] [stdout]  5 | pub enum Error {
[INFO] [stdout]    | -------------- variant, associated function, or constant `storage` not found for this enum
[INFO] [stdout] 
[INFO] [stdout] 
[INFO] [stdout] error[E0599]: no variant, associated function, or constant named `invalid_input` found for enum `error::Error` in the current scope
[INFO] [stdout]   --> src/utils/config.rs:79:47
[INFO] [stdout]    |
[INFO] [stdout] 79 |             .map_err(|e| crate::error::Error::invalid_input(format!("Failed to parse config: {}", e)))?;
[INFO] [stdout]    |                                               ^^^^^^^^^^^^^ variant, associated function, or constant not found in `error::Error`
[INFO] [stdout]    |
[INFO] [stdout]   ::: src/error.rs:5:1
[INFO] [stdout]    |
[INFO] [stdout]  5 | pub enum Error {
[INFO] [stdout]    | -------------- variant, associated function, or constant `invalid_input` not found for this enum
[INFO] [stdout]    |
[INFO] [stdout] help: there is a variant with a similar name
[INFO] [stdout]    |
[INFO] [stdout] 79 -             .map_err(|e| crate::error::Error::invalid_input(format!("Failed to parse config: {}", e)))?;
[INFO] [stdout] 79 +             .map_err(|e| crate::error::Error::InvalidInput(format!("Failed to parse config: {}", e)))?;
[INFO] [stdout]    |
[INFO] [stdout] 
[INFO] [stdout] 
[INFO] [stdout] error[E0599]: no variant, associated function, or constant named `plugin` found for enum `error::Error` in the current scope
[INFO] [stdout]   --> src/plugins/template.rs:53:33
[INFO] [stdout]    |
[INFO] [stdout] 53 |             .map_err(|e| Error::plugin(format!("Failed to read plugin file: {}", e)))?;
[INFO] [stdout]    |                                 ^^^^^^ variant, associated function, or constant not found in `error::Error`
[INFO] [stdout]    |
[INFO] [stdout]   ::: src/error.rs:5:1
[INFO] [stdout]    |
[INFO] [stdout]  5 | pub enum Error {
[INFO] [stdout]    | -------------- variant, associated function, or constant `plugin` not found for this enum
[INFO] [stdout] 
[INFO] [stdout] 
[INFO] [stdout] error[E0599]: no variant, associated function, or constant named `plugin` found for enum `error::Error` in the current scope
[INFO] [stdout]   --> src/plugins/template.rs:55:33
[INFO] [stdout]    |
[INFO] [stdout] 55 |             .map_err(|e| Error::plugin(format!("Failed to parse plugin file: {}", e)))?;
[INFO] [stdout]    |                                 ^^^^^^ variant, associated function, or constant not found in `error::Error`
[INFO] [stdout]    |
[INFO] [stdout]   ::: src/error.rs:5:1
[INFO] [stdout]    |
[INFO] [stdout]  5 | pub enum Error {
[INFO] [stdout]    | -------------- variant, associated function, or constant `plugin` not found for this enum
[INFO] [stdout] 
[INFO] [stdout] 
[INFO] [stdout] error[E0599]: no variant, associated function, or constant named `storage` found for enum `error::Error` in the current scope
[INFO] [stdout]   --> src/storage/sqlite.rs:15:33
[INFO] [stdout]    |
[INFO] [stdout] 15 |             .map_err(|e| Error::storage(format!("Failed to open database: {}", e)))?;
[INFO] [stdout]    |                                 ^^^^^^^ variant, associated function, or constant not found in `error::Error`
[INFO] [stdout]    |
[INFO] [stdout]   ::: src/error.rs:5:1
[INFO] [stdout]    |
[INFO] [stdout]  5 | pub enum Error {
[INFO] [stdout]    | -------------- variant, associated function, or constant `storage` not found for this enum
[INFO] [stdout] 
[INFO] [stdout] 
[INFO] [stdout] error[E0599]: no variant, associated function, or constant named `storage` found for enum `error::Error` in the current scope
[INFO] [stdout]   --> src/storage/sqlite.rs:33:30
[INFO] [stdout]    |
[INFO] [stdout] 33 |         ).map_err(|e| Error::storage(format!("Failed to create schema: {}", e)))?;
[INFO] [stdout]    |                              ^^^^^^^ variant, associated function, or constant not found in `error::Error`
[INFO] [stdout]    |
[INFO] [stdout]   ::: src/error.rs:5:1
[INFO] [stdout]    |
[INFO] [stdout]  5 | pub enum Error {
[INFO] [stdout]    | -------------- variant, associated function, or constant `storage` not found for this enum
[INFO] [stdout] 
[INFO] [stdout] 
[INFO] [stdout] error[E0599]: no variant, associated function, or constant named `storage` found for enum `error::Error` in the current scope
[INFO] [stdout]   --> src/storage/sqlite.rs:39:33
[INFO] [stdout]    |
[INFO] [stdout] 39 |             .map_err(|e| Error::storage(format!("Failed to serialize character: {}", e)))?;
[INFO] [stdout]    |                                 ^^^^^^^ variant, associated function, or constant not found in `error::Error`
[INFO] [stdout]    |
[INFO] [stdout]   ::: src/error.rs:5:1
[INFO] [stdout]    |
[INFO] [stdout]  5 | pub enum Error {
[INFO] [stdout]    | -------------- variant, associated function, or constant `storage` not found for this enum
[INFO] [stdout] 
[INFO] [stdout] 
[INFO] [stdout] error[E0599]: no variant, associated function, or constant named `storage` found for enum `error::Error` in the current scope
[INFO] [stdout]   --> src/storage/sqlite.rs:41:33
[INFO] [stdout]    |
[INFO] [stdout] 41 |             .map_err(|e| Error::storage(format!("Failed to serialize rooms: {}", e)))?;
[INFO] [stdout]    |                                 ^^^^^^^ variant, associated function, or constant not found in `error::Error`
[INFO] [stdout]    |
[INFO] [stdout]   ::: src/error.rs:5:1
[INFO] [stdout]    |
[INFO] [stdout]  5 | pub enum Error {
[INFO] [stdout]    | -------------- variant, associated function, or constant `storage` not found for this enum
[INFO] [stdout] 
[INFO] [stdout] 
[INFO] [stdout] error[E0599]: no variant, associated function, or constant named `storage` found for enum `error::Error` in the current scope
[INFO] [stdout]   --> src/storage/sqlite.rs:43:33
[INFO] [stdout]    |
[INFO] [stdout] 43 |             .map_err(|e| Error::storage(format!("Failed to serialize inventory: {}", e)))?;
[INFO] [stdout]    |                                 ^^^^^^^ variant, associated function, or constant not found in `error::Error`
[INFO] [stdout]    |
[INFO] [stdout]   ::: src/error.rs:5:1
[INFO] [stdout]    |
[INFO] [stdout]  5 | pub enum Error {
[INFO] [stdout]    | -------------- variant, associated function, or constant `storage` not found for this enum
[INFO] [stdout] 
[INFO] [stdout] 
[INFO] [stdout] error[E0599]: no variant, associated function, or constant named `storage` found for enum `error::Error` in the current scope
[INFO] [stdout]   --> src/storage/sqlite.rs:57:30
[INFO] [stdout]    |
[INFO] [stdout] 57 |         ).map_err(|e| Error::storage(format!("Failed to save state: {}", e)))?;
[INFO] [stdout]    |                              ^^^^^^^ variant, associated function, or constant not found in `error::Error`
[INFO] [stdout]    |
[INFO] [stdout]   ::: src/error.rs:5:1
[INFO] [stdout]    |
[INFO] [stdout]  5 | pub enum Error {
[INFO] [stdout]    | -------------- variant, associated function, or constant `storage` not found for this enum
[INFO] [stdout] 
[INFO] [stdout] 
[INFO] [stdout] error[E0599]: no variant, associated function, or constant named `storage` found for enum `error::Error` in the current scope
[INFO] [stdout]   --> src/storage/sqlite.rs:65:30
[INFO] [stdout]    |
[INFO] [stdout] 65 |         ).map_err(|e| Error::storage(format!("Failed to prepare statement: {}", e)))?;
[INFO] [stdout]    |                              ^^^^^^^ variant, associated function, or constant not found in `error::Error`
[INFO] [stdout]    |
[INFO] [stdout]   ::: src/error.rs:5:1
[INFO] [stdout]    |
[INFO] [stdout]  5 | pub enum Error {
[INFO] [stdout]    | -------------- variant, associated function, or constant `storage` not found for this enum
[INFO] [stdout] 
[INFO] [stdout] 
[INFO] [stdout] error[E0599]: no variant, associated function, or constant named `storage` found for enum `error::Error` in the current scope
[INFO] [stdout]    --> src/storage/sqlite.rs:108:34
[INFO] [stdout]     |
[INFO] [stdout] 108 |             Err(e) => Err(Error::storage(format!("Failed to load state: {}", e))),
[INFO] [stdout]     |                                  ^^^^^^^ variant, associated function, or constant not found in `error::Error`
[INFO] [stdout]     |
[INFO] [stdout]    ::: src/error.rs:5:1
[INFO] [stdout]     |
[INFO] [stdout]   5 | pub enum Error {
[INFO] [stdout]     | -------------- variant, associated function, or constant `storage` not found for this enum
[INFO] [stdout] 
[INFO] [stdout] 
[INFO] [stdout] error[E0599]: no variant, associated function, or constant named `storage` found for enum `error::Error` in the current scope
[INFO] [stdout]    --> src/storage/sqlite.rs:116:30
[INFO] [stdout]     |
[INFO] [stdout] 116 |         ).map_err(|e| Error::storage(format!("Failed to delete state: {}", e)))?;
[INFO] [stdout]     |                              ^^^^^^^ variant, associated function, or constant not found in `error::Error`
[INFO] [stdout]     |
[INFO] [stdout]    ::: src/error.rs:5:1
[INFO] [stdout]     |
[INFO] [stdout]   5 | pub enum Error {
[INFO] [stdout]     | -------------- variant, associated function, or constant `storage` not found for this enum
[INFO] [stdout] 
[INFO] [stdout] 
[INFO] [stdout] error[E0599]: no variant, associated function, or constant named `storage` found for enum `error::Error` in the current scope
[INFO] [stdout]    --> src/storage/sqlite.rs:122:33
[INFO] [stdout]     |
[INFO] [stdout] 122 |             .map_err(|e| Error::storage(format!("Failed to prepare statement: {}", e)))?;
[INFO] [stdout]     |                                 ^^^^^^^ variant, associated function, or constant not found in `error::Error`
[INFO] [stdout]     |
[INFO] [stdout]    ::: src/error.rs:5:1
[INFO] [stdout]     |
[INFO] [stdout]   5 | pub enum Error {
[INFO] [stdout]     | -------------- variant, associated function, or constant `storage` not found for this enum
[INFO] [stdout] 
[INFO] [stdout] 
[INFO] [stdout] error[E0599]: no variant, associated function, or constant named `storage` found for enum `error::Error` in the current scope
[INFO] [stdout]    --> src/storage/sqlite.rs:124:33
[INFO] [stdout]     |
[INFO] [stdout] 124 |             .map_err(|e| Error::storage(format!("Failed to query saves: {}", e)))?;
[INFO] [stdout]     |                                 ^^^^^^^ variant, associated function, or constant not found in `error::Error`
[INFO] [stdout]     |
[INFO] [stdout]    ::: src/error.rs:5:1
[INFO] [stdout]     |
[INFO] [stdout]   5 | pub enum Error {
[INFO] [stdout]     | -------------- variant, associated function, or constant `storage` not found for this enum
[INFO] [stdout] 
[INFO] [stdout] 
[INFO] [stdout] error[E0599]: no variant, associated function, or constant named `storage` found for enum `error::Error` in the current scope
[INFO] [stdout]    --> src/storage/sqlite.rs:127:47
[INFO] [stdout]     |
[INFO] [stdout] 127 |             result.push(id.map_err(|e| Error::storage(format!("Failed to read id: {}", e)))?);
[INFO] [stdout]     |                                               ^^^^^^^ variant, associated function, or constant not found in `error::Error`
[INFO] [stdout]     |
[INFO] [stdout]    ::: src/error.rs:5:1
[INFO] [stdout]     |
[INFO] [stdout]   5 | pub enum Error {
[INFO] [stdout]     | -------------- variant, associated function, or constant `storage` not found for this enum
[INFO] [stdout] 
[INFO] [stdout] 
[INFO] [stdout] error[E0599]: no variant, associated function, or constant named `not_found` found for enum `error::Error` in the current scope
[INFO] [stdout]   --> src/game/state.rs:66:45
[INFO] [stdout]    |
[INFO] [stdout] 66 |             return Err(crate::error::Error::not_found("Room not found"));
[INFO] [stdout]    |                                             ^^^^^^^^^ variant, associated function, or constant not found in `error::Error`
[INFO] [stdout]    |
[INFO] [stdout]   ::: src/error.rs:5:1
[INFO] [stdout]    |
[INFO] [stdout]  5 | pub enum Error {
[INFO] [stdout]    | -------------- variant, associated function, or constant `not_found` not found for this enum
[INFO] [stdout]    |
[INFO] [stdout] help: there is a variant with a similar name
[INFO] [stdout]    |
[INFO] [stdout] 66 -             return Err(crate::error::Error::not_found("Room not found"));
[INFO] [stdout] 66 +             return Err(crate::error::Error::NotFound("Room not found"));
[INFO] [stdout]    |
[INFO] [stdout] 
[INFO] [stdout] 
[INFO] [stdout] error[E0599]: no variant, associated function, or constant named `not_found` found for enum `error::Error` in the current scope
[INFO] [stdout]   --> src/game/state.rs:79:38
[INFO] [stdout]    |
[INFO] [stdout] 79 |                 crate::error::Error::not_found("No current room")
[INFO] [stdout]    |                                      ^^^^^^^^^ variant, associated function, or constant not found in `error::Error`
[INFO] [stdout]    |
[INFO] [stdout]   ::: src/error.rs:5:1
[INFO] [stdout]    |
[INFO] [stdout]  5 | pub enum Error {
[INFO] [stdout]    | -------------- variant, associated function, or constant `not_found` not found for this enum
[INFO] [stdout]    |
[INFO] [stdout] help: there is a variant with a similar name
[INFO] [stdout]    |
[INFO] [stdout] 79 -                 crate::error::Error::not_found("No current room")
[INFO] [stdout] 79 +                 crate::error::Error::NotFound("No current room")
[INFO] [stdout]    |
[INFO] [stdout] 
[INFO] [stdout] 
[INFO] [stdout] error[E0599]: no variant, associated function, or constant named `not_found` found for enum `error::Error` in the current scope
[INFO] [stdout]   --> src/game/state.rs:82:38
[INFO] [stdout]    |
[INFO] [stdout] 82 |                 crate::error::Error::not_found("Item not found in room")
[INFO] [stdout]    |                                      ^^^^^^^^^ variant, associated function, or constant not found in `error::Error`
[INFO] [stdout]    |
[INFO] [stdout]   ::: src/error.rs:5:1
[INFO] [stdout]    |
[INFO] [stdout]  5 | pub enum Error {
[INFO] [stdout]    | -------------- variant, associated function, or constant `not_found` not found for this enum
[INFO] [stdout]    |
[INFO] [stdout] help: there is a variant with a similar name
[INFO] [stdout]    |
[INFO] [stdout] 82 -                 crate::error::Error::not_found("Item not found in room")
[INFO] [stdout] 82 +                 crate::error::Error::NotFound("Item not found in room")
[INFO] [stdout]    |
[INFO] [stdout] 
[INFO] [stdout] 
[INFO] [stdout] error[E0599]: no variant, associated function, or constant named `not_found` found for enum `error::Error` in the current scope
[INFO] [stdout]   --> src/game/state.rs:88:34
[INFO] [stdout]    |
[INFO] [stdout] 88 |             crate::error::Error::not_found("Item data not found")
[INFO] [stdout]    |                                  ^^^^^^^^^ variant, associated function, or constant not found in `error::Error`
[INFO] [stdout]    |
[INFO] [stdout]   ::: src/error.rs:5:1
[INFO] [stdout]    |
[INFO] [stdout]  5 | pub enum Error {
[INFO] [stdout]    | -------------- variant, associated function, or constant `not_found` not found for this enum
[INFO] [stdout]    |
[INFO] [stdout] help: there is a variant with a similar name
[INFO] [stdout]    |
[INFO] [stdout] 88 -             crate::error::Error::not_found("Item data not found")
[INFO] [stdout] 88 +             crate::error::Error::NotFound("Item data not found")
[INFO] [stdout]    |
[INFO] [stdout] 
[INFO] [stdout] 
[INFO] [stdout] error[E0599]: no variant, associated function, or constant named `not_found` found for enum `error::Error` in the current scope
[INFO] [stdout]    --> src/game/commands.rs:110:34
[INFO] [stdout]     |
[INFO] [stdout] 110 |             crate::error::Error::not_found("No current room")
[INFO] [stdout]     |                                  ^^^^^^^^^ variant, associated function, or constant not found in `error::Error`
[INFO] [stdout]     |
[INFO] [stdout]    ::: src/error.rs:5:1
[INFO] [stdout]     |
[INFO] [stdout]   5 | pub enum Error {
[INFO] [stdout]     | -------------- variant, associated function, or constant `not_found` not found for this enum
[INFO] [stdout]     |
[INFO] [stdout] help: there is a variant with a similar name
[INFO] [stdout]     |
[INFO] [stdout] 110 -             crate::error::Error::not_found("No current room")
[INFO] [stdout] 110 +             crate::error::Error::NotFound("No current room")
[INFO] [stdout]     |
[INFO] [stdout] 
[INFO] [stdout] 
[INFO] [stdout] error[E0599]: no variant, associated function, or constant named `not_found` found for enum `error::Error` in the current scope
[INFO] [stdout]    --> src/game/commands.rs:113:34
[INFO] [stdout]     |
[INFO] [stdout] 113 |             crate::error::Error::not_found("Monster not found in room")
[INFO] [stdout]     |                                  ^^^^^^^^^ variant, associated function, or constant not found in `error::Error`
[INFO] [stdout]     |
[INFO] [stdout]    ::: src/error.rs:5:1
[INFO] [stdout]     |
[INFO] [stdout]   5 | pub enum Error {
[INFO] [stdout]     | -------------- variant, associated function, or constant `not_found` not found for this enum
[INFO] [stdout]     |
[INFO] [stdout] help: there is a variant with a similar name
[INFO] [stdout]     |
[INFO] [stdout] 113 -             crate::error::Error::not_found("Monster not found in room")
[INFO] [stdout] 113 +             crate::error::Error::NotFound("Monster not found in room")
[INFO] [stdout]     |
[INFO] [stdout] 
[INFO] [stdout] 
[INFO] [stdout] error[E0599]: no variant, associated function, or constant named `not_found` found for enum `error::Error` in the current scope
[INFO] [stdout]    --> src/game/commands.rs:118:30
[INFO] [stdout]     |
[INFO] [stdout] 118 |         crate::error::Error::not_found("Monster data not found")
[INFO] [stdout]     |                              ^^^^^^^^^ variant, associated function, or constant not found in `error::Error`
[INFO] [stdout]     |
[INFO] [stdout]    ::: src/error.rs:5:1
[INFO] [stdout]     |
[INFO] [stdout]   5 | pub enum Error {
[INFO] [stdout]     | -------------- variant, associated function, or constant `not_found` not found for this enum
[INFO] [stdout]     |
[INFO] [stdout] help: there is a variant with a similar name
[INFO] [stdout]     |
[INFO] [stdout] 118 -         crate::error::Error::not_found("Monster data not found")
[INFO] [stdout] 118 +         crate::error::Error::NotFound("Monster data not found")
[INFO] [stdout]     |
[INFO] [stdout] 
[INFO] [stdout] 
[INFO] [stdout] error[E0599]: no variant, associated function, or constant named `not_found` found for enum `error::Error` in the current scope
[INFO] [stdout]    --> src/game/commands.rs:199:34
[INFO] [stdout]     |
[INFO] [stdout] 199 |             crate::error::Error::not_found("No current room")
[INFO] [stdout]     |                                  ^^^^^^^^^ variant, associated function, or constant not found in `error::Error`
[INFO] [stdout]     |
[INFO] [stdout]    ::: src/error.rs:5:1
[INFO] [stdout]     |
[INFO] [stdout]   5 | pub enum Error {
[INFO] [stdout]     | -------------- variant, associated function, or constant `not_found` not found for this enum
[INFO] [stdout]     |
[INFO] [stdout] help: there is a variant with a similar name
[INFO] [stdout]     |
[INFO] [stdout] 199 -             crate::error::Error::not_found("No current room")
[INFO] [stdout] 199 +             crate::error::Error::NotFound("No current room")
[INFO] [stdout]     |
[INFO] [stdout] 
[INFO] [stdout] 
[INFO] [stdout] error[E0599]: no variant, associated function, or constant named `not_found` found for enum `error::Error` in the current scope
[INFO] [stdout]    --> src/game/commands.rs:202:34
[INFO] [stdout]     |
[INFO] [stdout] 202 |             crate::error::Error::not_found("Item not found in room")
[INFO] [stdout]     |                                  ^^^^^^^^^ variant, associated function, or constant not found in `error::Error`
[INFO] [stdout]     |
[INFO] [stdout]    ::: src/error.rs:5:1
[INFO] [stdout]     |
[INFO] [stdout]   5 | pub enum Error {
[INFO] [stdout]     | -------------- variant, associated function, or constant `not_found` not found for this enum
[INFO] [stdout]     |
[INFO] [stdout] help: there is a variant with a similar name
[INFO] [stdout]     |
[INFO] [stdout] 202 -             crate::error::Error::not_found("Item not found in room")
[INFO] [stdout] 202 +             crate::error::Error::NotFound("Item not found in room")
[INFO] [stdout]     |
[INFO] [stdout] 
[INFO] [stdout] 
[INFO] [stdout] error[E0599]: no variant, associated function, or constant named `not_found` found for enum `error::Error` in the current scope
[INFO] [stdout]    --> src/game/commands.rs:208:30
[INFO] [stdout]     |
[INFO] [stdout] 208 |         crate::error::Error::not_found("Item data not found")
[INFO] [stdout]     |                              ^^^^^^^^^ variant, associated function, or constant not found in `error::Error`
[INFO] [stdout]     |
[INFO] [stdout]    ::: src/error.rs:5:1
[INFO] [stdout]     |
[INFO] [stdout]   5 | pub enum Error {
[INFO] [stdout]     | -------------- variant, associated function, or constant `not_found` not found for this enum
[INFO] [stdout]     |
[INFO] [stdout] help: there is a variant with a similar name
[INFO] [stdout]     |
[INFO] [stdout] 208 -         crate::error::Error::not_found("Item data not found")
[INFO] [stdout] 208 +         crate::error::Error::NotFound("Item data not found")
[INFO] [stdout]     |
[INFO] [stdout] 
[INFO] [stdout] 
[INFO] [stdout] error[E0063]: missing fields `inventory`, `items`, `monsters` and 1 other field in initializer of `GameState`
[INFO] [stdout]    --> src/db.rs:379:22
[INFO] [stdout]     |
[INFO] [stdout] 379 |     let game_state = GameState {
[INFO] [stdout]     |                      ^^^^^^^^^ missing `inventory`, `items`, `monsters` and 1 other field
[INFO] [stdout] 
[INFO] [stdout] 
[INFO] [stdout] Some errors have detailed explanations: E0063, E0432, E0433, E0599.
[INFO] [stdout] 
[INFO] [stdout] For more information about an error, try `rustc --explain E0063`.
[INFO] [stdout] 
[INFO] [stderr] error: could not compile `app` (lib test) due to 41 previous errors; 7 warnings emitted
[INFO] [stderr] warning: build failed, waiting for other jobs to finish...
[INFO] [stdout] Some errors have detailed explanations: E0063, E0432, E0433, E0599.
[INFO] [stdout] 
[INFO] [stdout] For more information about an error, try `rustc --explain E0063`.
[INFO] [stdout] 
[INFO] [stderr] error: could not compile `app` (lib) due to 41 previous errors; 7 warnings emitted
[INFO] running `Command { std: "docker" "inspect" "0926050f7b7ee329a9e927f22bc859f987ec878bd45953a22a77cbbae925ca22", kill_on_drop: false }`
[INFO] running `Command { std: "docker" "rm" "-f" "0926050f7b7ee329a9e927f22bc859f987ec878bd45953a22a77cbbae925ca22", kill_on_drop: false }`
[INFO] [stdout] 0926050f7b7ee329a9e927f22bc859f987ec878bd45953a22a77cbbae925ca22
