[INFO] cloning repository https://github.com/sanket1729/simp-lang
[INFO] running `Command { std: "git" "-c" "credential.helper=" "-c" "credential.helper=/workspace/cargo-home/bin/git-credential-null" "clone" "--bare" "https://github.com/sanket1729/simp-lang" "/workspace/cache/git-repos/https%3A%2F%2Fgithub.com%2Fsanket1729%2Fsimp-lang", kill_on_drop: false }`
[INFO] [stderr] Cloning into bare repository '/workspace/cache/git-repos/https%3A%2F%2Fgithub.com%2Fsanket1729%2Fsimp-lang'...
[INFO] running `Command { std: "git" "rev-parse" "HEAD", kill_on_drop: false }`
[INFO] [stdout] 5e371cff7b0cf2aaec2aaab081507064b34cfbcf
[INFO] checking sanket1729/simp-lang against 3154cc1a3e6424e44f438a95007d043ed5ceaaf6+rustflags=-Znext-solver=coherence for pr-133502-30
[INFO] running `Command { std: "git" "clone" "/workspace/cache/git-repos/https%3A%2F%2Fgithub.com%2Fsanket1729%2Fsimp-lang" "/workspace/builds/worker-7-tc1/source", kill_on_drop: false }`
[INFO] [stderr] Cloning into '/workspace/builds/worker-7-tc1/source'...
[INFO] [stderr] done.
[INFO] started tweaking git repo https://github.com/sanket1729/simp-lang
[INFO] finished tweaking git repo https://github.com/sanket1729/simp-lang
[INFO] tweaked toml for git repo https://github.com/sanket1729/simp-lang written to /workspace/builds/worker-7-tc1/source/Cargo.toml
[INFO] validating manifest of git repo https://github.com/sanket1729/simp-lang on toolchain 3154cc1a3e6424e44f438a95007d043ed5ceaaf6
[INFO] running `Command { std: CARGO_HOME="/workspace/cargo-home" RUSTUP_HOME="/workspace/rustup-home" "/workspace/cargo-home/bin/cargo" "+3154cc1a3e6424e44f438a95007d043ed5ceaaf6" "metadata" "--manifest-path" "Cargo.toml" "--no-deps", kill_on_drop: false }`
[INFO] crate git repo https://github.com/sanket1729/simp-lang already has a lockfile, it will not be regenerated
[INFO] running `Command { std: CARGO_HOME="/workspace/cargo-home" RUSTUP_HOME="/workspace/rustup-home" "/workspace/cargo-home/bin/cargo" "+3154cc1a3e6424e44f438a95007d043ed5ceaaf6" "fetch" "--manifest-path" "Cargo.toml", kill_on_drop: false }`
[INFO] [stderr] warning: `package.homepage` is redundant with `package.repository`
[INFO] [stderr]    --> Cargo.toml:178:12
[INFO] [stderr]     |
[INFO] [stderr] 178 | homepage = "https://github.com/BlockstreamResearch/SimplicityHL"
[INFO] [stderr]     |            ^^^^^^^^^^^^^^^^^^^^^^^^^^^^^^^^^^^^^^^^^^^^^^^^^^^^^
[INFO] [stderr] ...
[INFO] [stderr] 181 | repository = "https://github.com/BlockstreamResearch/SimplicityHL"
[INFO] [stderr]     |              -----------------------------------------------------
[INFO] [stderr]     |
[INFO] [stderr]     = note: `cargo::redundant_homepage` is set to `warn` by default
[INFO] [stderr] help: consider removing `package.homepage`
[INFO] [stderr] warning: `simplicityhl` (manifest) generated 1 warning
[INFO] [stderr]     Updating crates.io index
[INFO] [stderr]  Downloading crates ...
[INFO] [stderr]   Downloaded bitcoin_hashes v1.2.0
[INFO] [stderr]   Downloaded bitcoin-internals v0.6.0
[INFO] [stderr]   Downloaded hex-conservative v1.3.0
[INFO] [stderr]   Downloaded hex_lit v0.1.1
[INFO] [stderr]   Downloaded elementsd v0.11.0
[INFO] [stderr]   Downloaded which v4.4.2
[INFO] [stderr]   Downloaded derive_arbitrary v1.1.3
[INFO] [stderr]   Downloaded bitcoin-io v0.1.101
[INFO] [stderr]   Downloaded base58ck v0.1.101
[INFO] [stderr]   Downloaded bitcoin-private v0.1.0
[INFO] [stderr]   Downloaded psm v0.1.28
[INFO] [stderr]   Downloaded bitcoind v0.36.1
[INFO] [stderr]   Downloaded bitcoincore-rpc-json v0.19.0
[INFO] [stderr]   Downloaded ghost-cell v0.2.6
[INFO] [stderr]   Downloaded secp256k1-zkp v0.11.0
[INFO] [stderr]   Downloaded byteorder v1.4.3
[INFO] [stderr]   Downloaded stacker v0.1.22
[INFO] [stderr]   Downloaded ariadne v0.5.0
[INFO] [stderr]   Downloaded bitcoincore-rpc v0.19.0
[INFO] [stderr]   Downloaded arbitrary v1.1.3
[INFO] [stderr]   Downloaded jsonrpc v0.18.0
[INFO] [stderr]   Downloaded hex-conservative v0.2.3
[INFO] [stderr]   Downloaded unicode-ident v1.0.11
[INFO] [stderr]   Downloaded bitcoin-units v0.1.101
[INFO] [stderr]   Downloaded bitcoin-consensus-encoding v1.2.0
[INFO] [stderr]   Downloaded ar_archive_writer v0.2.0
[INFO] [stderr]   Downloaded minreq v2.14.1
[INFO] [stderr]   Downloaded bitcoin_hashes v0.14.101
[INFO] [stderr]   Downloaded clap v4.5.37
[INFO] [stderr]   Downloaded bech32 v0.11.0
[INFO] [stderr]   Downloaded memchr v2.6.3
[INFO] [stderr]   Downloaded base64 v0.21.3
[INFO] [stderr]   Downloaded libfuzzer-sys v0.4.10
[INFO] [stderr]   Downloaded serde_json v1.0.105
[INFO] [stderr]   Downloaded chumsky v0.11.2
[INFO] [stderr]   Downloaded aho-corasick v1.0.5
[INFO] [stderr]   Downloaded clap_builder v4.5.37
[INFO] [stderr]   Downloaded syn v2.0.31
[INFO] [stderr]   Downloaded simplicity-lang v0.9.0
[INFO] [stderr]   Downloaded regex-syntax v0.7.5
[INFO] [stderr]   Downloaded bitcoin v0.32.102
[INFO] [stderr]   Downloaded miniscript v12.3.1
[INFO] [stderr]   Downloaded regex-automata v0.3.8
[INFO] [stderr]   Downloaded elements v0.27.0
[INFO] [stderr]   Downloaded simplicity-sys v0.8.0
[INFO] [stderr]   Downloaded secp256k1-zkp-sys v0.10.1
[INFO] running `Command { std: "docker" "create" "-v" "/var/lib/crater-agent-workspace/builds/worker-7-tc1/source:/opt/rustwide/workdir:ro,Z" "-v" "/var/lib/crater-agent-workspace/builds/worker-7-tc1/target:/opt/rustwide/target:rw,Z" "-v" "/var/lib/crater-agent-workspace/cargo-home:/opt/rustwide/cargo-home:ro,Z" "-v" "/var/lib/crater-agent-workspace/rustup-home:/opt/rustwide/rustup-home:ro,Z" "-m" "1610612736" "--network" "none" "ghcr.io/rust-lang/crates-build-env/linux@sha256:77db811e55d90add9212f6832c23229e3de5f1c1f9905e8cb07319ea15df73ac" "sleep" "infinity", kill_on_drop: false }`
[INFO] [stdout] 763e8719befdb7a20234749a06d4fb87d911f726b1930e4cb44c4cb51d64b9df
[INFO] running `Command { std: "docker" "start" "763e8719befdb7a20234749a06d4fb87d911f726b1930e4cb44c4cb51d64b9df", kill_on_drop: false }`
[INFO] running `Command { std: "docker" "inspect" "763e8719befdb7a20234749a06d4fb87d911f726b1930e4cb44c4cb51d64b9df", kill_on_drop: false }`
[INFO] running `Command { std: "docker" "exec" "-e" "SOURCE_DIR=/opt/rustwide/workdir" "-e" "CARGO_HOME=/opt/rustwide/cargo-home" "-e" "RUSTUP_HOME=/opt/rustwide/rustup-home" "-e" "CARGO_TARGET_DIR=/opt/rustwide/target" "-w" "/opt/rustwide/workdir" "--user" "0:0" "763e8719befdb7a20234749a06d4fb87d911f726b1930e4cb44c4cb51d64b9df" "/opt/rustwide/cargo-home/bin/cargo" "+3154cc1a3e6424e44f438a95007d043ed5ceaaf6" "metadata" "--no-deps" "--format-version=1", kill_on_drop: false }`
[INFO] running `Command { std: "docker" "inspect" "763e8719befdb7a20234749a06d4fb87d911f726b1930e4cb44c4cb51d64b9df", kill_on_drop: false }`
[INFO] running `Command { std: "docker" "exec" "-e" "SOURCE_DIR=/opt/rustwide/workdir" "-e" "CARGO_HOME=/opt/rustwide/cargo-home" "-e" "RUSTUP_HOME=/opt/rustwide/rustup-home" "-e" "CARGO_TARGET_DIR=/opt/rustwide/target" "-e" "CARGO_INCREMENTAL=0" "-e" "RUST_BACKTRACE=full" "-e" "RUSTFLAGS=--cap-lints=forbid -Znext-solver=coherence" "-e" "RUSTDOCFLAGS=--cap-lints=forbid" "-w" "/opt/rustwide/workdir" "--user" "0:0" "763e8719befdb7a20234749a06d4fb87d911f726b1930e4cb44c4cb51d64b9df" "/opt/rustwide/cargo-home/bin/cargo" "+3154cc1a3e6424e44f438a95007d043ed5ceaaf6" "check" "--frozen" "--all" "--all-targets" "--message-format=json", kill_on_drop: false }`
[INFO] [stderr] warning: `package.homepage` is redundant with `package.repository`
[INFO] [stderr]    --> Cargo.toml:178:12
[INFO] [stderr]     |
[INFO] [stderr] 178 | homepage = "https://github.com/BlockstreamResearch/SimplicityHL"
[INFO] [stderr]     |            ^^^^^^^^^^^^^^^^^^^^^^^^^^^^^^^^^^^^^^^^^^^^^^^^^^^^^
[INFO] [stderr] ...
[INFO] [stderr] 181 | repository = "https://github.com/BlockstreamResearch/SimplicityHL"
[INFO] [stderr]     |              -----------------------------------------------------
[INFO] [stderr]     |
[INFO] [stderr]     = note: `cargo::redundant_homepage` is set to `warn` by default
[INFO] [stderr] help: consider removing `package.homepage`
[INFO] [stderr] warning: `simplicityhl` (manifest) generated 1 warning
[INFO] [stderr]    Compiling libc v0.2.180
[INFO] [stderr]    Compiling find-msvc-tools v0.1.9
[INFO] [stderr]    Compiling unicode-ident v1.0.11
[INFO] [stderr]     Checking arrayvec v0.7.6
[INFO] [stderr]    Compiling serde v1.0.229
[INFO] [stderr]    Compiling bitcoin-internals v0.6.0
[INFO] [stderr]    Compiling bitcoin-io v0.1.101
[INFO] [stderr]    Compiling memchr v2.6.3
[INFO] [stderr]    Compiling hex_lit v0.1.1
[INFO] [stderr]    Compiling syn v1.0.109
[INFO] [stderr]    Compiling bitcoin v0.32.102
[INFO] [stderr]    Compiling bitcoin-private v0.1.0
[INFO] [stderr]    Compiling proc-macro2 v1.0.107
[INFO] [stderr]     Checking bech32 v0.11.0
[INFO] [stderr]     Checking anstyle-parse v0.2.6
[INFO] [stderr]     Checking anstyle v1.0.10
[INFO] [stderr]     Checking colorchoice v1.0.3
[INFO] [stderr]     Checking anstyle-query v1.1.2
[INFO] [stderr]     Checking strsim v0.11.1
[INFO] [stderr]    Compiling serde_json v1.0.105
[INFO] [stderr]     Checking anstream v0.6.18
[INFO] [stderr]     Checking clap_lex v0.7.4
[INFO] [stderr]     Checking hashbrown v0.15.5
[INFO] [stderr]     Checking hex-conservative v0.2.3
[INFO] [stderr]     Checking hex-conservative v1.3.0
[INFO] [stderr]     Checking byteorder v1.4.3
[INFO] [stderr]     Checking ryu v1.0.15
[INFO] [stderr]     Checking unicode-width v0.1.14
[INFO] [stderr]     Checking ghost-cell v0.2.6
[INFO] [stderr]     Checking either v1.13.0
[INFO] [stderr]     Checking clap_builder v4.5.37
[INFO] [stderr]     Checking itoa v1.0.9
[INFO] [stderr]     Checking yansi v1.0.1
[INFO] [stderr]     Checking unicode-segmentation v1.12.0
[INFO] [stderr]     Checking base64 v0.21.3
[INFO] [stderr]     Checking bitcoin-consensus-encoding v1.2.0
[INFO] [stderr]    Compiling quote v1.0.47
[INFO] [stderr]     Checking itertools v0.13.0
[INFO] [stderr]     Checking ariadne v0.5.0
[INFO] [stderr]    Compiling syn v3.0.6
[INFO] [stderr]    Compiling object v0.32.2
[INFO] [stderr]     Checking bitcoin_hashes v1.2.0
[INFO] [stderr]    Compiling jobserver v0.1.32
[INFO] [stderr]     Checking getrandom v0.2.10
[INFO] [stderr]    Compiling cc v1.2.55
[INFO] [stderr]     Checking rand_core v0.6.4
[INFO] [stderr]     Checking rand_chacha v0.3.1
[INFO] [stderr]     Checking rand v0.8.5
[INFO] [stderr]     Checking clap v4.5.37
[INFO] [stderr]    Compiling secp256k1-sys v0.10.1
[INFO] [stderr]    Compiling secp256k1-zkp-sys v0.10.1
[INFO] [stderr]    Compiling stacker v0.1.22
[INFO] [stderr]    Compiling simplicity-sys v0.8.0
[INFO] [stderr]    Compiling libfuzzer-sys v0.4.10
[INFO] [stderr]    Compiling derive_arbitrary v1.1.3
[INFO] [stderr]     Checking arbitrary v1.1.3
[INFO] [stderr]    Compiling serde_derive v1.0.229
[INFO] [stderr]    Compiling ar_archive_writer v0.2.0
[INFO] [stderr] warning: simplicity-sys@0.8.0: cc: fatal error: Killed signal terminated program cc1
[INFO] [stderr] warning: simplicity-sys@0.8.0: compilation terminated.
[INFO] [stderr] warning: simplicity-sys@0.8.0: ToolExecError: command did not execute successfully (status code exit status: 1): LC_ALL="C" "cc" "-O2" "-ffunction-sections" "-fdata-sections" "-fPIC" "-g" "-gdwarf-4" "-fno-omit-frame-pointer" "-m64" "-std=c11" "-I" "depend/simplicity/include" "-Wall" "-Wextra" "-fno-inline-functions" "-DPRODUCTION" "-o" "/opt/rustwide/target/debug/build/simplicity-sys/8383d5082910cea0/out/29bbf25cfcc0f743-jets-secp256k1.o" "-c" "depend/simplicity/jets-secp256k1.c"
[INFO] [stderr] error: failed to run custom build command for `simplicity-sys v0.8.0`
[INFO] [stderr] note: To improve backtraces for build dependencies, set the CARGO_PROFILE_DEV_BUILD_OVERRIDE_DEBUG=true environment variable to enable debug information generation.
[INFO] [stderr] 
[INFO] [stderr] Caused by:
[INFO] [stderr]   process didn't exit successfully: `/opt/rustwide/target/debug/build/simplicity-sys/04ca25bc25735b2e/out/build_script_build` (exit status: 1)
[INFO] [stderr]   --- stdout
[INFO] [stderr]   cargo:rerun-if-changed=depend
[INFO] [stderr]   OUT_DIR = Some(/opt/rustwide/target/debug/build/simplicity-sys/8383d5082910cea0/out)
[INFO] [stderr]   TARGET = Some(x86_64-unknown-linux-gnu)
[INFO] [stderr]   CARGO_ENCODED_RUSTFLAGS = Some(--cap-lints=forbid-Znext-solver=coherence)
[INFO] [stderr]   HOST = Some(x86_64-unknown-linux-gnu)
[INFO] [stderr]   cargo:rerun-if-env-changed=CC_x86_64-unknown-linux-gnu
[INFO] [stderr]   CC_x86_64-unknown-linux-gnu = None
[INFO] [stderr]   cargo:rerun-if-env-changed=CC_x86_64_unknown_linux_gnu
[INFO] [stderr]   CC_x86_64_unknown_linux_gnu = None
[INFO] [stderr]   cargo:rerun-if-env-changed=HOST_CC
[INFO] [stderr]   HOST_CC = None
[INFO] [stderr]   cargo:rerun-if-env-changed=CC
[INFO] [stderr]   CC = None
[INFO] [stderr]   cargo:rerun-if-env-changed=CC_ENABLE_DEBUG_OUTPUT
[INFO] [stderr]   RUSTC_WRAPPER = None
[INFO] [stderr]   cargo:rerun-if-env-changed=CRATE_CC_NO_DEFAULTS
[INFO] [stderr]   CRATE_CC_NO_DEFAULTS = None
[INFO] [stderr]   DEBUG = Some(true)
[INFO] [stderr]   CARGO_CFG_TARGET_FEATURE = Some(fxsr,sse,sse2,x87)
[INFO] [stderr]   cargo:rerun-if-env-changed=CFLAGS
[INFO] [stderr]   CFLAGS = None
[INFO] [stderr]   cargo:rerun-if-env-changed=HOST_CFLAGS
[INFO] [stderr]   HOST_CFLAGS = None
[INFO] [stderr]   cargo:rerun-if-env-changed=CFLAGS_x86_64_unknown_linux_gnu
[INFO] [stderr]   CFLAGS_x86_64_unknown_linux_gnu = None
[INFO] [stderr]   cargo:rerun-if-env-changed=CFLAGS_x86_64-unknown-linux-gnu
[INFO] [stderr]   CFLAGS_x86_64-unknown-linux-gnu = None
[INFO] [stderr]   OUT_DIR = Some(/opt/rustwide/target/debug/build/simplicity-sys/8383d5082910cea0/out)
[INFO] [stderr]   cargo:rerun-if-env-changed=CC_ENABLE_DEBUG_OUTPUT
[INFO] [stderr]   cargo:rerun-if-env-changed=CRATE_CC_NO_DEFAULTS
[INFO] [stderr]   CRATE_CC_NO_DEFAULTS = None
[INFO] [stderr]   TARGET = Some(x86_64-unknown-linux-gnu)
[INFO] [stderr]   CARGO_CFG_TARGET_FEATURE = Some(fxsr,sse,sse2,x87)
[INFO] [stderr]   HOST = Some(x86_64-unknown-linux-gnu)
[INFO] [stderr]   cargo:rerun-if-env-changed=CFLAGS
[INFO] [stderr]   CFLAGS = None
[INFO] [stderr]   cargo:rerun-if-env-changed=HOST_CFLAGS
[INFO] [stderr]   HOST_CFLAGS = None
[INFO] [stderr]   cargo:rerun-if-env-changed=CFLAGS_x86_64_unknown_linux_gnu
[INFO] [stderr]   CFLAGS_x86_64_unknown_linux_gnu = None
[INFO] [stderr]   cargo:rerun-if-env-changed=CFLAGS_x86_64-unknown-linux-gnu
[INFO] [stderr]   CFLAGS_x86_64-unknown-linux-gnu = None
[INFO] [stderr]   cargo:warning=cc: fatal error: Killed signal terminated program cc1
[INFO] [stderr]   cargo:warning=compilation terminated.
[INFO] [stderr]   exit status: 0
[INFO] [stderr]   exit status: 0
[INFO] [stderr]   exit status: 0
[INFO] [stderr]   exit status: 0
[INFO] [stderr]   exit status: 0
[INFO] [stderr]   exit status: 0
[INFO] [stderr]   exit status: 0
[INFO] [stderr]   exit status: 0
[INFO] [stderr]   exit status: 1
[INFO] [stderr]   cargo:warning=ToolExecError: command did not execute successfully (status code exit status: 1): LC_ALL="C" "cc" "-O2" "-ffunction-sections" "-fdata-sections" "-fPIC" "-g" "-gdwarf-4" "-fno-omit-frame-pointer" "-m64" "-std=c11" "-I" "depend/simplicity/include" "-Wall" "-Wextra" "-fno-inline-functions" "-DPRODUCTION" "-o" "/opt/rustwide/target/debug/build/simplicity-sys/8383d5082910cea0/out/29bbf25cfcc0f743-jets-secp256k1.o" "-c" "depend/simplicity/jets-secp256k1.c"
[INFO] [stderr]   exit status: 0
[INFO] [stderr]   exit status: 0
[INFO] [stderr]   exit status: 0
[INFO] [stderr] 
[INFO] [stderr]   --- stderr
[INFO] [stderr] 
[INFO] [stderr] 
[INFO] [stderr]   error occurred in cc-rs: command did not execute successfully (status code exit status: 1): LC_ALL="C" "cc" "-O2" "-ffunction-sections" "-fdata-sections" "-fPIC" "-g" "-gdwarf-4" "-fno-omit-frame-pointer" "-m64" "-std=c11" "-I" "depend/simplicity/include" "-Wall" "-Wextra" "-fno-inline-functions" "-DPRODUCTION" "-o" "/opt/rustwide/target/debug/build/simplicity-sys/8383d5082910cea0/out/29bbf25cfcc0f743-jets-secp256k1.o" "-c" "depend/simplicity/jets-secp256k1.c"
[INFO] [stderr] 
[INFO] [stderr] 
[INFO] [stderr] warning: build failed, waiting for other jobs to finish...
[INFO] [stderr] warning: libfuzzer-sys@0.4.10: c++: fatal error: Killed signal terminated program cc1plus
[INFO] [stderr] warning: libfuzzer-sys@0.4.10: compilation terminated.
[INFO] [stderr] warning: libfuzzer-sys@0.4.10: ToolExecError: command did not execute successfully (status code exit status: 1): LC_ALL="C" "c++" "-O0" "-ffunction-sections" "-fdata-sections" "-fPIC" "-g" "-gdwarf-4" "-fno-omit-frame-pointer" "-m64" "-std=c++17" "-w" "-o" "/opt/rustwide/target/debug/build/libfuzzer-sys/d2a426cfd817e0cc/out/e5f0d71fb86e9d6b-FuzzerMerge.o" "-c" "libfuzzer/FuzzerMerge.cpp"
[INFO] [stderr] error: failed to run custom build command for `libfuzzer-sys v0.4.10`
[INFO] [stderr] note: To improve backtraces for build dependencies, set the CARGO_PROFILE_DEV_BUILD_OVERRIDE_DEBUG=true environment variable to enable debug information generation.
[INFO] [stderr] 
[INFO] [stderr] Caused by:
[INFO] [stderr]   process didn't exit successfully: `/opt/rustwide/target/debug/build/libfuzzer-sys/198d74c3bae64eb3/out/build_script_build` (exit status: 1)
[INFO] [stderr]   --- stdout
[INFO] [stderr]   cargo:rerun-if-env-changed=CUSTOM_LIBFUZZER_PATH
[INFO] [stderr]   cargo:rerun-if-changed=libfuzzer/FuzzerExtraCountersDarwin.cpp
[INFO] [stderr]   cargo:rerun-if-changed=libfuzzer/FuzzerMerge.cpp
[INFO] [stderr]   cargo:rerun-if-changed=libfuzzer/FuzzerExtFunctionsWeak.cpp
[INFO] [stderr]   cargo:rerun-if-changed=libfuzzer/FuzzerExtraCountersWindows.cpp
[INFO] [stderr]   cargo:rerun-if-changed=libfuzzer/FuzzerLoop.cpp
[INFO] [stderr]   cargo:rerun-if-changed=libfuzzer/FuzzerInterceptors.cpp
[INFO] [stderr]   cargo:rerun-if-changed=libfuzzer/FuzzerUtil.cpp
[INFO] [stderr]   cargo:rerun-if-changed=libfuzzer/FuzzerMain.cpp
[INFO] [stderr]   cargo:rerun-if-changed=libfuzzer/FuzzerDriver.cpp
[INFO] [stderr]   cargo:rerun-if-changed=libfuzzer/FuzzerUtilWindows.cpp
[INFO] [stderr]   cargo:rerun-if-changed=libfuzzer/FuzzerFork.cpp
[INFO] [stderr]   cargo:rerun-if-changed=libfuzzer/FuzzerExtraCounters.cpp
[INFO] [stderr]   cargo:rerun-if-changed=libfuzzer/FuzzerIOPosix.cpp
[INFO] [stderr]   cargo:rerun-if-changed=libfuzzer/FuzzerCrossOver.cpp
[INFO] [stderr]   cargo:rerun-if-changed=libfuzzer/FuzzerUtilDarwin.cpp
[INFO] [stderr]   cargo:rerun-if-changed=libfuzzer/FuzzerSHA1.cpp
[INFO] [stderr]   cargo:rerun-if-changed=libfuzzer/FuzzerUtilPosix.cpp
[INFO] [stderr]   cargo:rerun-if-changed=libfuzzer/FuzzerUtilLinux.cpp
[INFO] [stderr]   cargo:rerun-if-changed=libfuzzer/FuzzerIOWindows.cpp
[INFO] [stderr]   cargo:rerun-if-changed=libfuzzer/FuzzerUtilFuchsia.cpp
[INFO] [stderr]   cargo:rerun-if-changed=libfuzzer/FuzzerIO.cpp
[INFO] [stderr]   cargo:rerun-if-changed=libfuzzer/FuzzerExtFunctionsDlsym.cpp
[INFO] [stderr]   cargo:rerun-if-changed=libfuzzer/FuzzerExtFunctionsWindows.cpp
[INFO] [stderr]   cargo:rerun-if-changed=libfuzzer/FuzzerDataFlowTrace.cpp
[INFO] [stderr]   cargo:rerun-if-changed=libfuzzer/FuzzerMutate.cpp
[INFO] [stderr]   cargo:rerun-if-changed=libfuzzer/FuzzerTracePC.cpp
[INFO] [stderr]   OUT_DIR = Some(/opt/rustwide/target/debug/build/libfuzzer-sys/d2a426cfd817e0cc/out)
[INFO] [stderr]   OPT_LEVEL = Some(0)
[INFO] [stderr]   TARGET = Some(x86_64-unknown-linux-gnu)
[INFO] [stderr]   CARGO_ENCODED_RUSTFLAGS = Some(--cap-lints=forbid-Znext-solver=coherence)
[INFO] [stderr]   HOST = Some(x86_64-unknown-linux-gnu)
[INFO] [stderr]   cargo:rerun-if-env-changed=CXX_x86_64-unknown-linux-gnu
[INFO] [stderr]   CXX_x86_64-unknown-linux-gnu = None
[INFO] [stderr]   cargo:rerun-if-env-changed=CXX_x86_64_unknown_linux_gnu
[INFO] [stderr]   CXX_x86_64_unknown_linux_gnu = None
[INFO] [stderr]   cargo:rerun-if-env-changed=HOST_CXX
[INFO] [stderr]   HOST_CXX = None
[INFO] [stderr]   cargo:rerun-if-env-changed=CXX
[INFO] [stderr]   CXX = None
[INFO] [stderr]   cargo:rerun-if-env-changed=CC_ENABLE_DEBUG_OUTPUT
[INFO] [stderr]   RUSTC_WRAPPER = None
[INFO] [stderr]   cargo:rerun-if-env-changed=CRATE_CC_NO_DEFAULTS
[INFO] [stderr]   CRATE_CC_NO_DEFAULTS = None
[INFO] [stderr]   DEBUG = Some(true)
[INFO] [stderr]   CARGO_CFG_TARGET_FEATURE = Some(fxsr,sse,sse2,x87)
[INFO] [stderr]   cargo:rerun-if-env-changed=CXXFLAGS
[INFO] [stderr]   CXXFLAGS = None
[INFO] [stderr]   cargo:rerun-if-env-changed=HOST_CXXFLAGS
[INFO] [stderr]   HOST_CXXFLAGS = None
[INFO] [stderr]   cargo:rerun-if-env-changed=CXXFLAGS_x86_64_unknown_linux_gnu
[INFO] [stderr]   CXXFLAGS_x86_64_unknown_linux_gnu = None
[INFO] [stderr]   cargo:rerun-if-env-changed=CXXFLAGS_x86_64-unknown-linux-gnu
[INFO] [stderr]   CXXFLAGS_x86_64-unknown-linux-gnu = None
[INFO] [stderr]   exit status: 0
[INFO] [stderr]   exit status: 0
[INFO] [stderr]   exit status: 0
[INFO] [stderr]   exit status: 0
[INFO] [stderr]   exit status: 0
[INFO] [stderr]   exit status: 0
[INFO] [stderr]   exit status: 0
[INFO] [stderr]   exit status: 0
[INFO] [stderr]   cargo:warning=c++: fatal error: Killed signal terminated program cc1plus
[INFO] [stderr]   cargo:warning=compilation terminated.
[INFO] [stderr]   exit status: 0
[INFO] [stderr]   exit status: 0
[INFO] [stderr]   exit status: 1
[INFO] [stderr]   cargo:warning=ToolExecError: command did not execute successfully (status code exit status: 1): LC_ALL="C" "c++" "-O0" "-ffunction-sections" "-fdata-sections" "-fPIC" "-g" "-gdwarf-4" "-fno-omit-frame-pointer" "-m64" "-std=c++17" "-w" "-o" "/opt/rustwide/target/debug/build/libfuzzer-sys/d2a426cfd817e0cc/out/e5f0d71fb86e9d6b-FuzzerMerge.o" "-c" "libfuzzer/FuzzerMerge.cpp"
[INFO] [stderr]   exit status: 0
[INFO] [stderr]   exit status: 0
[INFO] [stderr]   exit status: 0
[INFO] [stderr]   exit status: 0
[INFO] [stderr]   exit status: 0
[INFO] [stderr]   exit status: 0
[INFO] [stderr]   exit status: 0
[INFO] [stderr]   exit status: 0
[INFO] [stderr]   exit status: 0
[INFO] [stderr]   exit status: 0
[INFO] [stderr]   exit status: 0
[INFO] [stderr]   exit status: 0
[INFO] [stderr]   exit status: 0
[INFO] [stderr]   exit status: 0
[INFO] [stderr]   exit status: 0
[INFO] [stderr] 
[INFO] [stderr]   --- stderr
[INFO] [stderr] 
[INFO] [stderr] 
[INFO] [stderr]   error occurred in cc-rs: command did not execute successfully (status code exit status: 1): LC_ALL="C" "c++" "-O0" "-ffunction-sections" "-fdata-sections" "-fPIC" "-g" "-gdwarf-4" "-fno-omit-frame-pointer" "-m64" "-std=c++17" "-w" "-o" "/opt/rustwide/target/debug/build/libfuzzer-sys/d2a426cfd817e0cc/out/e5f0d71fb86e9d6b-FuzzerMerge.o" "-c" "libfuzzer/FuzzerMerge.cpp"
[INFO] [stderr] 
[INFO] [stderr] 
[INFO] running `Command { std: "docker" "inspect" "763e8719befdb7a20234749a06d4fb87d911f726b1930e4cb44c4cb51d64b9df", kill_on_drop: false }`
[INFO] running `Command { std: "docker" "rm" "-f" "763e8719befdb7a20234749a06d4fb87d911f726b1930e4cb44c4cb51d64b9df", kill_on_drop: false }`
[INFO] [stdout] 763e8719befdb7a20234749a06d4fb87d911f726b1930e4cb44c4cb51d64b9df
