[INFO] cloning repository https://github.com/salim4n/latoile
[INFO] running `Command { std: "git" "-c" "credential.helper=" "-c" "credential.helper=/workspace/cargo-home/bin/git-credential-null" "clone" "--bare" "https://github.com/salim4n/latoile" "/workspace/cache/git-repos/https%3A%2F%2Fgithub.com%2Fsalim4n%2Flatoile", kill_on_drop: false }`
[INFO] [stderr] Cloning into bare repository '/workspace/cache/git-repos/https%3A%2F%2Fgithub.com%2Fsalim4n%2Flatoile'...
[INFO] running `Command { std: "git" "rev-parse" "HEAD", kill_on_drop: false }`
[INFO] [stdout] ee2ea63e76ee5d303bf2cea4b282eded6458e7db
[INFO] checking salim4n/latoile against 3154cc1a3e6424e44f438a95007d043ed5ceaaf6 for pr-133502-30
[INFO] running `Command { std: "git" "clone" "/workspace/cache/git-repos/https%3A%2F%2Fgithub.com%2Fsalim4n%2Flatoile" "/workspace/builds/worker-0-tc2/source", kill_on_drop: false }`
[INFO] [stderr] Cloning into '/workspace/builds/worker-0-tc2/source'...
[INFO] [stderr] done.
[INFO] removed /workspace/builds/worker-0-tc2/source/rust-toolchain.toml
[INFO] started tweaking git repo https://github.com/salim4n/latoile
[INFO] finished tweaking git repo https://github.com/salim4n/latoile
[INFO] tweaked toml for git repo https://github.com/salim4n/latoile written to /workspace/builds/worker-0-tc2/source/Cargo.toml
[INFO] validating manifest of git repo https://github.com/salim4n/latoile on toolchain 3154cc1a3e6424e44f438a95007d043ed5ceaaf6
[INFO] running `Command { std: CARGO_HOME="/workspace/cargo-home" RUSTUP_HOME="/workspace/rustup-home" "/workspace/cargo-home/bin/cargo" "+3154cc1a3e6424e44f438a95007d043ed5ceaaf6" "metadata" "--manifest-path" "Cargo.toml" "--no-deps", kill_on_drop: false }`
[INFO] crate git repo https://github.com/salim4n/latoile already has a lockfile, it will not be regenerated
[INFO] running `Command { std: CARGO_HOME="/workspace/cargo-home" RUSTUP_HOME="/workspace/rustup-home" "/workspace/cargo-home/bin/cargo" "+3154cc1a3e6424e44f438a95007d043ed5ceaaf6" "fetch" "--manifest-path" "Cargo.toml", kill_on_drop: false }`
[INFO] [stderr] warning: unused field `repository` in `workspace.package`
[INFO] [stderr]   --> Cargo.toml:14:1
[INFO] [stderr]    |
[INFO] [stderr] 14 | repository = "https://github.com/salim4n/latoile"
[INFO] [stderr]    | ^^^^^^^^^^
[INFO] [stderr]    |
[INFO] [stderr]    = note: `cargo::unused_workspace_package_fields` is set to `warn` by default
[INFO] [stderr] help: consider removing the field `workspace.package.repository`
[INFO] [stderr] warning: workspace (manifest) generated 1 warning
[INFO] running `Command { std: "docker" "create" "-v" "/var/lib/crater-agent-workspace/builds/worker-0-tc2/source:/opt/rustwide/workdir:ro,Z" "-v" "/var/lib/crater-agent-workspace/builds/worker-0-tc2/target:/opt/rustwide/target:rw,Z" "-v" "/var/lib/crater-agent-workspace/cargo-home:/opt/rustwide/cargo-home:ro,Z" "-v" "/var/lib/crater-agent-workspace/rustup-home:/opt/rustwide/rustup-home:ro,Z" "-m" "1610612736" "--network" "none" "ghcr.io/rust-lang/crates-build-env/linux@sha256:77db811e55d90add9212f6832c23229e3de5f1c1f9905e8cb07319ea15df73ac" "sleep" "infinity", kill_on_drop: false }`
[INFO] [stdout] 96501d98fd04dbf06f26b09ddefd5a7b22d66ca7d8f2b8bae76c7d04ee420824
[INFO] running `Command { std: "docker" "start" "96501d98fd04dbf06f26b09ddefd5a7b22d66ca7d8f2b8bae76c7d04ee420824", kill_on_drop: false }`
[INFO] running `Command { std: "docker" "inspect" "96501d98fd04dbf06f26b09ddefd5a7b22d66ca7d8f2b8bae76c7d04ee420824", kill_on_drop: false }`
[INFO] running `Command { std: "docker" "exec" "-e" "SOURCE_DIR=/opt/rustwide/workdir" "-e" "CARGO_HOME=/opt/rustwide/cargo-home" "-e" "RUSTUP_HOME=/opt/rustwide/rustup-home" "-e" "CARGO_TARGET_DIR=/opt/rustwide/target" "-w" "/opt/rustwide/workdir" "--user" "0:0" "96501d98fd04dbf06f26b09ddefd5a7b22d66ca7d8f2b8bae76c7d04ee420824" "/opt/rustwide/cargo-home/bin/cargo" "+3154cc1a3e6424e44f438a95007d043ed5ceaaf6" "metadata" "--no-deps" "--format-version=1", kill_on_drop: false }`
[INFO] running `Command { std: "docker" "inspect" "96501d98fd04dbf06f26b09ddefd5a7b22d66ca7d8f2b8bae76c7d04ee420824", kill_on_drop: false }`
[INFO] running `Command { std: "docker" "exec" "-e" "SOURCE_DIR=/opt/rustwide/workdir" "-e" "CARGO_HOME=/opt/rustwide/cargo-home" "-e" "RUSTUP_HOME=/opt/rustwide/rustup-home" "-e" "CARGO_TARGET_DIR=/opt/rustwide/target" "-e" "CARGO_INCREMENTAL=0" "-e" "RUST_BACKTRACE=full" "-e" "RUSTFLAGS=--cap-lints=forbid" "-e" "RUSTDOCFLAGS=--cap-lints=forbid" "-w" "/opt/rustwide/workdir" "--user" "0:0" "96501d98fd04dbf06f26b09ddefd5a7b22d66ca7d8f2b8bae76c7d04ee420824" "/opt/rustwide/cargo-home/bin/cargo" "+3154cc1a3e6424e44f438a95007d043ed5ceaaf6" "check" "--frozen" "--all" "--all-targets" "--message-format=json", kill_on_drop: false }`
[INFO] [stderr] warning: unused field `repository` in `workspace.package`
[INFO] [stderr]   --> Cargo.toml:14:1
[INFO] [stderr]    |
[INFO] [stderr] 14 | repository = "https://github.com/salim4n/latoile"
[INFO] [stderr]    | ^^^^^^^^^^
[INFO] [stderr]    |
[INFO] [stderr]    = note: `cargo::unused_workspace_package_fields` is set to `warn` by default
[INFO] [stderr] help: consider removing the field `workspace.package.repository`
[INFO] [stderr] warning: workspace (manifest) generated 1 warning
[INFO] [stderr]     Checking futures-io v0.3.34
[INFO] [stderr]    Compiling serde v1.0.229
[INFO] [stderr]    Compiling syn v3.0.3
[INFO] [stderr]    Compiling syn v2.0.119
[INFO] [stderr]     Checking getrandom v0.2.17
[INFO] [stderr]    Compiling serde_core v1.0.229
[INFO] [stderr]    Compiling find-msvc-tools v0.1.11
[INFO] [stderr]     Checking log v0.4.33
[INFO] [stderr]    Compiling cc v1.4.3
[INFO] [stderr]     Checking tracing-core v0.1.36
[INFO] [stderr]    Compiling crossbeam-utils v0.8.22
[INFO] [stderr]     Checking rand_core v0.6.4
[INFO] [stderr]     Checking bitflags v2.13.1
[INFO] [stderr]     Checking crypto-common v0.1.7
[INFO] [stderr]    Compiling serde_json v1.0.151
[INFO] [stderr]    Compiling litemap v0.8.3
[INFO] [stderr]    Compiling smallvec v1.15.2
[INFO] [stderr]    Compiling writeable v0.6.4
[INFO] [stderr]     Checking fastrand v2.5.0
[INFO] [stderr]     Checking digest v0.10.7
[INFO] [stderr]     Checking event-listener v5.4.2
[INFO] [stderr]    Compiling rustix v1.1.4
[INFO] [stderr]     Checking linux-raw-sys v0.12.1
[INFO] [stderr]    Compiling zerocopy v0.8.56
[INFO] [stderr]    Compiling generic-array v0.14.7
[INFO] [stderr]    Compiling icu_normalizer_data v2.3.0
[INFO] [stderr]    Compiling icu_properties_data v2.3.0
[INFO] [stderr]    Compiling num-traits v0.2.19
[INFO] [stderr]    Compiling futures-sink v0.3.34
[INFO] [stderr]     Checking latoile-core v0.1.0 (/opt/rustwide/workdir/crates/core)
[INFO] [stderr]    Compiling ring v0.17.14
[INFO] [stderr]    Compiling libsqlite3-sys v0.30.1
[INFO] [stderr]    Compiling block-buffer v0.10.4
[INFO] [stderr]     Checking sha2 v0.10.9
[INFO] [stderr]    Compiling parking_lot_core v0.9.12
[INFO] [stderr]    Compiling mio v1.2.2
[INFO] [stderr]    Compiling socket2 v0.6.5
[INFO] [stderr]    Compiling synstructure v0.13.2
[INFO] [stderr]    Compiling tokio v1.53.1
[INFO] [stderr]    Compiling futures-util v0.3.34
[INFO] [stderr]    Compiling parking_lot v0.12.5
[INFO] [stderr]    Compiling zerovec-derive v0.11.4
[INFO] [stderr]    Compiling displaydoc v0.2.7
[INFO] [stderr]    Compiling serde_derive v1.0.229
[INFO] [stderr]    Compiling tokio-macros v2.7.2
[INFO] [stderr]    Compiling zerofrom-derive v0.1.7
[INFO] [stderr]    Compiling yoke-derive v0.8.2
[INFO] [stderr]    Compiling tracing-attributes v0.1.31
[INFO] [stderr]    Compiling futures-macro v0.3.34
[INFO] [stderr]     Checking zerofrom v0.1.8
[INFO] [stderr]     Checking yoke v0.8.3
[INFO] [stderr]     Checking zerovec v0.11.7
[INFO] [stderr]     Checking tracing v0.1.44
[INFO] [stderr]    Compiling thiserror-impl v2.0.20
[INFO] [stderr]     Checking tinystr v0.8.4
[INFO] [stderr]     Checking icu_locale_core v2.3.0
[INFO] [stderr]     Checking potential_utf v0.1.6
[INFO] [stderr]     Checking zerotrie v0.2.5
[INFO] [stderr]     Checking icu_collections v2.3.0
[INFO] [stderr]     Checking thiserror v2.0.20
[INFO] [stderr]     Checking icu_provider v2.3.0
[INFO] [stderr]     Checking icu_properties v2.3.0
[INFO] [stderr]     Checking icu_normalizer v2.3.0
[INFO] [stderr]     Checking serde_urlencoded v0.7.1
[INFO] [stderr]     Checking ppv-lite86 v0.2.21
[INFO] [stderr]     Checking idna_adapter v1.2.2
[INFO] [stderr]     Checking idna v1.1.0
[INFO] [stderr]     Checking futures-executor v0.3.34
[INFO] [stderr]     Checking rand_chacha v0.9.0
[INFO] [stderr]     Checking rand v0.9.5
[INFO] [stderr]     Checking url v2.5.8
[INFO] [stderr]    Compiling crossbeam-queue v0.3.13
[INFO] [stderr]    Compiling either v1.17.0
[INFO] [stderr]    Compiling tokio-stream v0.1.19
[INFO] [stderr]    Compiling futures-intrusive v0.5.0
[INFO] [stderr]    Compiling spin v0.9.9
[INFO] [stderr]    Compiling rustls v0.23.43
[INFO] [stderr]    Compiling base64 v0.22.1
[INFO] [stderr]    Compiling darling_core v0.23.0
[INFO] [stderr]    Compiling flume v0.11.1
[INFO] [stderr]     Checking hyper v1.11.0
[INFO] [stderr]     Checking rustls-webpki v0.103.14
[INFO] [stderr]    Compiling futures-channel v0.3.34
[INFO] [stderr]     Checking futures-lite v2.6.1
[INFO] [stderr]     Checking concurrent-queue v2.5.0
[INFO] [stderr]    Compiling atoi v2.0.0
[INFO] [stderr]     Checking ipnet v2.12.1
[INFO] [stderr]     Checking tower v0.5.3
[INFO] [stderr]     Checking hyper-util v0.1.20
[INFO] [stderr]     Checking tempfile v3.27.0
[INFO] [stderr]    Compiling sqlx-core v0.8.6
[INFO] [stderr]    Compiling ref-cast-impl v1.0.26
[INFO] [stderr]    Compiling serde_derive_internals v0.30.0
[INFO] [stderr]     Checking http-body-util v0.1.5
[INFO] [stderr]     Checking event-listener-strategy v0.5.4
[INFO] [stderr]    Compiling hybrid-array v0.4.14
[INFO] [stderr]    Compiling async-io v2.6.0
[INFO] [stderr]    Compiling unicode-segmentation v1.13.3
[INFO] [stderr]     Checking simd-adler32 v0.3.10
[INFO] [stderr]    Compiling convert_case v0.10.0
[INFO] [stderr]    Compiling schemars_derive v1.2.2
[INFO] [stderr]     Checking ref-cast v1.0.26
[INFO] [stderr]     Checking polling v3.11.0
[INFO] [stderr]    Compiling unicode-xid v0.2.6
[INFO] [stderr]     Checking miniz_oxide v0.8.9
[INFO] [stderr]    Compiling derive_more-impl v2.1.1
[INFO] [stderr]    Compiling darling_macro v0.23.0
[INFO] [stderr]    Compiling crypto-common v0.2.2
[INFO] [stderr]    Compiling darling v0.23.0
[INFO] [stderr]    Compiling serde_with_macros v3.22.0
[INFO] [stderr]    Compiling block-buffer v0.12.1
[INFO] [stderr]     Checking async-channel v2.5.0
[INFO] [stderr]     Checking tower-http v0.6.11
[INFO] [stderr]     Checking tokio-rustls v0.26.4
[INFO] [stderr]     Checking tokio-util v0.7.19
[INFO] [stderr]     Checking schemars v1.2.2
[INFO] [stderr]     Checking hyper-rustls v0.27.9
[INFO] [stderr]    Compiling sqlx-sqlite v0.8.6
[INFO] [stderr]    Compiling pin-project-internal v1.1.13
[INFO] [stderr]    Compiling strum_macros v0.28.0
[INFO] [stderr]     Checking async-task v4.7.1
[INFO] [stderr]    Compiling digest v0.11.3
[INFO] [stderr]     Checking cipher v0.4.4
[INFO] [stderr]     Checking reqwest v0.12.28
[INFO] [stderr]     Checking serde_with v3.22.0
[INFO] [stderr]     Checking flate2 v1.1.9
[INFO] [stderr]     Checking derive_more v2.1.1
[INFO] [stderr]     Checking async-signal v0.2.14
[INFO] [stderr]     Checking pin-project v1.1.13
[INFO] [stderr]     Checking fdeflate v0.3.7
[INFO] [stderr]     Checking async-lock v3.4.2
[INFO] [stderr]     Checking ulid v1.2.1
[INFO] [stderr]     Checking universal-hash v0.5.1
[INFO] [stderr]     Checking piper v0.2.5
[INFO] [stderr]     Checking sha1 v0.10.7
[INFO] [stderr]    Compiling same-file v1.0.6
[INFO] [stderr]     Checking utf-8 v0.7.6
[INFO] [stderr]     Checking fixedbitset v0.5.7
[INFO] [stderr]     Checking data-encoding v2.11.1
[INFO] [stderr]     Checking pxfm v0.1.30
[INFO] [stderr]     Checking poly1305 v0.8.0
[INFO] [stderr]     Checking async-process v2.5.0
[INFO] [stderr]     Checking futures-concurrency v7.7.1
[INFO] [stderr]     Checking tungstenite v0.28.0
[INFO] [stderr]    Compiling sha2 v0.11.0
[INFO] [stderr]     Checking blocking v1.6.2
[INFO] [stderr]     Checking strum v0.28.0
[INFO] [stderr]    Compiling walkdir v2.5.0
[INFO] [stderr]    Compiling sqlx-macros-core v0.8.6
[INFO] [stderr]     Checking png v0.18.1
[INFO] [stderr]     Checking chacha20 v0.9.1
[INFO] [stderr]     Checking futures v0.3.34
[INFO] [stderr]     Checking uuid v1.24.1
[INFO] [stderr]    Compiling agent-client-protocol-derive v2.0.0
[INFO] [stderr]     Checking aead v0.5.2
[INFO] [stderr]     Checking byteorder-lite v0.1.0
[INFO] [stderr]     Checking agent-client-protocol-schema v1.5.0
[INFO] [stderr]    Compiling mime v0.3.17
[INFO] [stderr]     Checking rustc-hash v2.1.3
[INFO] [stderr]     Checking shell-words v1.1.1
[INFO] [stderr]     Checking bytemuck v1.25.2
[INFO] [stderr]    Compiling mime_guess v2.0.5
[INFO] [stderr]     Checking chacha20poly1305 v0.10.1
[INFO] [stderr]    Compiling rust-embed-utils v8.12.0
[INFO] [stderr]     Checking tokio-tungstenite v0.28.0
[INFO] [stderr]     Checking axum-core v0.5.6
[INFO] [stderr]     Checking moxcms v0.8.1
[INFO] [stderr]    Compiling rust-embed-impl v8.12.0
[INFO] [stderr]    Compiling sqlx-macros v0.8.6
[INFO] [stderr]     Checking serde_path_to_error v0.1.20
[INFO] [stderr]     Checking regex-syntax v0.8.11
[INFO] [stderr]     Checking rust-embed v8.12.0
[INFO] [stderr]     Checking latoile-github v0.1.0 (/opt/rustwide/workdir/crates/github)
[INFO] [stderr]     Checking latoile-preview v0.1.0 (/opt/rustwide/workdir/crates/preview)
[INFO] [stderr]     Checking clap_lex v1.1.0
[INFO] [stderr]     Checking sqlx v0.8.6
[INFO] [stderr]     Checking clap_builder v4.6.6
[INFO] [stderr]     Checking latoile-app v0.1.0 (/opt/rustwide/workdir/crates/app)
[INFO] [stderr]     Checking latoile-vault v0.1.0 (/opt/rustwide/workdir/crates/vault)
[INFO] [stderr]     Checking regex-automata v0.4.18
[INFO] [stderr]    Compiling clap_derive v4.6.4
[INFO] [stderr]     Checking axum v0.8.9
[INFO] [stderr]     Checking tracing-log v0.2.0
[INFO] [stderr]     Checking rtoolbox v0.0.5
[INFO] [stderr]     Checking thread_local v1.1.10
[INFO] [stderr]     Checking nu-ansi-term v0.50.3
[INFO] [stderr]     Checking matchers v0.2.0
[INFO] [stderr]     Checking rpassword v7.5.4
[INFO] [stderr]     Checking clap v4.6.6
[INFO] [stderr]     Checking tracing-subscriber v0.3.23
[INFO] [stderr]     Checking image v0.25.10
[INFO] [stderr]     Checking latoile-capture v0.1.0 (/opt/rustwide/workdir/crates/capture)
[INFO] [stderr]     Checking agent-client-protocol v2.0.0
[INFO] [stderr]     Checking latoile-agents v0.1.0 (/opt/rustwide/workdir/crates/agents)
[INFO] [stderr]     Checking latoile-server v0.1.0 (/opt/rustwide/workdir/crates/server)
[INFO] [stdout] error: #[derive(RustEmbed)] folder '/opt/rustwide/workdir/crates/server/../../web/dist' does not exist. cwd: '/opt/rustwide/workdir'
[INFO] [stdout]   --> crates/server/src/assets.rs:14:1
[INFO] [stdout]    |
[INFO] [stdout] 14 | / #[folder = "../../web/dist"]
[INFO] [stdout] 15 | | struct Assets;
[INFO] [stdout]    | |______________^
[INFO] [stdout] 
[INFO] [stdout] 
[INFO] [stdout] error: #[derive(RustEmbed)] folder '/opt/rustwide/workdir/crates/server/../../web/dist' does not exist. cwd: '/opt/rustwide/workdir'
[INFO] [stdout]   --> crates/server/src/assets.rs:14:1
[INFO] [stdout]    |
[INFO] [stdout] 14 | / #[folder = "../../web/dist"]
[INFO] [stdout] 15 | | struct Assets;
[INFO] [stdout]    | |______________^
[INFO] [stdout] 
[INFO] [stdout] 
[INFO] [stdout] error[E0599]: no associated function or constant named `get` found for struct `Assets` in the current scope
[INFO] [stdout]   --> crates/server/src/assets.rs:27:19
[INFO] [stdout]    |
[INFO] [stdout] 15 | struct Assets;
[INFO] [stdout]    | ------------- associated function or constant `get` not found for this struct
[INFO] [stdout] ...
[INFO] [stdout] 27 |     match Assets::get(path) {
[INFO] [stdout]    |                   ^^^ associated function or constant not found in `Assets`
[INFO] [stdout]    |
[INFO] [stdout]    = help: items from traits can only be used if the trait is implemented and in scope
[INFO] [stdout]    = note: the following traits define an item `get`, perhaps you need to implement one of them:
[INFO] [stdout]            candidate #1: `ApprovalStore`
[INFO] [stdout]            candidate #2: `ArchitectureSessionStore`
[INFO] [stdout]            candidate #3: `Embed`
[INFO] [stdout]            candidate #4: `ProjectStore`
[INFO] [stdout]            candidate #5: `RunStore`
[INFO] [stdout]            candidate #6: `SecretStore`
[INFO] [stdout]            candidate #7: `SliceIndex`
[INFO] [stdout]            candidate #8: `TaskStore`
[INFO] [stdout]            candidate #9: `VisualBaselineStore`
[INFO] [stdout]            candidate #10: `VisualComparisonStore`
[INFO] [stdout]            candidate #11: `icu_collections::codepointtrie::cptrie::TypedCodePointTrie`
[INFO] [stdout]            candidate #12: `icu_properties::names::PropertyEnumToValueNameLookup`
[INFO] [stdout]            candidate #13: `icu_provider::baked::DataStore`
[INFO] [stdout]            candidate #14: `rustls::server::server_conn::StoresServerSessions`
[INFO] [stdout]            candidate #15: `sqlx_core::row::Row`
[INFO] [stdout] 
[INFO] [stdout] 
[INFO] [stdout] error[E0599]: no associated function or constant named `get` found for struct `Assets` in the current scope
[INFO] [stdout]   --> crates/server/src/assets.rs:30:31
[INFO] [stdout]    |
[INFO] [stdout] 15 | struct Assets;
[INFO] [stdout]    | ------------- associated function or constant `get` not found for this struct
[INFO] [stdout] ...
[INFO] [stdout] 30 |         None => match Assets::get("index.html") {
[INFO] [stdout]    |                               ^^^ associated function or constant not found in `Assets`
[INFO] [stdout]    |
[INFO] [stdout]    = help: items from traits can only be used if the trait is implemented and in scope
[INFO] [stdout]    = note: the following traits define an item `get`, perhaps you need to implement one of them:
[INFO] [stdout]            candidate #1: `ApprovalStore`
[INFO] [stdout]            candidate #2: `ArchitectureSessionStore`
[INFO] [stdout]            candidate #3: `Embed`
[INFO] [stdout]            candidate #4: `ProjectStore`
[INFO] [stdout]            candidate #5: `RunStore`
[INFO] [stdout]            candidate #6: `SecretStore`
[INFO] [stdout]            candidate #7: `SliceIndex`
[INFO] [stdout]            candidate #8: `TaskStore`
[INFO] [stdout]            candidate #9: `VisualBaselineStore`
[INFO] [stdout]            candidate #10: `VisualComparisonStore`
[INFO] [stdout]            candidate #11: `icu_collections::codepointtrie::cptrie::TypedCodePointTrie`
[INFO] [stdout]            candidate #12: `icu_properties::names::PropertyEnumToValueNameLookup`
[INFO] [stdout]            candidate #13: `icu_provider::baked::DataStore`
[INFO] [stdout]            candidate #14: `rustls::server::server_conn::StoresServerSessions`
[INFO] [stdout]            candidate #15: `sqlx_core::row::Row`
[INFO] [stdout] 
[INFO] [stdout] 
[INFO] [stdout] error[E0599]: no associated function or constant named `get` found for struct `Assets` in the current scope
[INFO] [stdout]   --> crates/server/src/assets.rs:27:19
[INFO] [stdout]    |
[INFO] [stdout] 15 | struct Assets;
[INFO] [stdout]    | ------------- associated function or constant `get` not found for this struct
[INFO] [stdout] ...
[INFO] [stdout] 27 |     match Assets::get(path) {
[INFO] [stdout]    |                   ^^^ associated function or constant not found in `Assets`
[INFO] [stdout]    |
[INFO] [stdout]    = help: items from traits can only be used if the trait is implemented and in scope
[INFO] [stdout]    = note: the following traits define an item `get`, perhaps you need to implement one of them:
[INFO] [stdout]            candidate #1: `ApprovalStore`
[INFO] [stdout]            candidate #2: `Embed`
[INFO] [stdout]            candidate #3: `RunStore`
[INFO] [stdout]            candidate #4: `SecretStore`
[INFO] [stdout]            candidate #5: `SliceIndex`
[INFO] [stdout]            candidate #6: `TaskStore`
[INFO] [stdout]            candidate #7: `VisualComparisonStore`
[INFO] [stdout]            candidate #8: `icu_collections::codepointtrie::cptrie::TypedCodePointTrie`
[INFO] [stdout]            candidate #9: `icu_properties::names::PropertyEnumToValueNameLookup`
[INFO] [stdout]            candidate #10: `icu_provider::baked::DataStore`
[INFO] [stdout]            candidate #11: `latoile_core::ports::ArchitectureSessionStore`
[INFO] [stdout]            candidate #12: `latoile_core::ports::ProjectStore`
[INFO] [stdout]            candidate #13: `latoile_core::ports::VisualBaselineStore`
[INFO] [stdout]            candidate #14: `rustls::server::server_conn::StoresServerSessions`
[INFO] [stdout]            candidate #15: `sqlx_core::row::Row`
[INFO] [stdout] 
[INFO] [stdout] 
[INFO] [stdout] error[E0599]: no associated function or constant named `get` found for struct `Assets` in the current scope
[INFO] [stdout]   --> crates/server/src/assets.rs:30:31
[INFO] [stdout]    |
[INFO] [stdout] 15 | struct Assets;
[INFO] [stdout]    | ------------- associated function or constant `get` not found for this struct
[INFO] [stdout] ...
[INFO] [stdout] 30 |         None => match Assets::get("index.html") {
[INFO] [stdout]    |                               ^^^ associated function or constant not found in `Assets`
[INFO] [stdout]    |
[INFO] [stdout]    = help: items from traits can only be used if the trait is implemented and in scope
[INFO] [stdout]    = note: the following traits define an item `get`, perhaps you need to implement one of them:
[INFO] [stdout]            candidate #1: `ApprovalStore`
[INFO] [stdout]            candidate #2: `Embed`
[INFO] [stdout]            candidate #3: `RunStore`
[INFO] [stdout]            candidate #4: `SecretStore`
[INFO] [stdout]            candidate #5: `SliceIndex`
[INFO] [stdout]            candidate #6: `TaskStore`
[INFO] [stdout]            candidate #7: `VisualComparisonStore`
[INFO] [stdout]            candidate #8: `icu_collections::codepointtrie::cptrie::TypedCodePointTrie`
[INFO] [stdout]            candidate #9: `icu_properties::names::PropertyEnumToValueNameLookup`
[INFO] [stdout]            candidate #10: `icu_provider::baked::DataStore`
[INFO] [stdout]            candidate #11: `latoile_core::ports::ArchitectureSessionStore`
[INFO] [stdout]            candidate #12: `latoile_core::ports::ProjectStore`
[INFO] [stdout]            candidate #13: `latoile_core::ports::VisualBaselineStore`
[INFO] [stdout]            candidate #14: `rustls::server::server_conn::StoresServerSessions`
[INFO] [stdout]            candidate #15: `sqlx_core::row::Row`
[INFO] [stdout] 
[INFO] [stdout] 
[INFO] [stdout] For more information about this error, try `rustc --explain E0599`.
[INFO] [stdout] 
[INFO] [stderr] error: could not compile `latoile-server` (lib) due to 3 previous errors
[INFO] [stderr] warning: build failed, waiting for other jobs to finish...
[INFO] [stdout] For more information about this error, try `rustc --explain E0599`.
[INFO] [stdout] 
[INFO] [stderr] error: could not compile `latoile-server` (lib test) due to 3 previous errors
[INFO] running `Command { std: "docker" "inspect" "96501d98fd04dbf06f26b09ddefd5a7b22d66ca7d8f2b8bae76c7d04ee420824", kill_on_drop: false }`
[INFO] running `Command { std: "docker" "rm" "-f" "96501d98fd04dbf06f26b09ddefd5a7b22d66ca7d8f2b8bae76c7d04ee420824", kill_on_drop: false }`
[INFO] [stdout] 96501d98fd04dbf06f26b09ddefd5a7b22d66ca7d8f2b8bae76c7d04ee420824
