[INFO] cloning repository https://github.com/salamaashoush/ferrijs
[INFO] running `Command { std: "git" "-c" "credential.helper=" "-c" "credential.helper=/workspace/cargo-home/bin/git-credential-null" "clone" "--bare" "https://github.com/salamaashoush/ferrijs" "/workspace/cache/git-repos/https%3A%2F%2Fgithub.com%2Fsalamaashoush%2Fferrijs", kill_on_drop: false }`
[INFO] [stderr] Cloning into bare repository '/workspace/cache/git-repos/https%3A%2F%2Fgithub.com%2Fsalamaashoush%2Fferrijs'...
[INFO] running `Command { std: "git" "rev-parse" "HEAD", kill_on_drop: false }`
[INFO] [stdout] 344684ae5a5cb9934aa3065033a8a12c19b2b4d5
[INFO] checking salamaashoush/ferrijs against 3154cc1a3e6424e44f438a95007d043ed5ceaaf6+rustflags=-Znext-solver=coherence for pr-133502-30
[INFO] running `Command { std: "git" "clone" "/workspace/cache/git-repos/https%3A%2F%2Fgithub.com%2Fsalamaashoush%2Fferrijs" "/workspace/builds/worker-7-tc1/source", kill_on_drop: false }`
[INFO] [stderr] Cloning into '/workspace/builds/worker-7-tc1/source'...
[INFO] [stderr] done.
[INFO] removed /workspace/builds/worker-7-tc1/source/rust-toolchain.toml
[INFO] started tweaking git repo https://github.com/salamaashoush/ferrijs
[INFO] finished tweaking git repo https://github.com/salamaashoush/ferrijs
[INFO] tweaked toml for git repo https://github.com/salamaashoush/ferrijs written to /workspace/builds/worker-7-tc1/source/Cargo.toml
[INFO] validating manifest of git repo https://github.com/salamaashoush/ferrijs on toolchain 3154cc1a3e6424e44f438a95007d043ed5ceaaf6
[INFO] running `Command { std: CARGO_HOME="/workspace/cargo-home" RUSTUP_HOME="/workspace/rustup-home" "/workspace/cargo-home/bin/cargo" "+3154cc1a3e6424e44f438a95007d043ed5ceaaf6" "metadata" "--manifest-path" "Cargo.toml" "--no-deps", kill_on_drop: false }`
[INFO] crate git repo https://github.com/salamaashoush/ferrijs already has a lockfile, it will not be regenerated
[INFO] running `Command { std: CARGO_HOME="/workspace/cargo-home" RUSTUP_HOME="/workspace/rustup-home" "/workspace/cargo-home/bin/cargo" "+3154cc1a3e6424e44f438a95007d043ed5ceaaf6" "fetch" "--manifest-path" "Cargo.toml", kill_on_drop: false }`
[INFO] [stderr] warning: unused workspace dependency `either`
[INFO] [stderr]   --> Cargo.toml:25:1
[INFO] [stderr]    |
[INFO] [stderr] 25 | either = "1"
[INFO] [stderr]    | ^^^^^^
[INFO] [stderr]    |
[INFO] [stderr]    = note: `cargo::unused_workspace_dependencies` is set to `warn` by default
[INFO] [stderr] help: consider removing the workspace dependency `either`
[INFO] [stderr] warning: unused workspace dependency `ferrijs`
[INFO] [stderr]   --> Cargo.toml:49:25
[INFO] [stderr]    |
[INFO] [stderr] 49 | [workspace.dependencies.ferrijs]
[INFO] [stderr]    |                         ^^^^^^^
[INFO] [stderr]    |
[INFO] [stderr] help: consider removing the workspace dependency `ferrijs`
[INFO] [stderr] warning: unused workspace dependency `ferrijs-bundle`
[INFO] [stderr]   --> Cargo.toml:53:25
[INFO] [stderr]    |
[INFO] [stderr] 53 | [workspace.dependencies.ferrijs-bundle]
[INFO] [stderr]    |                         ^^^^^^^^^^^^^^
[INFO] [stderr]    |
[INFO] [stderr] help: consider removing the workspace dependency `ferrijs-bundle`
[INFO] [stderr] warning: unused workspace dependency `flate2`
[INFO] [stderr]   --> Cargo.toml:26:1
[INFO] [stderr]    |
[INFO] [stderr] 26 | flate2 = "1"
[INFO] [stderr]    | ^^^^^^
[INFO] [stderr]    |
[INFO] [stderr] help: consider removing the workspace dependency `flate2`
[INFO] [stderr] warning: unused workspace dependency `hmac`
[INFO] [stderr]   --> Cargo.toml:28:1
[INFO] [stderr]    |
[INFO] [stderr] 28 | hmac = "0.13"
[INFO] [stderr]    | ^^^^
[INFO] [stderr]    |
[INFO] [stderr] help: consider removing the workspace dependency `hmac`
[INFO] [stderr] warning: unused workspace dependency `mime`
[INFO] [stderr]   --> Cargo.toml:30:1
[INFO] [stderr]    |
[INFO] [stderr] 30 | mime = "0.3"
[INFO] [stderr]    | ^^^^
[INFO] [stderr]    |
[INFO] [stderr] help: consider removing the workspace dependency `mime`
[INFO] [stderr] warning: unused workspace dependency `percent-encoding`
[INFO] [stderr]   --> Cargo.toml:31:1
[INFO] [stderr]    |
[INFO] [stderr] 31 | percent-encoding = "2"
[INFO] [stderr]    | ^^^^^^^^^^^^^^^^
[INFO] [stderr]    |
[INFO] [stderr] help: consider removing the workspace dependency `percent-encoding`
[INFO] [stderr] warning: unused workspace dependency `regex`
[INFO] [stderr]   --> Cargo.toml:32:1
[INFO] [stderr]    |
[INFO] [stderr] 32 | regex = "1"
[INFO] [stderr]    | ^^^^^
[INFO] [stderr]    |
[INFO] [stderr] help: consider removing the workspace dependency `regex`
[INFO] [stderr] warning: unused workspace dependency `sha1`
[INFO] [stderr]   --> Cargo.toml:36:1
[INFO] [stderr]    |
[INFO] [stderr] 36 | sha1 = "0.11"
[INFO] [stderr]    | ^^^^
[INFO] [stderr]    |
[INFO] [stderr] help: consider removing the workspace dependency `sha1`
[INFO] [stderr] warning: unused workspace dependency `sha2`
[INFO] [stderr]   --> Cargo.toml:37:1
[INFO] [stderr]    |
[INFO] [stderr] 37 | sha2 = "0.11"
[INFO] [stderr]    | ^^^^
[INFO] [stderr]    |
[INFO] [stderr] help: consider removing the workspace dependency `sha2`
[INFO] [stderr] warning: unused workspace dependency `subtle`
[INFO] [stderr]   --> Cargo.toml:38:1
[INFO] [stderr]    |
[INFO] [stderr] 38 | subtle = "2"
[INFO] [stderr]    | ^^^^^^
[INFO] [stderr]    |
[INFO] [stderr] help: consider removing the workspace dependency `subtle`
[INFO] [stderr] warning: unused workspace dependency `thiserror`
[INFO] [stderr]   --> Cargo.toml:40:1
[INFO] [stderr]    |
[INFO] [stderr] 40 | thiserror = "2"
[INFO] [stderr]    | ^^^^^^^^^
[INFO] [stderr]    |
[INFO] [stderr] help: consider removing the workspace dependency `thiserror`
[INFO] [stderr] warning: unused workspace dependency `url`
[INFO] [stderr]   --> Cargo.toml:42:1
[INFO] [stderr]    |
[INFO] [stderr] 42 | url = "2"
[INFO] [stderr]    | ^^^
[INFO] [stderr]    |
[INFO] [stderr] help: consider removing the workspace dependency `url`
[INFO] [stderr] warning: unused field `readme` in `workspace.package`
[INFO] [stderr]    --> Cargo.toml:139:1
[INFO] [stderr]     |
[INFO] [stderr] 139 | readme = "README.md"
[INFO] [stderr]     | ^^^^^^
[INFO] [stderr]     |
[INFO] [stderr]     = note: `cargo::unused_workspace_package_fields` is set to `warn` by default
[INFO] [stderr] help: consider removing the field `workspace.package.readme`
[INFO] [stderr] warning: unused field `rust-version` in `workspace.package`
[INFO] [stderr]    --> Cargo.toml:141:1
[INFO] [stderr]     |
[INFO] [stderr] 141 | rust-version = "1.97.0"
[INFO] [stderr]     | ^^^^^^^^^^^^
[INFO] [stderr]     |
[INFO] [stderr] help: consider removing the field `workspace.package.rust-version`
[INFO] [stderr] warning: workspace (manifest) generated 15 warnings
[INFO] [stderr] warning: `package.homepage` is redundant with `package.repository`
[INFO] [stderr]  --> crates/ferrijs/Cargo.toml:9:1
[INFO] [stderr]   |
[INFO] [stderr] 8 | repository.workspace = true
[INFO] [stderr]   | ----------
[INFO] [stderr] 9 | homepage.workspace = true
[INFO] [stderr]   | ^^^^^^^^
[INFO] [stderr]   |
[INFO] [stderr]   = note: `cargo::redundant_homepage` is set to `warn` by default
[INFO] [stderr] help: consider removing `package.homepage`
[INFO] [stderr] warning: `ferrijs` (manifest) generated 1 warning
[INFO] [stderr] warning: `package.homepage` is redundant with `package.repository`
[INFO] [stderr]  --> crates/ferrijs-fetch/Cargo.toml:9:1
[INFO] [stderr]   |
[INFO] [stderr] 8 | repository.workspace = true
[INFO] [stderr]   | ----------
[INFO] [stderr] 9 | homepage.workspace = true
[INFO] [stderr]   | ^^^^^^^^
[INFO] [stderr]   |
[INFO] [stderr]   = note: `cargo::redundant_homepage` is set to `warn` by default
[INFO] [stderr] help: consider removing `package.homepage`
[INFO] [stderr] warning: `ferrijs-fetch` (manifest) generated 1 warning
[INFO] [stderr] warning: `package.homepage` is redundant with `package.repository`
[INFO] [stderr]  --> crates/ferrijs-bundle/Cargo.toml:9:1
[INFO] [stderr]   |
[INFO] [stderr] 8 | repository.workspace = true
[INFO] [stderr]   | ----------
[INFO] [stderr] 9 | homepage.workspace = true
[INFO] [stderr]   | ^^^^^^^^
[INFO] [stderr]   |
[INFO] [stderr]   = note: `cargo::redundant_homepage` is set to `warn` by default
[INFO] [stderr] help: consider removing `package.homepage`
[INFO] [stderr] warning: `ferrijs-bundle` (manifest) generated 1 warning
[INFO] [stderr] warning: `package.homepage` is redundant with `package.repository`
[INFO] [stderr]  --> crates/ferrijs-cli/Cargo.toml:9:1
[INFO] [stderr]   |
[INFO] [stderr] 8 | repository.workspace = true
[INFO] [stderr]   | ----------
[INFO] [stderr] 9 | homepage.workspace = true
[INFO] [stderr]   | ^^^^^^^^
[INFO] [stderr]   |
[INFO] [stderr]   = note: `cargo::redundant_homepage` is set to `warn` by default
[INFO] [stderr] help: consider removing `package.homepage`
[INFO] [stderr] warning: `ferrijs-cli` (manifest) generated 1 warning
[INFO] [stderr] warning: `package.homepage` is redundant with `package.repository`
[INFO] [stderr]   --> crates/ferrijs-std/Cargo.toml:15:1
[INFO] [stderr]    |
[INFO] [stderr] 14 | repository.workspace = true
[INFO] [stderr]    | ----------
[INFO] [stderr] 15 | homepage.workspace = true
[INFO] [stderr]    | ^^^^^^^^
[INFO] [stderr]    |
[INFO] [stderr]    = note: `cargo::redundant_homepage` is set to `warn` by default
[INFO] [stderr] help: consider removing `package.homepage`
[INFO] [stderr] warning: `ferrijs-std` (manifest) generated 1 warning
[INFO] [stderr] warning: `package.homepage` is redundant with `package.repository`
[INFO] [stderr]   --> crates/ferrijs-serde/Cargo.toml:13:1
[INFO] [stderr]    |
[INFO] [stderr] 12 | repository.workspace = true
[INFO] [stderr]    | ----------
[INFO] [stderr] 13 | homepage.workspace = true
[INFO] [stderr]    | ^^^^^^^^
[INFO] [stderr]    |
[INFO] [stderr]    = note: `cargo::redundant_homepage` is set to `warn` by default
[INFO] [stderr] help: consider removing `package.homepage`
[INFO] [stderr] warning: `ferrijs-serde` (manifest) generated 1 warning
[INFO] [stderr] warning: `package.homepage` is redundant with `package.repository`
[INFO] [stderr]  --> crates/ferrijs-permissions/Cargo.toml:9:1
[INFO] [stderr]   |
[INFO] [stderr] 8 | repository.workspace = true
[INFO] [stderr]   | ----------
[INFO] [stderr] 9 | homepage.workspace = true
[INFO] [stderr]   | ^^^^^^^^
[INFO] [stderr]   |
[INFO] [stderr]   = note: `cargo::redundant_homepage` is set to `warn` by default
[INFO] [stderr] help: consider removing `package.homepage`
[INFO] [stderr] warning: `ferrijs-permissions` (manifest) generated 1 warning
[INFO] [stderr]     Updating crates.io index
[INFO] [stderr]  Downloading crates ...
[INFO] [stderr]   Downloaded relative-path v2.0.2
[INFO] [stderr]   Downloaded dlopen2_derive v0.5.0
[INFO] [stderr]   Downloaded rolldown_plugin v1.2.13
[INFO] [stderr]   Downloaded dlopen2 v0.9.0
[INFO] [stderr]   Downloaded typedmap v0.6.0
[INFO] [stderr]   Downloaded json-strip-comments v3.1.2
[INFO] [stderr]   Downloaded oxc_compat v0.153.0
[INFO] [stderr]   Downloaded oxc v0.153.0
[INFO] [stderr]   Downloaded concurrent_lru v0.2.0
[INFO] [stderr]   Downloaded rolldown_std_utils v1.2.13
[INFO] [stderr]   Downloaded json-escape-simd v3.1.2
[INFO] [stderr]   Downloaded nodejs-built-in-modules v1.0.0
[INFO] [stderr]   Downloaded hmac-sha1-compact v1.1.8
[INFO] [stderr]   Downloaded escape-simd v0.1.0
[INFO] [stderr]   Downloaded fast-glob v1.1.2
[INFO] [stderr]   Downloaded oxc_str v0.153.0
[INFO] [stderr]   Downloaded oxc_ast_macros v0.153.0
[INFO] [stderr]   Downloaded lazy-regex-proc_macros v3.6.2
[INFO] [stderr]   Downloaded rolldown_fs v1.2.13
[INFO] [stderr]   Downloaded rolldown_devtools_action v1.2.13
[INFO] [stderr]   Downloaded append-only-vec v0.1.8
[INFO] [stderr]   Downloaded async-scoped v0.9.0
[INFO] [stderr]   Downloaded rolldown_tracing v1.2.13
[INFO] [stderr]   Downloaded base-encode v0.3.1
[INFO] [stderr]   Downloaded rolldown_devtools v1.2.13
[INFO] [stderr]   Downloaded lazy-regex v3.6.2
[INFO] [stderr]   Downloaded string_wizard v1.2.13
[INFO] [stderr]   Downloaded oxc_index v5.0.0
[INFO] [stderr]   Downloaded rolldown-ariadne v0.6.0
[INFO] [stderr]   Downloaded xxhash-rust v0.8.19
[INFO] [stderr]   Downloaded value-trait v0.12.2
[INFO] [stderr]   Downloaded oxc_span v0.153.0
[INFO] [stderr]   Downloaded oxc_mangler v0.153.0
[INFO] [stderr]   Downloaded infer v0.22.0
[INFO] [stderr]   Downloaded rolldown_sourcemap v1.2.13
[INFO] [stderr]   Downloaded rolldown_ecmascript v1.2.13
[INFO] [stderr]   Downloaded ts-rs-macros v12.0.1
[INFO] [stderr]   Downloaded rolldown_plugin_lazy_compilation v1.2.13
[INFO] [stderr]   Downloaded rolldown_plugin_data_url v1.2.13
[INFO] [stderr]   Downloaded rolldown_plugin_copy_module v1.2.13
[INFO] [stderr]   Downloaded rolldown_plugin_utils v1.2.13
[INFO] [stderr]   Downloaded rolldown_plugin_chunk_import_map v1.2.13
[INFO] [stderr]   Downloaded rolldown_plugin_asset_module v1.2.13
[INFO] [stderr]   Downloaded rolldown_ecmascript_utils v1.2.13
[INFO] [stderr]   Downloaded rolldown_dev_common v1.2.13
[INFO] [stderr]   Downloaded spki v0.8.1
[INFO] [stderr]   Downloaded halfbrown v0.4.0
[INFO] [stderr]   Downloaded oxc_syntax v0.153.0
[INFO] [stderr]   Downloaded oxc_estree v0.153.0
[INFO] [stderr]   Downloaded oxc_diagnostics v0.153.0
[INFO] [stderr]   Downloaded textwrap v0.16.4
[INFO] [stderr]   Downloaded hex-simd v0.8.0
[INFO] [stderr]   Downloaded oxc_transformer_plugins v0.153.0
[INFO] [stderr]   Downloaded oxc_isolated_declarations v0.153.0
[INFO] [stderr]   Downloaded rolldown_resolver v1.2.13
[INFO] [stderr]   Downloaded rolldown_plugin_hmr v1.2.13
[INFO] [stderr]   Downloaded junction v2.1.0
[INFO] [stderr]   Downloaded alloc-stdlib v0.3.0
[INFO] [stderr]   Downloaded alloc-no-stdlib v3.0.0
[INFO] [stderr]   Downloaded oxc_sourcemap v9.0.0
[INFO] [stderr]   Downloaded unicode-id-start v1.5.0
[INFO] [stderr]   Downloaded oxc_ecmascript v0.153.0
[INFO] [stderr]   Downloaded oxc_regular_expression v0.153.0
[INFO] [stderr]   Downloaded ts-rs v12.0.1
[INFO] [stderr]   Downloaded pkcs1 v0.8.0-rc.5
[INFO] [stderr]   Downloaded sugar_path v3.0.0
[INFO] [stderr]   Downloaded rolldown_utils v1.2.13
[INFO] [stderr]   Downloaded rolldown_error v1.2.13
[INFO] [stderr]   Downloaded oxc_data_structures v0.153.0
[INFO] [stderr]   Downloaded oxc_ast_visit v0.153.0
[INFO] [stderr]   Downloaded oxc_codegen v0.153.0
[INFO] [stderr]   Downloaded vfs v0.13.0
[INFO] [stderr]   Downloaded rolldown_plugin_oxc_runtime v1.2.13
[INFO] [stderr]   Downloaded sourcemap v9.3.2
[INFO] [stderr]   Downloaded ml-dsa v0.1.1
[INFO] [stderr]   Downloaded brotlic v0.8.2
[INFO] [stderr]   Downloaded oxc_resolver v11.24.3
[INFO] [stderr]   Downloaded oxc_semantic v0.153.0
[INFO] [stderr]   Downloaded oxc_traverse v0.153.0
[INFO] [stderr]   Downloaded rolldown_common v1.2.13
[INFO] [stderr]   Downloaded oxc_allocator v0.153.0
[INFO] [stderr]   Downloaded oxc-browserslist v5.0.1
[INFO] [stderr]   Downloaded simd-json v0.18.1
[INFO] [stderr]   Downloaded oxc_parser v0.153.0
[INFO] [stderr]   Downloaded oxc_ast v0.153.0
[INFO] [stderr]   Downloaded oxc_transformer v0.153.0
[INFO] [stderr]   Downloaded oxc_minifier v0.153.0
[INFO] [stderr]   Downloaded brotli-decompressor v6.0.1
[INFO] [stderr]   Downloaded shake v0.1.0
[INFO] [stderr]   Downloaded cshake v0.2.1
[INFO] [stderr]   Downloaded pnp v0.12.12
[INFO] [stderr]   Downloaded libz-ng-sys v1.1.29
[INFO] [stderr]   Downloaded brotlic-sys v0.2.2
[INFO] [stderr]   Downloaded brotli v9.0.0
[INFO] [stderr]   Downloaded rolldown v1.2.13
[INFO] running `Command { std: "docker" "create" "-v" "/var/lib/crater-agent-workspace/builds/worker-7-tc1/source:/opt/rustwide/workdir:ro,Z" "-v" "/var/lib/crater-agent-workspace/builds/worker-7-tc1/target:/opt/rustwide/target:rw,Z" "-v" "/var/lib/crater-agent-workspace/cargo-home:/opt/rustwide/cargo-home:ro,Z" "-v" "/var/lib/crater-agent-workspace/rustup-home:/opt/rustwide/rustup-home:ro,Z" "-m" "1610612736" "--network" "none" "ghcr.io/rust-lang/crates-build-env/linux@sha256:77db811e55d90add9212f6832c23229e3de5f1c1f9905e8cb07319ea15df73ac" "sleep" "infinity", kill_on_drop: false }`
[INFO] [stdout] cdd25420d51b8b26c7173a46688309e411c46080fcb91de3f28a4dcb7bc20037
[INFO] running `Command { std: "docker" "start" "cdd25420d51b8b26c7173a46688309e411c46080fcb91de3f28a4dcb7bc20037", kill_on_drop: false }`
[INFO] running `Command { std: "docker" "inspect" "cdd25420d51b8b26c7173a46688309e411c46080fcb91de3f28a4dcb7bc20037", kill_on_drop: false }`
[INFO] running `Command { std: "docker" "exec" "-e" "SOURCE_DIR=/opt/rustwide/workdir" "-e" "CARGO_HOME=/opt/rustwide/cargo-home" "-e" "RUSTUP_HOME=/opt/rustwide/rustup-home" "-e" "CARGO_TARGET_DIR=/opt/rustwide/target" "-w" "/opt/rustwide/workdir" "--user" "0:0" "cdd25420d51b8b26c7173a46688309e411c46080fcb91de3f28a4dcb7bc20037" "/opt/rustwide/cargo-home/bin/cargo" "+3154cc1a3e6424e44f438a95007d043ed5ceaaf6" "metadata" "--no-deps" "--format-version=1", kill_on_drop: false }`
[INFO] running `Command { std: "docker" "inspect" "cdd25420d51b8b26c7173a46688309e411c46080fcb91de3f28a4dcb7bc20037", kill_on_drop: false }`
[INFO] running `Command { std: "docker" "exec" "-e" "SOURCE_DIR=/opt/rustwide/workdir" "-e" "CARGO_HOME=/opt/rustwide/cargo-home" "-e" "RUSTUP_HOME=/opt/rustwide/rustup-home" "-e" "CARGO_TARGET_DIR=/opt/rustwide/target" "-e" "CARGO_INCREMENTAL=0" "-e" "RUST_BACKTRACE=full" "-e" "RUSTFLAGS=--cap-lints=forbid -Znext-solver=coherence" "-e" "RUSTDOCFLAGS=--cap-lints=forbid" "-w" "/opt/rustwide/workdir" "--user" "0:0" "cdd25420d51b8b26c7173a46688309e411c46080fcb91de3f28a4dcb7bc20037" "/opt/rustwide/cargo-home/bin/cargo" "+3154cc1a3e6424e44f438a95007d043ed5ceaaf6" "check" "--frozen" "--all" "--all-targets" "--message-format=json", kill_on_drop: false }`
[INFO] [stderr] warning: unused workspace dependency `either`
[INFO] [stderr]   --> Cargo.toml:25:1
[INFO] [stderr]    |
[INFO] [stderr] 25 | either = "1"
[INFO] [stderr]    | ^^^^^^
[INFO] [stderr]    |
[INFO] [stderr]    = note: `cargo::unused_workspace_dependencies` is set to `warn` by default
[INFO] [stderr] help: consider removing the workspace dependency `either`
[INFO] [stderr] warning: unused workspace dependency `ferrijs`
[INFO] [stderr]   --> Cargo.toml:49:25
[INFO] [stderr]    |
[INFO] [stderr] 49 | [workspace.dependencies.ferrijs]
[INFO] [stderr]    |                         ^^^^^^^
[INFO] [stderr]    |
[INFO] [stderr] help: consider removing the workspace dependency `ferrijs`
[INFO] [stderr] warning: unused workspace dependency `ferrijs-bundle`
[INFO] [stderr]   --> Cargo.toml:53:25
[INFO] [stderr]    |
[INFO] [stderr] 53 | [workspace.dependencies.ferrijs-bundle]
[INFO] [stderr]    |                         ^^^^^^^^^^^^^^
[INFO] [stderr]    |
[INFO] [stderr] help: consider removing the workspace dependency `ferrijs-bundle`
[INFO] [stderr] warning: unused workspace dependency `flate2`
[INFO] [stderr]   --> Cargo.toml:26:1
[INFO] [stderr]    |
[INFO] [stderr] 26 | flate2 = "1"
[INFO] [stderr]    | ^^^^^^
[INFO] [stderr]    |
[INFO] [stderr] help: consider removing the workspace dependency `flate2`
[INFO] [stderr] warning: unused workspace dependency `hmac`
[INFO] [stderr]   --> Cargo.toml:28:1
[INFO] [stderr]    |
[INFO] [stderr] 28 | hmac = "0.13"
[INFO] [stderr]    | ^^^^
[INFO] [stderr]    |
[INFO] [stderr] help: consider removing the workspace dependency `hmac`
[INFO] [stderr] warning: unused workspace dependency `mime`
[INFO] [stderr]   --> Cargo.toml:30:1
[INFO] [stderr]    |
[INFO] [stderr] 30 | mime = "0.3"
[INFO] [stderr]    | ^^^^
[INFO] [stderr]    |
[INFO] [stderr] help: consider removing the workspace dependency `mime`
[INFO] [stderr] warning: unused workspace dependency `percent-encoding`
[INFO] [stderr]   --> Cargo.toml:31:1
[INFO] [stderr]    |
[INFO] [stderr] 31 | percent-encoding = "2"
[INFO] [stderr]    | ^^^^^^^^^^^^^^^^
[INFO] [stderr]    |
[INFO] [stderr] help: consider removing the workspace dependency `percent-encoding`
[INFO] [stderr] warning: unused workspace dependency `regex`
[INFO] [stderr]   --> Cargo.toml:32:1
[INFO] [stderr]    |
[INFO] [stderr] 32 | regex = "1"
[INFO] [stderr]    | ^^^^^
[INFO] [stderr]    |
[INFO] [stderr] help: consider removing the workspace dependency `regex`
[INFO] [stderr] warning: unused workspace dependency `sha1`
[INFO] [stderr]   --> Cargo.toml:36:1
[INFO] [stderr]    |
[INFO] [stderr] 36 | sha1 = "0.11"
[INFO] [stderr]    | ^^^^
[INFO] [stderr]    |
[INFO] [stderr] help: consider removing the workspace dependency `sha1`
[INFO] [stderr] warning: unused workspace dependency `sha2`
[INFO] [stderr]   --> Cargo.toml:37:1
[INFO] [stderr]    |
[INFO] [stderr] 37 | sha2 = "0.11"
[INFO] [stderr]    | ^^^^
[INFO] [stderr]    |
[INFO] [stderr] help: consider removing the workspace dependency `sha2`
[INFO] [stderr] warning: unused workspace dependency `subtle`
[INFO] [stderr]   --> Cargo.toml:38:1
[INFO] [stderr]    |
[INFO] [stderr] 38 | subtle = "2"
[INFO] [stderr]    | ^^^^^^
[INFO] [stderr]    |
[INFO] [stderr] help: consider removing the workspace dependency `subtle`
[INFO] [stderr] warning: unused workspace dependency `thiserror`
[INFO] [stderr]   --> Cargo.toml:40:1
[INFO] [stderr]    |
[INFO] [stderr] 40 | thiserror = "2"
[INFO] [stderr]    | ^^^^^^^^^
[INFO] [stderr]    |
[INFO] [stderr] help: consider removing the workspace dependency `thiserror`
[INFO] [stderr] warning: unused workspace dependency `url`
[INFO] [stderr]   --> Cargo.toml:42:1
[INFO] [stderr]    |
[INFO] [stderr] 42 | url = "2"
[INFO] [stderr]    | ^^^
[INFO] [stderr]    |
[INFO] [stderr] help: consider removing the workspace dependency `url`
[INFO] [stderr] warning: unused field `readme` in `workspace.package`
[INFO] [stderr]    --> Cargo.toml:139:1
[INFO] [stderr]     |
[INFO] [stderr] 139 | readme = "README.md"
[INFO] [stderr]     | ^^^^^^
[INFO] [stderr]     |
[INFO] [stderr]     = note: `cargo::unused_workspace_package_fields` is set to `warn` by default
[INFO] [stderr] help: consider removing the field `workspace.package.readme`
[INFO] [stderr] warning: unused field `rust-version` in `workspace.package`
[INFO] [stderr]    --> Cargo.toml:141:1
[INFO] [stderr]     |
[INFO] [stderr] 141 | rust-version = "1.97.0"
[INFO] [stderr]     | ^^^^^^^^^^^^
[INFO] [stderr]     |
[INFO] [stderr] help: consider removing the field `workspace.package.rust-version`
[INFO] [stderr] warning: workspace (manifest) generated 15 warnings
[INFO] [stderr] warning: `package.homepage` is redundant with `package.repository`
[INFO] [stderr]   --> crates/ferrijs-serde/Cargo.toml:13:1
[INFO] [stderr]    |
[INFO] [stderr] 12 | repository.workspace = true
[INFO] [stderr]    | ----------
[INFO] [stderr] 13 | homepage.workspace = true
[INFO] [stderr]    | ^^^^^^^^
[INFO] [stderr]    |
[INFO] [stderr]    = note: `cargo::redundant_homepage` is set to `warn` by default
[INFO] [stderr] help: consider removing `package.homepage`
[INFO] [stderr] warning: `ferrijs-serde` (manifest) generated 1 warning
[INFO] [stderr] warning: `package.homepage` is redundant with `package.repository`
[INFO] [stderr]  --> crates/ferrijs-permissions/Cargo.toml:9:1
[INFO] [stderr]   |
[INFO] [stderr] 8 | repository.workspace = true
[INFO] [stderr]   | ----------
[INFO] [stderr] 9 | homepage.workspace = true
[INFO] [stderr]   | ^^^^^^^^
[INFO] [stderr]   |
[INFO] [stderr]   = note: `cargo::redundant_homepage` is set to `warn` by default
[INFO] [stderr] help: consider removing `package.homepage`
[INFO] [stderr] warning: `ferrijs-permissions` (manifest) generated 1 warning
[INFO] [stderr] warning: `package.homepage` is redundant with `package.repository`
[INFO] [stderr]  --> crates/ferrijs/Cargo.toml:9:1
[INFO] [stderr]   |
[INFO] [stderr] 8 | repository.workspace = true
[INFO] [stderr]   | ----------
[INFO] [stderr] 9 | homepage.workspace = true
[INFO] [stderr]   | ^^^^^^^^
[INFO] [stderr]   |
[INFO] [stderr]   = note: `cargo::redundant_homepage` is set to `warn` by default
[INFO] [stderr] help: consider removing `package.homepage`
[INFO] [stderr] warning: `ferrijs` (manifest) generated 1 warning
[INFO] [stderr] warning: `package.homepage` is redundant with `package.repository`
[INFO] [stderr]  --> crates/ferrijs-fetch/Cargo.toml:9:1
[INFO] [stderr]   |
[INFO] [stderr] 8 | repository.workspace = true
[INFO] [stderr]   | ----------
[INFO] [stderr] 9 | homepage.workspace = true
[INFO] [stderr]   | ^^^^^^^^
[INFO] [stderr]   |
[INFO] [stderr]   = note: `cargo::redundant_homepage` is set to `warn` by default
[INFO] [stderr] help: consider removing `package.homepage`
[INFO] [stderr] warning: `ferrijs-fetch` (manifest) generated 1 warning
[INFO] [stderr] warning: `package.homepage` is redundant with `package.repository`
[INFO] [stderr]  --> crates/ferrijs-bundle/Cargo.toml:9:1
[INFO] [stderr]   |
[INFO] [stderr] 8 | repository.workspace = true
[INFO] [stderr]   | ----------
[INFO] [stderr] 9 | homepage.workspace = true
[INFO] [stderr]   | ^^^^^^^^
[INFO] [stderr]   |
[INFO] [stderr]   = note: `cargo::redundant_homepage` is set to `warn` by default
[INFO] [stderr] help: consider removing `package.homepage`
[INFO] [stderr] warning: `ferrijs-bundle` (manifest) generated 1 warning
[INFO] [stderr] warning: `package.homepage` is redundant with `package.repository`
[INFO] [stderr]  --> crates/ferrijs-cli/Cargo.toml:9:1
[INFO] [stderr]   |
[INFO] [stderr] 8 | repository.workspace = true
[INFO] [stderr]   | ----------
[INFO] [stderr] 9 | homepage.workspace = true
[INFO] [stderr]   | ^^^^^^^^
[INFO] [stderr]   |
[INFO] [stderr]   = note: `cargo::redundant_homepage` is set to `warn` by default
[INFO] [stderr] help: consider removing `package.homepage`
[INFO] [stderr] warning: `ferrijs-cli` (manifest) generated 1 warning
[INFO] [stderr] warning: `package.homepage` is redundant with `package.repository`
[INFO] [stderr]   --> crates/ferrijs-std/Cargo.toml:15:1
[INFO] [stderr]    |
[INFO] [stderr] 14 | repository.workspace = true
[INFO] [stderr]    | ----------
[INFO] [stderr] 15 | homepage.workspace = true
[INFO] [stderr]    | ^^^^^^^^
[INFO] [stderr]    |
[INFO] [stderr]    = note: `cargo::redundant_homepage` is set to `warn` by default
[INFO] [stderr] help: consider removing `package.homepage`
[INFO] [stderr] warning: `ferrijs-std` (manifest) generated 1 warning
[INFO] [stderr]    Compiling proc-macro2 v1.0.107
[INFO] [stderr]    Compiling quote v1.0.47
[INFO] [stderr]    Compiling unicode-ident v1.0.26
[INFO] [stderr]    Compiling libc v0.2.190
[INFO] [stderr]    Compiling serde_core v1.0.229
[INFO] [stderr]    Compiling serde v1.0.229
[INFO] [stderr]     Checking cfg-if v1.0.5
[INFO] [stderr]     Checking memchr v2.8.3
[INFO] [stderr]     Checking foldhash v0.2.0
[INFO] [stderr]     Checking equivalent v1.0.2
[INFO] [stderr]     Checking allocator-api2 v0.2.21
[INFO] [stderr]     Checking itoa v1.0.18
[INFO] [stderr]    Compiling find-msvc-tools v0.1.14
[INFO] [stderr]    Compiling shlex v2.0.1
[INFO] [stderr]     Checking stable_deref_trait v1.2.1
[INFO] [stderr]    Compiling zmij v1.0.23
[INFO] [stderr]     Checking writeable v0.6.4
[INFO] [stderr]     Checking litemap v0.8.3
[INFO] [stderr]    Compiling autocfg v1.5.1
[INFO] [stderr]     Checking pin-project-lite v0.2.17
[INFO] [stderr]    Compiling siphasher v1.0.4
[INFO] [stderr]     Checking utf8_iter v1.0.4
[INFO] [stderr]     Checking percent-encoding v2.3.2
[INFO] [stderr]     Checking either v1.19.0
[INFO] [stderr]     Checking rustc-hash v2.1.3
[INFO] [stderr]     Checking rand_core v0.10.1
[INFO] [stderr]    Compiling fastrand v2.5.0
[INFO] [stderr]     Checking once_cell v1.21.4
[INFO] [stderr]     Checking simd-adler32 v0.3.10
[INFO] [stderr]    Compiling crossbeam-utils v0.8.23
[INFO] [stderr]     Checking hashbrown v0.17.1
[INFO] [stderr]    Compiling phf_shared v0.14.0
[INFO] [stderr]     Checking adler2 v2.0.1
[INFO] [stderr]     Checking bytes v1.12.1
[INFO] [stderr]    Compiling serde_json v1.0.151
[INFO] [stderr]     Checking miniz_oxide v0.9.1
[INFO] [stderr]    Compiling crossbeam-epoch v0.9.21
[INFO] [stderr]    Compiling crossbeam-deque v0.8.8
[INFO] [stderr]    Compiling parking_lot_core v0.9.12
[INFO] [stderr]    Compiling phf_generator v0.14.0
[INFO] [stderr]     Checking scopeguard v1.2.0
[INFO] [stderr]    Compiling rayon-core v1.13.0
[INFO] [stderr]     Checking lock_api v0.4.14
[INFO] [stderr]     Checking regex-syntax v0.8.11
[INFO] [stderr]     Checking unicode-id-start v1.5.0
[INFO] [stderr]     Checking tracing-core v0.1.36
[INFO] [stderr]    Compiling crc32fast v1.5.2
[INFO] [stderr]     Checking futures-core v0.3.34
[INFO] [stderr]    Compiling getrandom v0.4.3
[INFO] [stderr]     Checking zlib-rs v0.6.8
[INFO] [stderr]     Checking aho-corasick v1.1.5
[INFO] [stderr]     Checking futures-sink v0.3.34
[INFO] [stderr]     Checking base64 v0.23.1
[INFO] [stderr]    Compiling rustix v1.1.5
[INFO] [stderr]     Checking outref v0.5.2
[INFO] [stderr]     Checking ryu v1.0.23
[INFO] [stderr]     Checking vsimd v0.8.0
[INFO] [stderr]     Checking futures-channel v0.3.34
[INFO] [stderr]     Checking futures-io v0.3.34
[INFO] [stderr]     Checking slab v0.4.12
[INFO] [stderr]     Checking futures-task v0.3.34
[INFO] [stderr]     Checking linux-raw-sys v0.12.1
[INFO] [stderr]    Compiling pkg-config v0.3.34
[INFO] [stderr]     Checking cmov v0.5.4
[INFO] [stderr]     Checking form_urlencoded v1.2.2
[INFO] [stderr]     Checking log v0.4.34
[INFO] [stderr]    Compiling syn v3.0.6
[INFO] [stderr]    Compiling syn v2.0.119
[INFO] [stderr]     Checking ctutils v0.4.3
[INFO] [stderr]    Compiling num-traits v0.2.19
[INFO] [stderr]     Checking base64-simd v0.8.0
[INFO] [stderr]     Checking typenum v1.20.1
[INFO] [stderr]     Checking hashbrown v0.16.1
[INFO] [stderr]     Checking cpufeatures v0.3.1
[INFO] [stderr]    Compiling ref-cast v1.0.27
[INFO] [stderr]     Checking simdutf8 v0.1.5
[INFO] [stderr]     Checking rayon v1.12.0
[INFO] [stderr]     Checking mime v0.3.17
[INFO] [stderr]     Checking zeroize v1.9.1
[INFO] [stderr]     Checking errno v0.3.14
[INFO] [stderr]     Checking socket2 v0.6.5
[INFO] [stderr]     Checking mio v1.2.4
[INFO] [stderr]     Checking signal-hook-registry v1.4.8
[INFO] [stderr]     Checking flate2 v1.1.10
[INFO] [stderr]    Compiling dunce v1.0.5
[INFO] [stderr]     Checking uuid v1.27.0
[INFO] [stderr]     Checking indexmap v2.14.2
[INFO] [stderr]     Checking bitflags v2.13.2
[INFO] [stderr]     Checking halfbrown v0.4.0
[INFO] [stderr]    Compiling jobserver v0.1.35
[INFO] [stderr]    Compiling fs_extra v1.3.0
[INFO] [stderr]    Compiling icu_normalizer_data v2.3.0
[INFO] [stderr]    Compiling icu_properties_data v2.3.0
[INFO] [stderr]     Checking const-oid v0.10.2
[INFO] [stderr]    Compiling aws-lc-rs v1.18.1
[INFO] [stderr]    Compiling cc v1.6.0
[INFO] [stderr]     Checking float-cmp v0.10.0
[INFO] [stderr]     Checking hybrid-array v0.4.15
[INFO] [stderr]     Checking value-trait v0.12.2
[INFO] [stderr]    Compiling zerocopy v0.8.62
[INFO] [stderr]     Checking lazy_static v1.5.1
[INFO] [stderr]     Checking regex-automata v0.4.18
[INFO] [stderr]     Checking sharded-slab v0.1.7
[INFO] [stderr]     Checking tracing-log v0.2.0
[INFO] [stderr]     Checking thread_local v1.1.10
[INFO] [stderr]     Checking nu-ansi-term v0.50.3
[INFO] [stderr]     Checking untrusted v0.7.1
[INFO] [stderr]    Compiling winnow v1.0.4
[INFO] [stderr]     Checking alloc-no-stdlib v3.0.0
[INFO] [stderr]    Compiling zstd-safe v8.1.0
[INFO] [stderr]     Checking alloc-stdlib v0.3.0
[INFO] [stderr]     Checking event-listener v5.4.2
[INFO] [stderr]    Compiling toml_datetime v1.1.2+spec-1.1.0
[INFO] [stderr]     Checking rustls-pki-types v1.15.1
[INFO] [stderr]     Checking brotli-decompressor v6.0.1
[INFO] [stderr]     Checking http v1.5.0
[INFO] [stderr]     Checking event-listener-strategy v0.5.4
[INFO] [stderr]    Compiling unicode-segmentation v1.13.3
[INFO] [stderr]     Checking iana-time-zone v0.1.65
[INFO] [stderr]    Compiling relative-path v2.0.2
[INFO] [stderr]     Checking chrono v0.4.45
[INFO] [stderr]     Checking async-lock v3.4.2
[INFO] [stderr]    Compiling cmake v0.1.58
[INFO] [stderr]     Checking crypto-common v0.2.2
[INFO] [stderr]     Checking block-buffer v0.12.1
[INFO] [stderr]    Compiling convert_case v0.12.0
[INFO] [stderr]     Checking http-body v1.1.0
[INFO] [stderr]     Checking untrusted v0.9.0
[INFO] [stderr]    Compiling rustls v0.23.45
[INFO] [stderr]    Compiling httparse v1.10.1
[INFO] [stderr]     Checking inout v0.2.2
[INFO] [stderr]     Checking chacha20 v0.10.2
[INFO] [stderr]     Checking keccak v0.2.2
[INFO] [stderr]    Compiling version_check v0.9.5
[INFO] [stderr]     Checking tower-service v0.3.3
[INFO] [stderr]     Checking try-lock v0.2.5
[INFO] [stderr]    Compiling time-core v0.1.9
[INFO] [stderr]    Compiling num-conv v0.2.2
[INFO] [stderr]     Checking subtle v2.6.1
[INFO] [stderr]    Compiling toml_parser v1.1.5+spec-1.1.0
[INFO] [stderr]     Checking brotli v9.0.0
[INFO] [stderr]     Checking rand v0.10.3
[INFO] [stderr]     Checking want v0.3.2
[INFO] [stderr]    Compiling time-macros v0.2.32
[INFO] [stderr]     Checking cpubits v0.1.1
[INFO] [stderr]     Checking atomic-waker v1.1.2
[INFO] [stderr]     Checking compression-core v0.4.33
[INFO] [stderr]    Compiling unicase v2.10.0
[INFO] [stderr]     Checking powerfmt v0.2.1
[INFO] [stderr]    Compiling toml_edit v0.25.17+spec-1.1.0
[INFO] [stderr]     Checking digest v0.11.3
[INFO] [stderr]     Checking deranged v0.5.8
[INFO] [stderr]    Compiling semver v1.0.28
[INFO] [stderr]    Compiling mime_guess v2.0.5
[INFO] [stderr]     Checking cipher v0.5.2
[INFO] [stderr]     Checking universal-hash v0.6.1
[INFO] [stderr]    Compiling rustc_version v0.4.1
[INFO] [stderr]     Checking sync_wrapper v1.0.2
[INFO] [stderr]     Checking tower-layer v0.3.3
[INFO] [stderr]    Compiling litrs v1.0.0
[INFO] [stderr]     Checking openssl-probe v0.2.1
[INFO] [stderr]     Checking ipnet v2.12.2
[INFO] [stderr]     Checking psl-types v2.0.11
[INFO] [stderr]     Checking sponge-cursor v0.1.0
[INFO] [stderr]     Checking rustls-native-certs v0.8.4
[INFO] [stderr]    Compiling cookie v0.18.2
[INFO] [stderr]     Checking polyval v0.7.3
[INFO] [stderr]     Checking http-body-util v0.1.5
[INFO] [stderr]     Checking module-lattice v0.2.3
[INFO] [stderr]     Checking ferrijs-permissions v0.7.0 (/opt/rustwide/workdir/crates/ferrijs-permissions)
[INFO] [stderr]    Compiling radium v0.7.0
[INFO] [stderr]     Checking ghash v0.6.0
[INFO] [stderr]    Compiling proc-macro-crate v3.5.0
[INFO] [stderr]     Checking shake v0.1.0
[INFO] [stderr]     Checking regex v1.13.1
[INFO] [stderr]     Checking matchers v0.2.0
[INFO] [stderr]     Checking aes v0.9.3
[INFO] [stderr]     Checking ctr v0.10.1
[INFO] [stderr]     Checking signature v3.0.0
[INFO] [stderr]    Compiling crc32c v0.6.8
[INFO] [stderr]     Checking sha3 v0.11.0
[INFO] [stderr]     Checking kem v0.3.0
[INFO] [stderr]     Checking aead v0.6.1
[INFO] [stderr]     Checking tap v1.0.1
[INFO] [stderr]    Compiling ferrijs-std v0.7.0 (/opt/rustwide/workdir/crates/ferrijs-std)
[INFO] [stderr]     Checking wyz v0.5.1
[INFO] [stderr]     Checking cshake v0.2.1
[INFO] [stderr]     Checking md-5 v0.11.0
[INFO] [stderr]     Checking hmac v0.13.0
[INFO] [stderr]     Checking sysinfo v0.39.6
[INFO] [stderr]     Checking num_cpus v1.17.0
[INFO] [stderr]     Checking hex-simd v0.8.0
[INFO] [stderr]    Compiling rustversion v1.0.23
[INFO] [stderr]     Checking funty v2.0.0
[INFO] [stderr]     Checking home v0.5.12
[INFO] [stderr]     Checking httpdate v1.0.3
[INFO] [stderr]     Checking aes-gcm v0.11.1
[INFO] [stderr]     Checking data-encoding v2.11.1
[INFO] [stderr]     Checking cty v0.2.2
[INFO] [stderr]     Checking if_chain v1.0.3
[INFO] [stderr]     Checking utf8parse v0.2.2
[INFO] [stderr]     Checking is_terminal_polyfill v1.70.2
[INFO] [stderr]    Compiling dragonbox_ecma v0.1.12
[INFO] [stderr]     Checking anstyle-parse v1.0.0
[INFO] [stderr]     Checking anstyle v1.0.14
[INFO] [stderr]     Checking anstyle-query v1.1.5
[INFO] [stderr]    Compiling document-features v0.2.12
[INFO] [stderr]    Compiling thiserror v2.0.21
[INFO] [stderr]     Checking colorchoice v1.0.5
[INFO] [stderr]    Compiling synstructure v0.14.0
[INFO] [stderr]     Checking str_indices v0.4.4
[INFO] [stderr]     Checking anstream v1.0.0
[INFO] [stderr]     Checking tempfile v3.27.0
[INFO] [stderr]     Checking terminal_size v0.4.4
[INFO] [stderr]     Checking clap_lex v1.1.1
[INFO] [stderr]     Checking static_assertions v1.1.0
[INFO] [stderr]     Checking strsim v0.11.1
[INFO] [stderr]     Checking bitvec v1.1.1
[INFO] [stderr]    Compiling heck v0.5.0
[INFO] [stderr]    Compiling icu_locale_fallback_data v2.3.0
[INFO] [stderr]     Checking clap_builder v4.6.7
[INFO] [stderr]    Compiling phf v0.14.0
[INFO] [stderr]     Checking ciborium-io v0.2.2
[INFO] [stderr]    Compiling icu_segmenter_data v2.3.0
[INFO] [stderr]     Checking itertools v0.13.0
[INFO] [stderr]     Checking same-file v1.0.6
[INFO] [stderr]     Checking cast v0.3.0
[INFO] [stderr]     Checking walkdir v2.5.0
[INFO] [stderr]     Checking page_size v0.6.0
[INFO] [stderr]     Checking nonmax v0.5.5
[INFO] [stderr]     Checking unicode-width v0.2.2
[INFO] [stderr]     Checking anes v0.1.6
[INFO] [stderr]     Checking cow-utils v0.1.3
[INFO] [stderr]     Checking oorandom v11.1.5
[INFO] [stderr]     Checking smawk v0.3.3
[INFO] [stderr]     Checking bytecount v0.6.9
[INFO] [stderr]     Checking num-integer v0.1.47
[INFO] [stderr]     Checking self_cell v1.3.0
[INFO] [stderr]     Checking itertools v0.15.0
[INFO] [stderr]     Checking num-bigint v0.5.1
[INFO] [stderr]    Compiling oxc_sourcemap v9.0.0
[INFO] [stderr]     Checking escape-simd v0.1.0
[INFO] [stderr]    Compiling seq-macro v0.3.6
[INFO] [stderr]     Checking json-escape-simd v3.1.2
[INFO] [stderr]     Checking arrayvec v0.7.8
[INFO] [stderr]     Checking castaway v0.2.4
[INFO] [stderr]     Checking endian-type v0.2.0
[INFO] [stderr]     Checking hmac-sha1-compact v1.1.8
[INFO] [stderr]     Checking regress v0.12.0
[INFO] [stderr]     Checking criterion-plot v0.8.2
[INFO] [stderr]     Checking concurrent_lru v0.2.0
[INFO] [stderr]     Checking pathdiff v0.2.3
[INFO] [stderr]     Checking hashbrown v0.14.5
[INFO] [stderr]     Checking nodejs-built-in-modules v1.0.0
[INFO] [stderr]     Checking byteorder v1.5.0
[INFO] [stderr]     Checking fast-glob v1.1.2
[INFO] [stderr]     Checking json-strip-comments v3.1.2
[INFO] [stderr]    Compiling unicode-xid v0.2.6
[INFO] [stderr]    Compiling anyhow v1.0.104
[INFO] [stderr]     Checking yansi v1.0.1
[INFO] [stderr]     Checking arcstr v1.2.0
[INFO] [stderr]     Checking filetime v0.2.29
[INFO] [stderr]     Checking rolldown-ariadne v0.6.0
[INFO] [stderr]     Checking nom v8.0.0
[INFO] [stderr]     Checking base-encode v0.3.1
[INFO] [stderr]     Checking xxhash-rust v0.8.19
[INFO] [stderr]     Checking vfs v0.13.0
[INFO] [stderr]     Checking infer v0.22.0
[INFO] [stderr]    Compiling termcolor v1.4.1
[INFO] [stderr]     Checking time v0.3.55
[INFO] [stderr]    Compiling aws-lc-sys v0.45.0
[INFO] [stderr]    Compiling zstd-sys v2.1.1+zstd.1.5.7
[INFO] [stderr]    Compiling rquickjs-sys v0.14.0
[INFO] [stderr]    Compiling libmimalloc-sys v0.1.49
[INFO] [stderr]    Compiling alloca v0.4.0
[INFO] [stderr]    Compiling blake3 v1.8.7
[INFO] [stderr]     Checking constant_time_eq v0.4.2
[INFO] [stderr]     Checking typedmap v0.6.0
[INFO] [stderr]     Checking foldhash v0.1.5
[INFO] [stderr]     Checking hashbrown v0.15.5
[INFO] [stderr]     Checking fixedbitset v0.5.7
[INFO] [stderr]     Checking append-only-vec v0.1.8
[INFO] [stderr]     Checking env_filter v2.0.0
[INFO] [stderr]     Checking env_logger v0.11.11
[INFO] [stderr]     Checking petgraph v0.8.3
[INFO] [stderr]     Checking quickcheck v1.1.0
[INFO] [stderr]    Compiling phf_macros v0.14.0
[INFO] [stderr]    Compiling tracing-attributes v0.1.31
[INFO] [stderr]    Compiling zerocopy-derive v0.8.62
[INFO] [stderr]    Compiling der_derive v0.8.0
[INFO] [stderr]    Compiling derive_more-impl v2.1.1
[INFO] [stderr]    Compiling pin-project-internal v1.1.13
[INFO] [stderr]    Compiling ts-rs-macros v12.0.1
[INFO] [stderr]    Compiling serde_derive v1.0.229
[INFO] [stderr]    Compiling zerofrom-derive v0.1.8
[INFO] [stderr]    Compiling yoke-derive v0.8.4
[INFO] [stderr]    Compiling zerovec-derive v0.11.6
[INFO] [stderr]    Compiling displaydoc v0.2.7
[INFO] [stderr] warning: rquickjs-sys@0.14.0: cc: fatal error: Killed signal terminated program cc1
[INFO] [stderr] warning: rquickjs-sys@0.14.0: compilation terminated.
[INFO] [stderr] warning: rquickjs-sys@0.14.0: ToolExecError: command did not execute successfully (status code exit status: 1): "cc" "-O1" "-ffunction-sections" "-fdata-sections" "-fPIC" "-m64" "-Wall" "-Wno-implicit-const-int-float-conversion" "-D_GNU_SOURCE" "-o" "/opt/rustwide/target/debug/build/rquickjs-sys/837de82d225a9f85/out/db3b6bfb95261072-quickjs.o" "-c" "/opt/rustwide/target/debug/build/rquickjs-sys/837de82d225a9f85/out/quickjs.c"
[INFO] [stderr] error: failed to run custom build command for `rquickjs-sys v0.14.0`
[INFO] [stderr] note: To improve backtraces for build dependencies, set the CARGO_PROFILE_DEV_BUILD_OVERRIDE_DEBUG=true environment variable to enable debug information generation.
[INFO] [stderr] 
[INFO] [stderr] Caused by:
[INFO] [stderr]   process didn't exit successfully: `/opt/rustwide/target/debug/build/rquickjs-sys/0fc98c8c4cc0a3ac/out/build_script_build` (exit status: 1)
[INFO] [stderr]   --- stdout
[INFO] [stderr]   cargo:rerun-if-env-changed=CARGO_FEATURE_BINDGEN
[INFO] [stderr]   cargo:rerun-if-env-changed=CARGO_FEATURE_UPDATE_BINDINGS
[INFO] [stderr]   cargo:rerun-if-env-changed=CARGO_FEATURE_DUMP_BYTECODE
[INFO] [stderr]   cargo:rerun-if-env-changed=CARGO_FEATURE_DUMP_GC
[INFO] [stderr]   cargo:rerun-if-env-changed=CARGO_FEATURE_DUMP_GC_FREE
[INFO] [stderr]   cargo:rerun-if-env-changed=CARGO_FEATURE_DUMP_FREE
[INFO] [stderr]   cargo:rerun-if-env-changed=CARGO_FEATURE_DUMP_LEAKS
[INFO] [stderr]   cargo:rerun-if-env-changed=CARGO_FEATURE_DUMP_MEM
[INFO] [stderr]   cargo:rerun-if-env-changed=CARGO_FEATURE_DUMP_OBJECTS
[INFO] [stderr]   cargo:rerun-if-env-changed=CARGO_FEATURE_DUMP_ATOMS
[INFO] [stderr]   cargo:rerun-if-env-changed=CARGO_FEATURE_DUMP_SHAPES
[INFO] [stderr]   cargo:rerun-if-env-changed=CARGO_FEATURE_DUMP_MODULE_RESOLVE
[INFO] [stderr]   cargo:rerun-if-env-changed=CARGO_FEATURE_DUMP_PROMISE
[INFO] [stderr]   cargo:rerun-if-env-changed=CARGO_FEATURE_DUMP_READ_OBJECT
[INFO] [stderr]   cargo:rerun-if-env-changed=CARGO_FEATURE_DISABLE_ASSERTIONS
[INFO] [stderr]   cargo:rerun-if-env-changed=CARGO_CFG_SANITIZE
[INFO] [stderr]   cargo:rerun-if-env-changed=CC_FORCE_DISABLE
[INFO] [stderr]   CC_FORCE_DISABLE = None
[INFO] [stderr]   cargo:rerun-if-env-changed=CC_x86_64-unknown-linux-gnu
[INFO] [stderr]   CC_x86_64-unknown-linux-gnu = None
[INFO] [stderr]   cargo:rerun-if-env-changed=CC_x86_64_unknown_linux_gnu
[INFO] [stderr]   CC_x86_64_unknown_linux_gnu = None
[INFO] [stderr]   cargo:rerun-if-env-changed=HOST_CC
[INFO] [stderr]   HOST_CC = None
[INFO] [stderr]   cargo:rerun-if-env-changed=CC
[INFO] [stderr]   CC = None
[INFO] [stderr]   cargo:rerun-if-env-changed=CC_ENABLE_DEBUG_OUTPUT
[INFO] [stderr]   cargo:rerun-if-env-changed=CRATE_CC_NO_DEFAULTS
[INFO] [stderr]   CRATE_CC_NO_DEFAULTS = None
[INFO] [stderr]   cargo:rerun-if-env-changed=CFLAGS
[INFO] [stderr]   CFLAGS = None
[INFO] [stderr]   cargo:rerun-if-env-changed=HOST_CFLAGS
[INFO] [stderr]   HOST_CFLAGS = None
[INFO] [stderr]   cargo:rerun-if-env-changed=CFLAGS_x86_64_unknown_linux_gnu
[INFO] [stderr]   CFLAGS_x86_64_unknown_linux_gnu = None
[INFO] [stderr]   cargo:rerun-if-env-changed=CFLAGS_x86_64-unknown-linux-gnu
[INFO] [stderr]   CFLAGS_x86_64-unknown-linux-gnu = None
[INFO] [stderr]   cargo:rerun-if-env-changed=CRATE_CC_NO_DEFAULTS
[INFO] [stderr]   CRATE_CC_NO_DEFAULTS = None
[INFO] [stderr]   cargo:rerun-if-env-changed=CFLAGS
[INFO] [stderr]   CFLAGS = None
[INFO] [stderr]   cargo:rerun-if-env-changed=HOST_CFLAGS
[INFO] [stderr]   HOST_CFLAGS = None
[INFO] [stderr]   cargo:rerun-if-env-changed=CFLAGS_x86_64_unknown_linux_gnu
[INFO] [stderr]   CFLAGS_x86_64_unknown_linux_gnu = None
[INFO] [stderr]   cargo:rerun-if-env-changed=CFLAGS_x86_64-unknown-linux-gnu
[INFO] [stderr]   CFLAGS_x86_64-unknown-linux-gnu = None
[INFO] [stderr]   exit status: 0
[INFO] [stderr]   exit status: 0
[INFO] [stderr]   exit status: 0
[INFO] [stderr]   cargo:warning=cc: fatal error: Killed signal terminated program cc1
[INFO] [stderr]   cargo:warning=compilation terminated.
[INFO] [stderr]   exit status: 1
[INFO] [stderr]   cargo:warning=ToolExecError: command did not execute successfully (status code exit status: 1): "cc" "-O1" "-ffunction-sections" "-fdata-sections" "-fPIC" "-m64" "-Wall" "-Wno-implicit-const-int-float-conversion" "-D_GNU_SOURCE" "-o" "/opt/rustwide/target/debug/build/rquickjs-sys/837de82d225a9f85/out/db3b6bfb95261072-quickjs.o" "-c" "/opt/rustwide/target/debug/build/rquickjs-sys/837de82d225a9f85/out/quickjs.c"
[INFO] [stderr] 
[INFO] [stderr]   --- stderr
[INFO] [stderr] 
[INFO] [stderr] 
[INFO] [stderr]   error occurred in cc-rs: command did not execute successfully (status code exit status: 1): "cc" "-O1" "-ffunction-sections" "-fdata-sections" "-fPIC" "-m64" "-Wall" "-Wno-implicit-const-int-float-conversion" "-D_GNU_SOURCE" "-o" "/opt/rustwide/target/debug/build/rquickjs-sys/837de82d225a9f85/out/db3b6bfb95261072-quickjs.o" "-c" "/opt/rustwide/target/debug/build/rquickjs-sys/837de82d225a9f85/out/quickjs.c"
[INFO] [stderr] 
[INFO] [stderr] 
[INFO] [stderr] warning: build failed, waiting for other jobs to finish...
[INFO] [stderr] warning: rquickjs-sys@0.14.0: /opt/rustwide/target/debug/build/rquickjs-sys/3a60e081b857f8b0/out/quickjs.c: In function 'mark_weak_map_value':
[INFO] [stderr] warning: rquickjs-sys@0.14.0: /opt/rustwide/target/debug/build/rquickjs-sys/3a60e081b857f8b0/out/quickjs.c:7237:17: warning: variable 's' set but not used [-Wunused-but-set-variable]
[INFO] [stderr] warning: rquickjs-sys@0.14.0:  7237 |     JSMapState *s;
[INFO] [stderr] warning: rquickjs-sys@0.14.0:       |                 ^
[INFO] [stderr] warning: rquickjs-sys@0.14.0: /opt/rustwide/target/debug/build/rquickjs-sys/3a60e081b857f8b0/out/quickjs.c: In function 'num_keys_cmp':
[INFO] [stderr] warning: rquickjs-sys@0.14.0: /opt/rustwide/target/debug/build/rquickjs-sys/3a60e081b857f8b0/out/quickjs.c:9481:28: warning: variable 'atom2_is_integer' set but not used [-Wunused-but-set-variable]
[INFO] [stderr] warning: rquickjs-sys@0.14.0:  9481 |     bool atom1_is_integer, atom2_is_integer;
[INFO] [stderr] warning: rquickjs-sys@0.14.0:       |                            ^~~~~~~~~~~~~~~~
[INFO] [stderr] warning: rquickjs-sys@0.14.0: /opt/rustwide/target/debug/build/rquickjs-sys/3a60e081b857f8b0/out/quickjs.c:9481:10: warning: variable 'atom1_is_integer' set but not used [-Wunused-but-set-variable]
[INFO] [stderr] warning: rquickjs-sys@0.14.0:  9481 |     bool atom1_is_integer, atom2_is_integer;
[INFO] [stderr] warning: rquickjs-sys@0.14.0:       |          ^~~~~~~~~~~~~~~~
[INFO] [stderr] warning: rquickjs-sys@0.14.0: /opt/rustwide/target/debug/build/rquickjs-sys/3a60e081b857f8b0/out/quickjs.c: In function 'js_array_toSpliced':
[INFO] [stderr] warning: rquickjs-sys@0.14.0: /opt/rustwide/target/debug/build/rquickjs-sys/3a60e081b857f8b0/out/quickjs.c:44432:43: warning: variable 'last' set but not used [-Wunused-but-set-variable]
[INFO] [stderr] warning: rquickjs-sys@0.14.0: 44432 |     JSValue arr, obj, ret, *arrp, *pval, *last;
[INFO] [stderr] warning: rquickjs-sys@0.14.0:       |                                           ^~~~
[INFO] [stderr] warning: rquickjs-sys@0.14.0: cc: fatal error: Killed signal terminated program cc1
[INFO] [stderr] warning: rquickjs-sys@0.14.0: compilation terminated.
[INFO] [stderr] warning: rquickjs-sys@0.14.0: ToolExecError: command did not execute successfully (status code exit status: 1): "cc" "-O1" "-ffunction-sections" "-fdata-sections" "-fPIC" "-m64" "-Wall" "-Wno-implicit-const-int-float-conversion" "-D_GNU_SOURCE" "-DNDEBUG" "-o" "/opt/rustwide/target/debug/build/rquickjs-sys/3a60e081b857f8b0/out/db3b6bfb95261072-quickjs.o" "-c" "/opt/rustwide/target/debug/build/rquickjs-sys/3a60e081b857f8b0/out/quickjs.c"
[INFO] [stderr] error: failed to run custom build command for `rquickjs-sys v0.14.0`
[INFO] [stderr] note: To improve backtraces for build dependencies, set the CARGO_PROFILE_DEV_BUILD_OVERRIDE_DEBUG=true environment variable to enable debug information generation.
[INFO] [stderr] 
[INFO] [stderr] Caused by:
[INFO] [stderr]   process didn't exit successfully: `/opt/rustwide/target/debug/build/rquickjs-sys/3183042d9dcc78c4/out/build_script_build` (exit status: 1)
[INFO] [stderr]   --- stdout
[INFO] [stderr]   cargo:rerun-if-env-changed=CARGO_FEATURE_BINDGEN
[INFO] [stderr]   cargo:rerun-if-env-changed=CARGO_FEATURE_UPDATE_BINDINGS
[INFO] [stderr]   cargo:rerun-if-env-changed=CARGO_FEATURE_DUMP_BYTECODE
[INFO] [stderr]   cargo:rerun-if-env-changed=CARGO_FEATURE_DUMP_GC
[INFO] [stderr]   cargo:rerun-if-env-changed=CARGO_FEATURE_DUMP_GC_FREE
[INFO] [stderr]   cargo:rerun-if-env-changed=CARGO_FEATURE_DUMP_FREE
[INFO] [stderr]   cargo:rerun-if-env-changed=CARGO_FEATURE_DUMP_LEAKS
[INFO] [stderr]   cargo:rerun-if-env-changed=CARGO_FEATURE_DUMP_MEM
[INFO] [stderr]   cargo:rerun-if-env-changed=CARGO_FEATURE_DUMP_OBJECTS
[INFO] [stderr]   cargo:rerun-if-env-changed=CARGO_FEATURE_DUMP_ATOMS
[INFO] [stderr]   cargo:rerun-if-env-changed=CARGO_FEATURE_DUMP_SHAPES
[INFO] [stderr]   cargo:rerun-if-env-changed=CARGO_FEATURE_DUMP_MODULE_RESOLVE
[INFO] [stderr]   cargo:rerun-if-env-changed=CARGO_FEATURE_DUMP_PROMISE
[INFO] [stderr]   cargo:rerun-if-env-changed=CARGO_FEATURE_DUMP_READ_OBJECT
[INFO] [stderr]   cargo:rerun-if-env-changed=CARGO_FEATURE_DISABLE_ASSERTIONS
[INFO] [stderr]   cargo:rerun-if-env-changed=CARGO_CFG_SANITIZE
[INFO] [stderr]   cargo:rerun-if-env-changed=CC_FORCE_DISABLE
[INFO] [stderr]   CC_FORCE_DISABLE = None
[INFO] [stderr]   cargo:rerun-if-env-changed=CC_x86_64-unknown-linux-gnu
[INFO] [stderr]   CC_x86_64-unknown-linux-gnu = None
[INFO] [stderr]   cargo:rerun-if-env-changed=CC_x86_64_unknown_linux_gnu
[INFO] [stderr]   CC_x86_64_unknown_linux_gnu = None
[INFO] [stderr]   cargo:rerun-if-env-changed=HOST_CC
[INFO] [stderr]   HOST_CC = None
[INFO] [stderr]   cargo:rerun-if-env-changed=CC
[INFO] [stderr]   CC = None
[INFO] [stderr]   cargo:rerun-if-env-changed=CC_ENABLE_DEBUG_OUTPUT
[INFO] [stderr]   cargo:rerun-if-env-changed=CRATE_CC_NO_DEFAULTS
[INFO] [stderr]   CRATE_CC_NO_DEFAULTS = None
[INFO] [stderr]   cargo:rerun-if-env-changed=CFLAGS
[INFO] [stderr]   CFLAGS = None
[INFO] [stderr]   cargo:rerun-if-env-changed=HOST_CFLAGS
[INFO] [stderr]   HOST_CFLAGS = None
[INFO] [stderr]   cargo:rerun-if-env-changed=CFLAGS_x86_64_unknown_linux_gnu
[INFO] [stderr]   CFLAGS_x86_64_unknown_linux_gnu = None
[INFO] [stderr]   cargo:rerun-if-env-changed=CFLAGS_x86_64-unknown-linux-gnu
[INFO] [stderr]   CFLAGS_x86_64-unknown-linux-gnu = None
[INFO] [stderr]   cargo:rerun-if-env-changed=CRATE_CC_NO_DEFAULTS
[INFO] [stderr]   CRATE_CC_NO_DEFAULTS = None
[INFO] [stderr]   cargo:rerun-if-env-changed=CFLAGS
[INFO] [stderr]   CFLAGS = None
[INFO] [stderr]   cargo:rerun-if-env-changed=HOST_CFLAGS
[INFO] [stderr]   HOST_CFLAGS = None
[INFO] [stderr]   cargo:rerun-if-env-changed=CFLAGS_x86_64_unknown_linux_gnu
[INFO] [stderr]   CFLAGS_x86_64_unknown_linux_gnu = None
[INFO] [stderr]   cargo:rerun-if-env-changed=CFLAGS_x86_64-unknown-linux-gnu
[INFO] [stderr]   CFLAGS_x86_64-unknown-linux-gnu = None
[INFO] [stderr]   exit status: 0
[INFO] [stderr]   exit status: 0
[INFO] [stderr]   cargo:warning=/opt/rustwide/target/debug/build/rquickjs-sys/3a60e081b857f8b0/out/quickjs.c: In function 'mark_weak_map_value':
[INFO] [stderr]   cargo:warning=/opt/rustwide/target/debug/build/rquickjs-sys/3a60e081b857f8b0/out/quickjs.c:7237:17: warning: variable 's' set but not used [-Wunused-but-set-variable]
[INFO] [stderr]   cargo:warning= 7237 |     JSMapState *s;
[INFO] [stderr]   cargo:warning=      |                 ^
[INFO] [stderr]   cargo:warning=/opt/rustwide/target/debug/build/rquickjs-sys/3a60e081b857f8b0/out/quickjs.c: In function 'num_keys_cmp':
[INFO] [stderr]   cargo:warning=/opt/rustwide/target/debug/build/rquickjs-sys/3a60e081b857f8b0/out/quickjs.c:9481:28: warning: variable 'atom2_is_integer' set but not used [-Wunused-but-set-variable]
[INFO] [stderr]   cargo:warning= 9481 |     bool atom1_is_integer, atom2_is_integer;
[INFO] [stderr]   cargo:warning=      |                            ^~~~~~~~~~~~~~~~
[INFO] [stderr]   cargo:warning=/opt/rustwide/target/debug/build/rquickjs-sys/3a60e081b857f8b0/out/quickjs.c:9481:10: warning: variable 'atom1_is_integer' set but not used [-Wunused-but-set-variable]
[INFO] [stderr]   cargo:warning= 9481 |     bool atom1_is_integer, atom2_is_integer;
[INFO] [stderr]   cargo:warning=      |          ^~~~~~~~~~~~~~~~
[INFO] [stderr]   cargo:warning=/opt/rustwide/target/debug/build/rquickjs-sys/3a60e081b857f8b0/out/quickjs.c: In function 'js_array_toSpliced':
[INFO] [stderr]   cargo:warning=/opt/rustwide/target/debug/build/rquickjs-sys/3a60e081b857f8b0/out/quickjs.c:44432:43: warning: variable 'last' set but not used [-Wunused-but-set-variable]
[INFO] [stderr]   cargo:warning=44432 |     JSValue arr, obj, ret, *arrp, *pval, *last;
[INFO] [stderr]   cargo:warning=      |                                           ^~~~
[INFO] [stderr]   cargo:warning=cc: fatal error: Killed signal terminated program cc1
[INFO] [stderr]   cargo:warning=compilation terminated.
[INFO] [stderr]   exit status: 1
[INFO] [stderr]   cargo:warning=ToolExecError: command did not execute successfully (status code exit status: 1): "cc" "-O1" "-ffunction-sections" "-fdata-sections" "-fPIC" "-m64" "-Wall" "-Wno-implicit-const-int-float-conversion" "-D_GNU_SOURCE" "-DNDEBUG" "-o" "/opt/rustwide/target/debug/build/rquickjs-sys/3a60e081b857f8b0/out/db3b6bfb95261072-quickjs.o" "-c" "/opt/rustwide/target/debug/build/rquickjs-sys/3a60e081b857f8b0/out/quickjs.c"
[INFO] [stderr]   exit status: 0
[INFO] [stderr] 
[INFO] [stderr]   --- stderr
[INFO] [stderr] 
[INFO] [stderr] 
[INFO] [stderr]   error occurred in cc-rs: command did not execute successfully (status code exit status: 1): "cc" "-O1" "-ffunction-sections" "-fdata-sections" "-fPIC" "-m64" "-Wall" "-Wno-implicit-const-int-float-conversion" "-D_GNU_SOURCE" "-DNDEBUG" "-o" "/opt/rustwide/target/debug/build/rquickjs-sys/3a60e081b857f8b0/out/db3b6bfb95261072-quickjs.o" "-c" "/opt/rustwide/target/debug/build/rquickjs-sys/3a60e081b857f8b0/out/quickjs.c"
[INFO] [stderr] 
[INFO] [stderr] 
[INFO] running `Command { std: "docker" "inspect" "cdd25420d51b8b26c7173a46688309e411c46080fcb91de3f28a4dcb7bc20037", kill_on_drop: false }`
[INFO] running `Command { std: "docker" "rm" "-f" "cdd25420d51b8b26c7173a46688309e411c46080fcb91de3f28a4dcb7bc20037", kill_on_drop: false }`
[INFO] [stdout] cdd25420d51b8b26c7173a46688309e411c46080fcb91de3f28a4dcb7bc20037
