[INFO] cloning repository https://github.com/saint0x/gfm
[INFO] running `Command { std: "git" "-c" "credential.helper=" "-c" "credential.helper=/workspace/cargo-home/bin/git-credential-null" "clone" "--bare" "https://github.com/saint0x/gfm" "/workspace/cache/git-repos/https%3A%2F%2Fgithub.com%2Fsaint0x%2Fgfm", kill_on_drop: false }`
[INFO] [stderr] Cloning into bare repository '/workspace/cache/git-repos/https%3A%2F%2Fgithub.com%2Fsaint0x%2Fgfm'...
[INFO] running `Command { std: "git" "rev-parse" "HEAD", kill_on_drop: false }`
[INFO] [stdout] a2b6ab40436008d54c944a3981abef4f7edf3793
[INFO] checking saint0x/gfm against 3154cc1a3e6424e44f438a95007d043ed5ceaaf6+rustflags=-Znext-solver=coherence for pr-133502-30
[INFO] running `Command { std: "git" "clone" "/workspace/cache/git-repos/https%3A%2F%2Fgithub.com%2Fsaint0x%2Fgfm" "/workspace/builds/worker-5-tc1/source", kill_on_drop: false }`
[INFO] [stderr] Cloning into '/workspace/builds/worker-5-tc1/source'...
[INFO] [stderr] done.
[INFO] removed /workspace/builds/worker-5-tc1/source/.cargo/config.toml
[INFO] started tweaking git repo https://github.com/saint0x/gfm
[INFO] finished tweaking git repo https://github.com/saint0x/gfm
[INFO] tweaked toml for git repo https://github.com/saint0x/gfm written to /workspace/builds/worker-5-tc1/source/Cargo.toml
[INFO] validating manifest of git repo https://github.com/saint0x/gfm on toolchain 3154cc1a3e6424e44f438a95007d043ed5ceaaf6
[INFO] running `Command { std: CARGO_HOME="/workspace/cargo-home" RUSTUP_HOME="/workspace/rustup-home" "/workspace/cargo-home/bin/cargo" "+3154cc1a3e6424e44f438a95007d043ed5ceaaf6" "metadata" "--manifest-path" "Cargo.toml" "--no-deps", kill_on_drop: false }`
[INFO] crate git repo https://github.com/saint0x/gfm already has a lockfile, it will not be regenerated
[INFO] running `Command { std: CARGO_HOME="/workspace/cargo-home" RUSTUP_HOME="/workspace/rustup-home" "/workspace/cargo-home/bin/cargo" "+3154cc1a3e6424e44f438a95007d043ed5ceaaf6" "fetch" "--manifest-path" "Cargo.toml", kill_on_drop: false }`
[INFO] [stderr] warning: unused field `repository` in `workspace.package`
[INFO] [stderr]   --> Cargo.toml:11:1
[INFO] [stderr]    |
[INFO] [stderr] 11 | repository = ""
[INFO] [stderr]    | ^^^^^^^^^^
[INFO] [stderr]    |
[INFO] [stderr]    = note: `cargo::unused_workspace_package_fields` is set to `warn` by default
[INFO] [stderr] help: consider removing the field `workspace.package.repository`
[INFO] [stderr] warning: workspace (manifest) generated 1 warning
[INFO] [stderr]     Blocking waiting for file lock on package cache
[INFO] [stderr]     Updating crates.io index
[INFO] [stderr]  Downloading crates ...
[INFO] [stderr]   Downloaded notify v9.0.0-rc.4
[INFO] [stderr]   Downloaded exacl v0.13.0
[INFO] [stderr]   Downloaded objc2-core-services v0.3.2
[INFO] running `Command { std: "docker" "create" "-v" "/var/lib/crater-agent-workspace/builds/worker-5-tc1/source:/opt/rustwide/workdir:ro,Z" "-v" "/var/lib/crater-agent-workspace/builds/worker-5-tc1/target:/opt/rustwide/target:rw,Z" "-v" "/var/lib/crater-agent-workspace/cargo-home:/opt/rustwide/cargo-home:ro,Z" "-v" "/var/lib/crater-agent-workspace/rustup-home:/opt/rustwide/rustup-home:ro,Z" "-m" "1610612736" "--network" "none" "ghcr.io/rust-lang/crates-build-env/linux@sha256:77db811e55d90add9212f6832c23229e3de5f1c1f9905e8cb07319ea15df73ac" "sleep" "infinity", kill_on_drop: false }`
[INFO] [stdout] 8100d10d127f4983448fcb5fdc8a38697a26263e768df8f6f05ceecb203d1ffd
[INFO] running `Command { std: "docker" "start" "8100d10d127f4983448fcb5fdc8a38697a26263e768df8f6f05ceecb203d1ffd", kill_on_drop: false }`
[INFO] running `Command { std: "docker" "inspect" "8100d10d127f4983448fcb5fdc8a38697a26263e768df8f6f05ceecb203d1ffd", kill_on_drop: false }`
[INFO] running `Command { std: "docker" "exec" "-e" "SOURCE_DIR=/opt/rustwide/workdir" "-e" "CARGO_HOME=/opt/rustwide/cargo-home" "-e" "RUSTUP_HOME=/opt/rustwide/rustup-home" "-e" "CARGO_TARGET_DIR=/opt/rustwide/target" "-w" "/opt/rustwide/workdir" "--user" "0:0" "8100d10d127f4983448fcb5fdc8a38697a26263e768df8f6f05ceecb203d1ffd" "/opt/rustwide/cargo-home/bin/cargo" "+3154cc1a3e6424e44f438a95007d043ed5ceaaf6" "metadata" "--no-deps" "--format-version=1", kill_on_drop: false }`
[INFO] running `Command { std: "docker" "inspect" "8100d10d127f4983448fcb5fdc8a38697a26263e768df8f6f05ceecb203d1ffd", kill_on_drop: false }`
[INFO] running `Command { std: "docker" "exec" "-e" "SOURCE_DIR=/opt/rustwide/workdir" "-e" "CARGO_HOME=/opt/rustwide/cargo-home" "-e" "RUSTUP_HOME=/opt/rustwide/rustup-home" "-e" "CARGO_TARGET_DIR=/opt/rustwide/target" "-e" "CARGO_INCREMENTAL=0" "-e" "RUST_BACKTRACE=full" "-e" "RUSTFLAGS=--cap-lints=forbid -Znext-solver=coherence" "-e" "RUSTDOCFLAGS=--cap-lints=forbid" "-w" "/opt/rustwide/workdir" "--user" "0:0" "8100d10d127f4983448fcb5fdc8a38697a26263e768df8f6f05ceecb203d1ffd" "/opt/rustwide/cargo-home/bin/cargo" "+3154cc1a3e6424e44f438a95007d043ed5ceaaf6" "check" "--frozen" "--all" "--all-targets" "--message-format=json", kill_on_drop: false }`
[INFO] [stderr] warning: unused field `repository` in `workspace.package`
[INFO] [stderr]   --> Cargo.toml:11:1
[INFO] [stderr]    |
[INFO] [stderr] 11 | repository = ""
[INFO] [stderr]    | ^^^^^^^^^^
[INFO] [stderr]    |
[INFO] [stderr]    = note: `cargo::unused_workspace_package_fields` is set to `warn` by default
[INFO] [stderr] help: consider removing the field `workspace.package.repository`
[INFO] [stderr] warning: workspace (manifest) generated 1 warning
[INFO] [stderr]    Compiling syn v3.0.4
[INFO] [stderr]    Compiling rustix v1.1.4
[INFO] [stderr]     Checking gfm-types v0.1.0 (/opt/rustwide/workdir/crates/types)
[INFO] [stderr]     Checking getrandom v0.2.17
[INFO] [stderr]     Checking value-bag-serde1 v1.13.2
[INFO] [stderr]     Checking flate2 v1.1.9
[INFO] [stderr]    Compiling zerocopy-derive v0.8.56
[INFO] [stderr]     Checking async-channel v2.5.0
[INFO] [stderr]     Checking piper v0.2.5
[INFO] [stderr]     Checking time v0.3.55
[INFO] [stderr]     Checking async-lock v3.4.2
[INFO] [stderr]     Checking value-bag v1.13.2
[INFO] [stderr]    Compiling toml_edit v0.25.13+spec-1.1.0
[INFO] [stderr]     Checking gfm-jobs v0.1.0 (/opt/rustwide/workdir/crates/jobs)
[INFO] [stderr]     Checking async-executor v1.14.0
[INFO] [stderr]    Compiling ring v0.17.14
[INFO] [stderr]    Compiling lzma-sys v0.1.20
[INFO] [stderr]     Checking rustls-pki-types v1.15.1
[INFO] [stderr]     Checking num-rational v0.4.2
[INFO] [stderr]     Checking rand_core v0.6.4
[INFO] [stderr]     Checking blocking v1.7.0
[INFO] [stderr]     Checking crypto-common v0.1.7
[INFO] [stderr]    Compiling aho-corasick v1.1.5
[INFO] [stderr]     Checking digest v0.10.7
[INFO] [stderr]     Checking bumpalo v3.20.3
[INFO] [stderr]     Checking log v0.4.34
[INFO] [stderr]    Compiling serde_json v1.0.151
[INFO] [stderr]    Compiling inotify-sys v0.1.8
[INFO] [stderr]    Compiling digest v0.11.3
[INFO] [stderr]     Checking regex-automata v0.4.18
[INFO] [stderr]     Checking uuid v1.25.0
[INFO] [stderr]    Compiling object v0.39.1
[INFO] [stderr]     Checking toml_parser v1.1.3+spec-1.1.0
[INFO] [stderr]    Compiling bstr v1.13.1
[INFO] [stderr]     Checking toml_datetime v0.7.5+spec-1.1.0
[INFO] [stderr]     Checking malloc_buf v0.0.6
[INFO] [stderr]     Checking mio v1.2.2
[INFO] [stderr]    Compiling proc-macro-crate v3.5.0
[INFO] [stderr]     Checking zopfli v0.8.3
[INFO] [stderr]     Checking core-foundation-sys v0.8.7
[INFO] [stderr]     Checking libbz2-rs-sys v0.2.5
[INFO] [stderr]     Checking tokio v1.53.1
[INFO] [stderr]    Compiling sha2 v0.11.0
[INFO] [stderr]     Checking zip v4.6.1
[INFO] [stderr]     Checking core-foundation v0.10.0
[INFO] [stderr]     Checking toml v0.9.12+spec-1.1.0
[INFO] [stderr]     Checking bzip2 v0.6.1
[INFO] [stderr]     Checking objc v0.2.7
[INFO] [stderr]     Checking nix v0.31.3
[INFO] [stderr]     Checking async-fs v2.2.0
[INFO] [stderr]     Checking itertools v0.14.0
[INFO] [stderr]     Checking num-complex v0.4.6
[INFO] [stderr]     Checking zerocopy v0.8.56
[INFO] [stderr]    Compiling ref-cast v1.0.27
[INFO] [stderr]     Checking block v0.1.6
[INFO] [stderr]    Compiling thiserror v2.0.20
[INFO] [stderr]     Checking png v0.17.16
[INFO] [stderr]     Checking compression-codecs v0.4.38
[INFO] [stderr]     Checking inotify v0.11.5
[INFO] [stderr]     Checking filetime v0.2.29
[INFO] [stderr]     Checking notify-types v2.1.0
[INFO] [stderr]    Compiling rustls v0.23.43
[INFO] [stderr]     Checking globset v0.4.20
[INFO] [stderr]     Checking rustls-native-certs v0.8.4
[INFO] [stderr]    Compiling bit-set v0.8.0
[INFO] [stderr]     Checking tiny-skia-path v0.11.4
[INFO] [stderr]     Checking notify v9.0.0-rc.4
[INFO] [stderr]     Checking async-channel v1.9.0
[INFO] [stderr]    Compiling codespan-reporting v0.12.0
[INFO] [stderr]     Checking rust-embed-utils v8.12.0
[INFO] [stderr]    Compiling serde_json_lenient v0.2.4
[INFO] [stderr]     Checking bitstream-io v4.10.0
[INFO] [stderr]     Checking av1-grain v0.2.5
[INFO] [stderr]    Compiling naga v25.0.1
[INFO] [stderr]    Compiling nix v0.29.0
[INFO] [stderr]     Checking lyon_path v1.0.19
[INFO] [stderr]    Compiling strum v0.26.3
[INFO] [stderr]     Checking cipher v0.4.4
[INFO] [stderr]     Checking async-compression v0.4.43
[INFO] [stderr]     Checking parking_lot_core v0.9.12
[INFO] [stderr]     Checking gfm-mac-sys v0.1.0 (/opt/rustwide/workdir/crates/mac-sys)
[INFO] [stderr]     Checking kv-log-macro v1.0.7
[INFO] [stderr]     Checking gfm-search v0.1.0 (/opt/rustwide/workdir/crates/search)
[INFO] [stdout] error[E0432]: unresolved imports `libc::MNT_LOCAL`, `libc::MNT_NOWAIT`, `libc::MNT_RDONLY`
[INFO] [stdout]   --> crates/mac-sys/src/volume.rs:19:28
[INFO] [stdout]    |
[INFO] [stdout] 19 | use libc::{c_void, statfs, MNT_LOCAL, MNT_NOWAIT, MNT_RDONLY};
[INFO] [stdout]    |                            ^^^^^^^^^  ^^^^^^^^^^  ^^^^^^^^^^ no `MNT_RDONLY` in the root
[INFO] [stdout]    |                            |          |
[INFO] [stdout]    |                            |          no `MNT_NOWAIT` in the root
[INFO] [stdout]    |                            no `MNT_LOCAL` in the root
[INFO] [stdout]    |
[INFO] [stdout] help: a similar name exists in the module
[INFO] [stdout]    |
[INFO] [stdout] 19 - use libc::{c_void, statfs, MNT_LOCAL, MNT_NOWAIT, MNT_RDONLY};
[INFO] [stdout] 19 + use libc::{c_void, statfs, RTN_LOCAL, MNT_NOWAIT, MNT_RDONLY};
[INFO] [stdout]    |
[INFO] [stdout] help: a similar name exists in the module
[INFO] [stdout]    |
[INFO] [stdout] 19 - use libc::{c_void, statfs, MNT_LOCAL, MNT_NOWAIT, MNT_RDONLY};
[INFO] [stdout] 19 + use libc::{c_void, statfs, MNT_LOCAL, LOG_NOWAIT, MNT_RDONLY};
[INFO] [stdout]    |
[INFO] [stdout] help: a similar name exists in the module
[INFO] [stdout]    |
[INFO] [stdout] 19 - use libc::{c_void, statfs, MNT_LOCAL, MNT_NOWAIT, MNT_RDONLY};
[INFO] [stdout] 19 + use libc::{c_void, statfs, MNT_LOCAL, MNT_NOWAIT, MS_RDONLY};
[INFO] [stdout]    |
[INFO] [stdout] 
[INFO] [stdout] 
[INFO] [stderr]     Checking maybe-rayon v0.1.1
[INFO] [stderr]     Checking hmac v0.12.1
[INFO] [stderr]     Checking gfm-store v0.1.0 (/opt/rustwide/workdir/crates/store)
[INFO] [stderr]     Checking rgb v0.8.53
[INFO] [stderr]     Checking async-broadcast v0.7.2
[INFO] [stderr]     Checking kurbo v0.11.3
[INFO] [stderr]    Compiling stacker v0.1.25
[INFO] [stdout] error[E0425]: cannot find type `rusage_info_v4` in crate `libc`
[INFO] [stdout]    --> crates/mac-sys/src/pressure.rs:219:51
[INFO] [stdout]     |
[INFO] [stdout] 219 |     let mut usage = std::mem::MaybeUninit::<libc::rusage_info_v4>::zeroed();
[INFO] [stdout]     |                                                   ^^^^^^^^^^^^^^ not found in `libc`
[INFO] [stdout] 
[INFO] [stdout] 
[INFO] [stdout] error[E0425]: cannot find function `proc_pid_rusage` in crate `libc`
[INFO] [stdout]    --> crates/mac-sys/src/pressure.rs:221:15
[INFO] [stdout]     |
[INFO] [stdout] 221 |         libc::proc_pid_rusage(
[INFO] [stdout]     |               ^^^^^^^^^^^^^^^ not found in `libc`
[INFO] [stdout] 
[INFO] [stdout] 
[INFO] [stdout] error[E0425]: cannot find value `RUSAGE_INFO_V4` in crate `libc`
[INFO] [stdout]    --> crates/mac-sys/src/pressure.rs:223:19
[INFO] [stdout]     |
[INFO] [stdout] 223 |             libc::RUSAGE_INFO_V4,
[INFO] [stdout]     |                   ^^^^^^^^^^^^^^ not found in `libc`
[INFO] [stdout] 
[INFO] [stdout] 
[INFO] [stdout] error[E0425]: cannot find function `getmntinfo` in crate `libc`
[INFO] [stdout]     --> crates/mac-sys/src/volume.rs:1284:32
[INFO] [stdout]      |
[INFO] [stdout] 1284 |     let count = unsafe { libc::getmntinfo(&mut mounts, MNT_NOWAIT) };
[INFO] [stdout]      |                                ^^^^^^^^^^ not found in `libc`
[INFO] [stdout]      |
[INFO] [stdout] note: similarly named function `getmntent` defined here
[INFO] [stdout]     --> /opt/rustwide/cargo-home/registry/src/index.crates.io-1949cf8c6b5b557f/libc-0.2.189/src/unix/linux_like/linux_l4re_shared.rs:1840:5
[INFO] [stdout]      |
[INFO] [stdout] 1840 |     pub fn getmntent(stream: *mut crate::FILE) -> *mut crate::mntent;
[INFO] [stdout]      |     ^^^^^^^^^^^^^^^^^^^^^^^^^^^^^^^^^^^^^^^^^^^^^^^^^^^^^^^^^^^^^^^^^
[INFO] [stdout] help: a function with a similar name exists
[INFO] [stdout]      |
[INFO] [stdout] 1284 -     let count = unsafe { libc::getmntinfo(&mut mounts, MNT_NOWAIT) };
[INFO] [stdout] 1284 +     let count = unsafe { libc::getmntent(&mut mounts, MNT_NOWAIT) };
[INFO] [stdout]      |
[INFO] [stdout] 
[INFO] [stdout] 
[INFO] [stdout] error[E0455]: link kind `framework` is only supported on Apple targets
[INFO] [stdout]   --> crates/mac-sys/src/bookmark.rs:18:40
[INFO] [stdout]    |
[INFO] [stdout] 18 | #[link(name = "CoreFoundation", kind = "framework")]
[INFO] [stdout]    |                                        ^^^^^^^^^^^
[INFO] [stdout] 
[INFO] [stdout] 
[INFO] [stdout] error[E0455]: link kind `framework` is only supported on Apple targets
[INFO] [stdout]   --> crates/mac-sys/src/fileprovider.rs:19:36
[INFO] [stdout]    |
[INFO] [stdout] 19 | #[link(name = "Foundation", kind = "framework")]
[INFO] [stdout]    |                                    ^^^^^^^^^^^
[INFO] [stdout] 
[INFO] [stdout] 
[INFO] [stdout] error[E0455]: link kind `framework` is only supported on Apple targets
[INFO] [stdout]   --> crates/mac-sys/src/fileprovider.rs:49:38
[INFO] [stdout]    |
[INFO] [stdout] 49 | #[link(name = "FileProvider", kind = "framework")]
[INFO] [stdout]    |                                      ^^^^^^^^^^^
[INFO] [stdout] 
[INFO] [stdout] 
[INFO] [stdout] error[E0455]: link kind `framework` is only supported on Apple targets
[INFO] [stdout]  --> crates/mac-sys/src/finder.rs:9:38
[INFO] [stdout]   |
[INFO] [stdout] 9 | #[link(name = "CoreServices", kind = "framework")]
[INFO] [stdout]   |                                      ^^^^^^^^^^^
[INFO] [stdout] 
[INFO] [stdout] 
[INFO] [stdout] error[E0455]: link kind `framework` is only supported on Apple targets
[INFO] [stdout]  --> crates/mac-sys/src/pdf.rs:8:32
[INFO] [stdout]   |
[INFO] [stdout] 8 | #[link(name = "AppKit", kind = "framework")]
[INFO] [stdout]   |                                ^^^^^^^^^^^
[INFO] [stdout] 
[INFO] [stdout] 
[INFO] [stdout] error[E0455]: link kind `framework` is only supported on Apple targets
[INFO] [stdout]   --> crates/mac-sys/src/pdf.rs:11:32
[INFO] [stdout]    |
[INFO] [stdout] 11 | #[link(name = "PDFKit", kind = "framework")]
[INFO] [stdout]    |                                ^^^^^^^^^^^
[INFO] [stdout] 
[INFO] [stdout] 
[INFO] [stdout] error[E0455]: link kind `framework` is only supported on Apple targets
[INFO] [stdout]   --> crates/mac-sys/src/pressure.rs:12:36
[INFO] [stdout]    |
[INFO] [stdout] 12 | #[link(name = "Foundation", kind = "framework")]
[INFO] [stdout]    |                                    ^^^^^^^^^^^
[INFO] [stdout] 
[INFO] [stdout] 
[INFO] [stdout] error[E0455]: link kind `framework` is only supported on Apple targets
[INFO] [stdout]   --> crates/mac-sys/src/pressure.rs:15:38
[INFO] [stdout]    |
[INFO] [stdout] 15 | #[link(name = "CoreGraphics", kind = "framework")]
[INFO] [stdout]    |                                      ^^^^^^^^^^^
[INFO] [stdout] 
[INFO] [stdout] 
[INFO] [stdout] error[E0455]: link kind `framework` is only supported on Apple targets
[INFO] [stdout]   --> crates/mac-sys/src/pressure.rs:18:31
[INFO] [stdout]    |
[INFO] [stdout] 18 | #[link(name = "IOKit", kind = "framework")]
[INFO] [stdout]    |                               ^^^^^^^^^^^
[INFO] [stdout] 
[INFO] [stdout] 
[INFO] [stdout] error[E0455]: link kind `framework` is only supported on Apple targets
[INFO] [stdout]   --> crates/mac-sys/src/spotlight.rs:18:38
[INFO] [stdout]    |
[INFO] [stdout] 18 | #[link(name = "CoreServices", kind = "framework")]
[INFO] [stdout]    |                                      ^^^^^^^^^^^
[INFO] [stdout] 
[INFO] [stdout] 
[INFO] [stderr]     Checking dirs-sys v0.3.7
[INFO] [stdout] error[E0455]: link kind `framework` is only supported on Apple targets
[INFO] [stdout]  --> crates/mac-sys/src/vision.rs:7:32
[INFO] [stdout]   |
[INFO] [stdout] 7 | #[link(name = "Vision", kind = "framework")]
[INFO] [stdout]   |                                ^^^^^^^^^^^
[INFO] [stdout] 
[INFO] [stdout] 
[INFO] [stdout] error[E0455]: link kind `framework` is only supported on Apple targets
[INFO] [stdout]   --> crates/mac-sys/src/volume.rs:73:41
[INFO] [stdout]    |
[INFO] [stdout] 73 | #[link(name = "DiskArbitration", kind = "framework")]
[INFO] [stdout]    |                                         ^^^^^^^^^^^
[INFO] [stdout] 
[INFO] [stdout] 
[INFO] [stdout] error[E0455]: link kind `framework` is only supported on Apple targets
[INFO] [stdout]    --> crates/mac-sys/src/volume.rs:171:36
[INFO] [stdout]     |
[INFO] [stdout] 171 | #[link(name = "Foundation", kind = "framework")]
[INFO] [stdout]     |                                    ^^^^^^^^^^^
[INFO] [stdout] 
[INFO] [stdout] 
[INFO] [stderr]     Checking sync_wrapper v1.0.2
[INFO] [stderr]    Compiling num-derive v0.4.2
[INFO] [stderr]     Checking ordered-stream v0.2.0
[INFO] [stderr]    Compiling proc-macro-error-attr2 v2.0.0
[INFO] [stdout] error[E0308]: mismatched types
[INFO] [stdout]     --> crates/mac-sys/src/volume.rs:1451:19
[INFO] [stdout]      |
[INFO] [stdout] 1451 |     Some(unsafe { send(url, selector, &mut error) })
[INFO] [stdout]      |                   ^^^^^^^^^^^^^^^^^^^^^^^^^^^^^^^ expected `bool`, found `i8`
[INFO] [stdout] 
[INFO] [stdout] 
[INFO] [stdout] error[E0609]: no field `f_flags` on type `statfs`
[INFO] [stdout]     --> crates/mac-sys/src/volume.rs:1514:22
[INFO] [stdout]      |
[INFO] [stdout] 1514 |     let flags = info.f_flags;
[INFO] [stdout]      |                      ^^^^^^^ unknown field
[INFO] [stdout]      |
[INFO] [stdout]      = note: available fields are: `f_type`, `f_bsize`, `f_blocks`, `f_bfree`, `f_bavail` ... and 5 others
[INFO] [stdout] 
[INFO] [stdout] 
[INFO] [stdout] error[E0609]: no field `f_mntonname` on type `statfs`
[INFO] [stdout]     --> crates/mac-sys/src/volume.rs:1517:51
[INFO] [stdout]      |
[INFO] [stdout] 1517 |         mount_point: c_char_array_to_string(&info.f_mntonname).map(PathBuf::from),
[INFO] [stdout]      |                                                   ^^^^^^^^^^^ unknown field
[INFO] [stdout]      |
[INFO] [stdout]      = note: available fields are: `f_type`, `f_bsize`, `f_blocks`, `f_bfree`, `f_bavail` ... and 5 others
[INFO] [stdout] 
[INFO] [stdout] 
[INFO] [stdout] error[E0609]: no field `f_mntfromname` on type `statfs`
[INFO] [stdout]     --> crates/mac-sys/src/volume.rs:1518:52
[INFO] [stdout]      |
[INFO] [stdout] 1518 |         mounted_from: c_char_array_to_string(&info.f_mntfromname),
[INFO] [stdout]      |                                                    ^^^^^^^^^^^^^ unknown field
[INFO] [stdout]      |
[INFO] [stdout]      = note: available fields are: `f_type`, `f_bsize`, `f_blocks`, `f_bfree`, `f_bavail` ... and 5 others
[INFO] [stdout] 
[INFO] [stdout] 
[INFO] [stdout] error[E0609]: no field `f_fstypename` on type `statfs`
[INFO] [stdout]     --> crates/mac-sys/src/volume.rs:1519:55
[INFO] [stdout]      |
[INFO] [stdout] 1519 |         filesystem_type: c_char_array_to_string(&info.f_fstypename),
[INFO] [stdout]      |                                                       ^^^^^^^^^^^^ unknown field
[INFO] [stdout]      |
[INFO] [stdout]      = note: available fields are: `f_type`, `f_bsize`, `f_blocks`, `f_bfree`, `f_bavail` ... and 5 others
[INFO] [stdout] 
[INFO] [stdout] 
[INFO] [stderr]     Checking rustls-webpki v0.103.15
[INFO] [stderr]    Compiling num-bigint-dig v0.8.6
[INFO] [stderr]    Compiling rustc-hash v1.1.0
[INFO] [stderr]    Compiling arrayvec v0.7.8
[INFO] [stderr]     Checking waker-fn v1.2.0
[INFO] [stderr]     Checking imgref v1.12.2
[INFO] [stdout] Some errors have detailed explanations: E0308, E0425, E0432, E0455, E0609.
[INFO] [stdout] 
[INFO] [stdout] For more information about an error, try `rustc --explain E0308`.
[INFO] [stdout] 
[INFO] [stderr] error: could not compile `gfm-mac-sys` (lib) due to 23 previous errors
[INFO] [stderr] warning: build failed, waiting for other jobs to finish...
[INFO] running `Command { std: "docker" "inspect" "8100d10d127f4983448fcb5fdc8a38697a26263e768df8f6f05ceecb203d1ffd", kill_on_drop: false }`
[INFO] running `Command { std: "docker" "rm" "-f" "8100d10d127f4983448fcb5fdc8a38697a26263e768df8f6f05ceecb203d1ffd", kill_on_drop: false }`
[INFO] [stdout] 8100d10d127f4983448fcb5fdc8a38697a26263e768df8f6f05ceecb203d1ffd
