[INFO] cloning repository https://github.com/saimizi/tvisor
[INFO] running `Command { std: "git" "-c" "credential.helper=" "-c" "credential.helper=/workspace/cargo-home/bin/git-credential-null" "clone" "--bare" "https://github.com/saimizi/tvisor" "/workspace/cache/git-repos/https%3A%2F%2Fgithub.com%2Fsaimizi%2Ftvisor", kill_on_drop: false }`
[INFO] [stderr] Cloning into bare repository '/workspace/cache/git-repos/https%3A%2F%2Fgithub.com%2Fsaimizi%2Ftvisor'...
[INFO] running `Command { std: "git" "rev-parse" "HEAD", kill_on_drop: false }`
[INFO] [stdout] 5303c20c2c7d6c52b27a26db47c0da30dba5666b
[INFO] checking saimizi/tvisor against 3154cc1a3e6424e44f438a95007d043ed5ceaaf6+rustflags=-Znext-solver=coherence for pr-133502-30
[INFO] running `Command { std: "git" "clone" "/workspace/cache/git-repos/https%3A%2F%2Fgithub.com%2Fsaimizi%2Ftvisor" "/workspace/builds/worker-3-tc1/source", kill_on_drop: false }`
[INFO] [stderr] Cloning into '/workspace/builds/worker-3-tc1/source'...
[INFO] [stderr] done.
[INFO] removed /workspace/builds/worker-3-tc1/source/.cargo/config.toml
[INFO] started tweaking git repo https://github.com/saimizi/tvisor
[INFO] finished tweaking git repo https://github.com/saimizi/tvisor
[INFO] tweaked toml for git repo https://github.com/saimizi/tvisor written to /workspace/builds/worker-3-tc1/source/Cargo.toml
[INFO] validating manifest of git repo https://github.com/saimizi/tvisor on toolchain 3154cc1a3e6424e44f438a95007d043ed5ceaaf6
[INFO] running `Command { std: CARGO_HOME="/workspace/cargo-home" RUSTUP_HOME="/workspace/rustup-home" "/workspace/cargo-home/bin/cargo" "+3154cc1a3e6424e44f438a95007d043ed5ceaaf6" "metadata" "--manifest-path" "Cargo.toml" "--no-deps", kill_on_drop: false }`
[INFO] crate git repo https://github.com/saimizi/tvisor already has a lockfile, it will not be regenerated
[INFO] running `Command { std: CARGO_HOME="/workspace/cargo-home" RUSTUP_HOME="/workspace/rustup-home" "/workspace/cargo-home/bin/cargo" "+3154cc1a3e6424e44f438a95007d043ed5ceaaf6" "fetch" "--manifest-path" "Cargo.toml", kill_on_drop: false }`
[INFO] [stderr]  Downloading crates ...
[INFO] [stderr]   Downloaded twox-hash v2.1.4
[INFO] running `Command { std: "docker" "create" "-v" "/var/lib/crater-agent-workspace/builds/worker-3-tc1/source:/opt/rustwide/workdir:ro,Z" "-v" "/var/lib/crater-agent-workspace/builds/worker-3-tc1/target:/opt/rustwide/target:rw,Z" "-v" "/var/lib/crater-agent-workspace/cargo-home:/opt/rustwide/cargo-home:ro,Z" "-v" "/var/lib/crater-agent-workspace/rustup-home:/opt/rustwide/rustup-home:ro,Z" "-m" "1610612736" "--network" "none" "ghcr.io/rust-lang/crates-build-env/linux@sha256:77db811e55d90add9212f6832c23229e3de5f1c1f9905e8cb07319ea15df73ac" "sleep" "infinity", kill_on_drop: false }`
[INFO] [stdout] 1b5df607c5eca6d782faa176e596ee6dffcbeff4260c2f553f6dfd3f32fd1aea
[INFO] running `Command { std: "docker" "start" "1b5df607c5eca6d782faa176e596ee6dffcbeff4260c2f553f6dfd3f32fd1aea", kill_on_drop: false }`
[INFO] running `Command { std: "docker" "inspect" "1b5df607c5eca6d782faa176e596ee6dffcbeff4260c2f553f6dfd3f32fd1aea", kill_on_drop: false }`
[INFO] running `Command { std: "docker" "exec" "-e" "SOURCE_DIR=/opt/rustwide/workdir" "-e" "CARGO_HOME=/opt/rustwide/cargo-home" "-e" "RUSTUP_HOME=/opt/rustwide/rustup-home" "-e" "CARGO_TARGET_DIR=/opt/rustwide/target" "-w" "/opt/rustwide/workdir" "--user" "0:0" "1b5df607c5eca6d782faa176e596ee6dffcbeff4260c2f553f6dfd3f32fd1aea" "/opt/rustwide/cargo-home/bin/cargo" "+3154cc1a3e6424e44f438a95007d043ed5ceaaf6" "metadata" "--no-deps" "--format-version=1", kill_on_drop: false }`
[INFO] running `Command { std: "docker" "inspect" "1b5df607c5eca6d782faa176e596ee6dffcbeff4260c2f553f6dfd3f32fd1aea", kill_on_drop: false }`
[INFO] running `Command { std: "docker" "exec" "-e" "SOURCE_DIR=/opt/rustwide/workdir" "-e" "CARGO_HOME=/opt/rustwide/cargo-home" "-e" "RUSTUP_HOME=/opt/rustwide/rustup-home" "-e" "CARGO_TARGET_DIR=/opt/rustwide/target" "-e" "CARGO_INCREMENTAL=0" "-e" "RUST_BACKTRACE=full" "-e" "RUSTFLAGS=--cap-lints=forbid -Znext-solver=coherence" "-e" "RUSTDOCFLAGS=--cap-lints=forbid" "-w" "/opt/rustwide/workdir" "--user" "0:0" "1b5df607c5eca6d782faa176e596ee6dffcbeff4260c2f553f6dfd3f32fd1aea" "/opt/rustwide/cargo-home/bin/cargo" "+3154cc1a3e6424e44f438a95007d043ed5ceaaf6" "check" "--frozen" "--all" "--all-targets" "--message-format=json", kill_on_drop: false }`
[INFO] [stderr]    Compiling thiserror v2.0.20
[INFO] [stderr]     Checking twox-hash v2.1.4
[INFO] [stderr]     Checking spin v0.10.1
[INFO] [stderr]     Checking linked_list_allocator v0.10.6
[INFO] [stderr]     Checking indexmap v2.14.2
[INFO] [stderr]    Compiling syn v3.0.4
[INFO] [stderr]    Compiling zerocopy-derive v0.8.56
[INFO] [stderr]     Checking zerocopy v0.8.56
[INFO] [stderr]    Compiling thiserror-impl v2.0.20
[INFO] [stderr]     Checking dtoolkit v0.3.0 (/opt/rustwide/workdir/third_party/dtoolkit)
[INFO] [stderr]     Checking tvisor v0.1.0 (/opt/rustwide/workdir)
[INFO] [stdout] error: unwinding panics are not supported without std
[INFO] [stdout]   |
[INFO] [stdout]   = help: using nightly cargo, use -Zbuild-std with panic="abort" to avoid unwinding
[INFO] [stdout]   = note: since the core library is usually precompiled with panic="unwind", rebuilding your crate with panic="abort" may not be enough to fix the problem
[INFO] [stdout] 
[INFO] [stdout] 
[INFO] [stdout] error: invalid register `x9`: unknown register
[INFO] [stdout]    --> src/guest.rs:207:13
[INFO] [stdout]     |
[INFO] [stdout] 207 |             out("x9") _,
[INFO] [stdout]     |             ^^^^^^^^^^^
[INFO] [stdout] 
[INFO] [stdout] 
[INFO] [stdout] error[E0432]: unresolved import `crate::vcpu`
[INFO] [stdout]  --> tests/../src/vmctl.rs:3:12
[INFO] [stdout]   |
[INFO] [stdout] 3 | use crate::vcpu::Vcpu;
[INFO] [stdout]   |            ^^^^ could not find `vcpu` in the crate root
[INFO] [stdout] 
[INFO] [stdout] 
[INFO] [stdout] error[E0599]: no associated function or constant named `dump` found for struct `tvisor_util::aarch64_reg::Sp` in the current scope
[INFO] [stdout]   --> src/boot.rs:86:38
[INFO] [stdout]    |
[INFO] [stdout] 86 |     println!("    SP: {:#018x}", Sp::dump().value);
[INFO] [stdout]    |                                      ^^^^ associated function or constant not found in `tvisor_util::aarch64_reg::Sp`
[INFO] [stdout] 
[INFO] [stdout] 
[INFO] [stdout] error[E0599]: no associated function or constant named `dump` found for struct `tvisor_util::aarch64_reg::SpSel` in the current scope
[INFO] [stdout]   --> src/boot.rs:87:33
[INFO] [stdout]    |
[INFO] [stdout] 87 |     if let Some(spsel) = SpSel::dump() {
[INFO] [stdout]    |                                 ^^^^ associated function or constant not found in `tvisor_util::aarch64_reg::SpSel`
[INFO] [stdout] 
[INFO] [stdout] 
[INFO] [stdout] error[E0599]: no associated function or constant named `dump` found for struct `tvisor_util::aarch64_reg::VbarEl2` in the current scope
[INFO] [stdout]   --> src/boot.rs:90:34
[INFO] [stdout]    |
[INFO] [stdout] 90 |     if let Some(vbar) = VbarEl2::dump() {
[INFO] [stdout]    |                                  ^^^^ associated function or constant not found in `tvisor_util::aarch64_reg::VbarEl2`
[INFO] [stdout] 
[INFO] [stdout] 
[INFO] [stdout] error[E0599]: no associated function or constant named `dump` found for struct `tvisor_util::aarch64_reg::MairEl2` in the current scope
[INFO] [stdout]    --> src/boot.rs:151:32
[INFO] [stdout]     |
[INFO] [stdout] 151 |     let actual_mair = MairEl2::dump().expect("EL2 MAIR readback").value;
[INFO] [stdout]     |                                ^^^^ associated function or constant not found in `tvisor_util::aarch64_reg::MairEl2`
[INFO] [stdout] 
[INFO] [stdout] 
[INFO] [stdout] error[E0599]: no associated function or constant named `dump` found for struct `tvisor_util::aarch64_reg::TcrEl2` in the current scope
[INFO] [stdout]    --> src/boot.rs:152:30
[INFO] [stdout]     |
[INFO] [stdout] 152 |     let actual_tcr = TcrEl2::dump().expect("EL2 TCR readback").value;
[INFO] [stdout]     |                              ^^^^ associated function or constant not found in `tvisor_util::aarch64_reg::TcrEl2`
[INFO] [stdout] 
[INFO] [stdout] 
[INFO] [stdout] error[E0599]: no associated function or constant named `dump` found for struct `tvisor_util::aarch64_reg::Ttbr0El2` in the current scope
[INFO] [stdout]    --> src/boot.rs:153:34
[INFO] [stdout]     |
[INFO] [stdout] 153 |     let actual_ttbr0 = Ttbr0El2::dump().expect("EL2 TTBR0 readback").value;
[INFO] [stdout]     |                                  ^^^^ associated function or constant not found in `tvisor_util::aarch64_reg::Ttbr0El2`
[INFO] [stdout] 
[INFO] [stdout] 
[INFO] [stdout] error[E0599]: no associated function or constant named `dump` found for struct `tvisor_util::aarch64_reg::SctlrEl2` in the current scope
[INFO] [stdout]    --> src/boot.rs:154:34
[INFO] [stdout]     |
[INFO] [stdout] 154 |     let actual_sctlr = SctlrEl2::dump().expect("EL2 SCTLR readback").value;
[INFO] [stdout]     |                                  ^^^^ associated function or constant not found in `tvisor_util::aarch64_reg::SctlrEl2`
[INFO] [stdout] 
[INFO] [stdout] 
[INFO] [stdout] error[E0599]: no method named `write` found for struct `VmpidrEl2` in the current scope
[INFO] [stdout]    --> src/guest.rs:160:10
[INFO] [stdout]     |
[INFO] [stdout] 157 |         VmpidrEl2 {
[INFO] [stdout] 158 |             value: regs.vmpidr_el2,
[INFO] [stdout] 159 |         }
[INFO] [stdout] 160 |         .write();
[INFO] [stdout]     |          ^^^^^ method not found in `VmpidrEl2`
[INFO] [stdout] 
[INFO] [stdout] 
[INFO] [stdout] error[E0599]: no associated function or constant named `dump` found for struct `IdAa64Mmfr0El1` in the current scope
[INFO] [stdout]    --> src/guest.rs:405:36
[INFO] [stdout]     |
[INFO] [stdout] 405 |     let pa_range = IdAa64Mmfr0El1::dump().unwrap().pa_range();
[INFO] [stdout]     |                                    ^^^^ associated function or constant not found in `IdAa64Mmfr0El1`
[INFO] [stdout] 
[INFO] [stdout] 
[INFO] [stdout] error[E0152]: found duplicate lang item `panic_impl`
[INFO] [stdout]    --> src/main.rs:224:1
[INFO] [stdout]     |
[INFO] [stdout] 224 | / pub fn panic(info: &core::panic::PanicInfo) -> ! {
[INFO] [stdout] 225 | |     println!("PANIC: {}", info);
[INFO] [stdout] 226 | |     halt()
[INFO] [stdout] 227 | | }
[INFO] [stdout]     | |_^
[INFO] [stdout]     |
[INFO] [stdout]     = note: the lang item is first defined in crate `std` (which `test` depends on)
[INFO] [stdout]     = note: first definition in `std` loaded from /opt/rustwide/rustup-home/toolchains/3154cc1a3e6424e44f438a95007d043ed5ceaaf6/lib/rustlib/x86_64-unknown-linux-gnu/lib/libstd-6ee2a0f0126c8a50.rmeta
[INFO] [stdout]     = note: second definition in the local crate (`tvisor`)
[INFO] [stdout] 
[INFO] [stdout] 
[INFO] [stdout] For more information about this error, try `rustc --explain E0152`.
[INFO] [stdout] 
[INFO] [stdout] error[E0599]: no associated function or constant named `dump` found for struct `IdAa64Mmfr0El1` in the current scope
[INFO] [stdout]    --> src/mm.rs:117:39
[INFO] [stdout]     |
[INFO] [stdout] 117 |     let Some(mmfr0) = IdAa64Mmfr0El1::dump() else {
[INFO] [stdout]     |                                       ^^^^ associated function or constant not found in `IdAa64Mmfr0El1`
[INFO] [stdout] 
[INFO] [stdout] 
[INFO] [stdout] error[E0599]: no associated function or constant named `dump` found for struct `HcrEl2` in the current scope
[INFO] [stdout]    --> src/mm.rs:127:32
[INFO] [stdout]     |
[INFO] [stdout] 127 |     if let Some(hcr) = HcrEl2::dump() {
[INFO] [stdout]     |                                ^^^^ associated function or constant not found in `HcrEl2`
[INFO] [stdout] 
[INFO] [stdout] 
[INFO] [stderr] error: could not compile `tvisor` (bin "tvisor" test) due to 1 previous error
[INFO] [stderr] warning: build failed, waiting for other jobs to finish...
[INFO] [stdout] error[E0599]: no associated function or constant named `dump` found for struct `tvisor_util::aarch64_reg::CurrentEL` in the current scope
[INFO] [stdout]   --> src/main.rs:90:33
[INFO] [stdout]    |
[INFO] [stdout] 90 |     let current_el = CurrentEL::dump();
[INFO] [stdout]    |                                 ^^^^ associated function or constant not found in `tvisor_util::aarch64_reg::CurrentEL`
[INFO] [stdout] 
[INFO] [stdout] 
[INFO] [stdout] error[E0599]: no associated function or constant named `dump` found for struct `tvisor_util::aarch64_reg::SctlrEl2` in the current scope
[INFO] [stdout]   --> src/main.rs:96:18
[INFO] [stdout]    |
[INFO] [stdout] 96 |     if SctlrEl2::dump().is_some_and(|s| s.bit_ee()) {
[INFO] [stdout]    |                  ^^^^ associated function or constant not found in `tvisor_util::aarch64_reg::SctlrEl2`
[INFO] [stdout] 
[INFO] [stdout] 
[INFO] [stdout] error[E0599]: no associated function or constant named `dump` found for struct `tvisor_util::aarch64_reg::VbarEl2` in the current scope
[INFO] [stdout]    --> src/main.rs:101:17
[INFO] [stdout]     |
[INFO] [stdout] 101 |     if VbarEl2::dump().is_some_and(|v| !v.is_aligned()) {
[INFO] [stdout]     |                 ^^^^ associated function or constant not found in `tvisor_util::aarch64_reg::VbarEl2`
[INFO] [stdout] 
[INFO] [stdout] 
[INFO] [stdout] error[E0599]: no associated function or constant named `dump` found for struct `tvisor_util::aarch64_reg::IdAa64Pfr0El1` in the current scope
[INFO] [stdout]    --> src/main.rs:106:23
[INFO] [stdout]     |
[INFO] [stdout] 106 |     if IdAa64Pfr0El1::dump().is_some_and(|v| v.el2() == 0) {
[INFO] [stdout]     |                       ^^^^ associated function or constant not found in `tvisor_util::aarch64_reg::IdAa64Pfr0El1`
[INFO] [stdout] 
[INFO] [stdout] 
[INFO] [stdout] error[E0599]: no associated function or constant named `dump` found for struct `tvisor_util::aarch64_reg::MpidrEl1` in the current scope
[INFO] [stdout]    --> src/main.rs:111:18
[INFO] [stdout]     |
[INFO] [stdout] 111 |     if MpidrEl1::dump().is_none() {
[INFO] [stdout]     |                  ^^^^ associated function or constant not found in `tvisor_util::aarch64_reg::MpidrEl1`
[INFO] [stdout] 
[INFO] [stdout] 
[INFO] [stdout] For more information about this error, try `rustc --explain E0432`.
[INFO] [stdout] 
[INFO] [stderr] error: could not compile `tvisor` (test "vmctl_stage2") due to 1 previous error
[INFO] [stdout] For more information about this error, try `rustc --explain E0599`.
[INFO] [stdout] 
[INFO] [stderr] error: could not compile `tvisor` (bin "tvisor") due to 18 previous errors
[INFO] running `Command { std: "docker" "inspect" "1b5df607c5eca6d782faa176e596ee6dffcbeff4260c2f553f6dfd3f32fd1aea", kill_on_drop: false }`
[INFO] running `Command { std: "docker" "rm" "-f" "1b5df607c5eca6d782faa176e596ee6dffcbeff4260c2f553f6dfd3f32fd1aea", kill_on_drop: false }`
[INFO] [stdout] 1b5df607c5eca6d782faa176e596ee6dffcbeff4260c2f553f6dfd3f32fd1aea
