[INFO] cloning repository https://github.com/sadosystems/rargo
[INFO] running `Command { std: "git" "-c" "credential.helper=" "-c" "credential.helper=/workspace/cargo-home/bin/git-credential-null" "clone" "--bare" "https://github.com/sadosystems/rargo" "/workspace/cache/git-repos/https%3A%2F%2Fgithub.com%2Fsadosystems%2Frargo", kill_on_drop: false }`
[INFO] [stderr] Cloning into bare repository '/workspace/cache/git-repos/https%3A%2F%2Fgithub.com%2Fsadosystems%2Frargo'...
[INFO] running `Command { std: "git" "rev-parse" "HEAD", kill_on_drop: false }`
[INFO] [stdout] effdaba67242431c1b67dd0c05e3bfca76787af4
[INFO] checking sadosystems/rargo against 3154cc1a3e6424e44f438a95007d043ed5ceaaf6 for pr-133502-30
[INFO] running `Command { std: "git" "clone" "/workspace/cache/git-repos/https%3A%2F%2Fgithub.com%2Fsadosystems%2Frargo" "/workspace/builds/worker-5-tc2/source", kill_on_drop: false }`
[INFO] [stderr] Cloning into '/workspace/builds/worker-5-tc2/source'...
[INFO] [stderr] done.
[INFO] started tweaking git repo https://github.com/sadosystems/rargo
[INFO] finished tweaking git repo https://github.com/sadosystems/rargo
[INFO] tweaked toml for git repo https://github.com/sadosystems/rargo written to /workspace/builds/worker-5-tc2/source/Cargo.toml
[INFO] validating manifest of git repo https://github.com/sadosystems/rargo on toolchain 3154cc1a3e6424e44f438a95007d043ed5ceaaf6
[INFO] running `Command { std: CARGO_HOME="/workspace/cargo-home" RUSTUP_HOME="/workspace/rustup-home" "/workspace/cargo-home/bin/cargo" "+3154cc1a3e6424e44f438a95007d043ed5ceaaf6" "metadata" "--manifest-path" "Cargo.toml" "--no-deps", kill_on_drop: false }`
[INFO] crate git repo https://github.com/sadosystems/rargo already has a lockfile, it will not be regenerated
[INFO] running `Command { std: CARGO_HOME="/workspace/cargo-home" RUSTUP_HOME="/workspace/rustup-home" "/workspace/cargo-home/bin/cargo" "+3154cc1a3e6424e44f438a95007d043ed5ceaaf6" "fetch" "--manifest-path" "Cargo.toml", kill_on_drop: false }`
[INFO] [stderr] warning: unused workspace dependency `blake3`
[INFO] [stderr]  --> Cargo.toml:7:1
[INFO] [stderr]   |
[INFO] [stderr] 7 | blake3 = "1"
[INFO] [stderr]   | ^^^^^^
[INFO] [stderr]   |
[INFO] [stderr]   = note: `cargo::unused_workspace_dependencies` is set to `warn` by default
[INFO] [stderr] help: consider removing the workspace dependency `blake3`
[INFO] [stderr] warning: unused workspace dependency `env_logger`
[INFO] [stderr]  --> Cargo.toml:8:1
[INFO] [stderr]   |
[INFO] [stderr] 8 | env_logger = "0.11"
[INFO] [stderr]   | ^^^^^^^^^^
[INFO] [stderr]   |
[INFO] [stderr] help: consider removing the workspace dependency `env_logger`
[INFO] [stderr] warning: unused workspace dependency `log`
[INFO] [stderr]   --> Cargo.toml:10:1
[INFO] [stderr]    |
[INFO] [stderr] 10 | log = "0.4"
[INFO] [stderr]    | ^^^
[INFO] [stderr]    |
[INFO] [stderr] help: consider removing the workspace dependency `log`
[INFO] [stderr] warning: unused workspace dependency `tempfile`
[INFO] [stderr]   --> Cargo.toml:11:1
[INFO] [stderr]    |
[INFO] [stderr] 11 | tempfile = "3"
[INFO] [stderr]    | ^^^^^^^^
[INFO] [stderr]    |
[INFO] [stderr] help: consider removing the workspace dependency `tempfile`
[INFO] [stderr] warning: unused workspace dependency `zip`
[INFO] [stderr]   --> Cargo.toml:27:25
[INFO] [stderr]    |
[INFO] [stderr] 27 | [workspace.dependencies.zip]
[INFO] [stderr]    |                         ^^^
[INFO] [stderr]    |
[INFO] [stderr] help: consider removing the workspace dependency `zip`
[INFO] [stderr] warning: unused workspace dependency `zstd`
[INFO] [stderr]   --> Cargo.toml:14:1
[INFO] [stderr]    |
[INFO] [stderr] 14 | zstd = "0.13"
[INFO] [stderr]    | ^^^^
[INFO] [stderr]    |
[INFO] [stderr] help: consider removing the workspace dependency `zstd`
[INFO] [stderr] warning: workspace (manifest) generated 6 warnings
[INFO] running `Command { std: "docker" "create" "-v" "/var/lib/crater-agent-workspace/builds/worker-5-tc2/source:/opt/rustwide/workdir:ro,Z" "-v" "/var/lib/crater-agent-workspace/builds/worker-5-tc2/target:/opt/rustwide/target:rw,Z" "-v" "/var/lib/crater-agent-workspace/cargo-home:/opt/rustwide/cargo-home:ro,Z" "-v" "/var/lib/crater-agent-workspace/rustup-home:/opt/rustwide/rustup-home:ro,Z" "-m" "1610612736" "--network" "none" "ghcr.io/rust-lang/crates-build-env/linux@sha256:77db811e55d90add9212f6832c23229e3de5f1c1f9905e8cb07319ea15df73ac" "sleep" "infinity", kill_on_drop: false }`
[INFO] [stdout] 0a16f9ec014c8005c71a315b6c9652def20128831ec8359b02699d0a66506068
[INFO] running `Command { std: "docker" "start" "0a16f9ec014c8005c71a315b6c9652def20128831ec8359b02699d0a66506068", kill_on_drop: false }`
[INFO] running `Command { std: "docker" "inspect" "0a16f9ec014c8005c71a315b6c9652def20128831ec8359b02699d0a66506068", kill_on_drop: false }`
[INFO] running `Command { std: "docker" "exec" "-e" "SOURCE_DIR=/opt/rustwide/workdir" "-e" "CARGO_HOME=/opt/rustwide/cargo-home" "-e" "RUSTUP_HOME=/opt/rustwide/rustup-home" "-e" "CARGO_TARGET_DIR=/opt/rustwide/target" "-w" "/opt/rustwide/workdir" "--user" "0:0" "0a16f9ec014c8005c71a315b6c9652def20128831ec8359b02699d0a66506068" "/opt/rustwide/cargo-home/bin/cargo" "+3154cc1a3e6424e44f438a95007d043ed5ceaaf6" "metadata" "--no-deps" "--format-version=1", kill_on_drop: false }`
[INFO] running `Command { std: "docker" "inspect" "0a16f9ec014c8005c71a315b6c9652def20128831ec8359b02699d0a66506068", kill_on_drop: false }`
[INFO] running `Command { std: "docker" "exec" "-e" "SOURCE_DIR=/opt/rustwide/workdir" "-e" "CARGO_HOME=/opt/rustwide/cargo-home" "-e" "RUSTUP_HOME=/opt/rustwide/rustup-home" "-e" "CARGO_TARGET_DIR=/opt/rustwide/target" "-e" "CARGO_INCREMENTAL=0" "-e" "RUST_BACKTRACE=full" "-e" "RUSTFLAGS=--cap-lints=forbid" "-e" "RUSTDOCFLAGS=--cap-lints=forbid" "-w" "/opt/rustwide/workdir" "--user" "0:0" "0a16f9ec014c8005c71a315b6c9652def20128831ec8359b02699d0a66506068" "/opt/rustwide/cargo-home/bin/cargo" "+3154cc1a3e6424e44f438a95007d043ed5ceaaf6" "check" "--frozen" "--all" "--all-targets" "--message-format=json", kill_on_drop: false }`
[INFO] [stderr] warning: unused workspace dependency `blake3`
[INFO] [stderr]  --> Cargo.toml:7:1
[INFO] [stderr]   |
[INFO] [stderr] 7 | blake3 = "1"
[INFO] [stderr]   | ^^^^^^
[INFO] [stderr]   |
[INFO] [stderr]   = note: `cargo::unused_workspace_dependencies` is set to `warn` by default
[INFO] [stderr] help: consider removing the workspace dependency `blake3`
[INFO] [stderr] warning: unused workspace dependency `env_logger`
[INFO] [stderr]  --> Cargo.toml:8:1
[INFO] [stderr]   |
[INFO] [stderr] 8 | env_logger = "0.11"
[INFO] [stderr]   | ^^^^^^^^^^
[INFO] [stderr]   |
[INFO] [stderr] help: consider removing the workspace dependency `env_logger`
[INFO] [stderr] warning: unused workspace dependency `log`
[INFO] [stderr]   --> Cargo.toml:10:1
[INFO] [stderr]    |
[INFO] [stderr] 10 | log = "0.4"
[INFO] [stderr]    | ^^^
[INFO] [stderr]    |
[INFO] [stderr] help: consider removing the workspace dependency `log`
[INFO] [stderr] warning: unused workspace dependency `tempfile`
[INFO] [stderr]   --> Cargo.toml:11:1
[INFO] [stderr]    |
[INFO] [stderr] 11 | tempfile = "3"
[INFO] [stderr]    | ^^^^^^^^
[INFO] [stderr]    |
[INFO] [stderr] help: consider removing the workspace dependency `tempfile`
[INFO] [stderr] warning: unused workspace dependency `zip`
[INFO] [stderr]   --> Cargo.toml:27:25
[INFO] [stderr]    |
[INFO] [stderr] 27 | [workspace.dependencies.zip]
[INFO] [stderr]    |                         ^^^
[INFO] [stderr]    |
[INFO] [stderr] help: consider removing the workspace dependency `zip`
[INFO] [stderr] warning: unused workspace dependency `zstd`
[INFO] [stderr]   --> Cargo.toml:14:1
[INFO] [stderr]    |
[INFO] [stderr] 14 | zstd = "0.13"
[INFO] [stderr]    | ^^^^
[INFO] [stderr]    |
[INFO] [stderr] help: consider removing the workspace dependency `zstd`
[INFO] [stderr] warning: workspace (manifest) generated 6 warnings
[INFO] [stderr]     Checking simd-adler32 v0.3.9
[INFO] [stderr]     Checking hashbrown v0.17.0
[INFO] [stderr]     Checking clap_lex v1.1.0
[INFO] [stderr]     Checking anstyle-parse v1.0.0
[INFO] [stderr]     Checking toml_write v0.1.2
[INFO] [stderr]     Checking winnow v0.7.15
[INFO] [stderr]    Compiling syn v2.0.117
[INFO] [stderr]     Checking crc32fast v1.5.0
[INFO] [stderr]     Checking anstream v1.0.0
[INFO] [stderr]     Checking miniz_oxide v0.8.9
[INFO] [stderr]     Checking clap_builder v4.6.0
[INFO] [stderr]     Checking indexmap v2.14.0
[INFO] [stderr]     Checking flate2 v1.1.9
[INFO] [stderr]    Compiling serde_derive v1.0.228
[INFO] [stderr]    Compiling thiserror-impl v2.0.18
[INFO] [stderr]    Compiling clap_derive v4.6.1
[INFO] [stderr]     Checking thiserror v2.0.18
[INFO] [stderr]     Checking clap v4.6.1
[INFO] [stderr]     Checking serde v1.0.228
[INFO] [stderr]     Checking serde_spanned v0.6.9
[INFO] [stderr]     Checking bincode v1.3.3
[INFO] [stderr]     Checking toml_datetime v0.6.11
[INFO] [stderr]     Checking toml_edit v0.22.27
[INFO] [stderr]     Checking crep v0.0.1 (/opt/rustwide/workdir/crates/crep)
[INFO] [stderr]     Checking toml v0.8.23
[INFO] [stderr]     Checking rargo v0.0.1 (/opt/rustwide/workdir/crates/cli)
[INFO] [stdout] error[E0425]: cannot find value `bin` in this scope
[INFO] [stdout]    --> crates/cli/src/commands.rs:241:17
[INFO] [stdout]     |
[INFO] [stdout] 241 |     match (run, bin) {
[INFO] [stdout]     |                 ^^^ not found in this scope
[INFO] [stdout] 
[INFO] [stdout] 
[INFO] [stdout] error[E0425]: cannot find value `code` in this scope
[INFO] [stdout]    --> crates/cli/src/commands.rs:243:32
[INFO] [stdout]     |
[INFO] [stdout] 243 |         _ => Ok(ExitCode::from(code)),
[INFO] [stdout]     |                                ^^^^ not found in this scope
[INFO] [stdout] 
[INFO] [stdout] 
[INFO] [stdout] warning: unused imports: `Write` and `self`
[INFO] [stdout]  --> crates/cli/src/auth.rs:3:15
[INFO] [stdout]   |
[INFO] [stdout] 3 | use std::io::{self, Write};
[INFO] [stdout]   |               ^^^^  ^^^^^
[INFO] [stdout]   |
[INFO] [stdout]   = note: `#[warn(unused_imports)]` (part of `#[warn(unused)]`) on by default
[INFO] [stdout] 
[INFO] [stdout] 
[INFO] [stdout] warning: unused import: `Path`
[INFO] [stdout]  --> crates/cli/src/auth.rs:4:17
[INFO] [stdout]   |
[INFO] [stdout] 4 | use std::path::{Path, PathBuf};
[INFO] [stdout]   |                 ^^^^
[INFO] [stdout] 
[INFO] [stdout] 
[INFO] [stdout] warning: unused import: `std::os::unix::fs::PermissionsExt`
[INFO] [stdout]  --> crates/cli/src/auth.rs:7:5
[INFO] [stdout]   |
[INFO] [stdout] 7 | use std::os::unix::fs::PermissionsExt;
[INFO] [stdout]   |     ^^^^^^^^^^^^^^^^^^^^^^^^^^^^^^^^^
[INFO] [stdout] 
[INFO] [stdout] 
[INFO] [stdout] warning: unused import: `crate::auth`
[INFO] [stdout]  --> crates/cli/src/commands.rs:1:5
[INFO] [stdout]   |
[INFO] [stdout] 1 | use crate::auth;
[INFO] [stdout]   |     ^^^^^^^^^^^
[INFO] [stdout] 
[INFO] [stdout] 
[INFO] [stdout] warning: type `rargoConfig` should have an upper camel case name
[INFO] [stdout]   --> crates/cli/src/workspace.rs:34:12
[INFO] [stdout]    |
[INFO] [stdout] 34 | pub struct rargoConfig {
[INFO] [stdout]    |            ^^^^^^^^^^^ help: convert the identifier to upper camel case: `RargoConfig`
[INFO] [stdout]    |
[INFO] [stdout]    = note: `#[warn(non_camel_case_types)]` (part of `#[warn(nonstandard_style)]`) on by default
[INFO] [stdout] 
[INFO] [stdout] 
[INFO] [stdout] warning: type `rargoContext` should have an upper camel case name
[INFO] [stdout]   --> crates/cli/src/workspace.rs:43:12
[INFO] [stdout]    |
[INFO] [stdout] 43 | pub struct rargoContext {
[INFO] [stdout]    |            ^^^^^^^^^^^^ help: convert the identifier to upper camel case: `RargoContext`
[INFO] [stdout] 
[INFO] [stdout] 
[INFO] [stdout] error[E0609]: no field `code` on type `()`
[INFO] [stdout]    --> crates/cli/src/commands.rs:237:13
[INFO] [stdout]     |
[INFO] [stdout] 237 |     if resp.code != 0 {
[INFO] [stdout]     |             ^^^^ unknown field
[INFO] [stdout] 
[INFO] [stdout] 
[INFO] [stdout] error[E0609]: no field `code` on type `()`
[INFO] [stdout]    --> crates/cli/src/commands.rs:238:39
[INFO] [stdout]     |
[INFO] [stdout] 238 |         return Ok(ExitCode::from(resp.code));
[INFO] [stdout]     |                                       ^^^^ unknown field
[INFO] [stdout] 
[INFO] [stdout] 
[INFO] [stdout] warning: unused variable: `ctx`
[INFO] [stdout]  --> crates/cli/src/client.rs:6:24
[INFO] [stdout]   |
[INFO] [stdout] 6 | pub fn command_request(ctx: &rargoContext, cargo_args: Vec<String>) -> CliResult<()> {
[INFO] [stdout]   |                        ^^^ help: if this is intentional, prefix it with an underscore: `_ctx`
[INFO] [stdout]   |
[INFO] [stdout]   = note: `#[warn(unused_variables)]` (part of `#[warn(unused)]`) on by default
[INFO] [stdout] 
[INFO] [stdout] 
[INFO] [stdout] warning: unused variable: `cargo_args`
[INFO] [stdout]  --> crates/cli/src/client.rs:6:44
[INFO] [stdout]   |
[INFO] [stdout] 6 | pub fn command_request(ctx: &rargoContext, cargo_args: Vec<String>) -> CliResult<()> {
[INFO] [stdout]   |                                            ^^^^^^^^^^ help: if this is intentional, prefix it with an underscore: `_cargo_args`
[INFO] [stdout] 
[INFO] [stdout] 
[INFO] [stdout] warning: unused variable: `ctx`
[INFO] [stdout]    --> crates/cli/src/commands.rs:175:5
[INFO] [stdout]     |
[INFO] [stdout] 175 |     ctx: &rargoContext,
[INFO] [stdout]     |     ^^^ help: if this is intentional, prefix it with an underscore: `_ctx`
[INFO] [stdout] 
[INFO] [stdout] 
[INFO] [stdout] warning: unused variable: `cargo_args`
[INFO] [stdout]    --> crates/cli/src/commands.rs:176:5
[INFO] [stdout]     |
[INFO] [stdout] 176 |     cargo_args: &[String],
[INFO] [stdout]     |     ^^^^^^^^^^ help: if this is intentional, prefix it with an underscore: `_cargo_args`
[INFO] [stdout] 
[INFO] [stdout] 
[INFO] [stdout] warning: unused variable: `token`
[INFO] [stdout]    --> crates/cli/src/commands.rs:177:5
[INFO] [stdout]     |
[INFO] [stdout] 177 |     token: &str,
[INFO] [stdout]     |     ^^^^^ help: if this is intentional, prefix it with an underscore: `_token`
[INFO] [stdout] 
[INFO] [stdout] 
[INFO] [stdout] error[E0425]: cannot find value `bin` in this scope
[INFO] [stdout]    --> crates/cli/src/commands.rs:241:17
[INFO] [stdout]     |
[INFO] [stdout] 241 |     match (run, bin) {
[INFO] [stdout]     |                 ^^^ not found in this scope
[INFO] [stdout] 
[INFO] [stdout] 
[INFO] [stdout] error[E0425]: cannot find value `code` in this scope
[INFO] [stdout]    --> crates/cli/src/commands.rs:243:32
[INFO] [stdout]     |
[INFO] [stdout] 243 |         _ => Ok(ExitCode::from(code)),
[INFO] [stdout]     |                                ^^^^ not found in this scope
[INFO] [stdout] 
[INFO] [stdout] 
[INFO] [stdout] warning: unused imports: `Write` and `self`
[INFO] [stdout]  --> crates/cli/src/auth.rs:3:15
[INFO] [stdout]   |
[INFO] [stdout] 3 | use std::io::{self, Write};
[INFO] [stdout]   |               ^^^^  ^^^^^
[INFO] [stdout]   |
[INFO] [stdout]   = note: `#[warn(unused_imports)]` (part of `#[warn(unused)]`) on by default
[INFO] [stdout] 
[INFO] [stdout] 
[INFO] [stdout] warning: unused import: `Path`
[INFO] [stdout]  --> crates/cli/src/auth.rs:4:17
[INFO] [stdout]   |
[INFO] [stdout] 4 | use std::path::{Path, PathBuf};
[INFO] [stdout]   |                 ^^^^
[INFO] [stdout] 
[INFO] [stdout] 
[INFO] [stdout] warning: unused import: `std::os::unix::fs::PermissionsExt`
[INFO] [stdout]  --> crates/cli/src/auth.rs:7:5
[INFO] [stdout]   |
[INFO] [stdout] 7 | use std::os::unix::fs::PermissionsExt;
[INFO] [stdout]   |     ^^^^^^^^^^^^^^^^^^^^^^^^^^^^^^^^^
[INFO] [stdout] 
[INFO] [stdout] 
[INFO] [stdout] warning: unused import: `crate::auth`
[INFO] [stdout]  --> crates/cli/src/commands.rs:1:5
[INFO] [stdout]   |
[INFO] [stdout] 1 | use crate::auth;
[INFO] [stdout]   |     ^^^^^^^^^^^
[INFO] [stdout] 
[INFO] [stdout] 
[INFO] [stdout] warning: type `rargoConfig` should have an upper camel case name
[INFO] [stdout]   --> crates/cli/src/workspace.rs:34:12
[INFO] [stdout]    |
[INFO] [stdout] 34 | pub struct rargoConfig {
[INFO] [stdout]    |            ^^^^^^^^^^^ help: convert the identifier to upper camel case: `RargoConfig`
[INFO] [stdout]    |
[INFO] [stdout]    = note: `#[warn(non_camel_case_types)]` (part of `#[warn(nonstandard_style)]`) on by default
[INFO] [stdout] 
[INFO] [stdout] 
[INFO] [stdout] warning: type `rargoContext` should have an upper camel case name
[INFO] [stdout]   --> crates/cli/src/workspace.rs:43:12
[INFO] [stdout]    |
[INFO] [stdout] 43 | pub struct rargoContext {
[INFO] [stdout]    |            ^^^^^^^^^^^^ help: convert the identifier to upper camel case: `RargoContext`
[INFO] [stdout] 
[INFO] [stdout] 
[INFO] [stdout] Some errors have detailed explanations: E0425, E0609.
[INFO] [stdout] 
[INFO] [stdout] For more information about an error, try `rustc --explain E0425`.
[INFO] [stdout] 
[INFO] [stderr] error: could not compile `rargo` (lib test) due to 4 previous errors; 11 warnings emitted
[INFO] [stderr] warning: build failed, waiting for other jobs to finish...
[INFO] [stdout] error[E0609]: no field `code` on type `()`
[INFO] [stdout]    --> crates/cli/src/commands.rs:237:13
[INFO] [stdout]     |
[INFO] [stdout] 237 |     if resp.code != 0 {
[INFO] [stdout]     |             ^^^^ unknown field
[INFO] [stdout] 
[INFO] [stdout] 
[INFO] [stdout] error[E0609]: no field `code` on type `()`
[INFO] [stdout]    --> crates/cli/src/commands.rs:238:39
[INFO] [stdout]     |
[INFO] [stdout] 238 |         return Ok(ExitCode::from(resp.code));
[INFO] [stdout]     |                                       ^^^^ unknown field
[INFO] [stdout] 
[INFO] [stdout] 
[INFO] [stdout] warning: unused variable: `ctx`
[INFO] [stdout]  --> crates/cli/src/client.rs:6:24
[INFO] [stdout]   |
[INFO] [stdout] 6 | pub fn command_request(ctx: &rargoContext, cargo_args: Vec<String>) -> CliResult<()> {
[INFO] [stdout]   |                        ^^^ help: if this is intentional, prefix it with an underscore: `_ctx`
[INFO] [stdout]   |
[INFO] [stdout]   = note: `#[warn(unused_variables)]` (part of `#[warn(unused)]`) on by default
[INFO] [stdout] 
[INFO] [stdout] 
[INFO] [stdout] warning: unused variable: `cargo_args`
[INFO] [stdout]  --> crates/cli/src/client.rs:6:44
[INFO] [stdout]   |
[INFO] [stdout] 6 | pub fn command_request(ctx: &rargoContext, cargo_args: Vec<String>) -> CliResult<()> {
[INFO] [stdout]   |                                            ^^^^^^^^^^ help: if this is intentional, prefix it with an underscore: `_cargo_args`
[INFO] [stdout] 
[INFO] [stdout] 
[INFO] [stdout] warning: unused variable: `ctx`
[INFO] [stdout]    --> crates/cli/src/commands.rs:175:5
[INFO] [stdout]     |
[INFO] [stdout] 175 |     ctx: &rargoContext,
[INFO] [stdout]     |     ^^^ help: if this is intentional, prefix it with an underscore: `_ctx`
[INFO] [stdout] 
[INFO] [stdout] 
[INFO] [stdout] warning: unused variable: `cargo_args`
[INFO] [stdout]    --> crates/cli/src/commands.rs:176:5
[INFO] [stdout]     |
[INFO] [stdout] 176 |     cargo_args: &[String],
[INFO] [stdout]     |     ^^^^^^^^^^ help: if this is intentional, prefix it with an underscore: `_cargo_args`
[INFO] [stdout] 
[INFO] [stdout] 
[INFO] [stdout] warning: unused variable: `token`
[INFO] [stdout]    --> crates/cli/src/commands.rs:177:5
[INFO] [stdout]     |
[INFO] [stdout] 177 |     token: &str,
[INFO] [stdout]     |     ^^^^^ help: if this is intentional, prefix it with an underscore: `_token`
[INFO] [stdout] 
[INFO] [stdout] 
[INFO] [stdout] Some errors have detailed explanations: E0425, E0609.
[INFO] [stdout] 
[INFO] [stdout] For more information about an error, try `rustc --explain E0425`.
[INFO] [stdout] 
[INFO] [stderr] error: could not compile `rargo` (lib) due to 4 previous errors; 11 warnings emitted
[INFO] [stderr] warning: unused dependency `flate2`
[INFO] [stderr]   --> crates/crep/Cargo.toml:14:1
[INFO] [stderr]    |
[INFO] [stderr] 14 | flate2.workspace = true
[INFO] [stderr]    | ^^^^^^
[INFO] [stderr]    |
[INFO] [stderr]    = note: `cargo::unused_dependencies` is set to `warn` by default
[INFO] [stderr] help: consider removing the dependency on `flate2`
[INFO] [stderr] warning: `crep` (manifest) generated 1 warning
[INFO] running `Command { std: "docker" "inspect" "0a16f9ec014c8005c71a315b6c9652def20128831ec8359b02699d0a66506068", kill_on_drop: false }`
[INFO] running `Command { std: "docker" "rm" "-f" "0a16f9ec014c8005c71a315b6c9652def20128831ec8359b02699d0a66506068", kill_on_drop: false }`
[INFO] [stdout] 0a16f9ec014c8005c71a315b6c9652def20128831ec8359b02699d0a66506068
