[INFO] cloning repository https://github.com/sabry-awad97/setup_powershell
[INFO] running `Command { std: "git" "-c" "credential.helper=" "-c" "credential.helper=/workspace/cargo-home/bin/git-credential-null" "clone" "--bare" "https://github.com/sabry-awad97/setup_powershell" "/workspace/cache/git-repos/https%3A%2F%2Fgithub.com%2Fsabry-awad97%2Fsetup_powershell", kill_on_drop: false }`
[INFO] [stderr] Cloning into bare repository '/workspace/cache/git-repos/https%3A%2F%2Fgithub.com%2Fsabry-awad97%2Fsetup_powershell'...
[INFO] running `Command { std: "git" "rev-parse" "HEAD", kill_on_drop: false }`
[INFO] [stdout] 18ca99396efc942b0046e0698d4cfdf941dcda80
[INFO] checking sabry-awad97/setup_powershell against 3154cc1a3e6424e44f438a95007d043ed5ceaaf6 for pr-133502-30
[INFO] running `Command { std: "git" "clone" "/workspace/cache/git-repos/https%3A%2F%2Fgithub.com%2Fsabry-awad97%2Fsetup_powershell" "/workspace/builds/worker-3-tc2/source", kill_on_drop: false }`
[INFO] [stderr] Cloning into '/workspace/builds/worker-3-tc2/source'...
[INFO] [stderr] done.
[INFO] started tweaking git repo https://github.com/sabry-awad97/setup_powershell
[INFO] finished tweaking git repo https://github.com/sabry-awad97/setup_powershell
[INFO] tweaked toml for git repo https://github.com/sabry-awad97/setup_powershell written to /workspace/builds/worker-3-tc2/source/Cargo.toml
[INFO] validating manifest of git repo https://github.com/sabry-awad97/setup_powershell on toolchain 3154cc1a3e6424e44f438a95007d043ed5ceaaf6
[INFO] running `Command { std: CARGO_HOME="/workspace/cargo-home" RUSTUP_HOME="/workspace/rustup-home" "/workspace/cargo-home/bin/cargo" "+3154cc1a3e6424e44f438a95007d043ed5ceaaf6" "metadata" "--manifest-path" "Cargo.toml" "--no-deps", kill_on_drop: false }`
[INFO] crate git repo https://github.com/sabry-awad97/setup_powershell already has a lockfile, it will not be regenerated
[INFO] running `Command { std: CARGO_HOME="/workspace/cargo-home" RUSTUP_HOME="/workspace/rustup-home" "/workspace/cargo-home/bin/cargo" "+3154cc1a3e6424e44f438a95007d043ed5ceaaf6" "fetch" "--manifest-path" "Cargo.toml", kill_on_drop: false }`
[INFO] running `Command { std: "docker" "create" "-v" "/var/lib/crater-agent-workspace/builds/worker-3-tc2/source:/opt/rustwide/workdir:ro,Z" "-v" "/var/lib/crater-agent-workspace/builds/worker-3-tc2/target:/opt/rustwide/target:rw,Z" "-v" "/var/lib/crater-agent-workspace/cargo-home:/opt/rustwide/cargo-home:ro,Z" "-v" "/var/lib/crater-agent-workspace/rustup-home:/opt/rustwide/rustup-home:ro,Z" "-m" "1610612736" "--network" "none" "ghcr.io/rust-lang/crates-build-env/linux@sha256:77db811e55d90add9212f6832c23229e3de5f1c1f9905e8cb07319ea15df73ac" "sleep" "infinity", kill_on_drop: false }`
[INFO] [stdout] d3ce72f1764a992efa99f432154430762e8af331bbe115af04b9a71ad3379fb4
[INFO] running `Command { std: "docker" "start" "d3ce72f1764a992efa99f432154430762e8af331bbe115af04b9a71ad3379fb4", kill_on_drop: false }`
[INFO] running `Command { std: "docker" "inspect" "d3ce72f1764a992efa99f432154430762e8af331bbe115af04b9a71ad3379fb4", kill_on_drop: false }`
[INFO] running `Command { std: "docker" "exec" "-e" "SOURCE_DIR=/opt/rustwide/workdir" "-e" "CARGO_HOME=/opt/rustwide/cargo-home" "-e" "RUSTUP_HOME=/opt/rustwide/rustup-home" "-e" "CARGO_TARGET_DIR=/opt/rustwide/target" "-w" "/opt/rustwide/workdir" "--user" "0:0" "d3ce72f1764a992efa99f432154430762e8af331bbe115af04b9a71ad3379fb4" "/opt/rustwide/cargo-home/bin/cargo" "+3154cc1a3e6424e44f438a95007d043ed5ceaaf6" "metadata" "--no-deps" "--format-version=1", kill_on_drop: false }`
[INFO] running `Command { std: "docker" "inspect" "d3ce72f1764a992efa99f432154430762e8af331bbe115af04b9a71ad3379fb4", kill_on_drop: false }`
[INFO] running `Command { std: "docker" "exec" "-e" "SOURCE_DIR=/opt/rustwide/workdir" "-e" "CARGO_HOME=/opt/rustwide/cargo-home" "-e" "RUSTUP_HOME=/opt/rustwide/rustup-home" "-e" "CARGO_TARGET_DIR=/opt/rustwide/target" "-e" "CARGO_INCREMENTAL=0" "-e" "RUST_BACKTRACE=full" "-e" "RUSTFLAGS=--cap-lints=forbid" "-e" "RUSTDOCFLAGS=--cap-lints=forbid" "-w" "/opt/rustwide/workdir" "--user" "0:0" "d3ce72f1764a992efa99f432154430762e8af331bbe115af04b9a71ad3379fb4" "/opt/rustwide/cargo-home/bin/cargo" "+3154cc1a3e6424e44f438a95007d043ed5ceaaf6" "check" "--frozen" "--all" "--all-targets" "--message-format=json", kill_on_drop: false }`
[INFO] [stderr]    Compiling proc-macro2 v1.0.106
[INFO] [stderr]    Compiling unicode-ident v1.0.22
[INFO] [stderr]    Compiling quote v1.0.44
[INFO] [stderr]     Checking smallvec v1.15.1
[INFO] [stderr]     Checking bytes v1.11.0
[INFO] [stderr]     Checking futures-core v0.3.33
[INFO] [stderr]    Compiling fs_extra v1.3.0
[INFO] [stderr]    Compiling dunce v1.0.5
[INFO] [stderr]     Checking zeroize v1.8.2
[INFO] [stderr]     Checking itoa v1.0.17
[INFO] [stderr]    Compiling aws-lc-rs v1.15.4
[INFO] [stderr]     Checking writeable v0.6.2
[INFO] [stderr]    Compiling libc v0.2.189
[INFO] [stderr]     Checking litemap v0.8.1
[INFO] [stderr]     Checking mio v1.2.2
[INFO] [stderr]    Compiling icu_normalizer_data v2.1.1
[INFO] [stderr]    Compiling icu_properties_data v2.1.2
[INFO] [stderr]     Checking tracing-core v0.1.36
[INFO] [stderr]     Checking hashbrown v0.16.1
[INFO] [stderr]     Checking futures-task v0.3.33
[INFO] [stderr]    Compiling rustls v0.23.36
[INFO] [stderr]     Checking rustls-pki-types v1.14.0
[INFO] [stderr]     Checking futures-sink v0.3.33
[INFO] [stderr]     Checking bitflags v2.10.0
[INFO] [stderr]     Checking try-lock v0.2.5
[INFO] [stderr]     Checking futures-channel v0.3.31
[INFO] [stderr]     Checking parking_lot_core v0.9.12
[INFO] [stderr]    Compiling rustix v1.1.3
[INFO] [stderr]    Compiling getrandom v0.3.4
[INFO] [stderr]     Checking want v0.3.1
[INFO] [stderr]     Checking sync_wrapper v1.0.2
[INFO] [stderr]     Checking linux-raw-sys v0.11.0
[INFO] [stderr]    Compiling zmij v1.0.19
[INFO] [stderr]     Checking openssl-probe v0.2.1
[INFO] [stderr]     Checking ipnet v2.11.0
[INFO] [stderr]    Compiling winapi v0.3.9
[INFO] [stderr]     Checking unicode-width v0.2.2
[INFO] [stderr]    Compiling portable-atomic v1.14.0
[INFO] [stderr]     Checking parking_lot v0.12.5
[INFO] [stderr]     Checking tracing v0.1.44
[INFO] [stderr]     Checking form_urlencoded v1.2.2
[INFO] [stderr]     Checking rustls-native-certs v0.8.3
[INFO] [stderr]    Compiling syn v2.0.114
[INFO] [stderr]    Compiling syn v3.0.3
[INFO] [stderr]     Checking option-ext v0.2.0
[INFO] [stderr]     Checking log v0.4.29
[INFO] [stderr]     Checking fastrand v2.3.0
[INFO] [stderr]     Checking iri-string v0.7.10
[INFO] [stderr]     Checking dirs-sys v0.5.0
[INFO] [stderr]     Checking http v1.4.0
[INFO] [stderr]     Checking encoding_rs v0.8.35
[INFO] [stderr]     Checking console v0.16.4
[INFO] [stderr]     Checking shell-words v1.1.1
[INFO] [stderr]     Checking unit-prefix v0.5.2
[INFO] [stderr]     Checking memchr v2.7.6
[INFO] [stderr]     Checking dirs v6.0.0
[INFO] [stderr]     Checking colored v3.1.1
[INFO] [stderr]     Checking is_elevated v0.1.2
[INFO] [stderr]     Checking indexmap v2.13.0
[INFO] [stderr]    Compiling jobserver v0.1.34
[INFO] [stderr]     Checking serde_json v1.0.151
[INFO] [stderr]     Checking indicatif v0.18.6
[INFO] [stderr]     Checking http-body v1.0.1
[INFO] [stderr]    Compiling cc v1.2.55
[INFO] [stderr]     Checking http-body-util v0.1.3
[INFO] [stderr]    Compiling cmake v0.1.57
[INFO] [stderr]    Compiling aws-lc-sys v0.37.0
[INFO] [stderr]     Checking tempfile v3.24.0
[INFO] [stderr]     Checking dialoguer v0.12.0
[INFO] [stderr]    Compiling tokio-macros v2.7.2
[INFO] [stderr]    Compiling thiserror-impl v2.0.20
[INFO] [stderr]    Compiling async-trait v0.1.92
[INFO] [stderr]     Checking tokio v1.53.1
[INFO] [stderr]    Compiling synstructure v0.13.2
[INFO] [stderr]     Checking thiserror v2.0.20
[INFO] [stderr]    Compiling zerofrom-derive v0.1.6
[INFO] [stderr]    Compiling yoke-derive v0.8.1
[INFO] [stderr]    Compiling zerovec-derive v0.11.2
[INFO] [stderr]    Compiling displaydoc v0.2.5
[INFO] [stderr]    Compiling futures-macro v0.3.33
[INFO] [stderr]    Compiling typed-builder-macro v0.23.2
[INFO] [stderr]     Checking futures-util v0.3.33
[INFO] [stderr]     Checking zerofrom v0.1.6
[INFO] [stderr]     Checking yoke v0.8.1
[INFO] [stderr]     Checking zerotrie v0.2.3
[INFO] [stderr]     Checking typed-builder v0.23.2
[INFO] [stderr]     Checking zerovec v0.11.5
[INFO] [stderr]     Checking tinystr v0.8.2
[INFO] [stderr]     Checking potential_utf v0.1.4
[INFO] [stderr]     Checking icu_collections v2.1.1
[INFO] [stderr]     Checking icu_locale_core v2.1.1
[INFO] [stderr]     Checking icu_provider v2.1.1
[INFO] [stderr]     Checking icu_normalizer v2.1.1
[INFO] [stderr]     Checking icu_properties v2.1.2
[INFO] [stderr]     Checking tokio-util v0.7.18
[INFO] [stderr]     Checking tower v0.5.3
[INFO] [stderr]     Checking idna_adapter v1.2.1
[INFO] [stderr]     Checking idna v1.1.0
[INFO] [stderr]     Checking tower-http v0.6.8
[INFO] [stderr]     Checking url v2.5.8
[INFO] [stderr]     Checking h2 v0.4.13
[INFO] [stderr]     Checking hyper v1.8.1
[INFO] [stderr]     Checking rustls-webpki v0.103.9
[INFO] [stderr]     Checking hyper-util v0.1.19
[INFO] [stderr]     Checking tokio-rustls v0.26.4
[INFO] [stderr]     Checking rustls-platform-verifier v0.6.2
[INFO] [stderr]     Checking hyper-rustls v0.27.7
[INFO] [stderr]     Checking reqwest v0.13.4
[INFO] [stderr]     Checking setup_powershell v0.1.0 (/opt/rustwide/workdir)
[INFO] [stdout] error[E0425]: cannot find function `is_elevated` in crate `is_elevated`
[INFO] [stdout]   --> src/main.rs:18:22
[INFO] [stdout]    |
[INFO] [stdout] 18 |     if !is_elevated::is_elevated() {
[INFO] [stdout]    |                      ^^^^^^^^^^^ not found in `is_elevated`
[INFO] [stdout] 
[INFO] [stdout] 
[INFO] [stdout] error[E0425]: cannot find function `is_elevated` in crate `is_elevated`
[INFO] [stdout]   --> src/main.rs:66:30
[INFO] [stdout]    |
[INFO] [stdout] 66 |             if !is_elevated::is_elevated() {
[INFO] [stdout]    |                              ^^^^^^^^^^^ not found in `is_elevated`
[INFO] [stdout] 
[INFO] [stdout] 
[INFO] [stdout] error[E0425]: cannot find function `is_elevated` in crate `is_elevated`
[INFO] [stdout]   --> src/main.rs:18:22
[INFO] [stdout]    |
[INFO] [stdout] 18 |     if !is_elevated::is_elevated() {
[INFO] [stdout]    |                      ^^^^^^^^^^^ not found in `is_elevated`
[INFO] [stdout] 
[INFO] [stdout] 
[INFO] [stdout] error[E0425]: cannot find function `is_elevated` in crate `is_elevated`
[INFO] [stdout]   --> src/main.rs:66:30
[INFO] [stdout]    |
[INFO] [stdout] 66 |             if !is_elevated::is_elevated() {
[INFO] [stdout]    |                              ^^^^^^^^^^^ not found in `is_elevated`
[INFO] [stdout] 
[INFO] [stdout] 
[INFO] [stdout] For more information about this error, try `rustc --explain E0425`.
[INFO] [stdout] 
[INFO] [stderr] error: could not compile `setup_powershell` (bin "setup_powershell") due to 2 previous errors
[INFO] [stderr] warning: build failed, waiting for other jobs to finish...
[INFO] [stdout] For more information about this error, try `rustc --explain E0425`.
[INFO] [stdout] 
[INFO] [stderr] error: could not compile `setup_powershell` (bin "setup_powershell" test) due to 2 previous errors
[INFO] [stderr] warning: unused dependency `dirs`
[INFO] [stderr]  --> Cargo.toml:6:1
[INFO] [stderr]   |
[INFO] [stderr] 6 | dirs = "6.0.0"
[INFO] [stderr]   | ^^^^^^^^^^^^^^
[INFO] [stderr]   |
[INFO] [stderr]   = note: `cargo::unused_dependencies` is set to `warn` by default
[INFO] [stderr] help: consider removing the dependency on `dirs`
[INFO] [stderr] warning: unused dependency `thiserror`
[INFO] [stderr]   --> Cargo.toml:11:1
[INFO] [stderr]    |
[INFO] [stderr] 11 | thiserror = "2.0.20"
[INFO] [stderr]    | ^^^^^^^^^^^^^^^^^^^^
[INFO] [stderr]    |
[INFO] [stderr] help: consider removing the dependency on `thiserror`
[INFO] [stderr] warning: `setup_powershell` (manifest) generated 2 warnings
[INFO] running `Command { std: "docker" "inspect" "d3ce72f1764a992efa99f432154430762e8af331bbe115af04b9a71ad3379fb4", kill_on_drop: false }`
[INFO] running `Command { std: "docker" "rm" "-f" "d3ce72f1764a992efa99f432154430762e8af331bbe115af04b9a71ad3379fb4", kill_on_drop: false }`
[INFO] [stdout] d3ce72f1764a992efa99f432154430762e8af331bbe115af04b9a71ad3379fb4
